This is the mail archive of the gcc-testresults@gcc.gnu.org mailing list for the GCC project.


Index Nav: [Date Index] [Subject Index] [Author Index] [Thread Index]
Message Nav: [Date Prev] [Date Next] [Thread Prev] [Thread Next]
Other format: [Raw text]

Results for 4.10.0 20140614 (experimental) [trunk revision 211672] (GCC) testsuite on i686-pc-linux-gnu


Native configuration is i686-pc-linux-gnu

		=== gcc tests ===


Running target unix
XPASS: gcc.dg/guality/example.c  -O0  execution test
XPASS: gcc.dg/guality/example.c  -O1  execution test
XPASS: gcc.dg/guality/guality.c  -O0  execution test
XPASS: gcc.dg/guality/guality.c  -O1  execution test
XPASS: gcc.dg/guality/guality.c  -O2  execution test
XPASS: gcc.dg/guality/guality.c  -O3 -fomit-frame-pointer  execution test
XPASS: gcc.dg/guality/guality.c  -O3 -g  execution test
XPASS: gcc.dg/guality/guality.c  -Os  execution test
XPASS: gcc.dg/guality/guality.c  -O2 -flto -fno-use-linker-plugin -flto-partition=none  execution test
XPASS: gcc.dg/guality/guality.c  -O2 -flto -fuse-linker-plugin -fno-fat-lto-objects  execution test
XPASS: gcc.dg/guality/inline-params.c  -O2  execution test
XPASS: gcc.dg/guality/inline-params.c  -O3 -fomit-frame-pointer  execution test
XPASS: gcc.dg/guality/inline-params.c  -O3 -g  execution test
XPASS: gcc.dg/guality/inline-params.c  -Os  execution test
XPASS: gcc.dg/guality/inline-params.c  -O2 -flto -fno-use-linker-plugin -flto-partition=none  execution test
XPASS: gcc.dg/guality/pr41353-1.c  -O0  line 28 j == 28 + 37
XPASS: gcc.dg/guality/pr41353-1.c  -Os  line 28 j == 28 + 37
XPASS: gcc.dg/guality/pr41447-1.c  -O0  execution test
XPASS: gcc.dg/guality/pr41447-1.c  -O1  execution test
XPASS: gcc.dg/guality/pr41447-1.c  -Os  execution test
XPASS: gcc.dg/guality/pr41447-1.c  -O2 -flto -fuse-linker-plugin -fno-fat-lto-objects  execution test
XPASS: gcc.dg/guality/pr41616-1.c  -O0  execution test
XPASS: gcc.dg/guality/pr41616-1.c  -O1  execution test
XPASS: gcc.dg/guality/pr41616-1.c  -O2  execution test
XPASS: gcc.dg/guality/pr41616-1.c  -O3 -fomit-frame-pointer  execution test
XPASS: gcc.dg/guality/pr41616-1.c  -O3 -g  execution test
XPASS: gcc.dg/guality/pr41616-1.c  -Os  execution test
XPASS: gcc.dg/guality/pr41616-1.c  -O2 -flto -fno-use-linker-plugin -flto-partition=none  execution test
FAIL: gcc.dg/guality/pr43177.c  -O2 -flto -fuse-linker-plugin -fno-fat-lto-objects  line 15 l == 10
FAIL: gcc.dg/guality/pr43177.c  -O2 -flto -fuse-linker-plugin -fno-fat-lto-objects  line 15 x == 7
FAIL: gcc.dg/guality/pr43177.c  -O2 -flto -fuse-linker-plugin -fno-fat-lto-objects  line 24 l == 10
FAIL: gcc.dg/guality/pr43177.c  -O2 -flto -fuse-linker-plugin -fno-fat-lto-objects  line 24 x == 7
FAIL: gcc.dg/guality/pr43479.c  -O1  line 13 h == 9
FAIL: gcc.dg/guality/pr43479.c  -O1  line 18 h == 9
FAIL: gcc.dg/guality/pr43479.c  -O2  line 13 h == 9
FAIL: gcc.dg/guality/pr43479.c  -O2  line 18 h == 9
FAIL: gcc.dg/guality/pr43479.c  -O3 -fomit-frame-pointer  line 13 h == 9
FAIL: gcc.dg/guality/pr43479.c  -O3 -fomit-frame-pointer  line 18 h == 9
FAIL: gcc.dg/guality/pr43479.c  -O3 -g  line 13 h == 9
FAIL: gcc.dg/guality/pr43479.c  -O3 -g  line 18 h == 9
FAIL: gcc.dg/guality/pr43479.c  -Os  line 13 h == 9
FAIL: gcc.dg/guality/pr43479.c  -Os  line 18 h == 9
FAIL: gcc.dg/guality/pr43479.c  -O2 -flto -fno-use-linker-plugin -flto-partition=none  line 13 h == 9
FAIL: gcc.dg/guality/pr43479.c  -O2 -flto -fno-use-linker-plugin -flto-partition=none  line 18 h == 9
FAIL: gcc.dg/guality/pr43479.c  -O2 -flto -fuse-linker-plugin -fno-fat-lto-objects  line 13 h == 9
FAIL: gcc.dg/guality/pr43479.c  -O2 -flto -fuse-linker-plugin -fno-fat-lto-objects  line 18 h == 9
FAIL: gcc.dg/guality/pr45882.c  -O2 -flto -fuse-linker-plugin -fno-fat-lto-objects  line 16 d == 112
FAIL: gcc.dg/guality/pr45882.c  -O2 -flto -fuse-linker-plugin -fno-fat-lto-objects  line 16 e == 142
FAIL: gcc.dg/guality/pr48437.c  -O2 -flto -fno-use-linker-plugin -flto-partition=none  line 14 i == 0
FAIL: gcc.dg/guality/pr48437.c  -O2 -flto -fuse-linker-plugin -fno-fat-lto-objects  line 14 i == 0
FAIL: gcc.dg/guality/pr54200.c  -O2 -flto -fuse-linker-plugin -fno-fat-lto-objects  line 20 z == 3
FAIL: gcc.dg/guality/pr54519-1.c  -O2  line 20 y == 25
FAIL: gcc.dg/guality/pr54519-1.c  -O2  line 20 z == 6
FAIL: gcc.dg/guality/pr54519-1.c  -O2  line 23 y == 117
FAIL: gcc.dg/guality/pr54519-1.c  -O2  line 23 z == 8
FAIL: gcc.dg/guality/pr54519-1.c  -O3 -fomit-frame-pointer  line 20 x == 36
FAIL: gcc.dg/guality/pr54519-1.c  -O3 -fomit-frame-pointer  line 20 y == 25
FAIL: gcc.dg/guality/pr54519-1.c  -O3 -fomit-frame-pointer  line 20 z == 6
FAIL: gcc.dg/guality/pr54519-1.c  -O3 -g  line 20 x == 36
FAIL: gcc.dg/guality/pr54519-1.c  -O3 -g  line 20 y == 25
FAIL: gcc.dg/guality/pr54519-1.c  -O3 -g  line 20 z == 6
FAIL: gcc.dg/guality/pr54519-1.c  -O2 -flto -fno-use-linker-plugin -flto-partition=none  line 20 y == 25
FAIL: gcc.dg/guality/pr54519-1.c  -O2 -flto -fno-use-linker-plugin -flto-partition=none  line 20 z == 6
FAIL: gcc.dg/guality/pr54519-1.c  -O2 -flto -fno-use-linker-plugin -flto-partition=none  line 23 y == 117
FAIL: gcc.dg/guality/pr54519-1.c  -O2 -flto -fno-use-linker-plugin -flto-partition=none  line 23 z == 8
FAIL: gcc.dg/guality/pr54519-2.c  -O2 -flto -fno-use-linker-plugin -flto-partition=none  line 17 y == 25
FAIL: gcc.dg/guality/pr54519-2.c  -O2 -flto -fuse-linker-plugin -fno-fat-lto-objects  line 17 y == 25
FAIL: gcc.dg/guality/pr54519-3.c  -O2  line 20 x == 36
FAIL: gcc.dg/guality/pr54519-3.c  -O2  line 20 y == 25
FAIL: gcc.dg/guality/pr54519-3.c  -O2  line 20 z == 6
FAIL: gcc.dg/guality/pr54519-3.c  -O2  line 23 x == 98
FAIL: gcc.dg/guality/pr54519-3.c  -O2  line 23 y == 117
FAIL: gcc.dg/guality/pr54519-3.c  -O2  line 23 z == 8
FAIL: gcc.dg/guality/pr54519-3.c  -O3 -fomit-frame-pointer  line 20 x == 36
FAIL: gcc.dg/guality/pr54519-3.c  -O3 -fomit-frame-pointer  line 20 y == 25
FAIL: gcc.dg/guality/pr54519-3.c  -O3 -fomit-frame-pointer  line 20 z == 6
FAIL: gcc.dg/guality/pr54519-3.c  -O3 -fomit-frame-pointer  line 23 x == 98
FAIL: gcc.dg/guality/pr54519-3.c  -O3 -fomit-frame-pointer  line 23 y == 117
FAIL: gcc.dg/guality/pr54519-3.c  -O3 -fomit-frame-pointer  line 23 z == 8
FAIL: gcc.dg/guality/pr54519-3.c  -O3 -g  line 20 x == 36
FAIL: gcc.dg/guality/pr54519-3.c  -O3 -g  line 20 y == 25
FAIL: gcc.dg/guality/pr54519-3.c  -O3 -g  line 20 z == 6
FAIL: gcc.dg/guality/pr54519-3.c  -O3 -g  line 23 x == 98
FAIL: gcc.dg/guality/pr54519-3.c  -O3 -g  line 23 y == 117
FAIL: gcc.dg/guality/pr54519-3.c  -O3 -g  line 23 z == 8
FAIL: gcc.dg/guality/pr54519-3.c  -O2 -flto -fno-use-linker-plugin -flto-partition=none  line 20 x == 36
FAIL: gcc.dg/guality/pr54519-3.c  -O2 -flto -fno-use-linker-plugin -flto-partition=none  line 20 y == 25
FAIL: gcc.dg/guality/pr54519-3.c  -O2 -flto -fno-use-linker-plugin -flto-partition=none  line 20 z == 6
FAIL: gcc.dg/guality/pr54519-3.c  -O2 -flto -fno-use-linker-plugin -flto-partition=none  line 23 x == 98
FAIL: gcc.dg/guality/pr54519-3.c  -O2 -flto -fno-use-linker-plugin -flto-partition=none  line 23 y == 117
FAIL: gcc.dg/guality/pr54519-3.c  -O2 -flto -fno-use-linker-plugin -flto-partition=none  line 23 z == 8
FAIL: gcc.dg/guality/pr54519-3.c  -O2 -flto -fuse-linker-plugin -fno-fat-lto-objects  line 20 y == 25
FAIL: gcc.dg/guality/pr54519-3.c  -O2 -flto -fuse-linker-plugin -fno-fat-lto-objects  line 20 z == 6
FAIL: gcc.dg/guality/pr54519-3.c  -O2 -flto -fuse-linker-plugin -fno-fat-lto-objects  line 23 y == 117
FAIL: gcc.dg/guality/pr54519-3.c  -O2 -flto -fuse-linker-plugin -fno-fat-lto-objects  line 23 z == 8
FAIL: gcc.dg/guality/pr54519-4.c  -O2 -flto -fno-use-linker-plugin -flto-partition=none  line 17 y == 25
FAIL: gcc.dg/guality/pr54519-4.c  -O2 -flto -fuse-linker-plugin -fno-fat-lto-objects  line 17 y == 25
FAIL: gcc.dg/guality/pr54519-5.c  -O2 -flto -fno-use-linker-plugin -flto-partition=none  line 17 y == 25
FAIL: gcc.dg/guality/pr54519-5.c  -O2 -flto -fuse-linker-plugin -fno-fat-lto-objects  line 17 y == 25
FAIL: gcc.dg/guality/pr54693-2.c  -O3 -fomit-frame-pointer -funroll-loops  line 21 i == v + 1
FAIL: gcc.dg/guality/pr54693-2.c  -O3 -fomit-frame-pointer -funroll-all-loops -finline-functions  line 21 i == v + 1
FAIL: gcc.dg/guality/pr54970.c  -Os  line 15 a[0] == 1
FAIL: gcc.dg/guality/pr54970.c  -Os  line 20 a[0] == 1
FAIL: gcc.dg/guality/pr54970.c  -Os  line 25 a[0] == 1
FAIL: gcc.dg/guality/pr54970.c  -Os  line 31 *p == 6
FAIL: gcc.dg/guality/pr54970.c  -Os  line 31 *q == 5
FAIL: gcc.dg/guality/pr54970.c  -Os  line 36 *p == 26
FAIL: gcc.dg/guality/pr54970.c  -Os  line 36 *q == 5
FAIL: gcc.dg/guality/pr54970.c  -Os  line 45 *p == 26
FAIL: gcc.dg/guality/pr54970.c  -Os  line 45 p[-1] == 25
FAIL: gcc.dg/guality/pr54970.c  -Os  line 45 p[-2] == 4
FAIL: gcc.dg/guality/pr54970.c  -Os  line 45 q[-1] == 4
FAIL: gcc.dg/guality/pr54970.c  -Os  line 45 q[1] == 26
FAIL: gcc.dg/guality/pr54970.c  -Os  line 45 *q == 25
FAIL: gcc.dg/guality/sra-1.c  -O2  line 21 a.i == 4
FAIL: gcc.dg/guality/sra-1.c  -O2  line 32 a[0] == 4
FAIL: gcc.dg/guality/sra-1.c  -O2  line 43 a.i == 4
FAIL: gcc.dg/guality/sra-1.c  -O3 -fomit-frame-pointer  line 21 a.i == 4
FAIL: gcc.dg/guality/sra-1.c  -O3 -fomit-frame-pointer  line 32 a[0] == 4
FAIL: gcc.dg/guality/sra-1.c  -O3 -fomit-frame-pointer  line 43 a.i == 4
FAIL: gcc.dg/guality/sra-1.c  -O3 -g  line 21 a.i == 4
FAIL: gcc.dg/guality/sra-1.c  -O3 -g  line 32 a[0] == 4
FAIL: gcc.dg/guality/sra-1.c  -O3 -g  line 43 a.i == 4
FAIL: gcc.dg/guality/sra-1.c  -Os  line 21 a.i == 4
FAIL: gcc.dg/guality/sra-1.c  -Os  line 32 a[0] == 4
FAIL: gcc.dg/guality/sra-1.c  -Os  line 43 a.i == 4
FAIL: gcc.dg/guality/sra-1.c  -O2 -flto -fno-use-linker-plugin -flto-partition=none  line 21 a.i == 4
FAIL: gcc.dg/guality/sra-1.c  -O2 -flto -fno-use-linker-plugin -flto-partition=none  line 32 a[0] == 4
FAIL: gcc.dg/guality/sra-1.c  -O2 -flto -fno-use-linker-plugin -flto-partition=none  line 43 a.i == 4
FAIL: gcc.dg/guality/sra-1.c  -O2 -flto -fuse-linker-plugin -fno-fat-lto-objects  line 21 a.i == 4
FAIL: gcc.dg/guality/sra-1.c  -O2 -flto -fuse-linker-plugin -fno-fat-lto-objects  line 32 a[0] == 4
FAIL: gcc.dg/guality/vla-2.c  -O2  line 25 sizeof (a) == 6 * sizeof (int)
FAIL: gcc.dg/guality/vla-2.c  -O3 -fomit-frame-pointer  line 25 sizeof (a) == 6 * sizeof (int)
FAIL: gcc.dg/guality/vla-2.c  -O3 -g  line 25 sizeof (a) == 6 * sizeof (int)
FAIL: gcc.dg/guality/vla-2.c  -Os  line 25 sizeof (a) == 6 * sizeof (int)
FAIL: gcc.dg/guality/vla-2.c  -O2 -flto -fno-use-linker-plugin -flto-partition=none  line 25 sizeof (a) == 6 * sizeof (int)
FAIL: gcc.dg/guality/vla-2.c  -O2 -flto -fuse-linker-plugin -fno-fat-lto-objects  line 25 sizeof (a) == 6 * sizeof (int)
FAIL: gcc.dg/lto/pr55113 c_lto_pr55113_0.o assemble,  -flto -fshort-double -O0  (internal compiler error)
UNRESOLVED: gcc.dg/lto/pr55113 c_lto_pr55113_0.o-c_lto_pr55113_0.o link  -flto -fshort-double -O0 
UNRESOLVED: gcc.dg/lto/pr55113 c_lto_pr55113_0.o-c_lto_pr55113_0.o execute  -flto -fshort-double -O0 
FAIL: gcc.target/i386/pr49095.c scan-assembler-not test[lq]

		=== gcc Summary ===

# of expected passes		108191
# of unexpected failures	111
# of unexpected successes	28
# of expected failures		265
# of unresolved testcases	2
# of unsupported tests		1455
/export/gnu/import/git/gcc-test-ia32corei7/bld/gcc/xgcc  version 4.10.0 20140614 (experimental) [trunk revision 211672] (GCC) 

		=== gfortran tests ===


Running target unix
FAIL: gfortran.dg/wextra_1.f  -O   (test for warnings, line 4)

		=== gfortran Summary ===

# of expected passes		45695
# of unexpected failures	1
# of expected failures		38
# of unsupported tests		207
/export/gnu/import/git/gcc-test-ia32corei7/bld/gcc/testsuite/gfortran/../../gfortran  version 4.10.0 20140614 (experimental) [trunk revision 211672] (GCC) 

		=== g++ tests ===


Running target unix
FAIL: g++.dg/abi/layout4.C -std=gnu++98 (test for excess errors)
UNRESOLVED: g++.dg/abi/layout4.C -std=gnu++98 compilation failed to produce executable
FAIL: g++.dg/abi/layout4.C -std=gnu++11 (test for excess errors)
UNRESOLVED: g++.dg/abi/layout4.C -std=gnu++11 compilation failed to produce executable
FAIL: g++.dg/abi/layout4.C -std=gnu++1y (test for excess errors)
UNRESOLVED: g++.dg/abi/layout4.C -std=gnu++1y compilation failed to produce executable
FAIL: g++.dg/guality/pr55665.C  -O2  line 23 p == 40
FAIL: g++.dg/guality/pr55665.C  -O3 -fomit-frame-pointer  line 23 p == 40
FAIL: g++.dg/guality/pr55665.C  -O3 -g  line 23 p == 40

		=== g++ Summary ===

# of expected passes		84926
# of unexpected failures	6
# of expected failures		440
# of unresolved testcases	3
# of unsupported tests		2845
/export/gnu/import/git/gcc-test-ia32corei7/bld/gcc/testsuite/g++/../../xg++  version 4.10.0 20140614 (experimental) [trunk revision 211672] (GCC) 

		=== objc tests ===


Running target unix

		=== objc Summary ===

# of expected passes		3004
# of expected failures		6
# of unsupported tests		74
/export/gnu/import/git/gcc-test-ia32corei7/bld/gcc/xgcc  version 4.10.0 20140614 (experimental) [trunk revision 211672] (GCC) 

		=== boehm-gc tests ===


Running target unix

		=== boehm-gc Summary ===

# of expected passes		12
# of unsupported tests		1
		=== libatomic tests ===


Running target unix

		=== libatomic Summary ===

# of expected passes		44
# of unsupported tests		5
		=== libffi tests ===


Running target unix

		=== libffi Summary ===

# of expected passes		1819
# of unsupported tests		55
		=== libgomp tests ===


Running target unix

		=== libgomp Summary ===

# of expected passes		2891
# of unsupported tests		35
		=== libitm tests ===


Running target unix

		=== libitm Summary ===

# of expected passes		26
# of expected failures		3
# of unsupported tests		1
		=== libjava tests ===


Running target unix

		=== libjava Summary ===

# of expected passes		2582
# of expected failures		4
		=== libstdc++ tests ===


Running target unix

		=== libstdc++ Summary ===

# of expected passes		10128
# of expected failures		69
# of unsupported tests		223

Compiler version: 4.10.0 20140614 (experimental) [trunk revision 211672] (GCC) 
Platform: i686-pc-linux-gnu
configure flags: --with-arch=corei7 --with-cpu=corei7 --prefix=/usr/4.10.0 --enable-clocale=gnu --with-system-zlib --enable-shared --with-demangler-in-ld i686-linux --with-fpmath=sse --enable-languages=c,c++,fortran,java,lto,objc


Index Nav: [Date Index] [Subject Index] [Author Index] [Thread Index]
Message Nav: [Date Prev] [Date Next] [Thread Prev] [Thread Next]