This is the mail archive of the gcc-testresults@gcc.gnu.org mailing list for the GCC project.


Index Nav: [Date Index] [Subject Index] [Author Index] [Thread Index]
Message Nav: [Date Prev] [Date Next] [Thread Prev] [Thread Next]
Other format: [Raw text]

Results for 4.10.0 20140614 (experimental) [trunk revision 211670] (GCC) testsuite on x86_64-unknown-linux-gnu


Native configuration is x86_64-unknown-linux-gnu

		=== gcc tests ===


Running target unix/-mx32
FAIL: gcc.dg/pr61053.c  (test for errors, line 34)
FAIL: gcc.dg/pr61053.c  (test for errors, line 37)
FAIL: gcc.dg/pr61053.c (test for excess errors)
XPASS: gcc.dg/guality/example.c  -O0  execution test
XPASS: gcc.dg/guality/guality.c  -O0  execution test
XPASS: gcc.dg/guality/guality.c  -O1  execution test
XPASS: gcc.dg/guality/guality.c  -O2  execution test
XPASS: gcc.dg/guality/guality.c  -O3 -fomit-frame-pointer  execution test
XPASS: gcc.dg/guality/guality.c  -O3 -g  execution test
XPASS: gcc.dg/guality/guality.c  -Os  execution test
XPASS: gcc.dg/guality/guality.c  -O2 -flto -fno-use-linker-plugin -flto-partition=none  execution test
XPASS: gcc.dg/guality/guality.c  -O2 -flto -fuse-linker-plugin -fno-fat-lto-objects  execution test
XPASS: gcc.dg/guality/inline-params.c  -O2  execution test
XPASS: gcc.dg/guality/inline-params.c  -O3 -fomit-frame-pointer  execution test
XPASS: gcc.dg/guality/inline-params.c  -O3 -g  execution test
XPASS: gcc.dg/guality/inline-params.c  -Os  execution test
XPASS: gcc.dg/guality/inline-params.c  -O2 -flto -fno-use-linker-plugin -flto-partition=none  execution test
FAIL: gcc.dg/guality/param-3.c  -O1  line 20 str.pa == 31415927
FAIL: gcc.dg/guality/param-3.c  -O1  line 20 str.pb == 27182818
FAIL: gcc.dg/guality/pr36728-1.c  -O1  line 16 arg7 == 30
FAIL: gcc.dg/guality/pr36728-1.c  -O1  line 18 arg7 == 30
FAIL: gcc.dg/guality/pr36728-1.c  -O2  line 16 arg7 == 30
FAIL: gcc.dg/guality/pr36728-1.c  -O2  line 18 arg7 == 30
FAIL: gcc.dg/guality/pr36728-1.c  -O3 -fomit-frame-pointer  line 16 arg7 == 30
FAIL: gcc.dg/guality/pr36728-1.c  -O3 -fomit-frame-pointer  line 18 arg7 == 30
FAIL: gcc.dg/guality/pr36728-1.c  -O3 -g  line 16 arg7 == 30
FAIL: gcc.dg/guality/pr36728-1.c  -O3 -g  line 18 arg7 == 30
FAIL: gcc.dg/guality/pr36728-1.c  -Os  line 16 arg7 == 30
FAIL: gcc.dg/guality/pr36728-1.c  -Os  line 18 arg7 == 30
FAIL: gcc.dg/guality/pr36728-1.c  -O2 -flto -fno-use-linker-plugin -flto-partition=none  line 16 arg7 == 30
FAIL: gcc.dg/guality/pr36728-1.c  -O2 -flto -fno-use-linker-plugin -flto-partition=none  line 18 arg7 == 30
FAIL: gcc.dg/guality/pr36728-1.c  -O2 -flto -fuse-linker-plugin -fno-fat-lto-objects  line 16 arg7 == 30
FAIL: gcc.dg/guality/pr36728-1.c  -O2 -flto -fuse-linker-plugin -fno-fat-lto-objects  line 18 arg7 == 30
FAIL: gcc.dg/guality/pr36728-3.c  -O1  line 14 arg7 == 30
FAIL: gcc.dg/guality/pr36728-3.c  -O1  line 16 arg7 == 30
FAIL: gcc.dg/guality/pr36728-3.c  -O2  line 14 arg7 == 30
FAIL: gcc.dg/guality/pr36728-3.c  -O2  line 16 arg7 == 30
FAIL: gcc.dg/guality/pr36728-3.c  -O3 -fomit-frame-pointer  line 14 arg7 == 30
FAIL: gcc.dg/guality/pr36728-3.c  -O3 -fomit-frame-pointer  line 16 arg7 == 30
FAIL: gcc.dg/guality/pr36728-3.c  -O3 -g  line 14 arg7 == 30
FAIL: gcc.dg/guality/pr36728-3.c  -O3 -g  line 16 arg7 == 30
FAIL: gcc.dg/guality/pr36728-3.c  -Os  line 14 arg7 == 30
FAIL: gcc.dg/guality/pr36728-3.c  -Os  line 16 arg7 == 30
FAIL: gcc.dg/guality/pr36728-3.c  -O2 -flto -fno-use-linker-plugin -flto-partition=none  line 14 arg7 == 30
FAIL: gcc.dg/guality/pr36728-3.c  -O2 -flto -fno-use-linker-plugin -flto-partition=none  line 16 arg7 == 30
FAIL: gcc.dg/guality/pr36728-3.c  -O2 -flto -fuse-linker-plugin -fno-fat-lto-objects  line 14 arg7 == 30
FAIL: gcc.dg/guality/pr36728-3.c  -O2 -flto -fuse-linker-plugin -fno-fat-lto-objects  line 16 arg7 == 30
XPASS: gcc.dg/guality/pr41353-1.c  -O0  line 28 j == 28 + 37
XPASS: gcc.dg/guality/pr41447-1.c  -O0  execution test
XPASS: gcc.dg/guality/pr41447-1.c  -O1  execution test
XPASS: gcc.dg/guality/pr41447-1.c  -O2 -flto -fuse-linker-plugin -fno-fat-lto-objects  execution test
XPASS: gcc.dg/guality/pr41616-1.c  -O0  execution test
XPASS: gcc.dg/guality/pr41616-1.c  -O1  execution test
XPASS: gcc.dg/guality/pr41616-1.c  -O2  execution test
XPASS: gcc.dg/guality/pr41616-1.c  -O3 -fomit-frame-pointer  execution test
XPASS: gcc.dg/guality/pr41616-1.c  -O3 -g  execution test
XPASS: gcc.dg/guality/pr41616-1.c  -Os  execution test
XPASS: gcc.dg/guality/pr41616-1.c  -O2 -flto -fno-use-linker-plugin -flto-partition=none  execution test
FAIL: gcc.dg/guality/pr43051-1.c  -O1  line 34 c == &a[0]
FAIL: gcc.dg/guality/pr43051-1.c  -O1  line 41 e == &a[1]
FAIL: gcc.dg/guality/pr43051-1.c  -O2  line 36 e == &a[1]
FAIL: gcc.dg/guality/pr43051-1.c  -O2  line 39 c == &a[0]
FAIL: gcc.dg/guality/pr43051-1.c  -O2  line 41 e == &a[1]
FAIL: gcc.dg/guality/pr43051-1.c  -O3 -fomit-frame-pointer  line 35 v == 1
FAIL: gcc.dg/guality/pr43051-1.c  -O3 -fomit-frame-pointer  line 36 e == &a[1]
FAIL: gcc.dg/guality/pr43051-1.c  -O3 -fomit-frame-pointer  line 39 c == &a[0]
FAIL: gcc.dg/guality/pr43051-1.c  -O3 -fomit-frame-pointer  line 40 v == 1
FAIL: gcc.dg/guality/pr43051-1.c  -O3 -fomit-frame-pointer  line 41 e == &a[1]
FAIL: gcc.dg/guality/pr43051-1.c  -O3 -fomit-frame-pointer -funroll-loops  line 35 v == 1
FAIL: gcc.dg/guality/pr43051-1.c  -O3 -fomit-frame-pointer -funroll-loops  line 36 e == &a[1]
FAIL: gcc.dg/guality/pr43051-1.c  -O3 -fomit-frame-pointer -funroll-loops  line 39 c == &a[0]
FAIL: gcc.dg/guality/pr43051-1.c  -O3 -fomit-frame-pointer -funroll-loops  line 40 v == 1
FAIL: gcc.dg/guality/pr43051-1.c  -O3 -fomit-frame-pointer -funroll-loops  line 41 e == &a[1]
FAIL: gcc.dg/guality/pr43051-1.c  -O3 -fomit-frame-pointer -funroll-all-loops -finline-functions  line 35 v == 1
FAIL: gcc.dg/guality/pr43051-1.c  -O3 -fomit-frame-pointer -funroll-all-loops -finline-functions  line 36 e == &a[1]
FAIL: gcc.dg/guality/pr43051-1.c  -O3 -fomit-frame-pointer -funroll-all-loops -finline-functions  line 39 c == &a[0]
FAIL: gcc.dg/guality/pr43051-1.c  -O3 -fomit-frame-pointer -funroll-all-loops -finline-functions  line 40 v == 1
FAIL: gcc.dg/guality/pr43051-1.c  -O3 -fomit-frame-pointer -funroll-all-loops -finline-functions  line 41 e == &a[1]
FAIL: gcc.dg/guality/pr43051-1.c  -O3 -g  line 35 v == 1
FAIL: gcc.dg/guality/pr43051-1.c  -O3 -g  line 36 e == &a[1]
FAIL: gcc.dg/guality/pr43051-1.c  -O3 -g  line 39 c == &a[0]
FAIL: gcc.dg/guality/pr43051-1.c  -O3 -g  line 40 v == 1
FAIL: gcc.dg/guality/pr43051-1.c  -O3 -g  line 41 e == &a[1]
FAIL: gcc.dg/guality/pr43051-1.c  -Os  line 35 v == 1
FAIL: gcc.dg/guality/pr43051-1.c  -Os  line 36 e == &a[1]
FAIL: gcc.dg/guality/pr43051-1.c  -Os  line 39 c == &a[0]
FAIL: gcc.dg/guality/pr43051-1.c  -Os  line 40 v == 1
FAIL: gcc.dg/guality/pr43051-1.c  -Os  line 41 e == &a[1]
FAIL: gcc.dg/guality/pr43051-1.c  -O2 -flto -fno-use-linker-plugin -flto-partition=none  line 36 e == &a[1]
FAIL: gcc.dg/guality/pr43051-1.c  -O2 -flto -fno-use-linker-plugin -flto-partition=none  line 39 c == &a[0]
FAIL: gcc.dg/guality/pr43051-1.c  -O2 -flto -fno-use-linker-plugin -flto-partition=none  line 41 e == &a[1]
FAIL: gcc.dg/guality/pr43051-1.c  -O2 -flto -fuse-linker-plugin -fno-fat-lto-objects  line 36 e == &a[1]
FAIL: gcc.dg/guality/pr43051-1.c  -O2 -flto -fuse-linker-plugin -fno-fat-lto-objects  line 39 c == &a[0]
FAIL: gcc.dg/guality/pr43051-1.c  -O2 -flto -fuse-linker-plugin -fno-fat-lto-objects  line 41 e == &a[1]
FAIL: gcc.dg/guality/pr43177.c  -O2  line 15 l == 10
FAIL: gcc.dg/guality/pr43177.c  -O2  line 15 x == 7
FAIL: gcc.dg/guality/pr43177.c  -O2  line 24 l == 10
FAIL: gcc.dg/guality/pr43177.c  -O2  line 24 x == 7
FAIL: gcc.dg/guality/pr43177.c  -O3 -fomit-frame-pointer  line 15 l == 10
FAIL: gcc.dg/guality/pr43177.c  -O3 -fomit-frame-pointer  line 15 x == 7
FAIL: gcc.dg/guality/pr43177.c  -O3 -fomit-frame-pointer  line 24 l == 10
FAIL: gcc.dg/guality/pr43177.c  -O3 -fomit-frame-pointer  line 24 x == 7
FAIL: gcc.dg/guality/pr43177.c  -O3 -g  line 15 l == 10
FAIL: gcc.dg/guality/pr43177.c  -O3 -g  line 15 x == 7
FAIL: gcc.dg/guality/pr43177.c  -O3 -g  line 24 l == 10
FAIL: gcc.dg/guality/pr43177.c  -O3 -g  line 24 x == 7
FAIL: gcc.dg/guality/pr43177.c  -Os  line 15 l == 10
FAIL: gcc.dg/guality/pr43177.c  -Os  line 15 x == 7
FAIL: gcc.dg/guality/pr43177.c  -Os  line 24 l == 10
FAIL: gcc.dg/guality/pr43177.c  -Os  line 24 x == 7
FAIL: gcc.dg/guality/pr43177.c  -O2 -flto -fno-use-linker-plugin -flto-partition=none  line 15 l == 10
FAIL: gcc.dg/guality/pr43177.c  -O2 -flto -fno-use-linker-plugin -flto-partition=none  line 15 x == 7
FAIL: gcc.dg/guality/pr43177.c  -O2 -flto -fno-use-linker-plugin -flto-partition=none  line 24 l == 10
FAIL: gcc.dg/guality/pr43177.c  -O2 -flto -fno-use-linker-plugin -flto-partition=none  line 24 x == 7
FAIL: gcc.dg/guality/pr43177.c  -O2 -flto -fuse-linker-plugin -fno-fat-lto-objects  line 15 l == 10
FAIL: gcc.dg/guality/pr43177.c  -O2 -flto -fuse-linker-plugin -fno-fat-lto-objects  line 15 x == 7
FAIL: gcc.dg/guality/pr43177.c  -O2 -flto -fuse-linker-plugin -fno-fat-lto-objects  line 24 l == 10
FAIL: gcc.dg/guality/pr43177.c  -O2 -flto -fuse-linker-plugin -fno-fat-lto-objects  line 24 x == 7
FAIL: gcc.dg/guality/pr43479.c  -O1  line 13 h == 9
FAIL: gcc.dg/guality/pr43479.c  -O1  line 18 h == 9
FAIL: gcc.dg/guality/pr43479.c  -O2  line 13 h == 9
FAIL: gcc.dg/guality/pr43479.c  -O2  line 18 h == 9
FAIL: gcc.dg/guality/pr43479.c  -O3 -fomit-frame-pointer  line 13 h == 9
FAIL: gcc.dg/guality/pr43479.c  -O3 -fomit-frame-pointer  line 18 h == 9
FAIL: gcc.dg/guality/pr43479.c  -O3 -g  line 13 h == 9
FAIL: gcc.dg/guality/pr43479.c  -O3 -g  line 18 h == 9
FAIL: gcc.dg/guality/pr43479.c  -Os  line 13 h == 9
FAIL: gcc.dg/guality/pr43479.c  -Os  line 18 h == 9
FAIL: gcc.dg/guality/pr43479.c  -O2 -flto -fno-use-linker-plugin -flto-partition=none  line 13 h == 9
FAIL: gcc.dg/guality/pr43479.c  -O2 -flto -fno-use-linker-plugin -flto-partition=none  line 18 h == 9
FAIL: gcc.dg/guality/pr43479.c  -O2 -flto -fuse-linker-plugin -fno-fat-lto-objects  line 13 h == 9
FAIL: gcc.dg/guality/pr43479.c  -O2 -flto -fuse-linker-plugin -fno-fat-lto-objects  line 18 h == 9
FAIL: gcc.dg/guality/pr45882.c  -O2 -flto -fuse-linker-plugin -fno-fat-lto-objects  line 16 d == 112
FAIL: gcc.dg/guality/pr45882.c  -O2 -flto -fuse-linker-plugin -fno-fat-lto-objects  line 16 e == 142
FAIL: gcc.dg/guality/pr48437.c  -O2 -flto -fno-use-linker-plugin -flto-partition=none  line 14 i == 0
FAIL: gcc.dg/guality/pr48437.c  -O2 -flto -fuse-linker-plugin -fno-fat-lto-objects  line 14 i == 0
FAIL: gcc.dg/guality/pr54200.c  -Os  line 20 z == 3
FAIL: gcc.dg/guality/pr54519-1.c  -O2 -flto -fno-use-linker-plugin -flto-partition=none  line 20 y == 25
FAIL: gcc.dg/guality/pr54519-1.c  -O2 -flto -fno-use-linker-plugin -flto-partition=none  line 20 z == 6
FAIL: gcc.dg/guality/pr54519-1.c  -O2 -flto -fno-use-linker-plugin -flto-partition=none  line 23 y == 117
FAIL: gcc.dg/guality/pr54519-1.c  -O2 -flto -fno-use-linker-plugin -flto-partition=none  line 23 z == 8
FAIL: gcc.dg/guality/pr54519-2.c  -O2 -flto -fno-use-linker-plugin -flto-partition=none  line 17 y == 25
FAIL: gcc.dg/guality/pr54519-2.c  -O2 -flto -fuse-linker-plugin -fno-fat-lto-objects  line 17 y == 25
FAIL: gcc.dg/guality/pr54519-3.c  -O2 -flto -fno-use-linker-plugin -flto-partition=none  line 20 y == 25
FAIL: gcc.dg/guality/pr54519-3.c  -O2 -flto -fno-use-linker-plugin -flto-partition=none  line 20 z == 6
FAIL: gcc.dg/guality/pr54519-3.c  -O2 -flto -fno-use-linker-plugin -flto-partition=none  line 23 y == 117
FAIL: gcc.dg/guality/pr54519-3.c  -O2 -flto -fno-use-linker-plugin -flto-partition=none  line 23 z == 8
FAIL: gcc.dg/guality/pr54519-3.c  -O2 -flto -fuse-linker-plugin -fno-fat-lto-objects  line 20 x == 36
FAIL: gcc.dg/guality/pr54519-3.c  -O2 -flto -fuse-linker-plugin -fno-fat-lto-objects  line 20 y == 25
FAIL: gcc.dg/guality/pr54519-3.c  -O2 -flto -fuse-linker-plugin -fno-fat-lto-objects  line 20 z == 6
FAIL: gcc.dg/guality/pr54519-3.c  -O2 -flto -fuse-linker-plugin -fno-fat-lto-objects  line 23 x == 98
FAIL: gcc.dg/guality/pr54519-3.c  -O2 -flto -fuse-linker-plugin -fno-fat-lto-objects  line 23 y == 117
FAIL: gcc.dg/guality/pr54519-3.c  -O2 -flto -fuse-linker-plugin -fno-fat-lto-objects  line 23 z == 8
FAIL: gcc.dg/guality/pr54519-4.c  -O2 -flto -fno-use-linker-plugin -flto-partition=none  line 17 y == 25
FAIL: gcc.dg/guality/pr54519-4.c  -O2 -flto -fuse-linker-plugin -fno-fat-lto-objects  line 17 x == 6
FAIL: gcc.dg/guality/pr54519-4.c  -O2 -flto -fuse-linker-plugin -fno-fat-lto-objects  line 17 y == 25
FAIL: gcc.dg/guality/pr54519-5.c  -O2 -flto -fno-use-linker-plugin -flto-partition=none  line 17 y == 25
FAIL: gcc.dg/guality/pr54519-5.c  -O2 -flto -fuse-linker-plugin -fno-fat-lto-objects  line 17 y == 25
FAIL: gcc.dg/guality/pr54693-2.c  -O3 -fomit-frame-pointer -funroll-loops  line 21 i == v + 1
FAIL: gcc.dg/guality/pr54693-2.c  -O3 -fomit-frame-pointer -funroll-all-loops -finline-functions  line 21 i == v + 1
FAIL: gcc.dg/guality/pr54693-2.c  -Os  line 21 x == 10 - i
FAIL: gcc.dg/guality/pr54693-2.c  -Os  line 21 y == 20 - 2 * i
FAIL: gcc.dg/guality/sra-1.c  -O2  line 21 a.i == 4
FAIL: gcc.dg/guality/sra-1.c  -O2  line 21 a.j == 14
FAIL: gcc.dg/guality/sra-1.c  -O2  line 43 a.i == 4
FAIL: gcc.dg/guality/sra-1.c  -O2  line 43 a.j == 14
FAIL: gcc.dg/guality/sra-1.c  -O3 -fomit-frame-pointer  line 21 a.i == 4
FAIL: gcc.dg/guality/sra-1.c  -O3 -fomit-frame-pointer  line 21 a.j == 14
FAIL: gcc.dg/guality/sra-1.c  -O3 -fomit-frame-pointer  line 43 a.i == 4
FAIL: gcc.dg/guality/sra-1.c  -O3 -fomit-frame-pointer  line 43 a.j == 14
FAIL: gcc.dg/guality/sra-1.c  -O3 -g  line 21 a.i == 4
FAIL: gcc.dg/guality/sra-1.c  -O3 -g  line 21 a.j == 14
FAIL: gcc.dg/guality/sra-1.c  -O3 -g  line 43 a.i == 4
FAIL: gcc.dg/guality/sra-1.c  -O3 -g  line 43 a.j == 14
FAIL: gcc.dg/guality/sra-1.c  -Os  line 21 a.i == 4
FAIL: gcc.dg/guality/sra-1.c  -Os  line 21 a.j == 14
FAIL: gcc.dg/guality/sra-1.c  -Os  line 43 a.i == 4
FAIL: gcc.dg/guality/sra-1.c  -Os  line 43 a.j == 14
FAIL: gcc.dg/guality/sra-1.c  -O2 -flto -fno-use-linker-plugin -flto-partition=none  line 21 a.i == 4
FAIL: gcc.dg/guality/sra-1.c  -O2 -flto -fno-use-linker-plugin -flto-partition=none  line 21 a.j == 14
FAIL: gcc.dg/guality/sra-1.c  -O2 -flto -fno-use-linker-plugin -flto-partition=none  line 43 a.i == 4
FAIL: gcc.dg/guality/sra-1.c  -O2 -flto -fno-use-linker-plugin -flto-partition=none  line 43 a.j == 14
FAIL: gcc.dg/guality/sra-1.c  -O2 -flto -fuse-linker-plugin -fno-fat-lto-objects  line 21 a.i == 4
FAIL: gcc.dg/guality/sra-1.c  -O2 -flto -fuse-linker-plugin -fno-fat-lto-objects  line 21 a.j == 14
FAIL: gcc.dg/guality/sra-1.c  -O2 -flto -fuse-linker-plugin -fno-fat-lto-objects  line 43 a.i == 4
FAIL: gcc.dg/guality/sra-1.c  -O2 -flto -fuse-linker-plugin -fno-fat-lto-objects  line 43 a.j == 14
FAIL: gcc.dg/guality/vla-2.c  -O2  line 25 sizeof (a) == 6 * sizeof (int)
FAIL: gcc.dg/guality/vla-2.c  -O3 -fomit-frame-pointer  line 25 sizeof (a) == 6 * sizeof (int)
FAIL: gcc.dg/guality/vla-2.c  -O3 -g  line 25 sizeof (a) == 6 * sizeof (int)
FAIL: gcc.dg/guality/vla-2.c  -Os  line 25 sizeof (a) == 6 * sizeof (int)
FAIL: gcc.dg/guality/vla-2.c  -O2 -flto -fno-use-linker-plugin -flto-partition=none  line 25 sizeof (a) == 6 * sizeof (int)
FAIL: gcc.dg/guality/vla-2.c  -O2 -flto -fuse-linker-plugin -fno-fat-lto-objects  line 25 sizeof (a) == 6 * sizeof (int)

		=== gcc Summary ===

# of expected passes		108464
# of unexpected failures	167
# of unexpected successes	25
# of expected failures		267
# of unsupported tests		1623
/export/gnu/import/git/gcc-test-x32/bld/gcc/xgcc  version 4.10.0 20140614 (experimental) [trunk revision 211670] (GCC) 

		=== gfortran tests ===


Running target unix/-mx32
FAIL: gfortran.dg/wextra_1.f  -O   (test for warnings, line 4)

		=== gfortran Summary ===

# of expected passes		46006
# of unexpected failures	1
# of expected failures		38
# of unsupported tests		52
/export/gnu/import/git/gcc-test-x32/bld/gcc/testsuite/gfortran/../../gfortran  version 4.10.0 20140614 (experimental) [trunk revision 211670] (GCC) 

		=== g++ tests ===


Running target unix/-mx32
FAIL: g++.dg/abi/layout4.C -std=gnu++98 (test for excess errors)
UNRESOLVED: g++.dg/abi/layout4.C -std=gnu++98 compilation failed to produce executable
FAIL: g++.dg/abi/layout4.C -std=gnu++11 (test for excess errors)
UNRESOLVED: g++.dg/abi/layout4.C -std=gnu++11 compilation failed to produce executable
FAIL: g++.dg/abi/layout4.C -std=gnu++1y (test for excess errors)
UNRESOLVED: g++.dg/abi/layout4.C -std=gnu++1y compilation failed to produce executable
FAIL: g++.dg/guality/pr55665.C  -O2  line 23 p == 40
FAIL: g++.dg/guality/pr55665.C  -O3 -fomit-frame-pointer  line 23 p == 40
FAIL: g++.dg/guality/pr55665.C  -O3 -g  line 23 p == 40

		=== g++ Summary ===

# of expected passes		86522
# of unexpected failures	6
# of expected failures		440
# of unresolved testcases	3
# of unsupported tests		3024
/export/gnu/import/git/gcc-test-x32/bld/gcc/testsuite/g++/../../xg++  version 4.10.0 20140614 (experimental) [trunk revision 211670] (GCC) 

		=== objc tests ===


Running target unix/-mx32

		=== objc Summary ===

# of expected passes		3004
# of expected failures		6
# of unsupported tests		74
/export/gnu/import/git/gcc-test-x32/bld/gcc/xgcc  version 4.10.0 20140614 (experimental) [trunk revision 211670] (GCC) 

		=== boehm-gc tests ===


Running target unix/-mx32

		=== boehm-gc Summary ===

# of expected passes		12
# of unsupported tests		1
		=== libatomic tests ===


Running target unix/-mx32

		=== libatomic Summary ===

# of expected passes		54
		=== libffi tests ===


Running target unix/-mx32

		=== libffi Summary ===

# of expected passes		1819
# of unsupported tests		55
		=== libgomp tests ===


Running target unix/-mx32

		=== libgomp Summary ===

# of expected passes		2891
# of unsupported tests		35
		=== libitm tests ===


Running target unix/-mx32

		=== libitm Summary ===

# of expected passes		26
# of expected failures		3
# of unsupported tests		1
		=== libjava tests ===


Running target unix/-mx32

		=== libjava Summary ===

# of expected passes		2582
# of expected failures		4
		=== libstdc++ tests ===


Running target unix/-mx32
FAIL: libstdc++-abi/abi_check

		=== libstdc++ Summary ===

# of expected passes		10119
# of unexpected failures	1
# of expected failures		69
# of unsupported tests		227

Compiler version: 4.10.0 20140614 (experimental) [trunk revision 211670] (GCC) 
Platform: x86_64-unknown-linux-gnu
configure flags: --prefix=/usr/4.10.0 --enable-clocale=gnu --with-system-zlib --enable-shared --with-demangler-in-ld --with-multilib-list=m32,m64,mx32 --with-fpmath=sse --enable-languages=c,c++,fortran,java,lto,objc


Index Nav: [Date Index] [Subject Index] [Author Index] [Thread Index]
Message Nav: [Date Prev] [Date Next] [Thread Prev] [Thread Next]