This is the mail archive of the gcc-testresults@gcc.gnu.org mailing list for the GCC project.


Index Nav: [Date Index] [Subject Index] [Author Index] [Thread Index]
Message Nav: [Date Prev] [Date Next] [Thread Prev] [Thread Next]
Other format: [Raw text]

Results for 4.10.0 20140613 (experimental) (GCC) testsuite on spu-unknown-elf


GCC Version:      4.10.0, SVN revision: 211657
Newlib Version:   2014-06-13 22:05 UTC
Binutils Version: commit d0ae9fbda7513c1cab463bf1a9b21fdef40e7c56


build host info: 
$ uname -s -r -m -p -i -o
Linux 2.6.18-371.8.1.el5 ppc64 ppc64 ppc64 GNU/Linux

$ gcc -v
Using built-in specs.
Target: ppc64-redhat-linux
Configured with: ../configure --prefix=/usr --mandir=/usr/share/man --infodir=/usr/share/info --enable-shared --enable-threads=posix --enable-checking=release --with-system-zlib --enable-__cxa_atexit --disable-libunwind-exceptions --enable-libgcj-multifile --enable-languages=c,c++,objc,obj-c++,java,fortran --enable-java-awt=gtk --disable-dssi --disable-plugin --with-java-home=/usr/lib/jvm/java-1.4.2-gcj-1.4.2.0/jre --enable-secureplt --with-long-double-128 --host=ppc64-redhat-linux --build=ppc64-redhat-linux --target=ppc64-redhat-linux --with-cpu=default32
Thread model: posix
gcc version 4.1.2 20080704 (Red Hat 4.1.2-54)

$ ld -v
GNU ld version 2.17.50.0.6-26.el5 20061020



############################################################
# GCC test suite results                                   #
############################################################
Target is spu-unknown-elf

		=== g++ tests ===


Running target cell-native
FAIL: c-c++-common/pr60156.c -std=gnu++98  (test for warnings, line 6)
FAIL: c-c++-common/pr60156.c -std=gnu++11  (test for warnings, line 6)
FAIL: c-c++-common/pr60156.c -std=gnu++1y  (test for warnings, line 6)
FAIL: g++.dg/abi/scoped1.C -std=gnu++11 execution test
FAIL: g++.dg/abi/scoped1.C -std=gnu++1y execution test
FAIL: g++.dg/cpp1y/vla-initlist1.C -std=c++1y execution test
FAIL: g++.dg/pr49718.C -std=gnu++98  scan-assembler-times __cyg_profile_func_enter 1
FAIL: g++.dg/pr49718.C -std=gnu++11  scan-assembler-times __cyg_profile_func_enter 1
FAIL: g++.dg/pr49718.C -std=gnu++1y  scan-assembler-times __cyg_profile_func_enter 1
FAIL: g++.dg/lto/20091022-2 cp_lto_20091022-2_0.o-cp_lto_20091022-2_0.o link, -O3 -flto -Winline
UNRESOLVED: g++.dg/lto/20091022-2 cp_lto_20091022-2_0.o-cp_lto_20091022-2_0.o execute -O3 -flto -Winline
FAIL: g++.dg/lto/20091219 cp_lto_20091219_0.o-cp_lto_20091219_0.o link, -O3 -flto
UNRESOLVED: g++.dg/lto/20091219 cp_lto_20091219_0.o-cp_lto_20091219_0.o execute -O3 -flto
FAIL: g++.dg/tls/diag-1.C -std=c++98 (internal compiler error)
FAIL: g++.dg/tls/diag-1.C -std=c++98 (test for excess errors)
FAIL: g++.dg/tls/diag-1.C -std=c++11 (internal compiler error)
FAIL: g++.dg/tls/diag-1.C -std=c++11 (test for excess errors)
FAIL: g++.dg/tls/diag-1.C -std=c++1y (internal compiler error)
FAIL: g++.dg/tls/diag-1.C -std=c++1y (test for excess errors)
FAIL: g++.old-deja/g++.mike/for3.C -std=gnu++98  (test for warnings, line 5)
FAIL: g++.old-deja/g++.mike/for3.C -std=gnu++11  (test for warnings, line 5)
FAIL: g++.old-deja/g++.mike/for3.C -std=gnu++1y  (test for warnings, line 5)

		=== g++ Summary ===

# of expected passes		74732
# of unexpected failures	20
# of expected failures		431
# of unresolved testcases	2
# of unsupported tests		3480
/home/uweigand/dailybuild/spu-tc-2014-06-13/gcc-build/gcc/testsuite/g++/../../xg++  version 4.10.0 20140613 (experimental) (GCC) 

		=== gcc tests ===


Running target cell-native
UNRESOLVED: gcc.c-torture/execute/pr60822.c execution,  -O0 
UNRESOLVED: gcc.c-torture/execute/pr60822.c execution,  -O1 
UNRESOLVED: gcc.c-torture/execute/pr60822.c execution,  -O2 
UNRESOLVED: gcc.c-torture/execute/pr60822.c execution,  -O3 -fomit-frame-pointer 
UNRESOLVED: gcc.c-torture/execute/pr60822.c execution,  -O3 -g 
UNRESOLVED: gcc.c-torture/execute/pr60822.c execution,  -Os 
UNRESOLVED: gcc.c-torture/execute/pr60822.c execution,  -Og -g 
UNRESOLVED: gcc.c-torture/execute/pr60822.c execution,  -O2 -flto -flto-partition=none 
UNRESOLVED: gcc.c-torture/execute/pr60822.c execution,  -O2 -flto 
FAIL: tmpdir-gcc.dg-struct-layout-1/t028 c_compat_x_tst.o-c_compat_y_tst.o link
UNRESOLVED: tmpdir-gcc.dg-struct-layout-1/t028 c_compat_x_tst.o-c_compat_y_tst.o execute 
FAIL: gcc.dg/builtins-1.c inf (test for warnings, line 147)
FAIL: gcc.dg/builtins-1.c (test for excess errors)
FAIL: gcc.dg/c11-complex-1.c execution test
FAIL: gcc.dg/pr23623.c scan-rtl-dump-times final "mem/v(/.)*:SI" 12
FAIL: gcc.dg/pr61077.c return (test for warnings, line 6)
FAIL: gcc.dg/pr61077.c parameter (test for warnings, line 6)
FAIL: gcc.dg/pr61077.c parameter (test for warnings, line 6)
FAIL: gcc.dg/sms-7.c scan-rtl-dump-times sms "SMS succeeded" 1
FAIL: c-c++-common/pr60156.c  -Wc++-compat   (test for warnings, line 6)
FAIL: gcc.dg/lto/pr54709 c_lto_pr54709_0.o-c_lto_pr54709_1.o link,  -fPIC -fvisibility=hidden -flto 
UNRESOLVED: gcc.dg/lto/pr54709 c_lto_pr54709_0.o-c_lto_pr54709_1.o execute  -fPIC -fvisibility=hidden -flto 
FAIL: gcc.dg/torture/builtin-attr-1.c  -O0  INF unsupported (test for warnings, line 342)
FAIL: gcc.dg/torture/builtin-attr-1.c  -O0  (test for excess errors)
FAIL: gcc.dg/torture/builtin-attr-1.c  -O1  INF unsupported (test for warnings, line 342)
FAIL: gcc.dg/torture/builtin-attr-1.c  -O1  (test for excess errors)
FAIL: gcc.dg/torture/builtin-attr-1.c  -O2  INF unsupported (test for warnings, line 342)
FAIL: gcc.dg/torture/builtin-attr-1.c  -O2  (test for excess errors)
FAIL: gcc.dg/torture/builtin-attr-1.c  -O3 -fomit-frame-pointer  INF unsupported (test for warnings, line 342)
FAIL: gcc.dg/torture/builtin-attr-1.c  -O3 -fomit-frame-pointer  (test for excess errors)
FAIL: gcc.dg/torture/builtin-attr-1.c  -O3 -g  INF unsupported (test for warnings, line 342)
FAIL: gcc.dg/torture/builtin-attr-1.c  -O3 -g  (test for excess errors)
FAIL: gcc.dg/torture/builtin-attr-1.c  -Os  INF unsupported (test for warnings, line 342)
FAIL: gcc.dg/torture/builtin-attr-1.c  -Os  (test for excess errors)
FAIL: gcc.dg/torture/builtin-attr-1.c  -O2 -flto -fno-use-linker-plugin -flto-partition=none  INF unsupported (test for warnings, line 342)
FAIL: gcc.dg/torture/builtin-attr-1.c  -O2 -flto -fno-use-linker-plugin -flto-partition=none  (test for excess errors)
FAIL: gcc.dg/torture/builtin-attr-1.c  -O2 -flto -fuse-linker-plugin -fno-fat-lto-objects  INF unsupported (test for warnings, line 342)
FAIL: gcc.dg/torture/builtin-attr-1.c  -O2 -flto -fuse-linker-plugin -fno-fat-lto-objects  (test for excess errors)
FAIL: gcc.dg/torture/c99-contract-1.c  -O0  execution test
FAIL: gcc.dg/torture/c99-contract-1.c  -O1  execution test
FAIL: gcc.dg/torture/c99-contract-1.c  -O2  execution test
FAIL: gcc.dg/torture/c99-contract-1.c  -O3 -fomit-frame-pointer  execution test
FAIL: gcc.dg/torture/c99-contract-1.c  -O3 -g  execution test
FAIL: gcc.dg/torture/c99-contract-1.c  -Os  execution test
FAIL: gcc.dg/torture/c99-contract-1.c  -O2 -flto -fno-use-linker-plugin -flto-partition=none  execution test
FAIL: gcc.dg/torture/c99-contract-1.c  -O2 -flto -fuse-linker-plugin -fno-fat-lto-objects  execution test
FAIL: gcc.dg/torture/pr56443.c  -O0  execution test
FAIL: gcc.dg/torture/pr56443.c  -Os  execution test
FAIL: gcc.dg/tree-prof/time-profiler-2.c compilation,  -fprofile-generate -D_PROFILE_GENERATE
UNRESOLVED: gcc.dg/tree-prof/time-profiler-2.c execution,    -fprofile-generate -D_PROFILE_GENERATE
UNRESOLVED: gcc.dg/tree-prof/time-profiler-2.c compilation,  -fprofile-use -D_PROFILE_USE
UNRESOLVED: gcc.dg/tree-prof/time-profiler-2.c execution,    -fprofile-use -D_PROFILE_USE
FAIL: gcc.dg/tree-ssa/cunroll-5.c scan-tree-dump cunroll "loop with 6 iterations completely unrolled"
FAIL: gcc.dg/tree-ssa/cunroll-5.c scan-tree-dump cunroll "Exit condition of peeled iterations was eliminated."
FAIL: gcc.dg/tree-ssa/pr59597.c scan-tree-dump vrp1 "Cancelling"
FAIL: gcc.dg/tree-ssa/slsr-13.c scan-tree-dump-times optimized " \\\\* 4" 2
FAIL: gcc.dg/tree-ssa/slsr-13.c scan-tree-dump-times optimized " \\\\* 5" 0
FAIL: gcc.dg/vect/slp-10.c scan-tree-dump-times vect "vectorized 2 loops" 1
FAIL: gcc.dg/vect/slp-10.c scan-tree-dump-times vect "vectorizing stmts using SLP" 2
FAIL: gcc.dg/vect/slp-11c.c scan-tree-dump-times vect "vectorized 0 loops" 1
FAIL: gcc.dg/vect/slp-33.c scan-tree-dump-times vect "vectorized 2 loops" 1
FAIL: gcc.dg/vect/slp-33.c scan-tree-dump-times vect "vectorizing stmts using SLP" 2
FAIL: gcc.dg/vect/bb-slp-32.c scan-tree-dump slp "vectorization is not profitable"
FAIL: gcc.dg/vect/slp-10.c -flto -ffat-lto-objects  scan-tree-dump-times vect "vectorized 2 loops" 1
FAIL: gcc.dg/vect/slp-10.c -flto -ffat-lto-objects  scan-tree-dump-times vect "vectorizing stmts using SLP" 2
FAIL: gcc.dg/vect/slp-11c.c -flto -ffat-lto-objects  scan-tree-dump-times vect "vectorized 0 loops" 1
FAIL: gcc.dg/vect/slp-33.c -flto -ffat-lto-objects  scan-tree-dump-times vect "vectorized 2 loops" 1
FAIL: gcc.dg/vect/slp-33.c -flto -ffat-lto-objects  scan-tree-dump-times vect "vectorizing stmts using SLP" 2
FAIL: gcc.dg/vect/bb-slp-32.c -flto -ffat-lto-objects  scan-tree-dump slp "vectorization is not profitable"
FAIL: gcc.dg/vect/no-vfa-vect-depend-2.c scan-tree-dump-times vect "vectorized 1 loops" 1
FAIL: gcc.dg/vect/no-vfa-vect-depend-3.c scan-tree-dump-times vect "vectorized 1 loops" 4

		=== gcc Summary ===

# of expected passes		87206
# of unexpected failures	57
# of expected failures		233
# of unresolved testcases	14
# of unsupported tests		1718
/home/uweigand/dailybuild/spu-tc-2014-06-13/gcc-build/gcc/xgcc  version 4.10.0 20140613 (experimental) (GCC) 

		=== gfortran tests ===


Running target cell-native
FAIL: gfortran.dg/array_constructor_45.f90  -O0  execution test
FAIL: gfortran.dg/bind_c_array_params_2.f90  -O   scan-assembler-times call[^\\n\\r]*myBindC 1
FAIL: gfortran.dg/char_result_13.f90  -O3 -fomit-frame-pointer  execution test
FAIL: gfortran.dg/char_result_13.f90  -O3 -fomit-frame-pointer -funroll-all-loops -finline-functions  execution test
FAIL: gfortran.dg/char_result_13.f90  -O3 -g  execution test
XPASS: gfortran.dg/default_format_denormal_1.f90  -O0  execution test
XPASS: gfortran.dg/default_format_denormal_1.f90  -O1  execution test
XPASS: gfortran.dg/default_format_denormal_1.f90  -O2  execution test
XPASS: gfortran.dg/default_format_denormal_1.f90  -O3 -fomit-frame-pointer  execution test
XPASS: gfortran.dg/default_format_denormal_1.f90  -O3 -fomit-frame-pointer -funroll-loops  execution test
XPASS: gfortran.dg/default_format_denormal_1.f90  -O3 -fomit-frame-pointer -funroll-all-loops -finline-functions  execution test
XPASS: gfortran.dg/default_format_denormal_1.f90  -O3 -g  execution test
XPASS: gfortran.dg/default_format_denormal_1.f90  -Os  execution test
FAIL: gfortran.dg/minlocval_3.f90  -O1  execution test
FAIL: gfortran.dg/minlocval_3.f90  -O2  execution test
FAIL: gfortran.dg/minlocval_3.f90  -O3 -fomit-frame-pointer  execution test
FAIL: gfortran.dg/minlocval_3.f90  -O3 -fomit-frame-pointer -funroll-loops  execution test
FAIL: gfortran.dg/minlocval_3.f90  -O3 -fomit-frame-pointer -funroll-all-loops -finline-functions  execution test
FAIL: gfortran.dg/minlocval_3.f90  -O3 -g  execution test
FAIL: gfortran.dg/minlocval_3.f90  -Os  execution test
FAIL: gfortran.dg/wextra_1.f  -O   (test for warnings, line 4)
FAIL: gfortran.dg/vect/vect-8.f90  -O   scan-tree-dump-times vect "vectorized 19 loops" 1
FAIL: gfortran.dg/vect/fast-math-rnflow-trs2a2.f90 scan-tree-dump-times vect "vectorized 1 loops" 1
FAIL: gfortran.fortran-torture/execute/forall_4.f90 execution,  -O3 -g 

		=== gfortran Summary ===

# of expected passes		44134
# of unexpected failures	16
# of unexpected successes	8
# of expected failures		99
# of unsupported tests		575
/home/uweigand/dailybuild/spu-tc-2014-06-13/gcc-build/gcc/testsuite/gfortran/../../gfortran  version 4.10.0 20140613 (experimental) (GCC) 


Compiler version: 4.10.0 20140613 (experimental) (GCC) 
Platform: spu-unknown-elf
configure flags: --target=spu --disable-nls --disable-libsanitizer --enable-languages=c,c++,fortran --with-headers --enable-version-specific-runtime-libs --with-gmp=/home/uweigand/dailybuild/prereqs/install --with-mpfr=/home/uweigand/dailybuild/prereqs/install --with-mpc=/home/uweigand/dailybuild/prereqs/install --prefix=/home/uweigand/dailybuild/spu-tc-2014-06-13/spu-toolchain

############################################################
# Binutils test suite results                              #
############################################################
Target is spu-unknown-elf
Host   is powerpc64-unknown-linux-gnu

		=== binutils tests ===


Running target unix
WARNING: Assuming target board is the local machine (which is probably wrong).

		=== binutils Summary ===

# of expected passes		87
# of unsupported tests		6
Host   is powerpc64-unknown-linux-gnu

		=== gas tests ===


Running target unix
WARNING: Assuming target board is the local machine (which is probably wrong).

		=== gas Summary ===

# of expected passes		132
Host   is powerpc64-unknown-linux-gnu

		=== ld tests ===


Running target unix
WARNING: Assuming target board is the local machine (which is probably wrong).
FAIL: --gc-sections with --defsym

		=== ld Summary ===

# of expected passes		229
# of unexpected failures	1
# of expected failures		5
# of untested testcases		1
# of unsupported tests		3

Platform: spu-unknown-elf
configure flags: --disable-gdb --disable-libdecnumber --disable-readline --disable-sim --target=spu --prefix=/home/uweigand/dailybuild/spu-tc-2014-06-13/spu-toolchain

############################################################
# GDB test suite results                                   #
############################################################
Target is spu-unknown-elf
Host   is powerpc64-unknown-linux-gnu

		=== gdb tests ===


Running target cell-native
FAIL: gdb.arch/spu-info.exp: info spu mailbox
FAIL: gdb.arch/spu-info.exp: event mask 0x0400
FAIL: gdb.arch/spu-info.exp: event mask 0x0200
FAIL: gdb.arch/spu-info.exp: event mask 0x0100
FAIL: gdb.arch/spu-info.exp: event mask 0x0080
FAIL: gdb.arch/spu-info.exp: event mask 0x0040
FAIL: gdb.arch/spu-info.exp: event mask 0x0020
FAIL: gdb.arch/spu-info.exp: event mask 0x0010
FAIL: gdb.arch/spu-info.exp: event mask 0x0008
FAIL: gdb.arch/spu-info.exp: event mask 0x0002
FAIL: gdb.arch/spu-info.exp: event mask 0x0001
FAIL: gdb.arch/spu-info.exp: info spu mailbox
FAIL: gdb.base/argv0-symlink.exp: kept file symbolic link name
FAIL: gdb.base/async.exp: next& (timeout)
FAIL: gdb.base/async.exp: step& #1 (timeout)
FAIL: gdb.base/async.exp: step& #2 (timeout)
FAIL: gdb.base/async.exp: stepi& (timeout)
FAIL: gdb.base/async.exp: get next insn
FAIL: gdb.base/async.exp: nexti& (timeout)
FAIL: gdb.base/async.exp: finish& (timeout)
FAIL: gdb.base/async.exp: jump& (timeout)
FAIL: gdb.base/async.exp: until& (timeout)
FAIL: gdb.base/async.exp: set exec-done-display off
FAIL: gdb.base/attach.exp: info other register (GDB internal error)
FAIL: gdb.base/auto-connect-native-target.exp: kill: start
FAIL: gdb.base/auto-connect-native-target.exp: detach: start
FAIL: gdb.base/auto-connect-native-target.exp: run to exit: start
FAIL: gdb.base/auto-connect-native-target.exp: run to exit: c (the program is no longer running)
FAIL: gdb.base/auto-connect-native-target.exp: disconnect: start
FAIL: gdb.base/break-on-linker-gcd-function.exp: b 24
FAIL: gdb.base/code_elim.exp: single psymtabs: test eliminated var my_global_symbol
FAIL: gdb.base/code_elim.exp: single psymtabs: test eliminated var my_static_symbol
FAIL: gdb.base/code_elim.exp: single psymtabs: test eliminated var my_global_func
FAIL: gdb.base/code_elim.exp: single symtabs: test eliminated var my_global_symbol
FAIL: gdb.base/code_elim.exp: single symtabs: test eliminated var my_static_symbol
FAIL: gdb.base/code_elim.exp: single symtabs: test eliminated var my_global_func
FAIL: gdb.base/code_elim.exp: order1: my_global_symbol has null address
FAIL: gdb.base/code_elim.exp: order1: my_static_symbol has null address
FAIL: gdb.base/dprintf-non-stop.exp: Can't run to main
FAIL: gdb.base/nostdlib.exp: continue to marker (the program exited)
FAIL: gdb.base/sss-bp-on-user-bp-2.exp: continue to breakpoint: run past setup (the program exited)
FAIL: gdb.base/sss-bp-on-user-bp-2.exp: stepi_del_break (the program is no longer running)
FAIL: gdb.base/sss-bp-on-user-bp-2.exp: si& finished (timeout)
FAIL: gdb.base/store.exp: continue to add_charest
FAIL: gdb.base/store.exp: continue to add_short
FAIL: gdb.base/store.exp: continue to add_int
FAIL: gdb.base/store.exp: continue to add_long
FAIL: gdb.base/store.exp: continue to add_float
FAIL: gdb.base/store.exp: continue to add_double
FAIL: gdb.base/store.exp: continue to add_doublest
FAIL: gdb.base/testenv.exp: Test with one TEST_GDB var
FAIL: gdb.base/testenv.exp: Test with two TEST_GDB var
FAIL: gdb.base/testenv.exp: Test with one TEST_GDB var, after unset
FAIL: gdb.base/testenv.exp: Test with TEST_GDB_GLOBAL
FAIL: gdb.base/vla-datatypes.exp: print float_vla
FAIL: gdb.base/watchpoint.exp: watch foo2
FAIL: gdb.base/watchpoint.exp: continue with watch foo2
FAIL: gdb.base/watchpoint.exp: watch foo4
FAIL: gdb.base/watchpoint.exp: continue with watch foo4
FAIL: gdb.cp/inherit.exp: print g_vD
FAIL: gdb.cp/inherit.exp: print g_vE
FAIL: gdb.cp/virtbase.exp: print *this
FAIL: gdb.cp/virtbase.exp: print *(D *) e
FAIL: gdb.dwarf2/dw2-dir-file-name.exp: compdir_missing__ldir_missing__file_basename: continue to breakpoint: compdir_missing__ldir_missing__file_basename
FAIL: gdb.dwarf2/dw2-dir-file-name.exp: compdir_missing__ldir_missing__file_basename: absolute
FAIL: gdb.dwarf2/dw2-dir-file-name.exp: compdir_missing__ldir_missing__file_basename: basename
FAIL: gdb.dwarf2/dw2-dir-file-name.exp: compdir_missing__ldir_missing__file_basename: relative
FAIL: gdb.dwarf2/dw2-dir-file-name.exp: compdir_missing__ldir_missing__file_relative: continue to breakpoint: compdir_missing__ldir_missing__file_relative
FAIL: gdb.dwarf2/dw2-dir-file-name.exp: compdir_missing__ldir_missing__file_relative: absolute
FAIL: gdb.dwarf2/dw2-dir-file-name.exp: compdir_missing__ldir_missing__file_relative: basename
FAIL: gdb.dwarf2/dw2-dir-file-name.exp: compdir_missing__ldir_missing__file_relative: relative
FAIL: gdb.dwarf2/dw2-dir-file-name.exp: compdir_missing__ldir_missing__file_absolute: continue to breakpoint: compdir_missing__ldir_missing__file_absolute
FAIL: gdb.dwarf2/dw2-dir-file-name.exp: compdir_missing__ldir_missing__file_absolute: absolute
FAIL: gdb.dwarf2/dw2-dir-file-name.exp: compdir_missing__ldir_missing__file_absolute: basename
FAIL: gdb.dwarf2/dw2-dir-file-name.exp: compdir_missing__ldir_missing__file_absolute: relative
FAIL: gdb.dwarf2/dw2-dir-file-name.exp: compdir_missing__ldir_relative_file_basename: continue to breakpoint: compdir_missing__ldir_relative_file_basename
FAIL: gdb.dwarf2/dw2-dir-file-name.exp: compdir_missing__ldir_relative_file_basename: absolute
FAIL: gdb.dwarf2/dw2-dir-file-name.exp: compdir_missing__ldir_relative_file_basename: basename
FAIL: gdb.dwarf2/dw2-dir-file-name.exp: compdir_missing__ldir_relative_file_basename: relative
FAIL: gdb.dwarf2/dw2-dir-file-name.exp: compdir_missing__ldir_relative_file_relative: continue to breakpoint: compdir_missing__ldir_relative_file_relative
FAIL: gdb.dwarf2/dw2-dir-file-name.exp: compdir_missing__ldir_relative_file_relative: absolute
FAIL: gdb.dwarf2/dw2-dir-file-name.exp: compdir_missing__ldir_relative_file_relative: basename
FAIL: gdb.dwarf2/dw2-dir-file-name.exp: compdir_missing__ldir_relative_file_relative: relative
FAIL: gdb.dwarf2/dw2-dir-file-name.exp: compdir_missing__ldir_relative_file_absolute: continue to breakpoint: compdir_missing__ldir_relative_file_absolute
FAIL: gdb.dwarf2/dw2-dir-file-name.exp: compdir_missing__ldir_relative_file_absolute: absolute
FAIL: gdb.dwarf2/dw2-dir-file-name.exp: compdir_missing__ldir_relative_file_absolute: basename
FAIL: gdb.dwarf2/dw2-dir-file-name.exp: compdir_missing__ldir_relative_file_absolute: relative
FAIL: gdb.dwarf2/dw2-dir-file-name.exp: compdir_missing__ldir_absolute_file_basename: continue to breakpoint: compdir_missing__ldir_absolute_file_basename
FAIL: gdb.dwarf2/dw2-dir-file-name.exp: compdir_missing__ldir_absolute_file_basename: absolute
FAIL: gdb.dwarf2/dw2-dir-file-name.exp: compdir_missing__ldir_absolute_file_basename: basename
FAIL: gdb.dwarf2/dw2-dir-file-name.exp: compdir_missing__ldir_absolute_file_basename: relative
FAIL: gdb.dwarf2/dw2-dir-file-name.exp: compdir_missing__ldir_absolute_file_relative: continue to breakpoint: compdir_missing__ldir_absolute_file_relative
FAIL: gdb.dwarf2/dw2-dir-file-name.exp: compdir_missing__ldir_absolute_file_relative: absolute
FAIL: gdb.dwarf2/dw2-dir-file-name.exp: compdir_missing__ldir_absolute_file_relative: basename
FAIL: gdb.dwarf2/dw2-dir-file-name.exp: compdir_missing__ldir_absolute_file_relative: relative
FAIL: gdb.dwarf2/dw2-dir-file-name.exp: compdir_missing__ldir_absolute_file_absolute_same: continue to breakpoint: compdir_missing__ldir_absolute_file_absolute_same
FAIL: gdb.dwarf2/dw2-dir-file-name.exp: compdir_missing__ldir_absolute_file_absolute_same: absolute
FAIL: gdb.dwarf2/dw2-dir-file-name.exp: compdir_missing__ldir_absolute_file_absolute_same: basename
FAIL: gdb.dwarf2/dw2-dir-file-name.exp: compdir_missing__ldir_absolute_file_absolute_same: relative
FAIL: gdb.dwarf2/dw2-dir-file-name.exp: compdir_missing__ldir_absolute_file_absolute_different: continue to breakpoint: compdir_missing__ldir_absolute_file_absolute_different
FAIL: gdb.dwarf2/dw2-dir-file-name.exp: compdir_missing__ldir_absolute_file_absolute_different: absolute
FAIL: gdb.dwarf2/dw2-dir-file-name.exp: compdir_missing__ldir_absolute_file_absolute_different: basename
FAIL: gdb.dwarf2/dw2-dir-file-name.exp: compdir_missing__ldir_absolute_file_absolute_different: relative
FAIL: gdb.dwarf2/dw2-dir-file-name.exp: compdir_relative_ldir_missing__file_basename: continue to breakpoint: compdir_relative_ldir_missing__file_basename
FAIL: gdb.dwarf2/dw2-dir-file-name.exp: compdir_relative_ldir_missing__file_basename: absolute
FAIL: gdb.dwarf2/dw2-dir-file-name.exp: compdir_relative_ldir_missing__file_basename: basename
FAIL: gdb.dwarf2/dw2-dir-file-name.exp: compdir_relative_ldir_missing__file_basename: relative
FAIL: gdb.dwarf2/dw2-dir-file-name.exp: compdir_relative_ldir_missing__file_relative: continue to breakpoint: compdir_relative_ldir_missing__file_relative
FAIL: gdb.dwarf2/dw2-dir-file-name.exp: compdir_relative_ldir_missing__file_relative: absolute
FAIL: gdb.dwarf2/dw2-dir-file-name.exp: compdir_relative_ldir_missing__file_relative: basename
FAIL: gdb.dwarf2/dw2-dir-file-name.exp: compdir_relative_ldir_missing__file_relative: relative
FAIL: gdb.dwarf2/dw2-dir-file-name.exp: compdir_relative_ldir_missing__file_absolute: continue to breakpoint: compdir_relative_ldir_missing__file_absolute
FAIL: gdb.dwarf2/dw2-dir-file-name.exp: compdir_relative_ldir_missing__file_absolute: absolute
FAIL: gdb.dwarf2/dw2-dir-file-name.exp: compdir_relative_ldir_missing__file_absolute: basename
FAIL: gdb.dwarf2/dw2-dir-file-name.exp: compdir_relative_ldir_missing__file_absolute: relative
FAIL: gdb.dwarf2/dw2-dir-file-name.exp: compdir_relative_ldir_relative_file_basename: continue to breakpoint: compdir_relative_ldir_relative_file_basename
FAIL: gdb.dwarf2/dw2-dir-file-name.exp: compdir_relative_ldir_relative_file_basename: absolute
FAIL: gdb.dwarf2/dw2-dir-file-name.exp: compdir_relative_ldir_relative_file_basename: basename
FAIL: gdb.dwarf2/dw2-dir-file-name.exp: compdir_relative_ldir_relative_file_basename: relative
FAIL: gdb.dwarf2/dw2-dir-file-name.exp: compdir_relative_ldir_relative_file_relative: continue to breakpoint: compdir_relative_ldir_relative_file_relative
FAIL: gdb.dwarf2/dw2-dir-file-name.exp: compdir_relative_ldir_relative_file_relative: absolute
FAIL: gdb.dwarf2/dw2-dir-file-name.exp: compdir_relative_ldir_relative_file_relative: basename
FAIL: gdb.dwarf2/dw2-dir-file-name.exp: compdir_relative_ldir_relative_file_relative: relative
FAIL: gdb.dwarf2/dw2-dir-file-name.exp: compdir_relative_ldir_relative_file_absolute: continue to breakpoint: compdir_relative_ldir_relative_file_absolute
FAIL: gdb.dwarf2/dw2-dir-file-name.exp: compdir_relative_ldir_relative_file_absolute: absolute
FAIL: gdb.dwarf2/dw2-dir-file-name.exp: compdir_relative_ldir_relative_file_absolute: basename
FAIL: gdb.dwarf2/dw2-dir-file-name.exp: compdir_relative_ldir_relative_file_absolute: relative
FAIL: gdb.dwarf2/dw2-dir-file-name.exp: compdir_relative_ldir_absolute_file_basename: continue to breakpoint: compdir_relative_ldir_absolute_file_basename
FAIL: gdb.dwarf2/dw2-dir-file-name.exp: compdir_relative_ldir_absolute_file_basename: absolute
FAIL: gdb.dwarf2/dw2-dir-file-name.exp: compdir_relative_ldir_absolute_file_basename: basename
FAIL: gdb.dwarf2/dw2-dir-file-name.exp: compdir_relative_ldir_absolute_file_basename: relative
FAIL: gdb.dwarf2/dw2-dir-file-name.exp: compdir_relative_ldir_absolute_file_relative: continue to breakpoint: compdir_relative_ldir_absolute_file_relative
FAIL: gdb.dwarf2/dw2-dir-file-name.exp: compdir_relative_ldir_absolute_file_relative: absolute
FAIL: gdb.dwarf2/dw2-dir-file-name.exp: compdir_relative_ldir_absolute_file_relative: basename
FAIL: gdb.dwarf2/dw2-dir-file-name.exp: compdir_relative_ldir_absolute_file_relative: relative
FAIL: gdb.dwarf2/dw2-dir-file-name.exp: compdir_relative_ldir_absolute_file_absolute_same: continue to breakpoint: compdir_relative_ldir_absolute_file_absolute_same
FAIL: gdb.dwarf2/dw2-dir-file-name.exp: compdir_relative_ldir_absolute_file_absolute_same: absolute
FAIL: gdb.dwarf2/dw2-dir-file-name.exp: compdir_relative_ldir_absolute_file_absolute_same: basename
FAIL: gdb.dwarf2/dw2-dir-file-name.exp: compdir_relative_ldir_absolute_file_absolute_same: relative
FAIL: gdb.dwarf2/dw2-dir-file-name.exp: compdir_relative_ldir_absolute_file_absolute_different: continue to breakpoint: compdir_relative_ldir_absolute_file_absolute_different
FAIL: gdb.dwarf2/dw2-dir-file-name.exp: compdir_relative_ldir_absolute_file_absolute_different: absolute
FAIL: gdb.dwarf2/dw2-dir-file-name.exp: compdir_relative_ldir_absolute_file_absolute_different: basename
FAIL: gdb.dwarf2/dw2-dir-file-name.exp: compdir_relative_ldir_absolute_file_absolute_different: relative
FAIL: gdb.dwarf2/dw2-dir-file-name.exp: compdir_absolute_ldir_missing__file_basename: continue to breakpoint: compdir_absolute_ldir_missing__file_basename
FAIL: gdb.dwarf2/dw2-dir-file-name.exp: compdir_absolute_ldir_missing__file_basename: absolute
FAIL: gdb.dwarf2/dw2-dir-file-name.exp: compdir_absolute_ldir_missing__file_basename: basename
FAIL: gdb.dwarf2/dw2-dir-file-name.exp: compdir_absolute_ldir_missing__file_basename: relative
FAIL: gdb.dwarf2/dw2-dir-file-name.exp: compdir_absolute_ldir_missing__file_relative: continue to breakpoint: compdir_absolute_ldir_missing__file_relative
FAIL: gdb.dwarf2/dw2-dir-file-name.exp: compdir_absolute_ldir_missing__file_relative: absolute
FAIL: gdb.dwarf2/dw2-dir-file-name.exp: compdir_absolute_ldir_missing__file_relative: basename
FAIL: gdb.dwarf2/dw2-dir-file-name.exp: compdir_absolute_ldir_missing__file_relative: relative
FAIL: gdb.dwarf2/dw2-dir-file-name.exp: compdir_absolute_ldir_missing__file_absolute_same: continue to breakpoint: compdir_absolute_ldir_missing__file_absolute_same
FAIL: gdb.dwarf2/dw2-dir-file-name.exp: compdir_absolute_ldir_missing__file_absolute_same: absolute
FAIL: gdb.dwarf2/dw2-dir-file-name.exp: compdir_absolute_ldir_missing__file_absolute_same: basename
FAIL: gdb.dwarf2/dw2-dir-file-name.exp: compdir_absolute_ldir_missing__file_absolute_same: relative
FAIL: gdb.dwarf2/dw2-dir-file-name.exp: compdir_absolute_ldir_missing__file_absolute_different: continue to breakpoint: compdir_absolute_ldir_missing__file_absolute_different
FAIL: gdb.dwarf2/dw2-dir-file-name.exp: compdir_absolute_ldir_missing__file_absolute_different: absolute
FAIL: gdb.dwarf2/dw2-dir-file-name.exp: compdir_absolute_ldir_missing__file_absolute_different: basename
FAIL: gdb.dwarf2/dw2-dir-file-name.exp: compdir_absolute_ldir_missing__file_absolute_different: relative
FAIL: gdb.dwarf2/dw2-dir-file-name.exp: compdir_absolute_ldir_relative_file_basename: continue to breakpoint: compdir_absolute_ldir_relative_file_basename
FAIL: gdb.dwarf2/dw2-dir-file-name.exp: compdir_absolute_ldir_relative_file_basename: absolute
FAIL: gdb.dwarf2/dw2-dir-file-name.exp: compdir_absolute_ldir_relative_file_basename: basename
FAIL: gdb.dwarf2/dw2-dir-file-name.exp: compdir_absolute_ldir_relative_file_basename: relative
FAIL: gdb.dwarf2/dw2-dir-file-name.exp: compdir_absolute_ldir_relative_file_relative: continue to breakpoint: compdir_absolute_ldir_relative_file_relative
FAIL: gdb.dwarf2/dw2-dir-file-name.exp: compdir_absolute_ldir_relative_file_relative: absolute
FAIL: gdb.dwarf2/dw2-dir-file-name.exp: compdir_absolute_ldir_relative_file_relative: basename
FAIL: gdb.dwarf2/dw2-dir-file-name.exp: compdir_absolute_ldir_relative_file_relative: relative
FAIL: gdb.dwarf2/dw2-dir-file-name.exp: compdir_absolute_ldir_relative_file_absolute_same: continue to breakpoint: compdir_absolute_ldir_relative_file_absolute_same
FAIL: gdb.dwarf2/dw2-dir-file-name.exp: compdir_absolute_ldir_relative_file_absolute_same: absolute
FAIL: gdb.dwarf2/dw2-dir-file-name.exp: compdir_absolute_ldir_relative_file_absolute_same: basename
FAIL: gdb.dwarf2/dw2-dir-file-name.exp: compdir_absolute_ldir_relative_file_absolute_same: relative
FAIL: gdb.dwarf2/dw2-dir-file-name.exp: compdir_absolute_ldir_relative_file_absolute_different: continue to breakpoint: compdir_absolute_ldir_relative_file_absolute_different
FAIL: gdb.dwarf2/dw2-dir-file-name.exp: compdir_absolute_ldir_relative_file_absolute_different: absolute
FAIL: gdb.dwarf2/dw2-dir-file-name.exp: compdir_absolute_ldir_relative_file_absolute_different: basename
FAIL: gdb.dwarf2/dw2-dir-file-name.exp: compdir_absolute_ldir_relative_file_absolute_different: relative
FAIL: gdb.dwarf2/dw2-dir-file-name.exp: compdir_absolute_ldir_absolute_file_basename_same: continue to breakpoint: compdir_absolute_ldir_absolute_file_basename_same
FAIL: gdb.dwarf2/dw2-dir-file-name.exp: compdir_absolute_ldir_absolute_file_basename_same: absolute
FAIL: gdb.dwarf2/dw2-dir-file-name.exp: compdir_absolute_ldir_absolute_file_basename_same: basename
FAIL: gdb.dwarf2/dw2-dir-file-name.exp: compdir_absolute_ldir_absolute_file_basename_same: relative
FAIL: gdb.dwarf2/dw2-dir-file-name.exp: compdir_absolute_ldir_absolute_file_relative_different: continue to breakpoint: compdir_absolute_ldir_absolute_file_relative_different
FAIL: gdb.dwarf2/dw2-dir-file-name.exp: compdir_absolute_ldir_absolute_file_relative_different: absolute
FAIL: gdb.dwarf2/dw2-dir-file-name.exp: compdir_absolute_ldir_absolute_file_relative_different: basename
FAIL: gdb.dwarf2/dw2-dir-file-name.exp: compdir_absolute_ldir_absolute_file_relative_different: relative
FAIL: gdb.dwarf2/dw2-dir-file-name.exp: compdir_absolute_ldir_absolute_file_absolute_same: continue to breakpoint: compdir_absolute_ldir_absolute_file_absolute_same
FAIL: gdb.dwarf2/dw2-dir-file-name.exp: compdir_absolute_ldir_absolute_file_absolute_same: absolute
FAIL: gdb.dwarf2/dw2-dir-file-name.exp: compdir_absolute_ldir_absolute_file_absolute_same: basename
FAIL: gdb.dwarf2/dw2-dir-file-name.exp: compdir_absolute_ldir_absolute_file_absolute_same: relative
FAIL: gdb.dwarf2/dw2-dir-file-name.exp: compdir_absolute_ldir_absolute_file_absolute_different: continue to breakpoint: compdir_absolute_ldir_absolute_file_absolute_different
FAIL: gdb.dwarf2/dw2-dir-file-name.exp: compdir_absolute_ldir_absolute_file_absolute_different: absolute
FAIL: gdb.dwarf2/dw2-dir-file-name.exp: compdir_absolute_ldir_absolute_file_absolute_different: basename
FAIL: gdb.dwarf2/dw2-dir-file-name.exp: compdir_absolute_ldir_absolute_file_absolute_different: relative
FAIL: gdb.dwarf2/dw2-var-zero-addr.exp: print &var
FAIL: gdb.dwarf2/implptrpiece.exp: print/d p[-1]
FAIL: gdb.mi/gdb2549.exp: register values x
FAIL: gdb.mi/gdb2549.exp: register values f
FAIL: gdb.mi/gdb2549.exp: register values d
FAIL: gdb.mi/gdb2549.exp: register values o
FAIL: gdb.mi/gdb2549.exp: register values t
FAIL: gdb.mi/mi-cmd-param-changed.exp: cmd param: "set scheduler-locking on"
FAIL: gdb.mi/mi-cmd-param-changed.exp: cmd param: "set scheduler-locking off"
FAIL: gdb.mi/mi-cmd-param-changed.exp: cmd param: "set scheduler-locking step"
FAIL: gdb.mi/mi-cmd-param-changed.exp: cmd param: interpreter-exec "set scheduler-locking on"
FAIL: gdb.mi/mi-cmd-param-changed.exp: cmd param: interpreter-exec "set scheduler-locking off"
FAIL: gdb.mi/mi-cmd-param-changed.exp: cmd param: interpreter-exec "set scheduler-locking step"
FAIL: gdb.mi/mi-cmd-param-changed.exp: cmd param: "set scheduler-locking on" no event (requested by MI)
FAIL: gdb.mi/mi-cmd-param-changed.exp: cmd param: "set scheduler-locking step" no event (requested by MI interp)
FAIL: gdb.mi/mi-cmd-param-changed.exp: cmd param: "set scheduler-locking stepr" no event
FAIL: gdb.mi/mi-var-rtti.exp: create varobj for ptr in type_update_when_use_rtti
FAIL: gdb.mi/mi-var-rtti.exp: list children of ptr (without RTTI) in type_update_when_use_rtti
FAIL: gdb.mi/mi-var-rtti.exp: list children of ptr.public (without RTTI) in type_update_when_use_rtti
XPASS: gdb.mi/mi-watch.exp: sw: watchpoint trigger
FAIL: gdb.modula2/unbounded-array.exp: print unbounded array contents
FAIL: gdb.opt/inline-cmds.exp: finish from func1
FAIL: gdb.python/py-arch.exp: test bad memory access
FAIL: gdb.python/py-framefilter-mi.exp: Load python file
FAIL: gdb.python/py-framefilter-mi.exp: filtered stack listing
FAIL: gdb.python/py-framefilter-mi.exp: filtered stack list 0 3
FAIL: gdb.python/py-framefilter-mi.exp: filtered stack list 22 24
FAIL: gdb.python/py-framefilter-mi.exp: stack-list-arguments 0
FAIL: gdb.python/py-framefilter-mi.exp: stack-list-arguments 0 22 27
FAIL: gdb.python/py-framefilter-mi.exp: stack-list-arguments 1
FAIL: gdb.python/py-framefilter-mi.exp: stack-list-arguments 1 22 27
FAIL: gdb.python/py-framefilter-mi.exp: stack-list-arguments 2
FAIL: gdb.python/py-framefilter-mi.exp: stack-list-arguments 2 22 27
FAIL: gdb.python/py-framefilter.exp: Load python file
FAIL: gdb.python/py-framefilter.exp: bt full with filters
FAIL: gdb.python/py-framefilter.exp: info frame filter before setting priority
FAIL: gdb.python/py-framefilter.exp: show frame-filter priority global Elider before setting
FAIL: gdb.python/py-framefilter.exp: set frame-filter priotiy global Elider 1000
FAIL: gdb.python/py-framefilter.exp: show frame-filter priority global Elider after setting
FAIL: gdb.python/py-framefilter.exp: info frame filter after setting priority
FAIL: gdb.python/py-framefilter.exp: info frame filter before disable frame filter
FAIL: gdb.python/py-framefilter.exp: disable frame-filter global Elider
FAIL: gdb.python/py-framefilter.exp: info frame filter after disable frame filter
FAIL: gdb.python/py-framefilter.exp: enable frame-filter global Elider
FAIL: gdb.python/py-framefilter.exp: info frame filter after reenabling frame filter
FAIL: gdb.python/py-framefilter.exp: bt with frame filters
FAIL: gdb.python/py-framefilter.exp: disable frame-filter global Reverse
FAIL: gdb.python/py-framefilter.exp: enable frame-filter global Error
FAIL: gdb.python/py-framefilter.exp: bt 1 with Error filter
FAIL: gdb.python/py-framefilter.exp: Load python file for no debuginfo tests
FAIL: gdb.python/py-framefilter.exp: disable frame-filter global Reverse for no debuginfo
FAIL: gdb.python/py-prettyprint.exp: print ns2
FAIL: gdb.python/py-prettyprint.exp: print ns2
FAIL: gdb.python/py-sync-interp.exp: attach and where (timeout)
FAIL: gdb.python/py-value-cc.exp: u's second field via field
FAIL: gdb.python/python.exp: Test decode_line func1 line number
FAIL: gdb.server/ext-attach.exp: attach to remote program 1
FAIL: gdb.server/ext-attach.exp: detach
FAIL: gdb.server/ext-attach.exp: attach to remote program 2
FAIL: gdb.server/no-thread-db.exp: libthread-db is now unresolvable
FAIL: gdb.server/no-thread-db.exp: print foo
FAIL: gdb.server/server-kill.exp: tstatus
FAIL: gdb.server/wrapper.exp: continue to marker (the program is no longer running)
FAIL: gdb.server/wrapper.exp: print d
FAIL: gdb.trace/entry-values.exp: Find the call or branch instruction offset in bar

		=== gdb Summary ===

# of expected passes		16379
# of unexpected failures	255
# of unexpected successes	1
# of expected failures		29
# of known failures		47
# of untested testcases		78
# of unsupported tests		252
/home/uweigand/dailybuild/spu-tc-2014-06-13/gdb-build/gdb/testsuite/../../gdb/gdb version  7.8.50.20140613-cvs -nw -nx -data-directory /home/uweigand/dailybuild/spu-tc-2014-06-13/gdb-build/gdb/testsuite/../data-directory 


Platform: spu-unknown-elf
configure flags: --disable-binutils --disable-gas --disable-ld --disable-gprof --target=spu --with-expat --disable-nls --disable-install-libbfd --prefix=/home/uweigand/dailybuild/spu-tc-2014-06-13/spu-toolchain

############################################################
# PPU-GDB test suite results (gdb.cell only)               #
############################################################
Native configuration is powerpc64-unknown-linux-gnu

		=== gdb tests ===


Running target unix/-m32
FAIL: gdb.cell/fork.exp: run until watchpoint hit (GDB internal error)
FAIL: gdb.cell/fork.exp: run until breakpoint hit (GDB internal error)
FAIL: gdb.cell/fork.exp: continue until exit (GDB internal error)

		=== gdb Summary for unix/-m32 ===

# of expected passes		5
# of unexpected failures	3

Running target unix/-m64
FAIL: gdb.cell/bt.exp: backtrace
FAIL: gdb.cell/bt.exp: backtrace in thread 2
FAIL: gdb.cell/bt.exp: backtrace in thread 3
FAIL: gdb.cell/bt.exp: backtrace in thread 4
FAIL: gdb.cell/bt.exp: backtrace in thread 5
FAIL: gdb.cell/bt.exp: backtrace in thread 6
FAIL: gdb.cell/fork.exp: run until watchpoint hit (GDB internal error)
FAIL: gdb.cell/fork.exp: run until breakpoint hit (GDB internal error)
FAIL: gdb.cell/fork.exp: continue until exit (GDB internal error)

		=== gdb Summary for unix/-m64 ===

# of expected passes		5
# of unexpected failures	3

		=== gdb Summary ===

# of expected passes		2114
# of unexpected failures	12
# of expected failures		18
/home/uweigand/dailybuild/spu-tc-2014-06-13/ppu-gdb-build/gdb/testsuite/../../gdb/gdb version  7.8.50.20140613-cvs -nw -nx -data-directory /home/uweigand/dailybuild/spu-tc-2014-06-13/ppu-gdb-build/gdb/testsuite/../data-directory 


Platform: powerpc64-unknown-linux-gnu
configure flags: --disable-binutils --disable-gas --disable-ld --disable-gprof --enable-targets=spu --with-expat --disable-nls --disable-install-libbfd --prefix=/home/uweigand/dailybuild/spu-tc-2014-06-13/spu-toolchain


Index Nav: [Date Index] [Subject Index] [Author Index] [Thread Index]
Message Nav: [Date Prev] [Date Next] [Thread Prev] [Thread Next]