This is the mail archive of the
gcc-testresults@gcc.gnu.org
mailing list for the GCC project.
Results for 4.10.0 20140610 (experimental) [branch fortran-dev revision 211666p1] (GCC) testsuite on x86_64-apple-darwin13.2.0
- From: dominiq at lps dot ens dot fr (Dominique Dhumieres)
- To: gcc-testresults at gcc dot gnu dot org
- Date: Sat, 14 Jun 2014 12:32:46 +0200
- Subject: Results for 4.10.0 20140610 (experimental) [branch fortran-dev revision 211666p1] (GCC) testsuite on x86_64-apple-darwin13.2.0
- Authentication-results: sourceware.org; auth=none
LAST_UPDATED: Updated Sat Jun 14 11:51:05 CEST 2014 to revision 211666.
Native configuration is x86_64-apple-darwin13.2.0
=== gfortran tests ===
Running target unix/-m32
FAIL: gfortran.dg/vect/vect-gems.f90 -O scan-tree-dump-times vect "vectorized 1 loops" 1
FAIL: gfortran.dg/vect/fast-math-vect-8.f90 scan-tree-dump-times vect "vectorized 1 loops" 1
=== gfortran Summary for unix/-m32 ===
# of expected passes 45832
# of unexpected failures 2
# of expected failures 52
# of unsupported tests 212
Running target unix/-m64
FAIL: gfortran.dg/vect/vect-gems.f90 -O scan-tree-dump-times vect "vectorized 1 loops" 1
FAIL: gfortran.dg/vect/fast-math-vect-8.f90 scan-tree-dump-times vect "vectorized 1 loops" 1
=== gfortran Summary for unix/-m64 ===
# of expected passes 46119
# of unexpected failures 2
# of expected failures 52
# of unsupported tests 74
=== gfortran Summary ===
# of expected passes 91951
# of unexpected failures 4
# of expected failures 104
# of unsupported tests 286
/opt/gcc/build_d/gcc/testsuite/gfortran/../../gfortran version 4.10.0 20140610 (experimental) [branch fortran-dev revision 211666p1] (GCC)
=== libgomp tests ===
Running target unix/-m32
FAIL: libgomp.fortran/alloc-comp-2.f90 -O0 execution test
FAIL: libgomp.fortran/alloc-comp-3.f90 -O0 execution test
FAIL: libgomp.fortran/allocatable12.f90 -O0 execution test
FAIL: libgomp.fortran/allocatable12.f90 -O1 execution test
FAIL: libgomp.fortran/allocatable12.f90 -O2 execution test
FAIL: libgomp.fortran/allocatable12.f90 -O3 -fomit-frame-pointer execution test
FAIL: libgomp.fortran/allocatable12.f90 -O3 -fomit-frame-pointer -funroll-loops execution test
FAIL: libgomp.fortran/allocatable12.f90 -O3 -fomit-frame-pointer -funroll-all-loops -finline-functions execution test
FAIL: libgomp.fortran/allocatable12.f90 -O3 -g execution test
FAIL: libgomp.fortran/allocatable12.f90 -Os execution test
=== libgomp Summary for unix/-m32 ===
# of expected passes 1998
# of unexpected failures 10
# of unsupported tests 147
Running target unix/-m64
FAIL: libgomp.fortran/alloc-comp-2.f90 -O0 execution test
FAIL: libgomp.fortran/alloc-comp-2.f90 -O2 execution test
FAIL: libgomp.fortran/alloc-comp-3.f90 -O0 execution test
FAIL: libgomp.fortran/alloc-comp-3.f90 -O2 execution test
FAIL: libgomp.fortran/allocatable12.f90 -O0 execution test
FAIL: libgomp.fortran/allocatable12.f90 -O1 execution test
FAIL: libgomp.fortran/allocatable12.f90 -O2 execution test
FAIL: libgomp.fortran/allocatable12.f90 -O3 -fomit-frame-pointer execution test
FAIL: libgomp.fortran/allocatable12.f90 -O3 -fomit-frame-pointer -funroll-loops execution test
FAIL: libgomp.fortran/allocatable12.f90 -O3 -fomit-frame-pointer -funroll-all-loops -finline-functions execution test
FAIL: libgomp.fortran/allocatable12.f90 -O3 -g execution test
FAIL: libgomp.fortran/allocatable12.f90 -Os execution test
=== libgomp Summary for unix/-m64 ===
# of expected passes 1996
# of unexpected failures 12
# of unsupported tests 147
=== libgomp Summary ===
# of expected passes 3994
# of unexpected failures 22
# of unsupported tests 294
Compiler version: 4.10.0 20140610 (experimental) [branch fortran-dev revision 211666p1] (GCC)
Platform: x86_64-apple-darwin13.2.0
configure flags: --prefix=/opt/gcc/gcc4.10d --enable-languages=c,c++,fortran,lto --with-gmp=/opt/mp --with-system-zlib --with-isl=/opt/mp --enable-lto --enable-plugin --enable-checking=release