This is the mail archive of the gcc-testresults@gcc.gnu.org mailing list for the GCC project.


Index Nav: [Date Index] [Subject Index] [Author Index] [Thread Index]
Message Nav: [Date Prev] [Date Next] [Thread Prev] [Thread Next]
Other format: [Raw text]

Results for 4.9.1 20140613 (prerelease) [gcc-4_9-branch revision 211637] (GCC) testsuite on i386-pc-solaris2.9


LAST_UPDATED: Fri Jun 13 12:49:12 UTC 2014 (revision 211637)

		=== acats tests ===

		=== acats Summary ===
# of expected passes		2320
# of unexpected failures	0
Native configuration is i386-pc-solaris2.9

		=== g++ tests ===


Running target unix
FAIL: g++.dg/gomp/tls-wrap4.C -std=gnu++11  scan-assembler-not _ZTW1i@PLT
FAIL: g++.dg/gomp/tls-wrap4.C -std=gnu++1y  scan-assembler-not _ZTW1i@PLT
FAIL: g++.dg/tls/thread_local-wrap4.C -std=gnu++11  scan-assembler-not _ZTW1i@PLT
FAIL: g++.dg/tls/thread_local-wrap4.C -std=gnu++1y  scan-assembler-not _ZTW1i@PLT
FAIL: g++.dg/torture/pr31863.C  -O2 -flto  (test for excess errors)

		=== g++ Summary ===

# of expected passes		81276
# of unexpected failures	5
# of expected failures		448
# of unsupported tests		2992
/var/gcc/regression/gcc-4.9-branch/9-gcc/build/gcc/testsuite/g++/../../xg++  version 4.9.1 20140613 (prerelease) [gcc-4_9-branch revision 211637] (GCC) 

		=== gcc tests ===


Running target unix
FAIL: gcc.dg/atomic/c11-atomic-exec-1.c  -O2 -flto  (test for excess errors)
FAIL: gcc.dg/atomic/c11-atomic-exec-2.c  -O2 -flto  (test for excess errors)
FAIL: gcc.dg/atomic/c11-atomic-exec-3.c  -O2 -flto  (test for excess errors)
FAIL: gcc.dg/atomic/c11-atomic-exec-4.c  -O2 -flto  (test for excess errors)
FAIL: gcc.target/i386/avx512f-ceil-sfix-vec-2.c scan-assembler vrndscalepd[^\\n]*zmm[0-9]
FAIL: gcc.target/i386/avx512f-ceil-sfix-vec-2.c scan-assembler vcvttpd2dq[^\\n]*zmm[0-9]
FAIL: gcc.target/i386/avx512f-floor-sfix-vec-2.c scan-assembler vrndscalepd[^\\n]*zmm[0-9]
FAIL: gcc.target/i386/avx512f-floor-sfix-vec-2.c scan-assembler vcvttpd2dq[^\\n]*zmm[0-9]

		=== gcc Summary ===

# of expected passes		98669
# of unexpected failures	8
# of expected failures		251
# of unsupported tests		2725
/var/gcc/regression/gcc-4.9-branch/9-gcc/build/gcc/xgcc  version 4.9.1 20140613 (prerelease) [gcc-4_9-branch revision 211637] (GCC) 

		=== gfortran tests ===


Running target unix

		=== gfortran Summary ===

# of expected passes		45069
# of expected failures		60
# of unsupported tests		376
/var/gcc/regression/gcc-4.9-branch/9-gcc/build/gcc/testsuite/gfortran/../../gfortran  version 4.9.1 20140613 (prerelease) [gcc-4_9-branch revision 211637] (GCC) 

		=== gnat tests ===


Running target unix

		=== gnat Summary ===

# of expected passes		1227
# of expected failures		18
# of unsupported tests		6
/var/gcc/regression/gcc-4.9-branch/9-gcc/build/gcc/gnatmake version 4.9.1 20140613 (prerelease) [gcc-4_9-branch revision 211637]

		=== go tests ===


Running target unix

		=== go Summary ===

# of expected passes		7371
# of expected failures		1
# of untested testcases		9
# of unsupported tests		2
/var/gcc/regression/gcc-4.9-branch/9-gcc/build/gcc/testsuite/go/../../gccgo  version 4.9.1 20140613 (prerelease) [gcc-4_9-branch revision 211637] (GCC) 

		=== obj-c++ tests ===


Running target unix

		=== obj-c++ Summary ===

# of expected passes		1449
# of expected failures		2
# of unsupported tests		86
/var/gcc/regression/gcc-4.9-branch/9-gcc/build/gcc/testsuite/obj-c++/../../xg++  version 4.9.1 20140613 (prerelease) [gcc-4_9-branch revision 211637] (GCC) 

		=== objc tests ===


Running target unix

		=== objc Summary ===

# of expected passes		2988
# of expected failures		6
# of unsupported tests		74
/var/gcc/regression/gcc-4.9-branch/9-gcc/build/gcc/xgcc  version 4.9.1 20140613 (prerelease) [gcc-4_9-branch revision 211637] (GCC) 

		=== boehm-gc tests ===


Running target unix

		=== boehm-gc Summary ===

# of expected passes		12
# of unsupported tests		1
		=== libatomic tests ===


Running target unix

		=== libatomic Summary ===

# of expected passes		44
# of unsupported tests		5
		=== libffi tests ===


Running target unix

		=== libffi Summary ===

# of expected passes		1819
# of unsupported tests		55
		=== libgo tests ===


Running target unix
FAIL: net
FAIL: runtime
FAIL: log/syslog
FAIL: net/http
FAIL: sync/atomic

		=== libgo Summary ===

# of expected passes		117
# of unexpected failures	5
		=== libgomp tests ===


Running target unix

		=== libgomp Summary ===

# of expected passes		2424
# of unsupported tests		3
		=== libitm tests ===


Running target unix

		=== libitm Summary ===

# of expected passes		26
# of expected failures		3
# of unsupported tests		1
		=== libjava tests ===


Running target unix
FAIL: Divide_1 output - source compiled test
FAIL: Divide_1 -findirect-dispatch output - source compiled test
FAIL: Divide_1 -O3 output - source compiled test
FAIL: Divide_1 -O3 -findirect-dispatch output - source compiled test
FAIL: InvokeInterface execution - source compiled test
FAIL: InvokeInterface -O3 execution - source compiled test

		=== libjava Summary ===

# of expected passes		2574
# of unexpected failures	6
# of expected failures		4
# of untested testcases		2
		=== libstdc++ tests ===


Running target unix
FAIL: 20_util/make_unsigned/requirements/typedefs-1.cc (test for excess errors)
FAIL: 20_util/make_unsigned/requirements/typedefs-2.cc (test for excess errors)

		=== libstdc++ Summary ===

# of expected passes		8297
# of unexpected failures	2
# of expected failures		43
# of unsupported tests		932

Compiler version: 4.9.1 20140613 (prerelease) [gcc-4_9-branch revision 211637] (GCC) 
Platform: i386-pc-solaris2.9
configure flags: --prefix=/vol/gcc --target=i386-pc-solaris2.9 --enable-obsolete --enable-objc-gc --with-gmp-include=/vol/gcc/include --with-gmp-lib=/vol/gcc/lib --with-mpfr-include=/vol/gcc/include --with-mpfr-lib=/vol/gcc/lib --with-mpc-include=/vol/gcc/include --with-mpc-lib=/vol/gcc/lib --enable-languages=all,ada,obj-c++,go --with-isl-include=/vol/gcc/include --with-isl-lib=/vol/gcc/lib --with-cloog-include=/vol/gcc/include --with-cloog-lib=/vol/gcc/lib --enable-cloog-backend=isl
BOOT_CFLAGS=-g -O2


Index Nav: [Date Index] [Subject Index] [Author Index] [Thread Index]
Message Nav: [Date Prev] [Date Next] [Thread Prev] [Thread Next]