This is the mail archive of the gcc-testresults@gcc.gnu.org mailing list for the GCC project.


Index Nav: [Date Index] [Subject Index] [Author Index] [Thread Index]
Message Nav: [Date Prev] [Date Next] [Thread Prev] [Thread Next]
Other format: [Raw text]

Results for 4.9.0 (Debian 4.9.0-6) testsuite on s390x-ibm-linux-gnu


LAST_UPDATED: Sun Jun  8 09:53:38 UTC 2014 (revision 211353)

Target: s390x-linux-gnu
gcc version 4.9.0 (Debian 4.9.0-6) 
Native configuration is s390x-ibm-linux-gnu

		=== g++ tests ===


Running target unix
FAIL: g++.dg/init/const9.C -std=c++98  scan-assembler-not rodata
FAIL: g++.dg/init/const9.C -std=c++11  scan-assembler-not rodata
FAIL: g++.dg/init/const9.C -std=c++1y  scan-assembler-not rodata
WARNING: program timed out.

		=== g++ Summary for unix ===

# of expected passes		81746
# of unexpected failures	3
# of expected failures		445
# of unsupported tests		3107

Running target unix/-fstack-protector
FAIL: g++.dg/init/const9.C -std=c++98  scan-assembler-not rodata
FAIL: g++.dg/init/const9.C -std=c++11  scan-assembler-not rodata
FAIL: g++.dg/init/const9.C -std=c++1y  scan-assembler-not rodata
WARNING: program timed out.

		=== g++ Summary for unix/-fstack-protector ===

# of expected passes		81746
# of unexpected failures	3
# of expected failures		445
# of unsupported tests		3107

		=== g++ Summary ===

# of expected passes		163492
# of unexpected failures	6
# of expected failures		890
# of unsupported tests		6214
/build/gcc-4.9-MIL5Un/gcc-4.9-4.9.0/build/gcc/testsuite/g++/../../xg++  version 4.9.0 (Debian 4.9.0-6) 

		=== gcc tests ===


Running target unix
FAIL: gcc.dg/atomic/c11-atomic-exec-5.c  -O0  execution test
FAIL: gcc.dg/atomic/c11-atomic-exec-5.c  -O1  execution test
FAIL: gcc.dg/atomic/c11-atomic-exec-5.c  -O2  execution test
FAIL: gcc.dg/atomic/c11-atomic-exec-5.c  -O3 -fomit-frame-pointer  execution test
FAIL: gcc.dg/atomic/c11-atomic-exec-5.c  -O3 -fomit-frame-pointer -funroll-loops  execution test
FAIL: gcc.dg/atomic/c11-atomic-exec-5.c  -O3 -fomit-frame-pointer -funroll-all-loops -finline-functions  execution test
FAIL: gcc.dg/atomic/c11-atomic-exec-5.c  -O3 -g  execution test
FAIL: gcc.dg/atomic/c11-atomic-exec-5.c  -Os  execution test
FAIL: gcc.dg/atomic/c11-atomic-exec-5.c  -O2 -flto -fno-use-linker-plugin -flto-partition=none  execution test
FAIL: gcc.dg/atomic/c11-atomic-exec-5.c  -O2 -flto -fuse-linker-plugin -fno-fat-lto-objects  execution test
FAIL: gcc.dg/hoist-register-pressure-1.c scan-rtl-dump hoist "PRE/HOIST: end of bb .* copying expression"
FAIL: gcc.dg/hoist-register-pressure-2.c scan-rtl-dump hoist "PRE/HOIST: end of bb .* copying expression"
FAIL: gcc.dg/hoist-register-pressure-3.c scan-rtl-dump hoist "PRE/HOIST: end of bb .* copying expression"
FAIL: gcc.dg/uninit-13.c unconditional (test for warnings, line 8)
FAIL: gcc.dg/uninit-13.c (test for excess errors)
WARNING: program timed out.
XPASS: gcc.dg/tree-ssa/20040204-1.c scan-tree-dump-times optimized "link_error" 0

		=== gcc Summary for unix ===

# of expected passes		87034
# of unexpected failures	15
# of unexpected successes	1
# of expected failures		115
# of unsupported tests		1342

Running target unix/-fstack-protector
FAIL: gcc.dg/atomic/c11-atomic-exec-5.c  -O0  execution test
FAIL: gcc.dg/atomic/c11-atomic-exec-5.c  -O1  execution test
FAIL: gcc.dg/atomic/c11-atomic-exec-5.c  -O2  execution test
FAIL: gcc.dg/atomic/c11-atomic-exec-5.c  -O3 -fomit-frame-pointer  execution test
FAIL: gcc.dg/atomic/c11-atomic-exec-5.c  -O3 -fomit-frame-pointer -funroll-loops  execution test
FAIL: gcc.dg/atomic/c11-atomic-exec-5.c  -O3 -fomit-frame-pointer -funroll-all-loops -finline-functions  execution test
FAIL: gcc.dg/atomic/c11-atomic-exec-5.c  -O3 -g  execution test
FAIL: gcc.dg/atomic/c11-atomic-exec-5.c  -Os  execution test
FAIL: gcc.dg/atomic/c11-atomic-exec-5.c  -O2 -flto -fno-use-linker-plugin -flto-partition=none  execution test
FAIL: gcc.dg/atomic/c11-atomic-exec-5.c  -O2 -flto -fuse-linker-plugin -fno-fat-lto-objects  execution test
FAIL: gcc.dg/fstack-protector-strong.c scan-assembler-times stack_chk_fail 10
FAIL: gcc.dg/hoist-register-pressure-1.c scan-rtl-dump hoist "PRE/HOIST: end of bb .* copying expression"
FAIL: gcc.dg/hoist-register-pressure-2.c scan-rtl-dump hoist "PRE/HOIST: end of bb .* copying expression"
FAIL: gcc.dg/hoist-register-pressure-3.c scan-rtl-dump hoist "PRE/HOIST: end of bb .* copying expression"
FAIL: gcc.dg/superblock.c scan-rtl-dump-times sched2 "ADVANCING TO" 2
FAIL: gcc.dg/uninit-13.c unconditional (test for warnings, line 8)
FAIL: gcc.dg/uninit-13.c (test for excess errors)
WARNING: program timed out.
XPASS: gcc.dg/tree-ssa/20040204-1.c scan-tree-dump-times optimized "link_error" 0

		=== gcc Summary for unix/-fstack-protector ===

# of expected passes		87032
# of unexpected failures	17
# of unexpected successes	1
# of expected failures		115
# of unsupported tests		1342

		=== gcc Summary ===

# of expected passes		174066
# of unexpected failures	32
# of unexpected successes	2
# of expected failures		230
# of unsupported tests		2684
/build/gcc-4.9-MIL5Un/gcc-4.9-4.9.0/build/gcc/xgcc  version 4.9.0 (Debian 4.9.0-6) 

		=== gfortran tests ===


Running target unix
FAIL: gfortran.dg/bessel_7.f90  -O0  execution test
FAIL: gfortran.dg/bessel_7.f90  -O1  execution test
FAIL: gfortran.dg/bessel_7.f90  -O2  execution test
FAIL: gfortran.dg/bessel_7.f90  -O3 -fomit-frame-pointer  execution test
FAIL: gfortran.dg/bessel_7.f90  -O3 -fomit-frame-pointer -funroll-loops  execution test
FAIL: gfortran.dg/bessel_7.f90  -O3 -fomit-frame-pointer -funroll-all-loops -finline-functions  execution test
FAIL: gfortran.dg/bessel_7.f90  -O3 -g  execution test
FAIL: gfortran.dg/bessel_7.f90  -Os  execution test

		=== gfortran Summary for unix ===

# of expected passes		45054
# of unexpected failures	8
# of expected failures		52
# of unsupported tests		89

Running target unix/-fstack-protector
FAIL: gfortran.dg/bessel_7.f90  -O0  execution test
FAIL: gfortran.dg/bessel_7.f90  -O1  execution test
FAIL: gfortran.dg/bessel_7.f90  -O2  execution test
FAIL: gfortran.dg/bessel_7.f90  -O3 -fomit-frame-pointer  execution test
FAIL: gfortran.dg/bessel_7.f90  -O3 -fomit-frame-pointer -funroll-loops  execution test
FAIL: gfortran.dg/bessel_7.f90  -O3 -fomit-frame-pointer -funroll-all-loops -finline-functions  execution test
FAIL: gfortran.dg/bessel_7.f90  -O3 -g  execution test
FAIL: gfortran.dg/bessel_7.f90  -Os  execution test

		=== gfortran Summary for unix/-fstack-protector ===

# of expected passes		45054
# of unexpected failures	8
# of expected failures		52
# of unsupported tests		89

		=== gfortran Summary ===

# of expected passes		90108
# of unexpected failures	16
# of expected failures		104
# of unsupported tests		178
/build/gcc-4.9-MIL5Un/gcc-4.9-4.9.0/build/gcc/testsuite/gfortran/../../gfortran  version 4.9.0 (Debian 4.9.0-6) 

		=== go tests ===


Running target unix
UNRESOLVED: go.test/test/235.go compilation,  -O2 -g 
UNRESOLVED: go.test/test/64bit.go -O (test for excess errors)
UNRESOLVED: go.test/test/chan/doubleselect.go compilation,  -O2 -g 
FAIL: go.test/test/env.go execution,  -O2 -g 
UNRESOLVED: go.test/test/if.go compilation,  -O2 -g 
FAIL: go.test/test/ken/cplx2.go execution,  -O2 -g 
FAIL: go.test/test/nilptr.go execution,  -O2 -g 
UNRESOLVED: go.test/test/range.go compilation,  -O2 -g 
FAIL: go.test/test/recover.go execution,  -O2 -g 
ERROR: s390x-ibm-linux-gnu: unhandled architecture
ERROR: s390x-ibm-linux-gnu: unhandled architecture
ERROR: s390x-ibm-linux-gnu: unhandled architecture
ERROR: s390x-ibm-linux-gnu: unhandled architecture
ERROR: s390x-ibm-linux-gnu: unhandled architecture

		=== go Summary for unix ===

# of expected passes		7244
# of unexpected failures	4
# of expected failures		1
# of untested testcases		9
# of unresolved testcases	5

Running target unix/-fstack-protector
UNRESOLVED: go.test/test/235.go compilation,  -O2 -g 
UNRESOLVED: go.test/test/64bit.go -O (test for excess errors)
UNRESOLVED: go.test/test/chan/doubleselect.go compilation,  -O2 -g 
FAIL: go.test/test/env.go execution,  -O2 -g 
UNRESOLVED: go.test/test/if.go compilation,  -O2 -g 
FAIL: go.test/test/ken/cplx2.go execution,  -O2 -g 
FAIL: go.test/test/nilptr.go execution,  -O2 -g 
UNRESOLVED: go.test/test/range.go compilation,  -O2 -g 
FAIL: go.test/test/recover.go execution,  -O2 -g 
ERROR: s390x-ibm-linux-gnu: unhandled architecture
ERROR: s390x-ibm-linux-gnu: unhandled architecture
ERROR: s390x-ibm-linux-gnu: unhandled architecture
ERROR: s390x-ibm-linux-gnu: unhandled architecture
ERROR: s390x-ibm-linux-gnu: unhandled architecture

		=== go Summary for unix/-fstack-protector ===

# of expected passes		7244
# of unexpected failures	4
# of expected failures		1
# of untested testcases		9
# of unresolved testcases	5

		=== go Summary ===

# of expected passes		14488
# of unexpected failures	8
# of expected failures		2
# of untested testcases		18
# of unresolved testcases	10
/build/gcc-4.9-MIL5Un/gcc-4.9-4.9.0/build/gcc/testsuite/go/../../gccgo  version 4.9.0 (Debian 4.9.0-6) 

		=== obj-c++ tests ===


Running target unix

		=== obj-c++ Summary for unix ===

# of expected passes		1441
# of expected failures		10
# of unsupported tests		86

Running target unix/-fstack-protector

		=== obj-c++ Summary for unix/-fstack-protector ===

# of expected passes		1441
# of expected failures		10
# of unsupported tests		86

		=== obj-c++ Summary ===

# of expected passes		2882
# of expected failures		20
# of unsupported tests		172
/build/gcc-4.9-MIL5Un/gcc-4.9-4.9.0/build/gcc/testsuite/obj-c++/../../xg++  version 4.9.0 (Debian 4.9.0-6) 

		=== objc tests ===


Running target unix

		=== objc Summary for unix ===

# of expected passes		2994
# of unsupported tests		74

Running target unix/-fstack-protector

		=== objc Summary for unix/-fstack-protector ===

# of expected passes		2994
# of unsupported tests		74

		=== objc Summary ===

# of expected passes		5988
# of unsupported tests		148
/build/gcc-4.9-MIL5Un/gcc-4.9-4.9.0/build/gcc/xgcc  version 4.9.0 (Debian 4.9.0-6) 

		=== boehm-gc tests ===


Running target unix

		=== boehm-gc Summary for unix ===

# of expected passes		12
# of unsupported tests		1

Running target unix/-fstack-protector

		=== boehm-gc Summary for unix/-fstack-protector ===

# of expected passes		12
# of unsupported tests		1

		=== boehm-gc Summary ===

# of expected passes		24
# of unsupported tests		2
		=== libatomic tests ===


Running target unix

		=== libatomic Summary for unix ===

# of expected passes		54

Running target unix/-fstack-protector

		=== libatomic Summary for unix/-fstack-protector ===

# of expected passes		54

		=== libatomic Summary ===

# of expected passes		108
		=== libffi tests ===


Running target unix

		=== libffi Summary for unix ===

# of expected passes		1819
# of unsupported tests		55

Running target unix/-fstack-protector

		=== libffi Summary for unix/-fstack-protector ===

# of expected passes		1819
# of unsupported tests		55

		=== libffi Summary ===

# of expected passes		3638
# of unsupported tests		110
		=== libgo tests ===


Running target unix
FAIL: fmt
FAIL: math
FAIL: html/template
FAIL: net/http
FAIL: runtime/pprof
FAIL: sync/atomic
FAIL: testing/quick

		=== libgo Summary for unix ===

# of expected passes		115
# of unexpected failures	7

Running target unix/-m31
FAIL: bufio
FAIL: bytes
FAIL: fmt
FAIL: math
FAIL: net
FAIL: reflect
FAIL: runtime
FAIL: sync
FAIL: time
FAIL: crypto/cipher
FAIL: encoding/gob
FAIL: encoding/json
FAIL: html/template
FAIL: math/big
FAIL: net/http
FAIL: net/rpc
FAIL: old/regexp
FAIL: old/template
FAIL: runtime/pprof
FAIL: sync/atomic
FAIL: text/template
FAIL: text/template/parse
FAIL: testing/quick

		=== libgo Summary for unix/-m31 ===

# of expected passes		99
# of unexpected failures	23

		=== libgo Summary ===

# of expected passes		214
# of unexpected failures	30
/build/gcc-4.9-MIL5Un/gcc-4.9-4.9.0/build/./gcc/gccgo version 4.9.0 (Debian 4.9.0-6)

		=== libgomp tests ===


Running target unix

		=== libgomp Summary for unix ===

# of expected passes		2428
# of unsupported tests		1

Running target unix/-fstack-protector

		=== libgomp Summary for unix/-fstack-protector ===

# of expected passes		2428
# of unsupported tests		1

		=== libgomp Summary ===

# of expected passes		4856
# of unsupported tests		2
		=== libjava tests ===


Running target unix

		=== libjava Summary for unix ===

# of expected passes		2582
# of expected failures		4

Running target unix/-fstack-protector

		=== libjava Summary for unix/-fstack-protector ===

# of expected passes		2582
# of expected failures		4

		=== libjava Summary ===

# of expected passes		5164
# of expected failures		8
		=== libstdc++ tests ===


Running target unix
FAIL: 22_locale/numpunct/members/char/3.cc execution test
FAIL: 22_locale/time_get/get_date/wchar_t/4.cc execution test

		=== libstdc++ Summary for unix ===

# of expected passes		9895
# of unexpected failures	2
# of expected failures		41
# of unsupported tests		239

Running target unix/-fstack-protector
FAIL: 22_locale/numpunct/members/char/3.cc execution test
FAIL: 22_locale/time_get/get_date/wchar_t/4.cc execution test

		=== libstdc++ Summary for unix/-fstack-protector ===

# of expected passes		9895
# of unexpected failures	2
# of expected failures		41
# of unsupported tests		239

		=== libstdc++ Summary ===

# of expected passes		19790
# of unexpected failures	4
# of expected failures		82
# of unsupported tests		478

Compiler version: 4.9.0 (Debian 4.9.0-6) 
Platform: s390x-ibm-linux-gnu
configure flags: -v --with-pkgversion='Debian 4.9.0-6' --with-bugurl=file:///usr/share/doc/gcc-4.9/README.Bugs --enable-languages=c,c++,java,go,d,fortran,objc,obj-c++ --prefix=/usr --program-suffix=-4.9 --enable-shared --enable-linker-build-id --libexecdir=/usr/lib --without-included-gettext --enable-threads=posix --with-gxx-include-dir=/usr/include/c++/4.9 --libdir=/usr/lib --enable-nls --with-sysroot=/ --enable-clocale=gnu --enable-libstdcxx-debug --enable-libstdcxx-time=yes --enable-gnu-unique-object --disable-libmudflap --disable-libitm --disable-libsanitizer --disable-libquadmath --enable-plugin --with-system-zlib --disable-browser-plugin --enable-java-awt=gtk --enable-gtk-cairo --with-java-home=/usr/lib/jvm/java-1.5.0-gcj-4.9-s390x/jre --enable-java-home --with-jvm-root-dir=/usr/lib/jvm/java-1.5.0-gcj-4.9-s390x --with-jvm-jar-dir=/usr/lib/jvm-exports/java-1.5.0-gcj-4.9-s390x --with-arch-directory=s390x --with-ecj-jar=/usr/share/java/eclipse-ecj.jar --enable-objc-gc --enable-multiarch --with-long-double-128 --enable-multilib --enable-checking=release --build=s390x-linux-gnu --host=s390x-linux-gnu --target=s390x-linux-gnu
BOOT_CFLAGS=


Build Dependencies:
Desired=Unknown/Install/Remove/Purge/Hold
| Status=Not/Inst/Conf-files/Unpacked/halF-conf/Half-inst/trig-aWait/Trig-pend
|/ Err?=(none)/Reinst-required (Status,Err: uppercase=bad)
||/ Name                      Version            Architecture Description
+++-=========================-==================-============-===============================================================================
ii  binutils                  2.24.51.20140604-1 s390x        GNU assembler, linker and binary utilities
ii  g++-4.8                   4.8.3-3            s390x        GNU C++ compiler
ii  g++-4.8-multilib          4.8.3-3            s390x        GNU C++ compiler (multilib files)
ii  g++-multilib              4:4.8.2-4          s390x        GNU C++ compiler (multilib files)
ii  libc6:s390x               2.19-1             s390x        Embedded GNU C Library: Shared libraries
ii  libcloog-isl-dev:s390x    0.18.2-1           s390x        Chunky Loop Generator (development files)
ii  libgmp-dev:s390x          2:6.0.0+dfsg-4     s390x        Multiprecision arithmetic library developers tools
ii  libisl-dev:s390x          0.12.2-1           s390x        manipulating sets and relations of integer points bounded by linear constraints
ii  libmpc-dev:s390x          1.0.1-1            s390x        multiple precision complex floating-point library development package
ii  libmpfr-dev:s390x         3.1.2-1            s390x        multiple precision floating-point computation developers tools


svn-updates:
  updates from the 4.9 branch upto 20140608 (r211353).

gcc-gfdl-build:
  Build a dummy s-tm-texi without access to the texinfo sources

gcc-textdomain:
  Set gettext's domain and textdomain to the versioned package name.

gcc-driver-extra-langs:
  Add options and specs for languages that are not built from a source
  (but built from separate sources).

gcc-hash-style-gnu:
  Link using --hash-style=gnu (aarch64, alpha, amd64, armel, armhf, ia64,
  i386, powerpc, ppc64, s390, sparc)

libstdc++-pic:
  Build and install libstdc++_pic.a library.

libstdc++-doclink:
  adjust hrefs to point to the local documentation

libstdc++-man-3cxx:
  Install libstdc++ man pages with suffix .3cxx instead of .3

libstdc++-test-installed:
  Add support to run the libstdc++-v3 testsuite using the
  installed shared libraries.

libjava-stacktrace:
  libgcj: Lookup source file name and line number in separated
  debug files found in /usr/lib/debug

libjava-jnipath:
  - Add /usr/lib/jni and /usr/lib/<multiarch>/jni to java.library.path.
  - When running the i386 binaries on amd64, look in
  - /usr/lib32/gcj-x.y and /usr/lib32/jni instead.

libjava-sjlj:
  Don't try to use _Unwind_Backtrace on SJLJ targets.
  See bug #387875, #388505, GCC PR 29206.

libjava-disable-plugin:
  Don't build the gcjwebplugin, even when configured with --enable-plugin

alpha-no-ev4-directive:
  never emit .ev4 directive.

boehm-gc-getnprocs:
  boehm-gc/pthread_support.c (GC_get_nprocs): Use sysconf as fallback.

note-gnu-stack:
  Add .note.GNU-stack sections for gcc's crt files, libffi and boehm-gc
  Taken from FC.

libgomp-omp_h-multilib:
  Fix up omp.h for multilibs.

sparc-force-cpu:
  On sparc default to ultrasparc (v9a) in 32bit mode

gccgo-version:
  Omit the subminor number from the go libdir

pr47818:
  Fix PR ada/47818: Pragma Assert is rejected with No_Implementation_Pragmas restriction.

pr49944:
  apply proposed patch for PR ada/49444.

gcc-base-version:
  Set base version to 4.9, introduce full version 4.9.x.

libgo-testsuite:
  Only run the libgo testsuite for flags configured in RUNTESTFLAGS

gcc-target-include-asm:
  Search \$(builddir)/sys-include for the asm header files

libgo-revert-timeout-exp:

libgo-setcontext-config:
  libgo: Overwrite the setcontext_clobbers_tls check on mips*

gcc-auto-build:
  Fix cross building a native compiler.

kfreebsd-unwind:
  DWARF2 EH unwinding support for AMD x86-64 and x86 KFreeBSD.

kfreebsd-boehm-gc:
  boehm-gc: use mmap instead of brk also on kfreebsd-*.

libffi-m68k:
  Apply #660525 fix to in-tree libffi

libitm-no-fortify-source:
  Build libitm with -U_FORTIFY_SOURCE on x86 and x86_64.

pr59758:
  Fix PR target/59758 (sparc), libsanitizer build failure.

pr57653:
  Proposed patch for PR c/57653.

libitm-aarch64:
  Build libitm on AArch64, patch taken from the trunk.

pr61257:
  Fix PR other/61257, check for working sys/sdt.h

pr61046:
  Fix PR c++/61046, taken from the trunk.

libstdc++-python3:
  Make the libstdc++-v3 pretty printer compatible with Python3.

ada-arm:

ada-hurd:

ada-kfreebsd:
  add support for GNU/kFreeBSD.

ada-mips:
  Improve support for mips.

gdc-4.9:
  This implements D language support in the GCC back end, and adds
  relevant documentation about the GDC front end (code part).

gdc-versym-cpu:
  Implements D CPU version conditions.

gdc-versym-os:
  Implements D OS version conditions.

gdc-frontend-posix:
  Fix build of the D frontend on the Hurd and KFreeBSD.

gdc-texinfo:
  Add macros for the gdc texinfo documentation.

gdc-driver-nophobos:
  Modify gdc driver to have no libphobos by default.

disable-gdc-tests:
  Disable D tests, hang on many buildds

gcc-sysroot:
  Allow building --with-sysroot=/

sys-auxv-header:
  Check for the sys/auxv.h header file.

libcilkrts-targets:
  Disable libcilkrts on KFreeBSD and the Hurd. See #734973.

go-use-gold:
  Pass -fuse-ld=gold to gccgo on targets supporting -fsplit-stack

arm-multilib-soft:
  ARM hard/soft float multilib support

arm-multilib-defaults:
  Set MULTILIB_DEFAULTS for ARM multilib builds

gcc-ice-hack:
  Retry the build on an ice, save the calling options and preprocessed
  source when the ice is reproducible.

gcc-ice-apport:
  Report an ICE to apport (if apport is available
  and the environment variable GCC_NOAPPORT is not set)

libjava-fixed-symlinks:
  Remove unneed '..' elements from symlinks in JAVA_HOME

libffi-ro-eh_frame_sect:
  PR libffi/47248, force a read only eh frame section.

gcc-multiarch:
  - Remaining multiarch patches, not yet submitted upstream.
  - Add MULTIARCH_DIRNAME definitions for multilib configurations,
  which are used for the non-multilib builds.

libjava-multiarch:
  Install libjava libraries to multiarch location

libjava-nobiarch-check:
  For biarch builds, disable the testsuite for the non-default architecture
  for runtime libraries, which are not built by default (libjava).

config-ml:
  - Disable some biarch libraries for biarch builds.
  - Fix multilib builds on kernels which don't support all multilibs.

g++-multiarch-incdir:
  Use /usr/include/<multiarch>/c++/4.x as the include directory
  for host dependent c++ header files.

gcc-multilib-multiarch:
  Don't auto-detect multilib osdirnames.

mips-fix-loongson2f-nop:
  On mips, pass -mfix-loongson2f-nop to as, if -mno-fix-loongson2f-nop
  is not passed.

libgomp-kfreebsd-testsuite:
  Disable lock-2.c test on kfreebsd-*

go-testsuite:
  Skip Go testcase on AArch64 which hangs on the buildds.

libstdc++-link-pthread:
  Link libstdc++ tests requiring libpthread symbols with --no-as-needed.

fix-ffi_call_VFP-with-no-VFP-argument:
  armhf: Fix ffi_call_VFP with no VFP arguments.

pr61126:

ada-ppc64:

Counting all warnings,
there are 0 warnings in stage3 of this bootstrap.

Number of warnings per file:

Number of warning types:


Index Nav: [Date Index] [Subject Index] [Author Index] [Thread Index]
Message Nav: [Date Prev] [Date Next] [Thread Prev] [Thread Next]