This is the mail archive of the gcc-testresults@gcc.gnu.org mailing list for the GCC project.


Index Nav: [Date Index] [Subject Index] [Author Index] [Thread Index]
Message Nav: [Date Prev] [Date Next] [Thread Prev] [Thread Next]
Other format: [Raw text]

Results for 4.8.3 (Debian 4.8.3-3) testsuite on arm-unknown-linux-gnueabi


LAST_UPDATED: Sat Jun  7 00:24:56 UTC 2014 (revision 211339)

Native configuration is arm-unknown-linux-gnueabi

		=== boehm-gc tests ===


Running target unix

		=== boehm-gc Summary ===

# of expected passes		12
# of unsupported tests		1
		=== libatomic tests ===


Running target unix
FAIL: libatomic.c/atomic-op-1.c execution test

		=== libatomic Summary ===

# of expected passes		33
# of unexpected failures	1
# of unsupported tests		10
		=== libffi tests ===


Running target unix
XPASS: libffi.call/cls_longdouble.c -O0 -W -Wall execution test
XPASS: libffi.call/cls_longdouble.c -O2 execution test
XPASS: libffi.call/cls_longdouble.c -O3 execution test
XPASS: libffi.call/cls_longdouble.c -Os execution test
XPASS: libffi.call/cls_longdouble.c -O2 -fomit-frame-pointer execution test

		=== libffi Summary ===

# of expected passes		1814
# of unexpected successes	5
# of unsupported tests		55
		=== libgo tests ===


Running target unix
FAIL: log
FAIL: runtime

		=== libgo Summary ===

# of expected passes		120
# of unexpected failures	2
/build/gcc-4.8-s5F7Ya/gcc-4.8-4.8.3/build/./gcc/gccgo version 4.8.3 (Debian 4.8.3-3)

		=== libgomp tests ===


Running target unix

		=== libgomp Summary ===

# of expected passes		3054
# of unsupported tests		1
		=== libjava tests ===


Running target unix
FAIL: Throw_2 execution - source compiled test
FAIL: Throw_2 -findirect-dispatch execution - source compiled test
FAIL: Throw_2 -O3 execution - source compiled test
FAIL: Throw_2 -O3 -findirect-dispatch execution - source compiled test

		=== libjava Summary ===

# of expected passes		2574
# of unexpected failures	4
# of expected failures		4
# of untested testcases		4
		=== libstdc++ tests ===


Running target unix
FAIL: 22_locale/numpunct/members/char/3.cc execution test
FAIL: 22_locale/time_get/get_date/wchar_t/4.cc execution test

		=== libstdc++ Summary ===

# of expected passes		8834
# of unexpected failures	2
# of expected failures		45
# of unsupported tests		339
Target: arm-linux-gnueabi
gcc version 4.8.3 (Debian 4.8.3-3) 

		=== g++ tests ===


Running target unix
FAIL: c-c++-common/asan/sanity-check-pure-c-1.c  -O0  output pattern test, is =================================================================
FAIL: c-c++-common/asan/sanity-check-pure-c-1.c  -O1  output pattern test, is =================================================================
FAIL: c-c++-common/asan/sanity-check-pure-c-1.c  -O2  output pattern test, is =================================================================
FAIL: c-c++-common/asan/sanity-check-pure-c-1.c  -O3 -fomit-frame-pointer  output pattern test, is =================================================================
FAIL: c-c++-common/asan/sanity-check-pure-c-1.c  -O3 -g  output pattern test, is =================================================================
FAIL: c-c++-common/asan/sanity-check-pure-c-1.c  -Os  output pattern test, is =================================================================
FAIL: c-c++-common/asan/sanity-check-pure-c-1.c  -O2 -flto -fno-use-linker-plugin -flto-partition=none  output pattern test, is =================================================================
FAIL: c-c++-common/asan/sanity-check-pure-c-1.c  -O2 -flto -fuse-linker-plugin -fno-fat-lto-objects  output pattern test, is =================================================================
FAIL: c-c++-common/asan/use-after-free-1.c  -O0  output pattern test, is =================================================================
FAIL: c-c++-common/asan/use-after-free-1.c  -O1  output pattern test, is =================================================================
FAIL: c-c++-common/asan/use-after-free-1.c  -O2  output pattern test, is =================================================================
FAIL: c-c++-common/asan/use-after-free-1.c  -O3 -fomit-frame-pointer  output pattern test, is =================================================================
FAIL: c-c++-common/asan/use-after-free-1.c  -O3 -g  output pattern test, is =================================================================
FAIL: c-c++-common/asan/use-after-free-1.c  -Os  output pattern test, is =================================================================
FAIL: c-c++-common/asan/use-after-free-1.c  -O2 -flto -fno-use-linker-plugin -flto-partition=none  output pattern test, is =================================================================
FAIL: c-c++-common/asan/use-after-free-1.c  -O2 -flto -fuse-linker-plugin -fno-fat-lto-objects  output pattern test, is =================================================================
FAIL: g++.dg/asan/deep-stack-uaf-1.C  -O0  output pattern test, is =================================================================
FAIL: g++.dg/asan/deep-stack-uaf-1.C  -O1  output pattern test, is =================================================================
FAIL: g++.dg/asan/deep-stack-uaf-1.C  -O2  output pattern test, is =================================================================
FAIL: g++.dg/asan/deep-stack-uaf-1.C  -O3 -fomit-frame-pointer  output pattern test, is =================================================================
FAIL: g++.dg/asan/deep-stack-uaf-1.C  -O3 -g  output pattern test, is =================================================================
FAIL: g++.dg/asan/deep-stack-uaf-1.C  -Os  output pattern test, is =================================================================

		=== g++ Summary ===

# of expected passes		51366
# of unexpected failures	22
# of expected failures		293
# of unsupported tests		1037
/build/gcc-4.8-s5F7Ya/gcc-4.8-4.8.3/build/gcc/testsuite/g++/../../xg++  version 4.8.3 (Debian 4.8.3-3) 

		=== gcc tests ===


Running target unix
FAIL: c-c++-common/asan/sanity-check-pure-c-1.c  -O0  output pattern test, is =================================================================
FAIL: c-c++-common/asan/sanity-check-pure-c-1.c  -O1  output pattern test, is =================================================================
FAIL: c-c++-common/asan/sanity-check-pure-c-1.c  -O2  output pattern test, is =================================================================
FAIL: c-c++-common/asan/sanity-check-pure-c-1.c  -O3 -fomit-frame-pointer  output pattern test, is =================================================================
FAIL: c-c++-common/asan/sanity-check-pure-c-1.c  -O3 -g  output pattern test, is =================================================================
FAIL: c-c++-common/asan/sanity-check-pure-c-1.c  -Os  output pattern test, is =================================================================
FAIL: c-c++-common/asan/sanity-check-pure-c-1.c  -O2 -flto -fno-use-linker-plugin -flto-partition=none  output pattern test, is =================================================================
FAIL: c-c++-common/asan/sanity-check-pure-c-1.c  -O2 -flto -fuse-linker-plugin -fno-fat-lto-objects  output pattern test, is =================================================================
FAIL: c-c++-common/asan/use-after-free-1.c  -O0  output pattern test, is =================================================================
FAIL: c-c++-common/asan/use-after-free-1.c  -O1  output pattern test, is =================================================================
FAIL: c-c++-common/asan/use-after-free-1.c  -O2  output pattern test, is =================================================================
FAIL: c-c++-common/asan/use-after-free-1.c  -O3 -fomit-frame-pointer  output pattern test, is =================================================================
FAIL: c-c++-common/asan/use-after-free-1.c  -O3 -g  output pattern test, is =================================================================
FAIL: c-c++-common/asan/use-after-free-1.c  -Os  output pattern test, is =================================================================
FAIL: c-c++-common/asan/use-after-free-1.c  -O2 -flto -fno-use-linker-plugin -flto-partition=none  output pattern test, is =================================================================
FAIL: c-c++-common/asan/use-after-free-1.c  -O2 -flto -fuse-linker-plugin -fno-fat-lto-objects  output pattern test, is =================================================================
FAIL: gcc.dg/uninit-13.c unconditional (test for warnings, line 8)
FAIL: gcc.dg/uninit-13.c (test for excess errors)
FAIL: gcc.dg/tree-ssa/sra-12.c scan-tree-dump-times release_ssa "l;" 0
FAIL: gcc.target/arm/neon-vcond-ltgt.c scan-assembler vbsl[\\\\t ]*q[0-9]+,[\\\\t ]*q[0-9]+,[\\\\t ]*q[0-9]+
FAIL: gcc.target/arm/neon-vcond-unordered.c scan-assembler vbsl[\\\\t ]*q[0-9]+,[\\\\t ]*q[0-9]+,[\\\\t ]*q[0-9]+
FAIL: gcc.target/arm/neon-vext-execute.c execution test
FAIL: gcc.target/arm/pr42172-1.c scan-assembler-times ldr 1
FAIL: gcc.target/arm/pr42575.c scan-assembler-not mov

		=== gcc Summary ===

# of expected passes		90547
# of unexpected failures	24
# of expected failures		260
# of unsupported tests		1432
/build/gcc-4.8-s5F7Ya/gcc-4.8-4.8.3/build/gcc/xgcc  version 4.8.3 (Debian 4.8.3-3) 

		=== gfortran tests ===


Running target unix
FAIL: gfortran.dg/intrinsic_unpack_1.f90  -O1  execution test
FAIL: gfortran.dg/minlocval_3.f90  -O1  execution test
FAIL: gfortran.dg/minlocval_3.f90  -O2  execution test
FAIL: gfortran.dg/minlocval_3.f90  -O3 -fomit-frame-pointer  execution test
FAIL: gfortran.dg/minlocval_3.f90  -O3 -fomit-frame-pointer -funroll-loops  execution test
FAIL: gfortran.dg/minlocval_3.f90  -O3 -fomit-frame-pointer -funroll-all-loops -finline-functions  execution test
FAIL: gfortran.dg/minlocval_3.f90  -O3 -g  execution test
FAIL: gfortran.dg/select_type_4.f90  -O2  execution test
FAIL: gfortran.dg/select_type_4.f90  -O3 -fomit-frame-pointer  execution test
FAIL: gfortran.dg/select_type_4.f90  -O3 -fomit-frame-pointer -funroll-loops  execution test
FAIL: gfortran.dg/select_type_4.f90  -O3 -fomit-frame-pointer -funroll-all-loops -finline-functions  execution test
FAIL: gfortran.dg/select_type_4.f90  -O3 -g  execution test
FAIL: gfortran.dg/zero_sized_1.f90  -O0  execution test
FAIL: gfortran.dg/vect/pr32380.f  -O   scan-tree-dump-times vect "vectorized 6 loops" 1

		=== gfortran Summary ===

# of expected passes		42725
# of unexpected failures	14
# of expected failures		57
# of unsupported tests		407
/build/gcc-4.8-s5F7Ya/gcc-4.8-4.8.3/build/gcc/testsuite/gfortran/../../gfortran  version 4.8.3 (Debian 4.8.3-3) 

		=== go tests ===


Running target unix

		=== go Summary ===

# of expected passes		5181
# of expected failures		1
# of untested testcases		5
/build/gcc-4.8-s5F7Ya/gcc-4.8-4.8.3/build/gcc/testsuite/go/../../gccgo  version 4.8.3 (Debian 4.8.3-3) 

		=== obj-c++ tests ===


Running target unix

		=== obj-c++ Summary ===

# of expected passes		1450
# of expected failures		2
# of unsupported tests		86
/build/gcc-4.8-s5F7Ya/gcc-4.8-4.8.3/build/gcc/testsuite/obj-c++/../../xg++  version 4.8.3 (Debian 4.8.3-3) 

		=== objc tests ===


Running target unix

		=== objc Summary ===

# of expected passes		2994
# of unsupported tests		74
/build/gcc-4.8-s5F7Ya/gcc-4.8-4.8.3/build/gcc/xgcc  version 4.8.3 (Debian 4.8.3-3) 


Compiler version: 4.8.3 (Debian 4.8.3-3) 
Platform: arm-unknown-linux-gnueabi
configure flags: -v --with-pkgversion='Debian 4.8.3-3' --with-bugurl=file:///usr/share/doc/gcc-4.8/README.Bugs --enable-languages=c,c++,java,go,d,fortran,objc,obj-c++ --prefix=/usr --program-suffix=-4.8 --enable-shared --enable-linker-build-id --libexecdir=/usr/lib --without-included-gettext --enable-threads=posix --with-gxx-include-dir=/usr/include/c++/4.8 --libdir=/usr/lib --enable-nls --with-sysroot=/ --enable-clocale=gnu --enable-libstdcxx-debug --enable-libstdcxx-time=yes --enable-gnu-unique-object --disable-libmudflap --disable-libitm --disable-libquadmath --enable-plugin --with-system-zlib --disable-browser-plugin --enable-java-awt=gtk --enable-gtk-cairo --with-java-home=/usr/lib/jvm/java-1.5.0-gcj-4.8-armel/jre --enable-java-home --with-jvm-root-dir=/usr/lib/jvm/java-1.5.0-gcj-4.8-armel --with-jvm-jar-dir=/usr/lib/jvm-exports/java-1.5.0-gcj-4.8-armel --with-arch-directory=arm --with-ecj-jar=/usr/share/java/eclipse-ecj.jar --enable-objc-gc --enable-multiarch --disable-sjlj-exceptions --with-arch=armv4t --with-float=soft --enable-checking=release --build=arm-linux-gnueabi --host=arm-linux-gnueabi --target=arm-linux-gnueabi
BOOT_CFLAGS=


Build Dependencies:
Desired=Unknown/Install/Remove/Purge/Hold
| Status=Not/Inst/Conf-files/Unpacked/halF-conf/Half-inst/trig-aWait/Trig-pend
|/ Err?=(none)/Reinst-required (Status,Err: uppercase=bad)
||/ Name                      Version            Architecture Description
+++-=========================-==================-============-===============================================================================
ii  binutils                  2.24.51.20140604-1 armel        GNU assembler, linker and binary utilities
ii  g++-4.8                   4.8.3-2            armel        GNU C++ compiler
ii  libc6:armel               2.19-1             armel        Embedded GNU C Library: Shared libraries
ii  libcloog-isl-dev:armel    0.18.2-1           armel        Chunky Loop Generator (development files)
ii  libgmp-dev:armel          2:6.0.0+dfsg-4     armel        Multiprecision arithmetic library developers tools
ii  libisl-dev:armel          0.12.2-1           armel        manipulating sets and relations of integer points bounded by linear constraints
ii  libmpc-dev:armel          1.0.1-1            armel        multiple precision complex floating-point library development package
ii  libmpfr-dev:armel         3.1.2-1            armel        multiple precision floating-point computation developers tools


svn-updates:
  updates from the 4.8 branch upto 20140606 (r211339).

gcc-gfdl-build:
  Build a dummy s-tm-texi without access to the texinfo sources

gcc-textdomain:
  Set gettext's domain and textdomain to the versioned package name.

gcc-driver-extra-langs:
  Add options and specs for languages that are not built from a source
  (but built from separate sources).

gcc-hash-style-gnu:
  Link using --hash-style=gnu (aarch64, alpha, amd64, armel, armhf, ia64,
  i386, powerpc, ppc64, s390, sparc)

libstdc++-pic:
  Build and install libstdc++_pic.a library.

libstdc++-doclink:
  adjust hrefs to point to the local documentation

libstdc++-man-3cxx:
  Install libstdc++ man pages with suffix .3cxx instead of .3

libstdc++-test-installed:
  Add support to run the libstdc++-v3 testsuite using the
  installed shared libraries.

libjava-stacktrace:
  libgcj: Lookup source file name and line number in separated
  debug files found in /usr/lib/debug

libjava-jnipath:
  - Add /usr/lib/jni and /usr/lib/<multiarch>/jni to java.library.path.
  - When running the i386 binaries on amd64, look in
  - /usr/lib32/gcj-x.y and /usr/lib32/jni instead.

libjava-sjlj:
  Don't try to use _Unwind_Backtrace on SJLJ targets.
  See bug #387875, #388505, GCC PR 29206.

libjava-disable-plugin:
  Don't build the gcjwebplugin, even when configured with --enable-plugin

alpha-no-ev4-directive:
  never emit .ev4 directive.

boehm-gc-getnprocs:
  boehm-gc/pthread_support.c (GC_get_nprocs): Use sysconf as fallback.

note-gnu-stack:
  Add .note.GNU-stack sections for gcc's crt files, libffi and boehm-gc
  Taken from FC.

libgomp-omp_h-multilib:
  Fix up omp.h for multilibs.

sparc-force-cpu:
  On sparc default to ultrasparc (v9a) in 32bit mode

gccgo-version:
  Omit the subminor number from the go libdir

pr47818:
  Fix PR ada/47818: Pragma Assert is rejected with No_Implementation_Pragmas restriction.

pr49944:
  apply proposed patch for PR ada/49444.

gcc-base-version:
  Set base version to 4.8, introduce full version 4.8.x.

libgo-testsuite:
  Only run the libgo testsuite for flags configured in RUNTESTFLAGS

gcc-target-include-asm:
  Search \$(builddir)/sys-include for the asm header files

libgo-revert-timeout-exp:

arm-sanitizer:
  Enable libsanitizer on ARM.

libgo-setcontext-config:
  libgo: Overwrite the setcontext_clobbers_tls check on mips*

pr57211:
  Fix PR c++/57211, don't warn about unused parameters of defaulted functions.

kfreebsd-unwind:
  DWARF2 EH unwinding support for AMD x86-64 and x86 KFreeBSD.

libgcc-no-limits-h:
  Don't include <limits.h> in libgcc/libgcc2.c.

kfreebsd-boehm-gc:
  boehm-gc: use mmap instead of brk also on kfreebsd-*.

pr49847:
  Proposed patch for PR rtl-optimization/49847 (cc0 targets).

libffi-m68k:
  Apply #660525 fix to in-tree libffi

m68k-picflag:
  backport of trunk r204854
  fixes relocation errors when linking large libs (smokeqt, python-qt4)

sys-auxv-header:
  Check for the sys/auxv.h header file.

go-use-gold:
  Pass -fuse-ld=gold to gccgo on targets supporting -fsplit-stack

go-testsuite:
  Skip Go testcase on AArch64 which hangs on the buildds.

pr57363:
  Fix PR libgcc/57363, taken from the trunk.

fix-ffi_call_VFP-with-no-VFP-argument:
  armhf: Fix ffi_call_VFP with no VFP arguments.

pr61106:
  Proposed patch for PR driver/61106

pr61126:
  Proposed patch for PR driver/61126.

pr57653:
  Proposed patch for PR c/57653.

libitm-aarch64:
  Build libitm on AArch64, patch taken from the trunk.

pr61046:
  Fix PR c++/61046, taken from the trunk.

gdc-4.8:
  This implements D language support in the GCC back end, and adds
  relevant documentation about the GDC front end (code part).

gdc-versym-cpu:
  Implements D CPU version conditions.

gdc-versym-os:
  Implements D OS version conditions.

gdc-frontend-posix:
  Fix build of the D frontend on the Hurd and KFreeBSD.

gdc-texinfo:
  Add macros for the gdc texinfo documentation.

gdc-libphobos-build:
  This implements building of libphobos library in GCC.

disable-gdc-tests:
  Disable D tests, hang on many buildds

libjava-armel-unwind:
  On armel, apply kludge to fix unwinder infinitely looping 'til it runs out
  of memory (http://gcc.gnu.org/ml/java/2008-06/msg00010.html).

gcc-sysroot:
  Allow building --with-sysroot=/

goarch-aarch64:
  Introduce the arm64 goarch.

libgo-explicit-reservation:
  Fix statically linked gccgo binaries on AArch64.

ada-kfreebsd:
  add support for GNU/kFreeBSD.

arm-multilib-defaults:
  Set MULTILIB_DEFAULTS for ARM multilib builds

gcc-ice-hack:
  Retry the build on an ice, save the calling options and preprocessed
  source when the ice is reproducible.

gcc-ice-apport:
  Report an ICE to apport (if apport is available
  and the environment variable GCC_NOAPPORT is not set)

libjava-fixed-symlinks:
  Remove unneed '..' elements from symlinks in JAVA_HOME

ada-mips:
  Improve support for mips.

libffi-ro-eh_frame_sect:
  PR libffi/47248, force a read only eh frame section.

gcc-multiarch:
  - Remaining multiarch patches, not yet submitted upstream.
  - Add MULTIARCH_DIRNAME definitions for multilib configurations,
  which are used for the non-multilib builds.

libjava-multiarch:
  Install libjava libraries to multiarch location

libjava-nobiarch-check:
  For biarch builds, disable the testsuite for the non-default architecture
  for runtime libraries, which are not built by default (libjava).

config-ml:
  - Disable some biarch libraries for biarch builds.
  - Fix multilib builds on kernels which don't support all multilibs.

g++-multiarch-incdir:
  Use /usr/include/<multiarch>/c++/4.x as the include directory
  for host dependent c++ header files.

gcc-multilib-multiarch:
  Don't auto-detect multilib osdirnames.

mips-fix-loongson2f-nop:
  On mips, pass -mfix-loongson2f-nop to as, if -mno-fix-loongson2f-nop
  is not passed.

libgomp-kfreebsd-testsuite:
  Disable lock-2.c test on kfreebsd-*

Counting all warnings,
there are 0 warnings in stage3 of this bootstrap.

Number of warnings per file:

Number of warning types:


Index Nav: [Date Index] [Subject Index] [Author Index] [Thread Index]
Message Nav: [Date Prev] [Date Next] [Thread Prev] [Thread Next]