This is the mail archive of the gcc-testresults@gcc.gnu.org mailing list for the GCC project.


Index Nav: [Date Index] [Subject Index] [Author Index] [Thread Index]
Message Nav: [Date Prev] [Date Next] [Thread Prev] [Thread Next]
Other format: [Raw text]

Results for 4.10.0 20140606 (experimental) [trunk revision 211315] (GCC) testsuite on sparc-sun-solaris2.11


LAST_UPDATED: Fri Jun  6 14:11:35 UTC 2014 (revision 211315)

		=== acats tests ===

		=== acats Summary ===
# of expected passes		2320
# of unexpected failures	0
Native configuration is sparc-sun-solaris2.11

		=== g++ tests ===


Running target unix

		=== g++ Summary for unix ===

# of expected passes		77470
# of expected failures		443
# of unsupported tests		3254

Running target unix/-m64

		=== g++ Summary for unix/-m64 ===

# of expected passes		79326
# of expected failures		443
# of unsupported tests		3239

		=== g++ Summary ===

# of expected passes		156796
# of expected failures		886
# of unsupported tests		6493
/var/gcc/regression/trunk/11-gcc-gld/build/gcc/testsuite/g++/../../xg++  version 4.10.0 20140606 (experimental) [trunk revision 211315] (GCC) 

		=== gcc tests ===


Running target unix
FAIL: gcc.c-torture/compile/limits-fndefn.c  -O3 -g  (internal compiler error)
FAIL: gcc.c-torture/compile/limits-fndefn.c  -O3 -g  (test for excess errors)
WARNING: program timed out.
FAIL: gcc.dg/c11-atomic-2.c (test for excess errors)
FAIL: gcc.dg/unroll_1.c  (test for warnings, line 14)
FAIL: gcc.dg/unroll_1.c  (test for warnings, line 24)
FAIL: gcc.dg/simulate-thread/atomic-other-int.c  -O2 -g  thread simulation test
FAIL: gcc.dg/simulate-thread/atomic-other-int.c  -O3 -g  thread simulation test
FAIL: gcc.dg/simulate-thread/speculative-store-4.c  -O0 -g  thread simulation test
FAIL: gcc.dg/simulate-thread/speculative-store-4.c  -O2 -g  thread simulation test
FAIL: gcc.dg/simulate-thread/speculative-store-4.c  -O3 -g  thread simulation test
FAIL: gcc.dg/simulate-thread/speculative-store.c  -O0 -g  thread simulation test

		=== gcc Summary for unix ===

# of expected passes		88113
# of unexpected failures	11
# of expected failures		320
# of unsupported tests		1879

Running target unix/-m64
FAIL: gcc.c-torture/compile/limits-fndefn.c  -O3 -g  (internal compiler error)
FAIL: gcc.c-torture/compile/limits-fndefn.c  -O3 -g  (test for excess errors)
WARNING: program timed out.
FAIL: gcc.dg/c11-atomic-2.c (test for excess errors)
FAIL: gcc.dg/unroll_1.c  (test for warnings, line 14)
FAIL: gcc.dg/unroll_1.c  (test for warnings, line 24)

		=== gcc Summary for unix/-m64 ===

# of expected passes		88899
# of unexpected failures	5
# of expected failures		309
# of unsupported tests		1815

		=== gcc Summary ===

# of expected passes		177012
# of unexpected failures	16
# of expected failures		629
# of unsupported tests		3694
/var/gcc/regression/trunk/11-gcc-gld/build/gcc/xgcc  version 4.10.0 20140606 (experimental) [trunk revision 211315] (GCC) 

		=== gfortran tests ===


Running target unix
FAIL: gfortran.dg/wextra_1.f  -O   (test for warnings, line 4)

		=== gfortran Summary for unix ===

# of expected passes		45545
# of unexpected failures	1
# of expected failures		54
# of unsupported tests		270

Running target unix/-m64
FAIL: gfortran.dg/wextra_1.f  -O   (test for warnings, line 4)

		=== gfortran Summary for unix/-m64 ===

# of expected passes		45872
# of unexpected failures	1
# of expected failures		54
# of unsupported tests		109

		=== gfortran Summary ===

# of expected passes		91417
# of unexpected failures	2
# of expected failures		108
# of unsupported tests		379
/var/gcc/regression/trunk/11-gcc-gld/build/gcc/testsuite/gfortran/../../gfortran  version 4.10.0 20140606 (experimental) [trunk revision 211315] (GCC) 

		=== gnat tests ===


Running target unix

		=== gnat Summary for unix ===

# of expected passes		1218
# of expected failures		18
# of unsupported tests		17

Running target unix/-m64

		=== gnat Summary for unix/-m64 ===

# of expected passes		1218
# of expected failures		18
# of unsupported tests		17

		=== gnat Summary ===

# of expected passes		2436
# of expected failures		36
# of unsupported tests		34
/var/gcc/regression/trunk/11-gcc-gld/build/gcc/gnatmake version 4.10.0 20140606 (experimental) [trunk revision 211315]

		=== go tests ===


Running target unix
FAIL: ./index0-out.go compilation,  -O0 -g -fno-var-tracking-assignments 
FAIL: go.test/test/recover.go execution,  -O2 -g 
WARNING: program timed out.

		=== go Summary for unix ===

# of expected passes		7365
# of unexpected failures	2
# of expected failures		1
# of untested testcases		11
# of unsupported tests		3

Running target unix/-m64
FAIL: ./index0-out.go compilation,  -O0 -g -fno-var-tracking-assignments 
FAIL: ./slice3-out.go compilation,  -O0 -g -fno-var-tracking-assignments 
FAIL: go.test/test/fixedbugs/issue4348.go  -O  (test for excess errors)
FAIL: go.test/test/recover.go execution,  -O2 -g 
WARNING: program timed out.
WARNING: program timed out.

		=== go Summary for unix/-m64 ===

# of expected passes		7242
# of unexpected failures	4
# of expected failures		1
# of untested testcases		12
# of unsupported tests		3

		=== go Summary ===

# of expected passes		14607
# of unexpected failures	6
# of expected failures		2
# of untested testcases		23
# of unsupported tests		6
/var/gcc/regression/trunk/11-gcc-gld/build/gcc/testsuite/go/../../gccgo  version 4.10.0 20140606 (experimental) [trunk revision 211315] (GCC) 

		=== obj-c++ tests ===


Running target unix

		=== obj-c++ Summary for unix ===

# of expected passes		1447
# of expected failures		2
# of unsupported tests		86

Running target unix/-m64

		=== obj-c++ Summary for unix/-m64 ===

# of expected passes		1439
# of expected failures		10
# of unsupported tests		86

		=== obj-c++ Summary ===

# of expected passes		2886
# of expected failures		12
# of unsupported tests		172
/var/gcc/regression/trunk/11-gcc-gld/build/gcc/testsuite/obj-c++/../../xg++  version 4.10.0 20140606 (experimental) [trunk revision 211315] (GCC) 

		=== objc tests ===


Running target unix

		=== objc Summary for unix ===

# of expected passes		3010
# of unsupported tests		74

Running target unix/-m64

		=== objc Summary for unix/-m64 ===

# of expected passes		3010
# of unsupported tests		74

		=== objc Summary ===

# of expected passes		6020
# of unsupported tests		148
/var/gcc/regression/trunk/11-gcc-gld/build/gcc/xgcc  version 4.10.0 20140606 (experimental) [trunk revision 211315] (GCC) 

		=== boehm-gc tests ===


Running target unix

		=== boehm-gc Summary for unix ===

# of expected passes		12
# of unsupported tests		1

Running target unix/-m64

		=== boehm-gc Summary for unix/-m64 ===

# of expected passes		12
# of unsupported tests		1

		=== boehm-gc Summary ===

# of expected passes		24
# of unsupported tests		2
		=== libatomic tests ===


Running target unix

		=== libatomic Summary for unix ===

# of expected passes		44
# of unsupported tests		5

Running target unix/-m64

		=== libatomic Summary for unix/-m64 ===

# of expected passes		54

		=== libatomic Summary ===

# of expected passes		98
# of unsupported tests		5
		=== libffi tests ===


Running target unix

		=== libffi Summary for unix ===

# of expected passes		1819
# of unsupported tests		55

Running target unix/-m64

		=== libffi Summary for unix/-m64 ===

# of expected passes		1819
# of unsupported tests		55

		=== libffi Summary ===

# of expected passes		3638
# of unsupported tests		110
		=== libgo tests ===


Running target unix
FAIL: reflect
FAIL: sync
FAIL: crypto/x509
FAIL: os/exec
FAIL: text/template
FAIL: testing/quick

		=== libgo Summary for unix ===

# of expected passes		116
# of unexpected failures	6

Running target unix/-m64
FAIL: reflect
FAIL: crypto/x509

		=== libgo Summary for unix/-m64 ===

# of expected passes		120
# of unexpected failures	2

		=== libgo Summary ===

# of expected passes		236
# of unexpected failures	8
/var/gcc/regression/trunk/11-gcc-gld/build/./gcc/gccgo version 4.10.0 20140606 (experimental) [trunk revision 211315] (GCC)

		=== libgomp tests ===


Running target unix

		=== libgomp Summary for unix ===

# of expected passes		2810
# of unsupported tests		20

Running target unix/-m64

		=== libgomp Summary for unix/-m64 ===

# of expected passes		2810
# of unsupported tests		20

		=== libgomp Summary ===

# of expected passes		5620
# of unsupported tests		40
		=== libitm tests ===


Running target unix

		=== libitm Summary for unix ===

# of expected passes		26
# of expected failures		3
# of unsupported tests		1

Running target unix/-m64

		=== libitm Summary for unix/-m64 ===

# of expected passes		26
# of expected failures		3
# of unsupported tests		1

		=== libitm Summary ===

# of expected passes		52
# of expected failures		6
# of unsupported tests		2
		=== libjava tests ===


Running target unix

		=== libjava Summary for unix ===

# of expected passes		2582
# of expected failures		4

Running target unix/-m64

		=== libjava Summary for unix/-m64 ===

# of expected passes		2582
# of expected failures		4

		=== libjava Summary ===

# of expected passes		5164
# of expected failures		8
		=== libstdc++ tests ===


Running target unix

		=== libstdc++ Summary for unix ===

# of expected passes		9012
# of expected failures		69
# of unsupported tests		608

Running target unix/-m64

		=== libstdc++ Summary for unix/-m64 ===

# of expected passes		9012
# of expected failures		69
# of unsupported tests		608

		=== libstdc++ Summary ===

# of expected passes		18024
# of expected failures		138
# of unsupported tests		1216

Compiler version: 4.10.0 20140606 (experimental) [trunk revision 211315] (GCC) 
Platform: sparc-sun-solaris2.11
configure flags: --prefix=/vol/gcc --target=sparc-sun-solaris2.11 --enable-objc-gc --enable-libmudflap --with-ld=/vol/gcc/bin/gld-2.24 --with-gnu-ld --with-gmp-include=/vol/gcc/include --with-gmp-lib=/vol/gcc/lib --with-mpfr-include=/vol/gcc/include --with-mpfr-lib=/vol/gcc/lib --with-mpc-include=/vol/gcc/include --with-mpc-lib=/vol/gcc/lib --enable-languages=all,ada,obj-c++,go --with-isl-include=/vol/gcc/include --with-isl-lib=/vol/gcc/lib --with-cloog-include=/vol/gcc/include --with-cloog-lib=/vol/gcc/lib --enable-cloog-backend=isl
BOOT_CFLAGS=-g -O2


Index Nav: [Date Index] [Subject Index] [Author Index] [Thread Index]
Message Nav: [Date Prev] [Date Next] [Thread Prev] [Thread Next]