This is the mail archive of the gcc-testresults@gcc.gnu.org mailing list for the GCC project.


Index Nav: [Date Index] [Subject Index] [Author Index] [Thread Index]
Message Nav: [Date Prev] [Date Next] [Thread Prev] [Thread Next]
Other format: [Raw text]

FW: Results for 4.10.0 20140608 (experimental) (GCC) testsuite on x86_64-unknown-linux-gnu




________________________________________
From: jenkins@blackduck.caveonetworks.com
Sent: Sunday, June 08, 2014 5:31:17 AM (UTC-08:00) Pacific Time (US & Canada)
To: apinski@cavium.com
Subject: Results for 4.10.0 20140608 (experimental) (GCC) testsuite on x86_64-unknown-linux-gnu

Native configuration is x86_64-unknown-linux-gnu

                === gcc tests ===


Running target unix//-m32
FAIL: gcc.dg/cproj-fails-with-broken-glibc.c execution test
FAIL: gcc.dg/torture/tls/run-ld.c  -O1  -pie -fpie  execution test
FAIL: gcc.dg/torture/tls/run-ld.c  -O2  -pie -fpie  execution test
FAIL: gcc.dg/torture/tls/run-ld.c  -O3 -fomit-frame-pointer  -pie -fpie  execution test
FAIL: gcc.dg/torture/tls/run-ld.c  -O3 -g  -pie -fpie  execution test
FAIL: gcc.dg/torture/tls/run-ld.c  -Os  -pie -fpie  execution test
FAIL: gcc.dg/torture/tls/run-ld.c  -O1  -pie -fPIE  execution test
FAIL: gcc.dg/torture/tls/run-ld.c  -O2  -pie -fPIE  execution test
FAIL: gcc.dg/torture/tls/run-ld.c  -O3 -fomit-frame-pointer  -pie -fPIE  execution test
FAIL: gcc.dg/torture/tls/run-ld.c  -O3 -g  -pie -fPIE  execution test
FAIL: gcc.dg/torture/tls/run-ld.c  -Os  -pie -fPIE  execution test
FAIL: gcc.target/i386/pr49095.c scan-assembler-not test[lq]

                === gcc Summary for unix//-m32 ===

# of expected passes            104216
# of unexpected failures        12
# of expected failures          246
# of unsupported tests          1867

Running target unix//-m64
FAIL: gcc.dg/cproj-fails-with-broken-glibc.c execution test
FAIL: gcc.target/i386/pr56114.c (test for excess errors)

                === gcc Summary for unix//-m64 ===

# of expected passes            104971
# of unexpected failures        2
# of expected failures          248
# of unsupported tests          2091

                === gcc Summary ===

# of expected passes            209187
# of unexpected failures        14
# of expected failures          494
# of unsupported tests          3958
/var/lib/jenkins/workspace/GCCupstream/objdir/gcc/xgcc  version 4.10.0 20140608 (experimental) (GCC)

                === gfortran tests ===


Running target unix//-m32
FAIL: gfortran.dg/wextra_1.f  -O   (test for warnings, line 4)

                === gfortran Summary for unix//-m32 ===

# of expected passes            45573
# of unexpected failures        1
# of expected failures          38
# of unsupported tests          219

Running target unix//-m64
FAIL: gfortran.dg/wextra_1.f  -O   (test for warnings, line 4)

                === gfortran Summary for unix//-m64 ===

# of expected passes            45862
# of unexpected failures        1
# of expected failures          38
# of unsupported tests          79

                === gfortran Summary ===

# of expected passes            91435
# of unexpected failures        2
# of expected failures          76
# of unsupported tests          298
/var/lib/jenkins/workspace/GCCupstream/objdir/gcc/testsuite/gfortran/../../gfortran  version 4.10.0 20140608 (experimental) (GCC)

                === g++ tests ===


Running target unix//-m32
FAIL: g++.dg/other/anon5.C -std=gnu++98 (test for excess errors)
FAIL: g++.dg/other/anon5.C -std=gnu++11 (test for excess errors)
FAIL: g++.dg/other/anon5.C -std=gnu++1y (test for excess errors)
FAIL: g++.dg/other/pr59492.C -std=gnu++98 (test for excess errors)
FAIL: g++.dg/other/pr59492.C -std=gnu++11 (test for excess errors)
FAIL: g++.dg/other/pr59492.C -std=gnu++1y (test for excess errors)

                === g++ Summary for unix//-m32 ===

# of expected passes            84846
# of unexpected failures        6
# of expected failures          440
# of unsupported tests          2810

Running target unix//-m64
FAIL: g++.dg/other/anon5.C -std=gnu++98 (test for excess errors)
FAIL: g++.dg/other/anon5.C -std=gnu++11 (test for excess errors)
FAIL: g++.dg/other/anon5.C -std=gnu++1y (test for excess errors)

                === g++ Summary for unix//-m64 ===

# of expected passes            86386
# of unexpected failures        3
# of expected failures          440
# of unsupported tests          3060

                === g++ Summary ===

# of expected passes            171232
# of unexpected failures        9
# of expected failures          880
# of unsupported tests          5870
/var/lib/jenkins/workspace/GCCupstream/objdir/gcc/testsuite/g++/../../xg++  version 4.10.0 20140608 (experimental) (GCC)

                === objc tests ===


Running target unix//-m32

                === objc Summary for unix//-m32 ===

# of expected passes            3004
# of expected failures          6
# of unsupported tests          74

Running target unix//-m64

                === objc Summary for unix//-m64 ===

# of expected passes            3004
# of expected failures          6
# of unsupported tests          74

                === objc Summary ===

# of expected passes            6008
# of expected failures          12
# of unsupported tests          148
/var/lib/jenkins/workspace/GCCupstream/objdir/gcc/xgcc  version 4.10.0 20140608 (experimental) (GCC)

                === boehm-gc tests ===


Running target unix//-m32

                === boehm-gc Summary for unix//-m32 ===

# of expected passes            12
# of unsupported tests          1

Running target unix//-m64

                === boehm-gc Summary for unix//-m64 ===

# of expected passes            12
# of unsupported tests          1

                === boehm-gc Summary ===

# of expected passes            24
# of unsupported tests          2
                === libatomic tests ===


Running target unix//-m32

                === libatomic Summary for unix//-m32 ===

# of expected passes            44
# of unsupported tests          5

Running target unix//-m64

                === libatomic Summary for unix//-m64 ===

# of expected passes            54

                === libatomic Summary ===

# of expected passes            98
# of unsupported tests          5
                === libffi tests ===


Running target unix//-m32

                === libffi Summary for unix//-m32 ===

# of expected passes            1819
# of unsupported tests          55

Running target unix//-m64

                === libffi Summary for unix//-m64 ===

# of expected passes            1819
# of unsupported tests          55

                === libffi Summary ===

# of expected passes            3638
# of unsupported tests          110
                === libgomp tests ===


Running target unix//-m32

                === libgomp Summary for unix//-m32 ===

# of expected passes            2767
# of unsupported tests          17

Running target unix//-m64

                === libgomp Summary for unix//-m64 ===

# of expected passes            2767
# of unsupported tests          17

                === libgomp Summary ===

# of expected passes            5534
# of unsupported tests          34
                === libitm tests ===


Running target unix//-m32

                === libitm Summary for unix//-m32 ===

# of expected passes            26
# of expected failures          3
# of unsupported tests          1

Running target unix//-m64

                === libitm Summary for unix//-m64 ===

# of expected passes            26
# of expected failures          3
# of unsupported tests          1

                === libitm Summary ===

# of expected passes            52
# of expected failures          6
# of unsupported tests          2
                === libjava tests ===


Running target unix//-m32

                === libjava Summary for unix//-m32 ===

# of expected passes            2582
# of expected failures          4

Running target unix//-m64

                === libjava Summary for unix//-m64 ===

# of expected passes            2582
# of expected failures          4

                === libjava Summary ===

# of expected passes            5164
# of expected failures          8
                === libstdc++ tests ===


Running target unix//-m32

                === libstdc++ Summary for unix//-m32 ===

# of expected passes            9364
# of expected failures          69
# of unsupported tests          533

Running target unix//-m64

                === libstdc++ Summary for unix//-m64 ===

# of expected passes            9356
# of expected failures          69
# of unsupported tests          537

                === libstdc++ Summary ===

# of expected passes            18720
# of expected failures          138
# of unsupported tests          1070

Compiler version: 4.10.0 20140608 (experimental) (GCC)
Platform: x86_64-unknown-linux-gnu
configure flags: --prefix=/var/lib/jenkins/workspace/GCCupstream/objdir/install


Index Nav: [Date Index] [Subject Index] [Author Index] [Thread Index]
Message Nav: [Date Prev] [Date Next] [Thread Prev] [Thread Next]