This is the mail archive of the gcc-testresults@gcc.gnu.org mailing list for the GCC project.


Index Nav: [Date Index] [Subject Index] [Author Index] [Thread Index]
Message Nav: [Date Prev] [Date Next] [Thread Prev] [Thread Next]
Other format: [Raw text]

Results for 4.10.0 20140606 (experimental) [trunk revision 211315] (GCC) testsuite on i386-pc-solaris2.11


LAST_UPDATED: Fri Jun  6 14:11:35 UTC 2014 (revision 211315)

		=== acats tests ===

		=== acats Summary ===
# of expected passes		2320
# of unexpected failures	0
Native configuration is i386-pc-solaris2.11

		=== g++ tests ===


Running target unix
FAIL: g++.dg/cilk-plus/CK/catch_exc.cc  -O1 -fcilkplus execution test
FAIL: g++.dg/cilk-plus/CK/catch_exc.cc  -O3 -fcilkplus execution test
FAIL: g++.dg/cilk-plus/CK/catch_exc.cc  -g -fcilkplus execution test
FAIL: g++.dg/cilk-plus/CK/catch_exc.cc  -g -O2 -fcilkplus execution test
FAIL: g++.dg/init/cleanup3.C -std=c++98  scan-assembler-not _tcf
FAIL: g++.dg/init/cleanup3.C -std=c++11  scan-assembler-not _tcf
FAIL: g++.dg/init/cleanup3.C -std=c++1y  scan-assembler-not _tcf
FAIL: g++.dg/tls/thread_local-order1.C -std=c++11 execution test
FAIL: g++.dg/tls/thread_local-order1.C -std=c++1y execution test
FAIL: g++.dg/tls/thread_local3g.C -std=gnu++11 execution test
FAIL: g++.dg/tls/thread_local3g.C -std=gnu++1y execution test
FAIL: g++.dg/tls/thread_local4g.C -std=gnu++11 execution test
FAIL: g++.dg/tls/thread_local4g.C -std=gnu++1y execution test
FAIL: g++.dg/tls/thread_local5g.C -std=gnu++11 execution test
FAIL: g++.dg/tls/thread_local5g.C -std=gnu++1y execution test
FAIL: g++.dg/tls/thread_local6g.C -std=c++11 execution test
FAIL: g++.dg/tls/thread_local6g.C -std=c++1y execution test
FAIL: g++.dg/torture/pr46367.C  -O1  (internal compiler error)
FAIL: g++.dg/torture/pr46367.C  -O1  (test for excess errors)
FAIL: g++.dg/torture/pr46367.C  -Os  (internal compiler error)
FAIL: g++.dg/torture/pr46367.C  -Os  (test for excess errors)
FAIL: g++.old-deja/g++.other/init5.C -std=c++98 execution test
FAIL: g++.old-deja/g++.other/init5.C -std=c++11 execution test
FAIL: g++.old-deja/g++.other/init5.C -std=c++1y execution test

		=== g++ Summary for unix ===

# of expected passes		80330
# of unexpected failures	24
# of expected failures		440
# of unsupported tests		2822

Running target unix/-m64
FAIL: c-c++-common/cilk-plus/CK/spawning_arg.c  -g execution test
FAIL: g++.dg/init/cleanup3.C -std=c++98  scan-assembler-not _tcf
FAIL: g++.dg/init/cleanup3.C -std=c++11  scan-assembler-not _tcf
FAIL: g++.dg/init/cleanup3.C -std=c++1y  scan-assembler-not _tcf
FAIL: g++.dg/tls/thread_local-order1.C -std=c++11 execution test
FAIL: g++.dg/tls/thread_local-order1.C -std=c++1y execution test
FAIL: g++.dg/tls/thread_local3g.C -std=gnu++11 execution test
FAIL: g++.dg/tls/thread_local3g.C -std=gnu++1y execution test
FAIL: g++.dg/tls/thread_local4g.C -std=gnu++11 execution test
FAIL: g++.dg/tls/thread_local4g.C -std=gnu++1y execution test
FAIL: g++.dg/tls/thread_local5g.C -std=gnu++11 execution test
FAIL: g++.dg/tls/thread_local5g.C -std=gnu++1y execution test
FAIL: g++.dg/tls/thread_local6g.C -std=c++11 execution test
FAIL: g++.dg/tls/thread_local6g.C -std=c++1y execution test
FAIL: g++.dg/torture/pr46367.C  -O1  (internal compiler error)
FAIL: g++.dg/torture/pr46367.C  -O1  (test for excess errors)
FAIL: g++.dg/torture/pr46367.C  -Os  (internal compiler error)
FAIL: g++.dg/torture/pr46367.C  -Os  (test for excess errors)
FAIL: g++.old-deja/g++.other/init5.C -std=c++98 execution test
FAIL: g++.old-deja/g++.other/init5.C -std=c++11 execution test
FAIL: g++.old-deja/g++.other/init5.C -std=c++1y execution test

		=== g++ Summary for unix/-m64 ===

# of expected passes		81632
# of unexpected failures	21
# of expected failures		440
# of unsupported tests		3104

		=== g++ Summary ===

# of expected passes		161962
# of unexpected failures	45
# of expected failures		880
# of unsupported tests		5926
/var/gcc/regression/trunk/11-gcc-gas-gld/build/gcc/testsuite/g++/../../xg++  version 4.10.0 20140606 (experimental) [trunk revision 211315] (GCC) 

		=== gcc tests ===


Running target unix
FAIL: gcc.dg/unroll_1.c  (test for warnings, line 14)
FAIL: gcc.dg/unroll_1.c  (test for warnings, line 24)
FAIL: gcc.target/i386/pr49095.c scan-assembler-not test[lq]

		=== gcc Summary for unix ===

# of expected passes		102110
# of unexpected failures	3
# of expected failures		251
# of unsupported tests		1283

Running target unix/-m64
FAIL: gcc.dg/unroll_1.c  (test for warnings, line 14)
FAIL: gcc.dg/unroll_1.c  (test for warnings, line 24)
FAIL: gcc.misc-tests/linkage.c link
FAIL: gcc.target/i386/fuse-caller-save.c scan-assembler-not .cfi_def_cfa_offset
FAIL: gcc.target/i386/fuse-caller-save.c scan-assembler-not .cfi_offset

		=== gcc Summary for unix/-m64 ===

# of expected passes		102752
# of unexpected failures	5
# of expected failures		253
# of unsupported tests		1525

		=== gcc Summary ===

# of expected passes		204862
# of unexpected failures	8
# of expected failures		504
# of unsupported tests		2808
/var/gcc/regression/trunk/11-gcc-gas-gld/build/gcc/xgcc  version 4.10.0 20140606 (experimental) [trunk revision 211315] (GCC) 

		=== gfortran tests ===


Running target unix
FAIL: gfortran.dg/wextra_1.f  -O   (test for warnings, line 4)

		=== gfortran Summary for unix ===

# of expected passes		45634
# of unexpected failures	1
# of expected failures		52
# of unsupported tests		230

Running target unix/-m64
FAIL: gfortran.dg/wextra_1.f  -O   (test for warnings, line 4)

		=== gfortran Summary for unix/-m64 ===

# of expected passes		45937
# of unexpected failures	1
# of expected failures		52
# of unsupported tests		84

		=== gfortran Summary ===

# of expected passes		91571
# of unexpected failures	2
# of expected failures		104
# of unsupported tests		314
/var/gcc/regression/trunk/11-gcc-gas-gld/build/gcc/testsuite/gfortran/../../gfortran  version 4.10.0 20140606 (experimental) [trunk revision 211315] (GCC) 

		=== gnat tests ===


Running target unix

		=== gnat Summary for unix ===

# of expected passes		1242
# of expected failures		18
# of unsupported tests		6

Running target unix/-m64
FAIL: gnat.dg/aliasing3.adb execution test

		=== gnat Summary for unix/-m64 ===

# of expected passes		1241
# of unexpected failures	1
# of expected failures		18
# of unsupported tests		6

		=== gnat Summary ===

# of expected passes		2483
# of unexpected failures	1
# of expected failures		36
# of unsupported tests		12
/var/gcc/regression/trunk/11-gcc-gas-gld/build/gcc/gnatmake version 4.10.0 20140606 (experimental) [trunk revision 211315]

		=== go tests ===


Running target unix

		=== go Summary for unix ===

# of expected passes		7371
# of expected failures		1
# of untested testcases		9
# of unsupported tests		2

Running target unix/-m64
FAIL: go.go-torture/execute/array-2.go execution,  -O2 -fomit-frame-pointer -finline-functions 
FAIL: go.go-torture/execute/array-2.go execution,  -O2 -fomit-frame-pointer -finline-functions -funroll-loops 
FAIL: go.go-torture/execute/method-1.go execution,  -O2 -fomit-frame-pointer -finline-functions 
FAIL: go.go-torture/execute/method-1.go execution,  -O2 -fomit-frame-pointer -finline-functions -funroll-loops 
FAIL: go.go-torture/execute/pointer-1.go execution,  -O2 -fomit-frame-pointer -finline-functions 
FAIL: go.go-torture/execute/pointer-1.go execution,  -O2 -fomit-frame-pointer -finline-functions -funroll-loops 
FAIL: go.go-torture/execute/string-2.go execution,  -O2 -fomit-frame-pointer -finline-functions 
FAIL: go.go-torture/execute/string-2.go execution,  -O2 -fomit-frame-pointer -finline-functions -funroll-loops 
FAIL: go.test/test/chan/nonblock.go execution,  -O2 -g 
FAIL: go.test/test/chan/select3.go execution,  -O2 -g 
FAIL: go.test/test/fixedbugs/bug147.go execution,  -O2 -g 
FAIL: go.test/test/fixedbugs/issue4348.go  -O  (test for excess errors)
FAIL: go.test/test/fixedbugs/issue6036.go  -O  (internal compiler error)
FAIL: go.test/test/fixedbugs/issue6036.go  -O  (test for excess errors)
FAIL: go.test/test/goprint.go execution
FAIL: go.test/test/nil.go execution,  -O2 -g 

		=== go Summary for unix/-m64 ===

# of expected passes		7236
# of unexpected failures	16
# of expected failures		1
# of untested testcases		10
# of unsupported tests		1

		=== go Summary ===

# of expected passes		14607
# of unexpected failures	16
# of expected failures		2
# of untested testcases		19
# of unsupported tests		3
/var/gcc/regression/trunk/11-gcc-gas-gld/build/gcc/testsuite/go/../../gccgo  version 4.10.0 20140606 (experimental) [trunk revision 211315] (GCC) 

		=== obj-c++ tests ===


Running target unix

		=== obj-c++ Summary for unix ===

# of expected passes		1447
# of expected failures		2
# of unsupported tests		86

Running target unix/-m64

		=== obj-c++ Summary for unix/-m64 ===

# of expected passes		1439
# of expected failures		10
# of unsupported tests		86

		=== obj-c++ Summary ===

# of expected passes		2886
# of expected failures		12
# of unsupported tests		172
/var/gcc/regression/trunk/11-gcc-gas-gld/build/gcc/testsuite/obj-c++/../../xg++  version 4.10.0 20140606 (experimental) [trunk revision 211315] (GCC) 

		=== objc tests ===


Running target unix

		=== objc Summary for unix ===

# of expected passes		3004
# of expected failures		6
# of unsupported tests		74

Running target unix/-m64

		=== objc Summary for unix/-m64 ===

# of expected passes		3004
# of expected failures		6
# of unsupported tests		74

		=== objc Summary ===

# of expected passes		6008
# of expected failures		12
# of unsupported tests		148
/var/gcc/regression/trunk/11-gcc-gas-gld/build/gcc/xgcc  version 4.10.0 20140606 (experimental) [trunk revision 211315] (GCC) 

		=== boehm-gc tests ===


Running target unix

		=== boehm-gc Summary for unix ===

# of expected passes		12
# of unsupported tests		1

Running target unix/-m64

		=== boehm-gc Summary for unix/-m64 ===

# of expected passes		12
# of unsupported tests		1

		=== boehm-gc Summary ===

# of expected passes		24
# of unsupported tests		2
		=== libatomic tests ===


Running target unix

		=== libatomic Summary for unix ===

# of expected passes		44
# of unsupported tests		5

Running target unix/-m64

		=== libatomic Summary for unix/-m64 ===

# of expected passes		54

		=== libatomic Summary ===

# of expected passes		98
# of unsupported tests		5
		=== libffi tests ===


Running target unix

		=== libffi Summary for unix ===

# of expected passes		1819
# of unsupported tests		55

Running target unix/-m64

		=== libffi Summary for unix/-m64 ===

# of expected passes		1819
# of unsupported tests		55

		=== libffi Summary ===

# of expected passes		3638
# of unsupported tests		110
		=== libgo tests ===


Running target unix
FAIL: net
FAIL: runtime
FAIL: crypto/x509
FAIL: log/syslog
FAIL: net/http

		=== libgo Summary for unix ===

# of expected passes		117
# of unexpected failures	5

Running target unix/-m64
FAIL: net
FAIL: time
FAIL: crypto/tls
FAIL: crypto/x509
FAIL: go/scanner
FAIL: hash/adler32
FAIL: math/big
FAIL: net/http
FAIL: net/rpc
FAIL: net/rpc/jsonrpc
FAIL: os/exec
FAIL: os/signal
FAIL: runtime/pprof

		=== libgo Summary for unix/-m64 ===

# of expected passes		109
# of unexpected failures	13

		=== libgo Summary ===

# of expected passes		226
# of unexpected failures	18
/var/gcc/regression/trunk/11-gcc-gas-gld/build/./gcc/gccgo version 4.10.0 20140606 (experimental) [trunk revision 211315] (GCC)

		=== libgomp tests ===


Running target unix

		=== libgomp Summary for unix ===

# of expected passes		2810
# of unsupported tests		20

Running target unix/-m64

		=== libgomp Summary for unix/-m64 ===

# of expected passes		2810
# of unsupported tests		20

		=== libgomp Summary ===

# of expected passes		5620
# of unsupported tests		40
		=== libitm tests ===


Running target unix

		=== libitm Summary for unix ===

# of expected passes		26
# of expected failures		3
# of unsupported tests		1

Running target unix/-m64

		=== libitm Summary for unix/-m64 ===

# of expected passes		26
# of expected failures		3
# of unsupported tests		1

		=== libitm Summary ===

# of expected passes		52
# of expected failures		6
# of unsupported tests		2
		=== libjava tests ===


Running target unix

		=== libjava Summary for unix ===

# of expected passes		2582
# of expected failures		4

Running target unix/-m64

		=== libjava Summary for unix/-m64 ===

# of expected passes		2582
# of expected failures		4

		=== libjava Summary ===

# of expected passes		5164
# of expected failures		8
		=== libstdc++ tests ===


Running target unix
FAIL: libstdc++-abi/abi_check
FAIL: ext/random/hypergeometric_distribution/operators/values.cc execution test

		=== libstdc++ Summary for unix ===

# of expected passes		9041
# of unexpected failures	2
# of expected failures		69
# of unsupported tests		593

Running target unix/-m64
FAIL: libstdc++-abi/abi_check
FAIL: ext/random/hypergeometric_distribution/operators/values.cc execution test

		=== libstdc++ Summary for unix/-m64 ===

# of expected passes		9041
# of unexpected failures	2
# of expected failures		69
# of unsupported tests		593

		=== libstdc++ Summary ===

# of expected passes		18082
# of unexpected failures	4
# of expected failures		138
# of unsupported tests		1186

Compiler version: 4.10.0 20140606 (experimental) [trunk revision 211315] (GCC) 
Platform: i386-pc-solaris2.11
configure flags: --prefix=/vol/gcc --target=i386-pc-solaris2.11 --enable-objc-gc --enable-libmudflap --with-as=/vol/gcc/bin/gas-2.24 --with-gnu-as --with-ld=/vol/gcc/bin/gld-2.24 --with-gnu-ld --with-gmp-include=/vol/gcc/include --with-gmp-lib=/vol/gcc/lib --with-mpfr-include=/vol/gcc/include --with-mpfr-lib=/vol/gcc/lib --with-mpc-include=/vol/gcc/include --with-mpc-lib=/vol/gcc/lib --enable-languages=all,ada,obj-c++,go --with-isl-include=/vol/gcc/include --with-isl-lib=/vol/gcc/lib --with-cloog-include=/vol/gcc/include --with-cloog-lib=/vol/gcc/lib --enable-cloog-backend=isl
BOOT_CFLAGS=-g -O2


Index Nav: [Date Index] [Subject Index] [Author Index] [Thread Index]
Message Nav: [Date Prev] [Date Next] [Thread Prev] [Thread Next]