This is the mail archive of the gcc-testresults@gcc.gnu.org mailing list for the GCC project.


Index Nav: [Date Index] [Subject Index] [Author Index] [Thread Index]
Message Nav: [Date Prev] [Date Next] [Thread Prev] [Thread Next]
Other format: [Raw text]

Results for 4.10.0 20140516 (experimental) (GCC) (build config: ubsan; languages: fortran; fortran-dev revision 211328) testsuite on x86_64-unknown-linux-gnu


LAST_UPDATED: Fri Jun  6 22:45:14 UTC 2014 (revision 211328)

Native configuration is x86_64-unknown-linux-gnu

		=== gcc tests ===


Running target unix
FAIL: gcc.c-torture/compile/pr42025-2.c  -O0  (test for excess errors)
FAIL: gcc.c-torture/compile/pr42025-2.c  -O1  (test for excess errors)
FAIL: gcc.c-torture/compile/pr42025-2.c  -O2  (test for excess errors)
FAIL: gcc.c-torture/compile/pr42025-2.c  -O3 -fomit-frame-pointer  (test for excess errors)
FAIL: gcc.c-torture/compile/pr42025-2.c  -O3 -g  (test for excess errors)
FAIL: gcc.c-torture/compile/pr42025-2.c  -Os  (test for excess errors)
FAIL: gcc.c-torture/compile/pr42025-2.c  -O2 -flto -fno-use-linker-plugin -flto-partition=none  (test for excess errors)
FAIL: gcc.c-torture/compile/pr42025-2.c  -O2 -flto -fuse-linker-plugin -fno-fat-lto-objects  (test for excess errors)
FAIL: gcc.c-torture/compile/pr42049.c  -O3 -fomit-frame-pointer -funroll-loops  (test for excess errors)
FAIL: gcc.c-torture/compile/pr42049.c  -O3 -fomit-frame-pointer -funroll-all-loops -finline-functions  (test for excess errors)
FAIL: gcc.c-torture/compile/pr55569.c  -O1  (test for excess errors)
FAIL: gcc.c-torture/compile/pr55569.c  -Os  (test for excess errors)
FAIL: gcc.c-torture/execute/20010129-1.c compilation,  -O3 -fomit-frame-pointer -funroll-loops 
UNRESOLVED: gcc.c-torture/execute/20010129-1.c execution,  -O3 -fomit-frame-pointer -funroll-loops 
FAIL: gcc.c-torture/execute/20010129-1.c compilation,  -O3 -fomit-frame-pointer -funroll-all-loops -finline-functions 
UNRESOLVED: gcc.c-torture/execute/20010129-1.c execution,  -O3 -fomit-frame-pointer -funroll-all-loops -finline-functions 
FAIL: gcc.c-torture/execute/20020508-1.c compilation,  -O2 -flto -fno-use-linker-plugin -flto-partition=none 
UNRESOLVED: gcc.c-torture/execute/20020508-1.c execution,  -O2 -flto -fno-use-linker-plugin -flto-partition=none 
FAIL: gcc.c-torture/execute/20020508-1.c compilation,  -O2 -flto -fuse-linker-plugin -fno-fat-lto-objects 
UNRESOLVED: gcc.c-torture/execute/20020508-1.c execution,  -O2 -flto -fuse-linker-plugin -fno-fat-lto-objects 
FAIL: gcc.c-torture/execute/20020508-3.c compilation,  -O2 -flto -fno-use-linker-plugin -flto-partition=none 
UNRESOLVED: gcc.c-torture/execute/20020508-3.c execution,  -O2 -flto -fno-use-linker-plugin -flto-partition=none 
FAIL: gcc.c-torture/execute/20020508-3.c compilation,  -O2 -flto -fuse-linker-plugin -fno-fat-lto-objects 
UNRESOLVED: gcc.c-torture/execute/20020508-3.c execution,  -O2 -flto -fuse-linker-plugin -fno-fat-lto-objects 
FAIL: gcc.c-torture/execute/20100416-1.c compilation,  -O2 -flto -fno-use-linker-plugin -flto-partition=none 
UNRESOLVED: gcc.c-torture/execute/20100416-1.c execution,  -O2 -flto -fno-use-linker-plugin -flto-partition=none 
FAIL: gcc.c-torture/execute/20100416-1.c compilation,  -O2 -flto -fuse-linker-plugin -fno-fat-lto-objects 
UNRESOLVED: gcc.c-torture/execute/20100416-1.c execution,  -O2 -flto -fuse-linker-plugin -fno-fat-lto-objects 
FAIL: gcc.c-torture/execute/941015-1.c compilation,  -O2 -flto -fno-use-linker-plugin -flto-partition=none 
UNRESOLVED: gcc.c-torture/execute/941015-1.c execution,  -O2 -flto -fno-use-linker-plugin -flto-partition=none 
FAIL: gcc.c-torture/execute/941015-1.c compilation,  -O2 -flto -fuse-linker-plugin -fno-fat-lto-objects 
UNRESOLVED: gcc.c-torture/execute/941015-1.c execution,  -O2 -flto -fuse-linker-plugin -fno-fat-lto-objects 
FAIL: gcc.c-torture/execute/991118-1.c compilation,  -O2 -flto -fno-use-linker-plugin -flto-partition=none 
UNRESOLVED: gcc.c-torture/execute/991118-1.c execution,  -O2 -flto -fno-use-linker-plugin -flto-partition=none 
FAIL: gcc.c-torture/execute/991118-1.c compilation,  -O2 -flto -fuse-linker-plugin -fno-fat-lto-objects 
UNRESOLVED: gcc.c-torture/execute/991118-1.c execution,  -O2 -flto -fuse-linker-plugin -fno-fat-lto-objects 
FAIL: gcc.c-torture/execute/ashldi-1.c compilation,  -O2 -flto -fno-use-linker-plugin -flto-partition=none 
UNRESOLVED: gcc.c-torture/execute/ashldi-1.c execution,  -O2 -flto -fno-use-linker-plugin -flto-partition=none 
FAIL: gcc.c-torture/execute/ashldi-1.c compilation,  -O2 -flto -fuse-linker-plugin -fno-fat-lto-objects 
UNRESOLVED: gcc.c-torture/execute/ashldi-1.c execution,  -O2 -flto -fuse-linker-plugin -fno-fat-lto-objects 
FAIL: gcc.c-torture/execute/ashrdi-1.c compilation,  -O2 -flto -fno-use-linker-plugin -flto-partition=none 
UNRESOLVED: gcc.c-torture/execute/ashrdi-1.c execution,  -O2 -flto -fno-use-linker-plugin -flto-partition=none 
FAIL: gcc.c-torture/execute/ashrdi-1.c compilation,  -O2 -flto -fuse-linker-plugin -fno-fat-lto-objects 
UNRESOLVED: gcc.c-torture/execute/ashrdi-1.c execution,  -O2 -flto -fuse-linker-plugin -fno-fat-lto-objects 
FAIL: gcc.c-torture/execute/builtin-bitops-1.c compilation,  -O2 -flto -fno-use-linker-plugin -flto-partition=none 
UNRESOLVED: gcc.c-torture/execute/builtin-bitops-1.c execution,  -O2 -flto -fno-use-linker-plugin -flto-partition=none 
FAIL: gcc.c-torture/execute/builtin-bitops-1.c compilation,  -O2 -flto -fuse-linker-plugin -fno-fat-lto-objects 
UNRESOLVED: gcc.c-torture/execute/builtin-bitops-1.c execution,  -O2 -flto -fuse-linker-plugin -fno-fat-lto-objects 
FAIL: gcc.c-torture/execute/loop-2e.c compilation,  -O2 
UNRESOLVED: gcc.c-torture/execute/loop-2e.c execution,  -O2 
FAIL: gcc.c-torture/execute/loop-2e.c compilation,  -O2 -flto -fno-use-linker-plugin -flto-partition=none 
UNRESOLVED: gcc.c-torture/execute/loop-2e.c execution,  -O2 -flto -fno-use-linker-plugin -flto-partition=none 
FAIL: gcc.c-torture/execute/loop-2e.c compilation,  -O2 -flto -fuse-linker-plugin -fno-fat-lto-objects 
UNRESOLVED: gcc.c-torture/execute/loop-2e.c execution,  -O2 -flto -fuse-linker-plugin -fno-fat-lto-objects 
FAIL: gcc.c-torture/execute/pr40386.c compilation,  -O2 -flto -fno-use-linker-plugin -flto-partition=none 
UNRESOLVED: gcc.c-torture/execute/pr40386.c execution,  -O2 -flto -fno-use-linker-plugin -flto-partition=none 
FAIL: gcc.c-torture/execute/pr40386.c compilation,  -O2 -flto -fuse-linker-plugin -fno-fat-lto-objects 
UNRESOLVED: gcc.c-torture/execute/pr40386.c execution,  -O2 -flto -fuse-linker-plugin -fno-fat-lto-objects 
FAIL: gcc.c-torture/execute/pr56866.c compilation,  -O2 -flto -fno-use-linker-plugin -flto-partition=none 
UNRESOLVED: gcc.c-torture/execute/pr56866.c execution,  -O2 -flto -fno-use-linker-plugin -flto-partition=none 
FAIL: gcc.c-torture/execute/pr56866.c compilation,  -O2 -flto -fuse-linker-plugin -fno-fat-lto-objects 
UNRESOLVED: gcc.c-torture/execute/pr56866.c execution,  -O2 -flto -fuse-linker-plugin -fno-fat-lto-objects 
FAIL: gcc.c-torture/unsorted/dump-noaddr.c,  -O0   -dumpbase dump1/dump-noaddr.c -DMASK=1 -x c --param ggc-min-heapsize=1 -fdump-ipa-all -fdump-rtl-all -fdump-tree-all -fdump-noaddr
FAIL: gcc.c-torture/unsorted/dump-noaddr.c,  -O0   -dumpbase dump2/dump-noaddr.c -DMASK=2 -x c -fdump-ipa-all -fdump-rtl-all -fdump-tree-all -fdump-noaddr
FAIL: gcc.c-torture/unsorted/dump-noaddr.c,  -O1   -dumpbase dump1/dump-noaddr.c -DMASK=1 -x c --param ggc-min-heapsize=1 -fdump-ipa-all -fdump-rtl-all -fdump-tree-all -fdump-noaddr
FAIL: gcc.c-torture/unsorted/dump-noaddr.c,  -O1   -dumpbase dump2/dump-noaddr.c -DMASK=2 -x c -fdump-ipa-all -fdump-rtl-all -fdump-tree-all -fdump-noaddr
FAIL: gcc.c-torture/unsorted/dump-noaddr.c,  -O2   -dumpbase dump1/dump-noaddr.c -DMASK=1 -x c --param ggc-min-heapsize=1 -fdump-ipa-all -fdump-rtl-all -fdump-tree-all -fdump-noaddr
FAIL: gcc.c-torture/unsorted/dump-noaddr.c,  -O2   -dumpbase dump2/dump-noaddr.c -DMASK=2 -x c -fdump-ipa-all -fdump-rtl-all -fdump-tree-all -fdump-noaddr
FAIL: gcc.c-torture/unsorted/dump-noaddr.c,  -O3 -fomit-frame-pointer   -dumpbase dump1/dump-noaddr.c -DMASK=1 -x c --param ggc-min-heapsize=1 -fdump-ipa-all -fdump-rtl-all -fdump-tree-all -fdump-noaddr
FAIL: gcc.c-torture/unsorted/dump-noaddr.c,  -O3 -fomit-frame-pointer   -dumpbase dump2/dump-noaddr.c -DMASK=2 -x c -fdump-ipa-all -fdump-rtl-all -fdump-tree-all -fdump-noaddr
FAIL: gcc.c-torture/unsorted/dump-noaddr.c,  -O3 -fomit-frame-pointer -funroll-loops   -dumpbase dump1/dump-noaddr.c -DMASK=1 -x c --param ggc-min-heapsize=1 -fdump-ipa-all -fdump-rtl-all -fdump-tree-all -fdump-noaddr
FAIL: gcc.c-torture/unsorted/dump-noaddr.c,  -O3 -fomit-frame-pointer -funroll-loops   -dumpbase dump2/dump-noaddr.c -DMASK=2 -x c -fdump-ipa-all -fdump-rtl-all -fdump-tree-all -fdump-noaddr
FAIL: gcc.c-torture/unsorted/dump-noaddr.c,  -O3 -fomit-frame-pointer -funroll-all-loops -finline-functions   -dumpbase dump1/dump-noaddr.c -DMASK=1 -x c --param ggc-min-heapsize=1 -fdump-ipa-all -fdump-rtl-all -fdump-tree-all -fdump-noaddr
FAIL: gcc.c-torture/unsorted/dump-noaddr.c,  -O3 -fomit-frame-pointer -funroll-all-loops -finline-functions   -dumpbase dump2/dump-noaddr.c -DMASK=2 -x c -fdump-ipa-all -fdump-rtl-all -fdump-tree-all -fdump-noaddr
FAIL: gcc.c-torture/unsorted/dump-noaddr.c,  -O3 -g   -dumpbase dump1/dump-noaddr.c -DMASK=1 -x c --param ggc-min-heapsize=1 -fdump-ipa-all -fdump-rtl-all -fdump-tree-all -fdump-noaddr
FAIL: gcc.c-torture/unsorted/dump-noaddr.c,  -O3 -g   -dumpbase dump2/dump-noaddr.c -DMASK=2 -x c -fdump-ipa-all -fdump-rtl-all -fdump-tree-all -fdump-noaddr
FAIL: gcc.c-torture/unsorted/dump-noaddr.c,  -Os   -dumpbase dump1/dump-noaddr.c -DMASK=1 -x c --param ggc-min-heapsize=1 -fdump-ipa-all -fdump-rtl-all -fdump-tree-all -fdump-noaddr
FAIL: gcc.c-torture/unsorted/dump-noaddr.c,  -Os   -dumpbase dump2/dump-noaddr.c -DMASK=2 -x c -fdump-ipa-all -fdump-rtl-all -fdump-tree-all -fdump-noaddr
FAIL: gcc.c-torture/unsorted/dump-noaddr.c,  -Og -g   -dumpbase dump1/dump-noaddr.c -DMASK=1 -x c --param ggc-min-heapsize=1 -fdump-ipa-all -fdump-rtl-all -fdump-tree-all -fdump-noaddr
FAIL: gcc.c-torture/unsorted/dump-noaddr.c,  -Og -g   -dumpbase dump2/dump-noaddr.c -DMASK=2 -x c -fdump-ipa-all -fdump-rtl-all -fdump-tree-all -fdump-noaddr
FAIL: gcc.c-torture/unsorted/dump-noaddr.c,  -O2 -flto -fno-use-linker-plugin -flto-partition=none   -dumpbase dump1/dump-noaddr.c -DMASK=1 -x c --param ggc-min-heapsize=1 -fdump-ipa-all -fdump-rtl-all -fdump-tree-all -fdump-noaddr
FAIL: gcc.c-torture/unsorted/dump-noaddr.c,  -O2 -flto -fno-use-linker-plugin -flto-partition=none   -dumpbase dump2/dump-noaddr.c -DMASK=2 -x c -fdump-ipa-all -fdump-rtl-all -fdump-tree-all -fdump-noaddr
FAIL: gcc.c-torture/unsorted/dump-noaddr.c,  -O2 -flto -fuse-linker-plugin -fno-fat-lto-objects   -dumpbase dump1/dump-noaddr.c -DMASK=1 -x c --param ggc-min-heapsize=1 -fdump-ipa-all -fdump-rtl-all -fdump-tree-all -fdump-noaddr
FAIL: gcc.c-torture/unsorted/dump-noaddr.c,  -O2 -flto -fuse-linker-plugin -fno-fat-lto-objects   -dumpbase dump2/dump-noaddr.c -DMASK=2 -x c -fdump-ipa-all -fdump-rtl-all -fdump-tree-all -fdump-noaddr
FAIL: c-c++-common/asan/asan-interface-1.c  -O0  (test for excess errors)
UNRESOLVED: c-c++-common/asan/asan-interface-1.c  -O0  compilation failed to produce executable
FAIL: c-c++-common/asan/asan-interface-1.c  -O1  (test for excess errors)
UNRESOLVED: c-c++-common/asan/asan-interface-1.c  -O1  compilation failed to produce executable
FAIL: c-c++-common/asan/asan-interface-1.c  -O2  (test for excess errors)
UNRESOLVED: c-c++-common/asan/asan-interface-1.c  -O2  compilation failed to produce executable
FAIL: c-c++-common/asan/asan-interface-1.c  -O3 -fomit-frame-pointer  (test for excess errors)
UNRESOLVED: c-c++-common/asan/asan-interface-1.c  -O3 -fomit-frame-pointer  compilation failed to produce executable
FAIL: c-c++-common/asan/asan-interface-1.c  -O3 -g  (test for excess errors)
UNRESOLVED: c-c++-common/asan/asan-interface-1.c  -O3 -g  compilation failed to produce executable
FAIL: c-c++-common/asan/asan-interface-1.c  -Os  (test for excess errors)
UNRESOLVED: c-c++-common/asan/asan-interface-1.c  -Os  compilation failed to produce executable
FAIL: c-c++-common/asan/asan-interface-1.c  -O2 -flto -fno-use-linker-plugin -flto-partition=none  (test for excess errors)
UNRESOLVED: c-c++-common/asan/asan-interface-1.c  -O2 -flto -fno-use-linker-plugin -flto-partition=none  compilation failed to produce executable
FAIL: c-c++-common/asan/asan-interface-1.c  -O2 -flto -fuse-linker-plugin -fno-fat-lto-objects  (test for excess errors)
UNRESOLVED: c-c++-common/asan/asan-interface-1.c  -O2 -flto -fuse-linker-plugin -fno-fat-lto-objects  compilation failed to produce executable
FAIL: gcc.dg/atomic/c11-atomic-exec-4.c  -O2 -flto -fno-use-linker-plugin -flto-partition=none  (test for excess errors)
FAIL: gcc.dg/atomic/c11-atomic-exec-4.c  -O2 -flto -fuse-linker-plugin -fno-fat-lto-objects  (test for excess errors)
FAIL: tmpdir-gcc.dg-struct-layout-1/t003 c_compat_x_tst.o compile
FAIL: tmpdir-gcc.dg-struct-layout-1/t003 c_compat_y_tst.o compile
FAIL: tmpdir-gcc.dg-struct-layout-1/t004 c_compat_x_tst.o compile
FAIL: tmpdir-gcc.dg-struct-layout-1/t004 c_compat_y_tst.o compile
FAIL: tmpdir-gcc.dg-struct-layout-1/t006 c_compat_x_tst.o compile
FAIL: tmpdir-gcc.dg-struct-layout-1/t006 c_compat_y_tst.o compile
FAIL: tmpdir-gcc.dg-struct-layout-1/t007 c_compat_x_tst.o compile
FAIL: tmpdir-gcc.dg-struct-layout-1/t007 c_compat_y_tst.o compile
FAIL: tmpdir-gcc.dg-struct-layout-1/t009 c_compat_x_tst.o compile
FAIL: tmpdir-gcc.dg-struct-layout-1/t009 c_compat_y_tst.o compile
FAIL: tmpdir-gcc.dg-struct-layout-1/t010 c_compat_x_tst.o compile
FAIL: tmpdir-gcc.dg-struct-layout-1/t010 c_compat_y_tst.o compile
FAIL: tmpdir-gcc.dg-struct-layout-1/t011 c_compat_x_tst.o compile
FAIL: tmpdir-gcc.dg-struct-layout-1/t011 c_compat_y_tst.o compile
FAIL: tmpdir-gcc.dg-struct-layout-1/t012 c_compat_x_tst.o compile
FAIL: tmpdir-gcc.dg-struct-layout-1/t012 c_compat_y_tst.o compile
FAIL: tmpdir-gcc.dg-struct-layout-1/t013 c_compat_x_tst.o compile
FAIL: tmpdir-gcc.dg-struct-layout-1/t013 c_compat_y_tst.o compile
FAIL: tmpdir-gcc.dg-struct-layout-1/t014 c_compat_x_tst.o compile
FAIL: tmpdir-gcc.dg-struct-layout-1/t014 c_compat_y_tst.o compile
FAIL: tmpdir-gcc.dg-struct-layout-1/t015 c_compat_x_tst.o compile
FAIL: tmpdir-gcc.dg-struct-layout-1/t015 c_compat_y_tst.o compile
FAIL: tmpdir-gcc.dg-struct-layout-1/t016 c_compat_x_tst.o compile
FAIL: tmpdir-gcc.dg-struct-layout-1/t016 c_compat_y_tst.o compile
FAIL: tmpdir-gcc.dg-struct-layout-1/t017 c_compat_x_tst.o compile
FAIL: tmpdir-gcc.dg-struct-layout-1/t017 c_compat_y_tst.o compile
FAIL: tmpdir-gcc.dg-struct-layout-1/t018 c_compat_x_tst.o compile
FAIL: tmpdir-gcc.dg-struct-layout-1/t018 c_compat_y_tst.o compile
FAIL: tmpdir-gcc.dg-struct-layout-1/t019 c_compat_x_tst.o compile
FAIL: tmpdir-gcc.dg-struct-layout-1/t019 c_compat_y_tst.o compile
FAIL: tmpdir-gcc.dg-struct-layout-1/t021 c_compat_x_tst.o compile
FAIL: tmpdir-gcc.dg-struct-layout-1/t021 c_compat_y_tst.o compile
FAIL: tmpdir-gcc.dg-struct-layout-1/t023 c_compat_x_tst.o compile
FAIL: tmpdir-gcc.dg-struct-layout-1/t023 c_compat_y_tst.o compile
FAIL: tmpdir-gcc.dg-struct-layout-1/t024 c_compat_x_tst.o compile
FAIL: tmpdir-gcc.dg-struct-layout-1/t024 c_compat_y_tst.o compile
FAIL: tmpdir-gcc.dg-struct-layout-1/t025 c_compat_x_tst.o compile
FAIL: tmpdir-gcc.dg-struct-layout-1/t025 c_compat_y_tst.o compile
FAIL: tmpdir-gcc.dg-struct-layout-1/t026 c_compat_x_tst.o compile
FAIL: tmpdir-gcc.dg-struct-layout-1/t026 c_compat_y_tst.o compile
FAIL: tmpdir-gcc.dg-struct-layout-1/t027 c_compat_x_tst.o compile
FAIL: tmpdir-gcc.dg-struct-layout-1/t027 c_compat_y_tst.o compile
FAIL: tmpdir-gcc.dg-struct-layout-1/t028 c_compat_x_tst.o compile
FAIL: tmpdir-gcc.dg-struct-layout-1/t028 c_compat_y_tst.o compile
FAIL: gcc.dg/graphite/pr59817-2.c (test for excess errors)
FAIL: gcc.dg/graphite/pr60785.c (test for excess errors)
FAIL: gcc.dg/guality/csttest.c  -O2 -flto -fno-use-linker-plugin -flto-partition=none  (test for excess errors)
FAIL: gcc.dg/guality/csttest.c  -O2 -flto -fuse-linker-plugin -fno-fat-lto-objects  (test for excess errors)
XPASS: gcc.dg/guality/example.c  -O0  execution test
XPASS: gcc.dg/guality/example.c  -O1  execution test
XPASS: gcc.dg/guality/example.c  -O2  execution test
XPASS: gcc.dg/guality/example.c  -O2 -flto -fno-use-linker-plugin -flto-partition=none  execution test
XPASS: gcc.dg/guality/guality.c  -O0  execution test
XPASS: gcc.dg/guality/guality.c  -O1  execution test
XPASS: gcc.dg/guality/guality.c  -O2  execution test
XPASS: gcc.dg/guality/guality.c  -O3 -fomit-frame-pointer  execution test
XPASS: gcc.dg/guality/guality.c  -O3 -g  execution test
XPASS: gcc.dg/guality/guality.c  -Os  execution test
XPASS: gcc.dg/guality/guality.c  -O2 -flto -fno-use-linker-plugin -flto-partition=none  execution test
XPASS: gcc.dg/guality/guality.c  -O2 -flto -fuse-linker-plugin -fno-fat-lto-objects  execution test
XPASS: gcc.dg/guality/inline-params.c  -O2  execution test
XPASS: gcc.dg/guality/inline-params.c  -O3 -fomit-frame-pointer  execution test
XPASS: gcc.dg/guality/inline-params.c  -O3 -g  execution test
XPASS: gcc.dg/guality/inline-params.c  -Os  execution test
XPASS: gcc.dg/guality/inline-params.c  -O2 -flto -fno-use-linker-plugin -flto-partition=none  execution test
XPASS: gcc.dg/guality/pr41353-1.c  -O0  line 28 j == 28 + 37
XPASS: gcc.dg/guality/pr41447-1.c  -O0  execution test
XPASS: gcc.dg/guality/pr41447-1.c  -O1  execution test
XPASS: gcc.dg/guality/pr41447-1.c  -O2  execution test
XPASS: gcc.dg/guality/pr41447-1.c  -O3 -fomit-frame-pointer  execution test
XPASS: gcc.dg/guality/pr41447-1.c  -O3 -g  execution test
XPASS: gcc.dg/guality/pr41447-1.c  -Os  execution test
XPASS: gcc.dg/guality/pr41447-1.c  -O2 -flto -fno-use-linker-plugin -flto-partition=none  execution test
XPASS: gcc.dg/guality/pr41447-1.c  -O2 -flto -fuse-linker-plugin -fno-fat-lto-objects  execution test
XPASS: gcc.dg/guality/pr41616-1.c  -O0  execution test
XPASS: gcc.dg/guality/pr41616-1.c  -O1  execution test
XPASS: gcc.dg/guality/pr41616-1.c  -O2  execution test
XPASS: gcc.dg/guality/pr41616-1.c  -O3 -fomit-frame-pointer  execution test
XPASS: gcc.dg/guality/pr41616-1.c  -O3 -g  execution test
XPASS: gcc.dg/guality/pr41616-1.c  -Os  execution test
XPASS: gcc.dg/guality/pr41616-1.c  -O2 -flto -fno-use-linker-plugin -flto-partition=none  execution test
FAIL: gcc.dg/guality/pr43051-1.c  -O3 -fomit-frame-pointer -funroll-loops  line 34 c == &a[0]
FAIL: gcc.dg/guality/pr43051-1.c  -O3 -fomit-frame-pointer -funroll-all-loops -finline-functions  line 34 c == &a[0]
FAIL: gcc.dg/guality/pr43479.c  -O1  line 13 h == 9
FAIL: gcc.dg/guality/pr43479.c  -O1  line 18 h == 9
FAIL: gcc.dg/guality/pr43479.c  -O2  line 13 h == 9
FAIL: gcc.dg/guality/pr43479.c  -O2  line 18 h == 9
FAIL: gcc.dg/guality/pr43479.c  -O3 -fomit-frame-pointer  line 13 h == 9
FAIL: gcc.dg/guality/pr43479.c  -O3 -fomit-frame-pointer  line 18 h == 9
FAIL: gcc.dg/guality/pr43479.c  -O3 -g  line 13 h == 9
FAIL: gcc.dg/guality/pr43479.c  -O3 -g  line 18 h == 9
FAIL: gcc.dg/guality/pr43479.c  -Os  line 13 h == 9
FAIL: gcc.dg/guality/pr43479.c  -Os  line 18 h == 9
FAIL: gcc.dg/guality/pr43479.c  -O2 -flto -fno-use-linker-plugin -flto-partition=none  line 13 h == 9
FAIL: gcc.dg/guality/pr43479.c  -O2 -flto -fno-use-linker-plugin -flto-partition=none  line 18 h == 9
FAIL: gcc.dg/guality/pr43479.c  -O2 -flto -fuse-linker-plugin -fno-fat-lto-objects  line 13 h == 9
FAIL: gcc.dg/guality/pr43479.c  -O2 -flto -fuse-linker-plugin -fno-fat-lto-objects  line 18 h == 9
FAIL: gcc.dg/guality/pr48437.c  -O2 -flto -fno-use-linker-plugin -flto-partition=none  line 14 i == 0
FAIL: gcc.dg/guality/pr48437.c  -O2 -flto -fuse-linker-plugin -fno-fat-lto-objects  line 14 i == 0
FAIL: gcc.dg/guality/pr54200.c  -Os  line 20 z == 3
FAIL: gcc.dg/guality/pr54519-1.c  -O2 -flto -fno-use-linker-plugin -flto-partition=none  line 20 y == 25
FAIL: gcc.dg/guality/pr54519-1.c  -O2 -flto -fno-use-linker-plugin -flto-partition=none  line 20 z == 6
FAIL: gcc.dg/guality/pr54519-1.c  -O2 -flto -fno-use-linker-plugin -flto-partition=none  line 23 y == 117
FAIL: gcc.dg/guality/pr54519-1.c  -O2 -flto -fno-use-linker-plugin -flto-partition=none  line 23 z == 8
FAIL: gcc.dg/guality/pr54519-2.c  -O2 -flto -fno-use-linker-plugin -flto-partition=none  line 17 y == 25
FAIL: gcc.dg/guality/pr54519-2.c  -O2 -flto -fuse-linker-plugin -fno-fat-lto-objects  line 17 y == 25
FAIL: gcc.dg/guality/pr54519-3.c  -O2 -flto -fno-use-linker-plugin -flto-partition=none  line 20 y == 25
FAIL: gcc.dg/guality/pr54519-3.c  -O2 -flto -fno-use-linker-plugin -flto-partition=none  line 20 z == 6
FAIL: gcc.dg/guality/pr54519-3.c  -O2 -flto -fno-use-linker-plugin -flto-partition=none  line 23 y == 117
FAIL: gcc.dg/guality/pr54519-3.c  -O2 -flto -fno-use-linker-plugin -flto-partition=none  line 23 z == 8
FAIL: gcc.dg/guality/pr54519-3.c  -O2 -flto -fuse-linker-plugin -fno-fat-lto-objects  line 20 y == 25
FAIL: gcc.dg/guality/pr54519-3.c  -O2 -flto -fuse-linker-plugin -fno-fat-lto-objects  line 20 z == 6
FAIL: gcc.dg/guality/pr54519-3.c  -O2 -flto -fuse-linker-plugin -fno-fat-lto-objects  line 23 y == 117
FAIL: gcc.dg/guality/pr54519-3.c  -O2 -flto -fuse-linker-plugin -fno-fat-lto-objects  line 23 z == 8
FAIL: gcc.dg/guality/pr54519-4.c  -O2 -flto -fno-use-linker-plugin -flto-partition=none  line 17 y == 25
FAIL: gcc.dg/guality/pr54519-4.c  -O2 -flto -fuse-linker-plugin -fno-fat-lto-objects  line 17 y == 25
FAIL: gcc.dg/guality/pr54519-5.c  -O2 -flto -fno-use-linker-plugin -flto-partition=none  line 17 y == 25
FAIL: gcc.dg/guality/pr54519-5.c  -O2 -flto -fuse-linker-plugin -fno-fat-lto-objects  line 17 y == 25
FAIL: gcc.dg/guality/pr54693-2.c  -O3 -fomit-frame-pointer -funroll-loops  line 21 i == v + 1
FAIL: gcc.dg/guality/pr54693-2.c  -O3 -fomit-frame-pointer -funroll-all-loops -finline-functions  line 21 i == v + 1
FAIL: gcc.dg/guality/pr54693-2.c  -Os  line 21 x == 10 - i
FAIL: gcc.dg/guality/pr54693-2.c  -Os  line 21 y == 20 - 2 * i
FAIL: gcc.dg/guality/sra-1.c  -O2  line 43 a.j == 14
FAIL: gcc.dg/guality/sra-1.c  -O3 -fomit-frame-pointer  line 43 a.j == 14
FAIL: gcc.dg/guality/sra-1.c  -O3 -g  line 43 a.j == 14
FAIL: gcc.dg/guality/sra-1.c  -Os  line 43 a.j == 14
FAIL: gcc.dg/guality/sra-1.c  -O2 -flto -fno-use-linker-plugin -flto-partition=none  line 43 a.j == 14
FAIL: gcc.dg/guality/sra-1.c  -O2 -flto -fuse-linker-plugin -fno-fat-lto-objects  line 43 a.j == 14
FAIL: gcc.dg/guality/vla-1.c  -O0  line 17 sizeof (a) == 6
FAIL: gcc.dg/guality/vla-1.c  -O0  line 24 sizeof (a) == 17 * sizeof (short)
FAIL: gcc.dg/guality/vla-1.c  -O1  line 17 sizeof (a) == 6
FAIL: gcc.dg/guality/vla-1.c  -O1  line 24 sizeof (a) == 17 * sizeof (short)
FAIL: gcc.dg/guality/vla-1.c  -O2  line 17 sizeof (a) == 6
FAIL: gcc.dg/guality/vla-1.c  -O2  line 24 sizeof (a) == 17 * sizeof (short)
FAIL: gcc.dg/guality/vla-1.c  -O3 -fomit-frame-pointer  line 17 sizeof (a) == 6
FAIL: gcc.dg/guality/vla-1.c  -O3 -fomit-frame-pointer  line 24 sizeof (a) == 17 * sizeof (short)
FAIL: gcc.dg/guality/vla-1.c  -O3 -g  line 17 sizeof (a) == 6
FAIL: gcc.dg/guality/vla-1.c  -O3 -g  line 24 sizeof (a) == 17 * sizeof (short)
FAIL: gcc.dg/guality/vla-1.c  -Os  line 17 sizeof (a) == 6
FAIL: gcc.dg/guality/vla-1.c  -Os  line 24 sizeof (a) == 17 * sizeof (short)
FAIL: gcc.dg/guality/vla-1.c  -O2 -flto -fno-use-linker-plugin -flto-partition=none  line 17 sizeof (a) == 6
FAIL: gcc.dg/guality/vla-1.c  -O2 -flto -fno-use-linker-plugin -flto-partition=none  line 24 sizeof (a) == 17 * sizeof (short)
FAIL: gcc.dg/guality/vla-1.c  -O2 -flto -fuse-linker-plugin -fno-fat-lto-objects  line 17 sizeof (a) == 6
FAIL: gcc.dg/guality/vla-1.c  -O2 -flto -fuse-linker-plugin -fno-fat-lto-objects  line 24 sizeof (a) == 17 * sizeof (short)
FAIL: gcc.dg/guality/vla-2.c  -O0  line 16 sizeof (a) == 5 * sizeof (int)
FAIL: gcc.dg/guality/vla-2.c  -O0  line 25 sizeof (a) == 6 * sizeof (int)
FAIL: gcc.dg/guality/vla-2.c  -O1  line 16 sizeof (a) == 5 * sizeof (int)
FAIL: gcc.dg/guality/vla-2.c  -O1  line 25 sizeof (a) == 6 * sizeof (int)
FAIL: gcc.dg/guality/vla-2.c  -O2  line 16 sizeof (a) == 5 * sizeof (int)
FAIL: gcc.dg/guality/vla-2.c  -O2  line 25 sizeof (a) == 6 * sizeof (int)
FAIL: gcc.dg/guality/vla-2.c  -O3 -fomit-frame-pointer  line 16 sizeof (a) == 5 * sizeof (int)
FAIL: gcc.dg/guality/vla-2.c  -O3 -fomit-frame-pointer  line 25 sizeof (a) == 6 * sizeof (int)
FAIL: gcc.dg/guality/vla-2.c  -O3 -g  line 16 sizeof (a) == 5 * sizeof (int)
FAIL: gcc.dg/guality/vla-2.c  -O3 -g  line 25 sizeof (a) == 6 * sizeof (int)
FAIL: gcc.dg/guality/vla-2.c  -Os  line 16 sizeof (a) == 5 * sizeof (int)
FAIL: gcc.dg/guality/vla-2.c  -Os  line 25 sizeof (a) == 6 * sizeof (int)
FAIL: gcc.dg/guality/vla-2.c  -O2 -flto -fno-use-linker-plugin -flto-partition=none  line 16 sizeof (a) == 5 * sizeof (int)
FAIL: gcc.dg/guality/vla-2.c  -O2 -flto -fno-use-linker-plugin -flto-partition=none  line 25 sizeof (a) == 6 * sizeof (int)
FAIL: gcc.dg/guality/vla-2.c  -O2 -flto -fuse-linker-plugin -fno-fat-lto-objects  line 16 sizeof (a) == 5 * sizeof (int)
FAIL: gcc.dg/guality/vla-2.c  -O2 -flto -fuse-linker-plugin -fno-fat-lto-objects  line 25 sizeof (a) == 6 * sizeof (int)
FAIL: gcc.dg/plugin/selfassign.c compilation
FAIL: gcc.dg/plugin/ggcplug.c compilation
FAIL: gcc.dg/plugin/one_time_plugin.c compilation
FAIL: gcc.dg/plugin/start_unit_plugin.c compilation
FAIL: gcc.dg/plugin/finish_unit_plugin.c compilation
FAIL: c-c++-common/torture/vshuf-v16hi.c  -O0  (internal compiler error)
FAIL: c-c++-common/torture/vshuf-v16hi.c  -O0  (test for excess errors)
FAIL: c-c++-common/torture/vshuf-v16hi.c  -O1  (internal compiler error)
FAIL: c-c++-common/torture/vshuf-v16hi.c  -O1  (test for excess errors)
FAIL: c-c++-common/torture/vshuf-v16hi.c  -O2  (internal compiler error)
FAIL: c-c++-common/torture/vshuf-v16hi.c  -O2  (test for excess errors)
FAIL: c-c++-common/torture/vshuf-v16hi.c  -O3 -fomit-frame-pointer  (internal compiler error)
FAIL: c-c++-common/torture/vshuf-v16hi.c  -O3 -fomit-frame-pointer  (test for excess errors)
FAIL: c-c++-common/torture/vshuf-v16hi.c  -O3 -g  (internal compiler error)
FAIL: c-c++-common/torture/vshuf-v16hi.c  -O3 -g  (test for excess errors)
FAIL: c-c++-common/torture/vshuf-v16hi.c  -Os  (internal compiler error)
FAIL: c-c++-common/torture/vshuf-v16hi.c  -Os  (test for excess errors)
FAIL: c-c++-common/torture/vshuf-v16hi.c  -O2 -flto -fno-use-linker-plugin -flto-partition=none  (internal compiler error)
FAIL: c-c++-common/torture/vshuf-v16hi.c  -O2 -flto -fno-use-linker-plugin -flto-partition=none  (test for excess errors)
FAIL: gcc.dg/torture/fp-int-convert-float128-timode.c  -Os  (test for excess errors)
FAIL: gcc.dg/torture/fp-int-convert-float80-timode.c  -Os  (test for excess errors)
FAIL: gcc.dg/torture/fp-int-convert-float80-timode.c  -O2 -flto -fno-use-linker-plugin -flto-partition=none  (test for excess errors)
FAIL: gcc.dg/torture/fp-int-convert-float80-timode.c  -O2 -flto -fuse-linker-plugin -fno-fat-lto-objects  (test for excess errors)
FAIL: gcc.dg/torture/fp-int-convert-timode.c  -Os  (test for excess errors)
FAIL: gcc.dg/torture/fp-int-convert-timode.c  -O2 -flto -fno-use-linker-plugin -flto-partition=none  (test for excess errors)
FAIL: gcc.dg/torture/fp-int-convert-timode.c  -O2 -flto -fuse-linker-plugin -fno-fat-lto-objects  (test for excess errors)
FAIL: gcc.dg/torture/pr28045.c  -O0  (test for excess errors)
FAIL: gcc.dg/torture/pr28045.c  -O1  (test for excess errors)
FAIL: gcc.dg/torture/pr28045.c  -Os  (test for excess errors)
FAIL: gcc.dg/torture/pr28045.c  -O2 -flto -fno-use-linker-plugin -flto-partition=none  (test for excess errors)
FAIL: gcc.dg/torture/pr28045.c  -O2 -flto -fuse-linker-plugin -fno-fat-lto-objects  (test for excess errors)
FAIL: gcc.dg/torture/pr56420.c  -O2 -flto -fno-use-linker-plugin -flto-partition=none  (test for excess errors)
FAIL: gcc.dg/torture/pr56420.c  -O2 -flto -fuse-linker-plugin -fno-fat-lto-objects  (test for excess errors)
FAIL: gcc.dg/torture/pr60183.c  -O3 -fomit-frame-pointer  (test for excess errors)
FAIL: gcc.dg/torture/pr60183.c  -O3 -fomit-frame-pointer -funroll-loops  (test for excess errors)
FAIL: gcc.dg/torture/pr60183.c  -O3 -fomit-frame-pointer -funroll-all-loops -finline-functions  (test for excess errors)
FAIL: gcc.dg/torture/pr60183.c  -O3 -g  (test for excess errors)
FAIL: gcc.dg/torture/vec-cvt-1.c  -O1  (test for excess errors)
FAIL: gcc.dg/torture/vec-cvt-1.c  -O2  (test for excess errors)
FAIL: gcc.dg/torture/vec-cvt-1.c  -O3 -fomit-frame-pointer  (test for excess errors)
FAIL: gcc.dg/torture/vec-cvt-1.c  -O3 -fomit-frame-pointer -funroll-loops  (test for excess errors)
FAIL: gcc.dg/torture/vec-cvt-1.c  -O3 -fomit-frame-pointer -funroll-all-loops -finline-functions  (test for excess errors)
FAIL: gcc.dg/torture/vec-cvt-1.c  -O3 -g  (test for excess errors)
FAIL: gcc.dg/torture/vec-cvt-1.c  -Os  (test for excess errors)
FAIL: gcc.dg/torture/vec-cvt-1.c  -O2 -flto -fno-use-linker-plugin -flto-partition=none  (test for excess errors)
FAIL: gcc.dg/torture/vec-cvt-1.c  -O2 -flto -fuse-linker-plugin -fno-fat-lto-objects  (test for excess errors)
FAIL: gcc.dg/tree-ssa/cunroll-10.c scan-tree-dump-times cunroll "Forced statement unreachable" 2
FAIL: c-c++-common/ubsan/const-expr-1.c  -O0  (test for excess errors)
FAIL: c-c++-common/ubsan/const-expr-1.c  -O1  (test for excess errors)
FAIL: c-c++-common/ubsan/const-expr-1.c  -O2  (test for excess errors)
FAIL: c-c++-common/ubsan/const-expr-1.c  -O3 -fomit-frame-pointer  (test for excess errors)
FAIL: c-c++-common/ubsan/const-expr-1.c  -O3 -g  (test for excess errors)
FAIL: c-c++-common/ubsan/const-expr-1.c  -Os  (test for excess errors)
FAIL: c-c++-common/ubsan/const-expr-1.c  -O2 -flto -fno-use-linker-plugin -flto-partition=none  (test for excess errors)
FAIL: c-c++-common/ubsan/const-expr-1.c  -O2 -flto -fuse-linker-plugin -fno-fat-lto-objects  (test for excess errors)
FAIL: c-c++-common/ubsan/div-by-zero-1.c  -O0  (test for excess errors)
FAIL: c-c++-common/ubsan/div-by-zero-1.c  -O1  (test for excess errors)
FAIL: c-c++-common/ubsan/div-by-zero-1.c  -O2  (test for excess errors)
FAIL: c-c++-common/ubsan/div-by-zero-1.c  -O3 -fomit-frame-pointer  (test for excess errors)
FAIL: c-c++-common/ubsan/div-by-zero-1.c  -O3 -g  (test for excess errors)
FAIL: c-c++-common/ubsan/div-by-zero-1.c  -Os  (test for excess errors)
FAIL: c-c++-common/ubsan/div-by-zero-1.c  -O2 -flto -fno-use-linker-plugin -flto-partition=none  (test for excess errors)
FAIL: c-c++-common/ubsan/div-by-zero-1.c  -O2 -flto -fuse-linker-plugin -fno-fat-lto-objects  (test for excess errors)
FAIL: c-c++-common/ubsan/div-by-zero-2.c  -O0  (test for excess errors)
FAIL: c-c++-common/ubsan/div-by-zero-2.c  -O1  (test for excess errors)
FAIL: c-c++-common/ubsan/div-by-zero-2.c  -O2  (test for excess errors)
FAIL: c-c++-common/ubsan/div-by-zero-2.c  -O3 -fomit-frame-pointer  (test for excess errors)
FAIL: c-c++-common/ubsan/div-by-zero-2.c  -O3 -g  (test for excess errors)
FAIL: c-c++-common/ubsan/div-by-zero-2.c  -Os  (test for excess errors)
FAIL: c-c++-common/ubsan/div-by-zero-2.c  -O2 -flto -fno-use-linker-plugin -flto-partition=none  (test for excess errors)
FAIL: c-c++-common/ubsan/div-by-zero-2.c  -O2 -flto -fuse-linker-plugin -fno-fat-lto-objects  (test for excess errors)
FAIL: c-c++-common/ubsan/div-by-zero-3.c  -O0  (test for excess errors)
FAIL: c-c++-common/ubsan/div-by-zero-3.c  -O1  (test for excess errors)
FAIL: c-c++-common/ubsan/div-by-zero-3.c  -O2  (test for excess errors)
FAIL: c-c++-common/ubsan/div-by-zero-3.c  -O3 -fomit-frame-pointer  (test for excess errors)
FAIL: c-c++-common/ubsan/div-by-zero-3.c  -O3 -g  (test for excess errors)
FAIL: c-c++-common/ubsan/div-by-zero-3.c  -Os  (test for excess errors)
FAIL: c-c++-common/ubsan/div-by-zero-3.c  -O2 -flto -fno-use-linker-plugin -flto-partition=none  (test for excess errors)
FAIL: c-c++-common/ubsan/div-by-zero-3.c  -O2 -flto -fuse-linker-plugin -fno-fat-lto-objects  (test for excess errors)
FAIL: c-c++-common/ubsan/div-by-zero-6.c  -O0  (test for excess errors)
FAIL: c-c++-common/ubsan/div-by-zero-6.c  -O1  (test for excess errors)
FAIL: c-c++-common/ubsan/div-by-zero-6.c  -O2  (test for excess errors)
FAIL: c-c++-common/ubsan/div-by-zero-6.c  -O3 -fomit-frame-pointer  (test for excess errors)
FAIL: c-c++-common/ubsan/div-by-zero-6.c  -O3 -g  (test for excess errors)
FAIL: c-c++-common/ubsan/div-by-zero-6.c  -Os  (test for excess errors)
FAIL: c-c++-common/ubsan/div-by-zero-6.c  -O2 -flto -fno-use-linker-plugin -flto-partition=none  (test for excess errors)
FAIL: c-c++-common/ubsan/div-by-zero-6.c  -O2 -flto -fuse-linker-plugin -fno-fat-lto-objects  (test for excess errors)
FAIL: c-c++-common/ubsan/div-by-zero-7.c  -O0  (test for excess errors)
FAIL: c-c++-common/ubsan/div-by-zero-7.c  -O1  (test for excess errors)
FAIL: c-c++-common/ubsan/div-by-zero-7.c  -O2  (test for excess errors)
FAIL: c-c++-common/ubsan/div-by-zero-7.c  -O3 -fomit-frame-pointer  (test for excess errors)
FAIL: c-c++-common/ubsan/div-by-zero-7.c  -O3 -g  (test for excess errors)
FAIL: c-c++-common/ubsan/div-by-zero-7.c  -Os  (test for excess errors)
FAIL: c-c++-common/ubsan/div-by-zero-7.c  -O2 -flto -fno-use-linker-plugin -flto-partition=none  (test for excess errors)
FAIL: c-c++-common/ubsan/div-by-zero-7.c  -O2 -flto -fuse-linker-plugin -fno-fat-lto-objects  (test for excess errors)
FAIL: c-c++-common/ubsan/float-div-by-zero-1.c  -O0  (test for excess errors)
FAIL: c-c++-common/ubsan/float-div-by-zero-1.c  -O1  (test for excess errors)
FAIL: c-c++-common/ubsan/float-div-by-zero-1.c  -O2  (test for excess errors)
FAIL: c-c++-common/ubsan/float-div-by-zero-1.c  -O3 -fomit-frame-pointer  (test for excess errors)
FAIL: c-c++-common/ubsan/float-div-by-zero-1.c  -O3 -g  (test for excess errors)
FAIL: c-c++-common/ubsan/float-div-by-zero-1.c  -Os  (test for excess errors)
FAIL: c-c++-common/ubsan/float-div-by-zero-1.c  -O2 -flto -fno-use-linker-plugin -flto-partition=none  (test for excess errors)
FAIL: c-c++-common/ubsan/float-div-by-zero-1.c  -O2 -flto -fuse-linker-plugin -fno-fat-lto-objects  (test for excess errors)
FAIL: c-c++-common/ubsan/overflow-mul-3.c  -O2 -flto -fno-use-linker-plugin -flto-partition=none  (test for excess errors)
FAIL: c-c++-common/ubsan/overflow-mul-3.c  -O2 -flto -fuse-linker-plugin -fno-fat-lto-objects  (test for excess errors)
FAIL: c-c++-common/ubsan/overflow-mul-4.c  -O2 -flto -fno-use-linker-plugin -flto-partition=none  (test for excess errors)
FAIL: c-c++-common/ubsan/overflow-mul-4.c  -O2 -flto -fuse-linker-plugin -fno-fat-lto-objects  (test for excess errors)
FAIL: c-c++-common/ubsan/pr58443-3.c  -O0  (test for excess errors)
FAIL: c-c++-common/ubsan/pr58443-3.c  -O1  (test for excess errors)
FAIL: c-c++-common/ubsan/pr58443-3.c  -O2  (test for excess errors)
FAIL: c-c++-common/ubsan/pr58443-3.c  -O3 -fomit-frame-pointer  (test for excess errors)
FAIL: c-c++-common/ubsan/pr58443-3.c  -O3 -g  (test for excess errors)
FAIL: c-c++-common/ubsan/pr58443-3.c  -Os  (test for excess errors)
FAIL: c-c++-common/ubsan/pr58443-3.c  -O2 -flto -fno-use-linker-plugin -flto-partition=none  (test for excess errors)
FAIL: c-c++-common/ubsan/pr58443-3.c  -O2 -flto -fuse-linker-plugin -fno-fat-lto-objects  (test for excess errors)
FAIL: c-c++-common/ubsan/pr59667.c  -O0  (test for excess errors)
FAIL: c-c++-common/ubsan/pr59667.c  -O1  (test for excess errors)
FAIL: c-c++-common/ubsan/pr59667.c  -O2  (test for excess errors)
FAIL: c-c++-common/ubsan/pr59667.c  -O3 -fomit-frame-pointer  (test for excess errors)
FAIL: c-c++-common/ubsan/pr59667.c  -O3 -g  (test for excess errors)
FAIL: c-c++-common/ubsan/pr59667.c  -Os  (test for excess errors)
FAIL: c-c++-common/ubsan/pr59667.c  -O2 -flto -fno-use-linker-plugin -flto-partition=none  (test for excess errors)
FAIL: c-c++-common/ubsan/pr59667.c  -O2 -flto -fuse-linker-plugin -fno-fat-lto-objects  (test for excess errors)
FAIL: c-c++-common/ubsan/save-expr-1.c  -O0  (test for excess errors)
FAIL: c-c++-common/ubsan/save-expr-1.c  -O1  (test for excess errors)
FAIL: c-c++-common/ubsan/save-expr-1.c  -O2  (test for excess errors)
FAIL: c-c++-common/ubsan/save-expr-1.c  -O3 -fomit-frame-pointer  (test for excess errors)
FAIL: c-c++-common/ubsan/save-expr-1.c  -O3 -g  (test for excess errors)
FAIL: c-c++-common/ubsan/save-expr-1.c  -Os  (test for excess errors)
FAIL: c-c++-common/ubsan/save-expr-1.c  -O2 -flto -fno-use-linker-plugin -flto-partition=none  (test for excess errors)
FAIL: c-c++-common/ubsan/save-expr-1.c  -O2 -flto -fuse-linker-plugin -fno-fat-lto-objects  (test for excess errors)
FAIL: c-c++-common/ubsan/save-expr-3.c  -O0  (test for excess errors)
FAIL: c-c++-common/ubsan/save-expr-3.c  -O1  (test for excess errors)
FAIL: c-c++-common/ubsan/save-expr-3.c  -O2  (test for excess errors)
FAIL: c-c++-common/ubsan/save-expr-3.c  -O3 -fomit-frame-pointer  (test for excess errors)
FAIL: c-c++-common/ubsan/save-expr-3.c  -O3 -g  (test for excess errors)
FAIL: c-c++-common/ubsan/save-expr-3.c  -Os  (test for excess errors)
FAIL: c-c++-common/ubsan/save-expr-3.c  -O2 -flto -fno-use-linker-plugin -flto-partition=none  (test for excess errors)
FAIL: c-c++-common/ubsan/save-expr-3.c  -O2 -flto -fuse-linker-plugin -fno-fat-lto-objects  (test for excess errors)
FAIL: c-c++-common/ubsan/save-expr-4.c  -O0  (test for excess errors)
FAIL: c-c++-common/ubsan/save-expr-4.c  -O1  (test for excess errors)
FAIL: c-c++-common/ubsan/save-expr-4.c  -O2  (test for excess errors)
FAIL: c-c++-common/ubsan/save-expr-4.c  -O3 -fomit-frame-pointer  (test for excess errors)
FAIL: c-c++-common/ubsan/save-expr-4.c  -O3 -g  (test for excess errors)
FAIL: c-c++-common/ubsan/save-expr-4.c  -Os  (test for excess errors)
FAIL: c-c++-common/ubsan/save-expr-4.c  -O2 -flto -fno-use-linker-plugin -flto-partition=none  (test for excess errors)
FAIL: c-c++-common/ubsan/save-expr-4.c  -O2 -flto -fuse-linker-plugin -fno-fat-lto-objects  (test for excess errors)
FAIL: c-c++-common/ubsan/shift-1.c  -O0  (test for excess errors)
FAIL: c-c++-common/ubsan/shift-1.c  -O1  (test for excess errors)
FAIL: c-c++-common/ubsan/shift-1.c  -O2  (test for excess errors)
FAIL: c-c++-common/ubsan/shift-1.c  -O3 -fomit-frame-pointer  (test for excess errors)
FAIL: c-c++-common/ubsan/shift-1.c  -O3 -fomit-frame-pointer -funroll-loops  (test for excess errors)
FAIL: c-c++-common/ubsan/shift-1.c  -O3 -fomit-frame-pointer -funroll-all-loops -finline-functions  (test for excess errors)
FAIL: c-c++-common/ubsan/shift-1.c  -O3 -g  (test for excess errors)
FAIL: c-c++-common/ubsan/shift-1.c  -Os  (test for excess errors)
FAIL: c-c++-common/ubsan/shift-1.c  -O2 -flto -fno-use-linker-plugin -flto-partition=none  (test for excess errors)
FAIL: c-c++-common/ubsan/shift-1.c  -O2 -flto -fuse-linker-plugin -fno-fat-lto-objects  (test for excess errors)
FAIL: c-c++-common/ubsan/shift-2.c  -O0  (test for excess errors)
FAIL: c-c++-common/ubsan/shift-2.c  -O1  (test for excess errors)
FAIL: c-c++-common/ubsan/shift-2.c  -O2  (test for excess errors)
FAIL: c-c++-common/ubsan/shift-2.c  -O3 -fomit-frame-pointer  (test for excess errors)
FAIL: c-c++-common/ubsan/shift-2.c  -O3 -g  (test for excess errors)
FAIL: c-c++-common/ubsan/shift-2.c  -Os  (test for excess errors)
FAIL: c-c++-common/ubsan/shift-2.c  -O2 -flto -fno-use-linker-plugin -flto-partition=none  (test for excess errors)
FAIL: c-c++-common/ubsan/shift-2.c  -O2 -flto -fuse-linker-plugin -fno-fat-lto-objects  (test for excess errors)
FAIL: c-c++-common/ubsan/shift-4.c  -O0  (test for excess errors)
FAIL: c-c++-common/ubsan/shift-4.c  -O1  (test for excess errors)
FAIL: c-c++-common/ubsan/shift-4.c  -O2  (test for excess errors)
FAIL: c-c++-common/ubsan/shift-4.c  -O3 -fomit-frame-pointer  (test for excess errors)
FAIL: c-c++-common/ubsan/shift-4.c  -O3 -g  (test for excess errors)
FAIL: c-c++-common/ubsan/shift-4.c  -Os  (test for excess errors)
FAIL: c-c++-common/ubsan/shift-4.c  -O2 -flto -fno-use-linker-plugin -flto-partition=none  (test for excess errors)
FAIL: c-c++-common/ubsan/shift-4.c  -O2 -flto -fuse-linker-plugin -fno-fat-lto-objects  (test for excess errors)
FAIL: c-c++-common/ubsan/shift-5.c  -O0  (test for excess errors)
FAIL: c-c++-common/ubsan/shift-5.c  -O1  (test for excess errors)
FAIL: c-c++-common/ubsan/shift-5.c  -O2  (test for excess errors)
FAIL: c-c++-common/ubsan/shift-5.c  -O3 -fomit-frame-pointer  (test for excess errors)
FAIL: c-c++-common/ubsan/shift-5.c  -O3 -g  (test for excess errors)
FAIL: c-c++-common/ubsan/shift-5.c  -Os  (test for excess errors)
FAIL: c-c++-common/ubsan/shift-5.c  -O2 -flto -fno-use-linker-plugin -flto-partition=none  (test for excess errors)
FAIL: c-c++-common/ubsan/shift-5.c  -O2 -flto -fuse-linker-plugin -fno-fat-lto-objects  (test for excess errors)
FAIL: c-c++-common/ubsan/typedef-1.c  -O0  (test for excess errors)
FAIL: c-c++-common/ubsan/typedef-1.c  -O1  (test for excess errors)
FAIL: c-c++-common/ubsan/typedef-1.c  -O2  (test for excess errors)
FAIL: c-c++-common/ubsan/typedef-1.c  -O3 -fomit-frame-pointer  (test for excess errors)
FAIL: c-c++-common/ubsan/typedef-1.c  -O3 -g  (test for excess errors)
FAIL: c-c++-common/ubsan/typedef-1.c  -Os  (test for excess errors)
FAIL: c-c++-common/ubsan/typedef-1.c  -O2 -flto -fno-use-linker-plugin -flto-partition=none  (test for excess errors)
FAIL: c-c++-common/ubsan/typedef-1.c  -O2 -flto -fuse-linker-plugin -fno-fat-lto-objects  (test for excess errors)
FAIL: c-c++-common/ubsan/undefined-1.c  -O0  (test for excess errors)
FAIL: c-c++-common/ubsan/undefined-1.c  -O1  (test for excess errors)
FAIL: c-c++-common/ubsan/undefined-1.c  -O2  (test for excess errors)
FAIL: c-c++-common/ubsan/undefined-1.c  -O3 -fomit-frame-pointer  (test for excess errors)
FAIL: c-c++-common/ubsan/undefined-1.c  -O3 -g  (test for excess errors)
FAIL: c-c++-common/ubsan/undefined-1.c  -Os  (test for excess errors)
FAIL: c-c++-common/ubsan/undefined-1.c  -O2 -flto -fno-use-linker-plugin -flto-partition=none  (test for excess errors)
FAIL: c-c++-common/ubsan/undefined-1.c  -O2 -flto -fuse-linker-plugin -fno-fat-lto-objects  (test for excess errors)
FAIL: c-c++-common/ubsan/vla-1.c  -O0  (test for excess errors)
FAIL: c-c++-common/ubsan/vla-1.c  -O1  (test for excess errors)
FAIL: c-c++-common/ubsan/vla-1.c  -O2  (test for excess errors)
FAIL: c-c++-common/ubsan/vla-1.c  -O3 -fomit-frame-pointer  (test for excess errors)
FAIL: c-c++-common/ubsan/vla-1.c  -O3 -g  (test for excess errors)
FAIL: c-c++-common/ubsan/vla-1.c  -Os  (test for excess errors)
FAIL: c-c++-common/ubsan/vla-1.c  -O2 -flto -fno-use-linker-plugin -flto-partition=none  (test for excess errors)
FAIL: c-c++-common/ubsan/vla-1.c  -O2 -flto -fuse-linker-plugin -fno-fat-lto-objects  (test for excess errors)
FAIL: c-c++-common/ubsan/vla-4.c  -O0  (test for excess errors)
FAIL: c-c++-common/ubsan/vla-4.c  -O1  (test for excess errors)
FAIL: c-c++-common/ubsan/vla-4.c  -O2  (test for excess errors)
FAIL: c-c++-common/ubsan/vla-4.c  -O3 -fomit-frame-pointer  (test for excess errors)
FAIL: c-c++-common/ubsan/vla-4.c  -O3 -g  (test for excess errors)
FAIL: c-c++-common/ubsan/vla-4.c  -Os  (test for excess errors)
FAIL: c-c++-common/ubsan/vla-4.c  -O2 -flto -fno-use-linker-plugin -flto-partition=none  (test for excess errors)
FAIL: c-c++-common/ubsan/vla-4.c  -O2 -flto -fuse-linker-plugin -fno-fat-lto-objects  (test for excess errors)
FAIL: gcc.dg/ubsan/c-shift-1.c  -O0  (test for excess errors)
FAIL: gcc.dg/ubsan/c-shift-1.c  -O1  (test for excess errors)
FAIL: gcc.dg/ubsan/c-shift-1.c  -O2  (test for excess errors)
FAIL: gcc.dg/ubsan/c-shift-1.c  -O3 -fomit-frame-pointer  (test for excess errors)
FAIL: gcc.dg/ubsan/c-shift-1.c  -O3 -g  (test for excess errors)
FAIL: gcc.dg/ubsan/c-shift-1.c  -Os  (test for excess errors)
FAIL: gcc.dg/ubsan/c-shift-1.c  -O2 -flto -fno-use-linker-plugin -flto-partition=none  (test for excess errors)
FAIL: gcc.dg/ubsan/c-shift-1.c  -O2 -flto -fuse-linker-plugin -fno-fat-lto-objects  (test for excess errors)
FAIL: gcc.dg/ubsan/c99-shift-1.c  -O0  (test for excess errors)
FAIL: gcc.dg/ubsan/c99-shift-1.c  -O1  (test for excess errors)
FAIL: gcc.dg/ubsan/c99-shift-1.c  -O2  (test for excess errors)
FAIL: gcc.dg/ubsan/c99-shift-1.c  -O3 -fomit-frame-pointer  (test for excess errors)
FAIL: gcc.dg/ubsan/c99-shift-1.c  -O3 -g  (test for excess errors)
FAIL: gcc.dg/ubsan/c99-shift-1.c  -Os  (test for excess errors)
FAIL: gcc.dg/ubsan/c99-shift-1.c  -O2 -flto -fno-use-linker-plugin -flto-partition=none  (test for excess errors)
FAIL: gcc.dg/ubsan/c99-shift-1.c  -O2 -flto -fuse-linker-plugin -fno-fat-lto-objects  (test for excess errors)
FAIL: gcc.dg/ubsan/c99-shift-2.c  -O0  (test for excess errors)
FAIL: gcc.dg/ubsan/c99-shift-2.c  -O1  (test for excess errors)
FAIL: gcc.dg/ubsan/c99-shift-2.c  -O2  (test for excess errors)
FAIL: gcc.dg/ubsan/c99-shift-2.c  -O3 -fomit-frame-pointer  (test for excess errors)
FAIL: gcc.dg/ubsan/c99-shift-2.c  -O3 -g  (test for excess errors)
FAIL: gcc.dg/ubsan/c99-shift-2.c  -Os  (test for excess errors)
FAIL: gcc.dg/ubsan/c99-shift-2.c  -O2 -flto -fno-use-linker-plugin -flto-partition=none  (test for excess errors)
FAIL: gcc.dg/ubsan/c99-shift-2.c  -O2 -flto -fuse-linker-plugin -fno-fat-lto-objects  (test for excess errors)
FAIL: gcc.dg/vect/vect-cselim-2.c scan-tree-dump-times vect "vectorized 1 loops" 0
FAIL: gcc.dg/vect/bb-slp-pattern-1.c scan-tree-dump-times slp "vect_recog_widen_mult_pattern: detected" 8
FAIL: gcc.dg/vect/bb-slp-pattern-1.c scan-tree-dump-times slp "pattern recognized" 8
FAIL: gcc.dg/vect/vect-cselim-2.c -flto -ffat-lto-objects  scan-tree-dump-times vect "vectorized 1 loops" 0
FAIL: gcc.dg/vect/bb-slp-pattern-1.c -flto -ffat-lto-objects  scan-tree-dump-times slp "vect_recog_widen_mult_pattern: detected" 8
FAIL: gcc.dg/vect/bb-slp-pattern-1.c -flto -ffat-lto-objects  scan-tree-dump-times slp "pattern recognized" 8
FAIL: gcc.dg/vect/no-tree-sra-bb-slp-pr50730.c scan-tree-dump-times slp "not vectorized: more than one data ref in stmt" 0
FAIL: gcc.target/i386/pr20020-1.c (test for excess errors)
FAIL: gcc.target/i386/pr20020-2.c (test for excess errors)
FAIL: gcc.target/i386/xop-imul32widen-vector.c scan-assembler vpmacsdqh
FAIL: gcc.target/i386/xop-imul64-vector.c scan-assembler vpmulld
FAIL: gcc.target/i386/xop-imul64-vector.c scan-assembler vphadddq
FAIL: gcc.target/i386/xop-imul64-vector.c scan-assembler vpmacsdql
FAIL: gcc.target/i386/xop-rotate1-vector.c scan-assembler vprotd
FAIL: gcc.target/i386/xop-rotate2-vector.c scan-assembler vprot
FAIL: gcc.target/i386/xop-rotate3-vector.c scan-assembler vprotd
FAIL: gcc.target/i386/xop-shift1-vector.c scan-assembler vpshad
FAIL: gcc.target/i386/xop-shift2-vector.c scan-assembler vpshad
FAIL: gcc.target/i386/xop-shift3-vector.c scan-assembler vpshld

		=== gcc Summary ===

# of expected passes		108917
# of unexpected failures	452
# of unexpected successes	33
# of expected failures		275
# of unresolved testcases	33
# of unsupported tests		1474
/scratch/toon/bd21155/gcc/xgcc  version 4.10.0 20140516 (experimental) (GCC) 

		=== gfortran tests ===


Running target unix
FAIL: gfortran.dg/actual_array_constructor_2.f90  -O3 -fomit-frame-pointer -funroll-loops  (test for excess errors)
FAIL: gfortran.dg/actual_array_constructor_2.f90  -O3 -fomit-frame-pointer -funroll-all-loops -finline-functions  (test for excess errors)
FAIL: gfortran.dg/aliasing_dummy_1.f90  -O0  (test for excess errors)
FAIL: gfortran.dg/aliasing_dummy_1.f90  -O1  (test for excess errors)
FAIL: gfortran.dg/aliasing_dummy_1.f90  -O2  (test for excess errors)
FAIL: gfortran.dg/aliasing_dummy_1.f90  -O3 -fomit-frame-pointer  (test for excess errors)
FAIL: gfortran.dg/aliasing_dummy_1.f90  -O3 -fomit-frame-pointer -funroll-loops  (test for excess errors)
FAIL: gfortran.dg/aliasing_dummy_1.f90  -O3 -fomit-frame-pointer -funroll-all-loops -finline-functions  (test for excess errors)
FAIL: gfortran.dg/aliasing_dummy_1.f90  -O3 -g  (test for excess errors)
FAIL: gfortran.dg/aliasing_dummy_1.f90  -Os  (test for excess errors)
FAIL: gfortran.dg/alloc_comp_assign_10.f90  -O3 -fomit-frame-pointer -funroll-loops  (test for excess errors)
FAIL: gfortran.dg/alloc_comp_assign_10.f90  -O3 -fomit-frame-pointer -funroll-all-loops -finline-functions  (test for excess errors)
FAIL: gfortran.dg/alloc_comp_assign_11.f90  -O0  (test for excess errors)
FAIL: gfortran.dg/alloc_comp_assign_11.f90  -O1  (test for excess errors)
FAIL: gfortran.dg/alloc_comp_assign_11.f90  -O2  (test for excess errors)
FAIL: gfortran.dg/alloc_comp_assign_11.f90  -O3 -fomit-frame-pointer  (test for excess errors)
FAIL: gfortran.dg/alloc_comp_assign_11.f90  -O3 -fomit-frame-pointer -funroll-loops  (test for excess errors)
FAIL: gfortran.dg/alloc_comp_assign_11.f90  -O3 -fomit-frame-pointer -funroll-all-loops -finline-functions  (test for excess errors)
FAIL: gfortran.dg/alloc_comp_assign_11.f90  -O3 -g  (test for excess errors)
FAIL: gfortran.dg/alloc_comp_assign_11.f90  -Os  (test for excess errors)
FAIL: gfortran.dg/alloc_comp_assign_12.f03  -O3 -fomit-frame-pointer -funroll-loops  (test for excess errors)
FAIL: gfortran.dg/alloc_comp_assign_12.f03  -O3 -fomit-frame-pointer -funroll-all-loops -finline-functions  (test for excess errors)
FAIL: gfortran.dg/alloc_comp_assign_2.f90  -O0  (test for excess errors)
FAIL: gfortran.dg/alloc_comp_assign_2.f90  -O1  (test for excess errors)
FAIL: gfortran.dg/alloc_comp_assign_2.f90  -O2  (test for excess errors)
FAIL: gfortran.dg/alloc_comp_assign_2.f90  -O3 -fomit-frame-pointer  (test for excess errors)
FAIL: gfortran.dg/alloc_comp_assign_2.f90  -O3 -fomit-frame-pointer -funroll-loops  (test for excess errors)
FAIL: gfortran.dg/alloc_comp_assign_2.f90  -O3 -fomit-frame-pointer -funroll-all-loops -finline-functions  (test for excess errors)
FAIL: gfortran.dg/alloc_comp_assign_2.f90  -O3 -g  (test for excess errors)
FAIL: gfortran.dg/alloc_comp_assign_2.f90  -Os  (test for excess errors)
FAIL: gfortran.dg/alloc_comp_assign_3.f90  -O0  (test for excess errors)
FAIL: gfortran.dg/alloc_comp_assign_3.f90  -O1  (test for excess errors)
FAIL: gfortran.dg/alloc_comp_assign_3.f90  -O2  (test for excess errors)
FAIL: gfortran.dg/alloc_comp_assign_3.f90  -O3 -fomit-frame-pointer  (test for excess errors)
FAIL: gfortran.dg/alloc_comp_assign_3.f90  -O3 -fomit-frame-pointer -funroll-loops  (test for excess errors)
FAIL: gfortran.dg/alloc_comp_assign_3.f90  -O3 -fomit-frame-pointer -funroll-all-loops -finline-functions  (test for excess errors)
FAIL: gfortran.dg/alloc_comp_assign_3.f90  -O3 -g  (test for excess errors)
FAIL: gfortran.dg/alloc_comp_assign_3.f90  -Os  (test for excess errors)
FAIL: gfortran.dg/alloc_comp_assign_4.f90  -O0  (test for excess errors)
FAIL: gfortran.dg/alloc_comp_assign_4.f90  -O1  (test for excess errors)
FAIL: gfortran.dg/alloc_comp_assign_4.f90  -O2  (test for excess errors)
FAIL: gfortran.dg/alloc_comp_assign_4.f90  -O3 -fomit-frame-pointer  (test for excess errors)
FAIL: gfortran.dg/alloc_comp_assign_4.f90  -O3 -fomit-frame-pointer -funroll-loops  (test for excess errors)
FAIL: gfortran.dg/alloc_comp_assign_4.f90  -O3 -fomit-frame-pointer -funroll-all-loops -finline-functions  (test for excess errors)
FAIL: gfortran.dg/alloc_comp_assign_4.f90  -O3 -g  (test for excess errors)
FAIL: gfortran.dg/alloc_comp_assign_4.f90  -Os  (test for excess errors)
FAIL: gfortran.dg/alloc_comp_assign_6.f90  -O3 -fomit-frame-pointer -funroll-loops  (test for excess errors)
FAIL: gfortran.dg/alloc_comp_assign_6.f90  -O3 -fomit-frame-pointer -funroll-all-loops -finline-functions  (test for excess errors)
FAIL: gfortran.dg/alloc_comp_assign_7.f90  -O0  (test for excess errors)
FAIL: gfortran.dg/alloc_comp_assign_7.f90  -O1  (test for excess errors)
FAIL: gfortran.dg/alloc_comp_assign_7.f90  -O2  (test for excess errors)
FAIL: gfortran.dg/alloc_comp_assign_7.f90  -O3 -fomit-frame-pointer  (test for excess errors)
FAIL: gfortran.dg/alloc_comp_assign_7.f90  -O3 -fomit-frame-pointer -funroll-loops  (test for excess errors)
FAIL: gfortran.dg/alloc_comp_assign_7.f90  -O3 -fomit-frame-pointer -funroll-all-loops -finline-functions  (test for excess errors)
FAIL: gfortran.dg/alloc_comp_assign_7.f90  -O3 -g  (test for excess errors)
FAIL: gfortran.dg/alloc_comp_assign_7.f90  -Os  (test for excess errors)
FAIL: gfortran.dg/alloc_comp_auto_array_2.f90  -O3 -fomit-frame-pointer -funroll-loops  (test for excess errors)
FAIL: gfortran.dg/alloc_comp_auto_array_2.f90  -O3 -fomit-frame-pointer -funroll-all-loops -finline-functions  (test for excess errors)
FAIL: gfortran.dg/alloc_comp_constructor_1.f90  -O0  (test for excess errors)
FAIL: gfortran.dg/alloc_comp_constructor_1.f90  -O1  (test for excess errors)
FAIL: gfortran.dg/alloc_comp_constructor_1.f90  -O2  (test for excess errors)
FAIL: gfortran.dg/alloc_comp_constructor_1.f90  -O3 -fomit-frame-pointer  (test for excess errors)
FAIL: gfortran.dg/alloc_comp_constructor_1.f90  -O3 -fomit-frame-pointer -funroll-loops  (test for excess errors)
FAIL: gfortran.dg/alloc_comp_constructor_1.f90  -O3 -fomit-frame-pointer -funroll-all-loops -finline-functions  (test for excess errors)
FAIL: gfortran.dg/alloc_comp_constructor_1.f90  -O3 -g  (test for excess errors)
FAIL: gfortran.dg/alloc_comp_constructor_1.f90  -Os  (test for excess errors)
FAIL: gfortran.dg/alloc_comp_constructor_2.f90  -O0  (test for excess errors)
FAIL: gfortran.dg/alloc_comp_constructor_2.f90  -O1  (test for excess errors)
FAIL: gfortran.dg/alloc_comp_constructor_2.f90  -O2  (test for excess errors)
FAIL: gfortran.dg/alloc_comp_constructor_2.f90  -O3 -fomit-frame-pointer  (test for excess errors)
FAIL: gfortran.dg/alloc_comp_constructor_2.f90  -O3 -fomit-frame-pointer -funroll-loops  (test for excess errors)
FAIL: gfortran.dg/alloc_comp_constructor_2.f90  -O3 -fomit-frame-pointer -funroll-all-loops -finline-functions  (test for excess errors)
FAIL: gfortran.dg/alloc_comp_constructor_2.f90  -O3 -g  (test for excess errors)
FAIL: gfortran.dg/alloc_comp_constructor_2.f90  -Os  (test for excess errors)
FAIL: gfortran.dg/alloc_comp_initializer_1.f90  -O0  (test for excess errors)
FAIL: gfortran.dg/alloc_comp_initializer_1.f90  -O1  (test for excess errors)
FAIL: gfortran.dg/alloc_comp_initializer_1.f90  -O2  (test for excess errors)
FAIL: gfortran.dg/alloc_comp_initializer_1.f90  -O3 -fomit-frame-pointer  (test for excess errors)
FAIL: gfortran.dg/alloc_comp_initializer_1.f90  -O3 -fomit-frame-pointer -funroll-loops  (test for excess errors)
FAIL: gfortran.dg/alloc_comp_initializer_1.f90  -O3 -fomit-frame-pointer -funroll-all-loops -finline-functions  (test for excess errors)
FAIL: gfortran.dg/alloc_comp_initializer_1.f90  -O3 -g  (test for excess errors)
FAIL: gfortran.dg/alloc_comp_initializer_1.f90  -Os  (test for excess errors)
FAIL: gfortran.dg/alloc_comp_result_1.f90  -O0  (test for excess errors)
FAIL: gfortran.dg/alloc_comp_result_1.f90  -O1  (test for excess errors)
FAIL: gfortran.dg/alloc_comp_result_1.f90  -O2  (test for excess errors)
FAIL: gfortran.dg/alloc_comp_result_1.f90  -O3 -fomit-frame-pointer  (test for excess errors)
FAIL: gfortran.dg/alloc_comp_result_1.f90  -O3 -fomit-frame-pointer -funroll-loops  (test for excess errors)
FAIL: gfortran.dg/alloc_comp_result_1.f90  -O3 -fomit-frame-pointer -funroll-all-loops -finline-functions  (test for excess errors)
FAIL: gfortran.dg/alloc_comp_result_1.f90  -O3 -g  (test for excess errors)
FAIL: gfortran.dg/alloc_comp_result_1.f90  -Os  (test for excess errors)
FAIL: gfortran.dg/allocate_class_3.f90  -O0  (test for excess errors)
FAIL: gfortran.dg/allocate_class_3.f90  -O1  (test for excess errors)
FAIL: gfortran.dg/allocate_class_3.f90  -O2  (test for excess errors)
FAIL: gfortran.dg/allocate_class_3.f90  -O3 -fomit-frame-pointer  (test for excess errors)
FAIL: gfortran.dg/allocate_class_3.f90  -O3 -fomit-frame-pointer -funroll-loops  (test for excess errors)
FAIL: gfortran.dg/allocate_class_3.f90  -O3 -fomit-frame-pointer -funroll-all-loops -finline-functions  (test for excess errors)
FAIL: gfortran.dg/allocate_class_3.f90  -O3 -g  (test for excess errors)
FAIL: gfortran.dg/allocate_class_3.f90  -Os  (test for excess errors)
FAIL: gfortran.dg/allocate_zerosize_2.f90  -O3 -fomit-frame-pointer -funroll-loops  (test for excess errors)
FAIL: gfortran.dg/allocate_zerosize_2.f90  -O3 -fomit-frame-pointer -funroll-all-loops -finline-functions  (test for excess errors)
FAIL: gfortran.dg/array_assignment_1.F90  -O3 -fomit-frame-pointer -funroll-loops  (test for excess errors)
FAIL: gfortran.dg/array_assignment_1.F90  -O3 -fomit-frame-pointer -funroll-all-loops -finline-functions  (test for excess errors)
FAIL: gfortran.dg/array_function_1.f90  -O3 -fomit-frame-pointer -funroll-loops  (test for excess errors)
FAIL: gfortran.dg/array_function_1.f90  -O3 -fomit-frame-pointer -funroll-all-loops -finline-functions  (test for excess errors)
FAIL: gfortran.dg/array_temporaries_3.f90  -O3 -fomit-frame-pointer -funroll-loops  (test for excess errors)
FAIL: gfortran.dg/array_temporaries_3.f90  -O3 -fomit-frame-pointer -funroll-all-loops -finline-functions  (test for excess errors)
FAIL: gfortran.dg/assumed_rank_1.f90  -O3 -fomit-frame-pointer -funroll-loops  (test for excess errors)
FAIL: gfortran.dg/assumed_rank_1.f90  -O3 -fomit-frame-pointer -funroll-all-loops -finline-functions  (test for excess errors)
FAIL: gfortran.dg/assumed_rank_2.f90  -O3 -fomit-frame-pointer -funroll-loops  (test for excess errors)
FAIL: gfortran.dg/assumed_rank_2.f90  -O3 -fomit-frame-pointer -funroll-all-loops -finline-functions  (test for excess errors)
FAIL: gfortran.dg/auto_char_dummy_array_1.f90  -O3 -fomit-frame-pointer -funroll-loops  (test for excess errors)
FAIL: gfortran.dg/auto_char_dummy_array_1.f90  -O3 -fomit-frame-pointer -funroll-all-loops -finline-functions  (test for excess errors)
FAIL: gfortran.dg/automatic_default_init_1.f90  -O3 -fomit-frame-pointer -funroll-loops  (test for excess errors)
FAIL: gfortran.dg/automatic_default_init_1.f90  -O3 -fomit-frame-pointer -funroll-all-loops -finline-functions  (test for excess errors)
FAIL: gfortran.dg/bounds_check_15.f90  -O3 -fomit-frame-pointer -funroll-loops  (test for excess errors)
FAIL: gfortran.dg/bounds_check_15.f90  -O3 -fomit-frame-pointer -funroll-all-loops -finline-functions  (test for excess errors)
FAIL: gfortran.dg/bounds_check_2.f  -O3 -fomit-frame-pointer -funroll-loops  (test for excess errors)
FAIL: gfortran.dg/bounds_check_2.f  -O3 -fomit-frame-pointer -funroll-all-loops -finline-functions  (test for excess errors)
FAIL: gfortran.dg/c_ptr_tests_16.f90  -O  (test for excess errors)
FAIL: gfortran.dg/char_allocation_1.f90  -O3 -fomit-frame-pointer -funroll-loops  (test for excess errors)
FAIL: gfortran.dg/char_allocation_1.f90  -O3 -fomit-frame-pointer -funroll-all-loops -finline-functions  (test for excess errors)
FAIL: gfortran.dg/char_array_structure_constructor.f90  -O3 -fomit-frame-pointer -funroll-loops  (test for excess errors)
FAIL: gfortran.dg/char_array_structure_constructor.f90  -O3 -fomit-frame-pointer -funroll-all-loops -finline-functions  (test for excess errors)
FAIL: gfortran.dg/char_initialiser_actual.f90  -O3 -fomit-frame-pointer -funroll-loops  (test for excess errors)
FAIL: gfortran.dg/char_initialiser_actual.f90  -O3 -fomit-frame-pointer -funroll-all-loops -finline-functions  (test for excess errors)
FAIL: gfortran.dg/char_length_7.f90  -O3 -fomit-frame-pointer -funroll-loops  (test for excess errors)
FAIL: gfortran.dg/char_length_7.f90  -O3 -fomit-frame-pointer -funroll-all-loops -finline-functions  (test for excess errors)
FAIL: gfortran.dg/char_result_13.f90  -O3 -fomit-frame-pointer -funroll-loops  (test for excess errors)
FAIL: gfortran.dg/char_result_13.f90  -O3 -fomit-frame-pointer -funroll-all-loops -finline-functions  (test for excess errors)
FAIL: gfortran.dg/char_result_3.f90  -O3 -fomit-frame-pointer -funroll-loops  (test for excess errors)
FAIL: gfortran.dg/char_result_3.f90  -O3 -fomit-frame-pointer -funroll-all-loops -finline-functions  (test for excess errors)
FAIL: gfortran.dg/class_19.f03  -O3 -fomit-frame-pointer -funroll-loops  (test for excess errors)
FAIL: gfortran.dg/class_19.f03  -O3 -fomit-frame-pointer -funroll-all-loops -finline-functions  (test for excess errors)
FAIL: gfortran.dg/class_48.f90  -O0  (test for excess errors)
FAIL: gfortran.dg/class_48.f90  -O1  (test for excess errors)
FAIL: gfortran.dg/class_48.f90  -O2  (test for excess errors)
FAIL: gfortran.dg/class_48.f90  -O3 -fomit-frame-pointer  (test for excess errors)
FAIL: gfortran.dg/class_48.f90  -O3 -fomit-frame-pointer -funroll-loops  (test for excess errors)
FAIL: gfortran.dg/class_48.f90  -O3 -fomit-frame-pointer -funroll-all-loops -finline-functions  (test for excess errors)
FAIL: gfortran.dg/class_48.f90  -O3 -g  (test for excess errors)
FAIL: gfortran.dg/class_48.f90  -Os  (test for excess errors)
FAIL: gfortran.dg/class_allocate_12.f90  -O3 -fomit-frame-pointer -funroll-loops  (test for excess errors)
FAIL: gfortran.dg/class_allocate_12.f90  -O3 -fomit-frame-pointer -funroll-all-loops -finline-functions  (test for excess errors)
FAIL: gfortran.dg/class_allocate_13.f90  -O3 -fomit-frame-pointer -funroll-loops  (test for excess errors)
FAIL: gfortran.dg/class_allocate_13.f90  -O3 -fomit-frame-pointer -funroll-all-loops -finline-functions  (test for excess errors)
FAIL: gfortran.dg/class_allocate_5.f90  -O3 -fomit-frame-pointer -funroll-loops  (test for excess errors)
FAIL: gfortran.dg/class_allocate_5.f90  -O3 -fomit-frame-pointer -funroll-all-loops -finline-functions  (test for excess errors)
FAIL: gfortran.dg/class_allocate_6.f03  -O3 -fomit-frame-pointer -funroll-loops  (test for excess errors)
FAIL: gfortran.dg/class_allocate_6.f03  -O3 -fomit-frame-pointer -funroll-all-loops -finline-functions  (test for excess errors)
FAIL: gfortran.dg/class_array_1.f03  -O0  (test for excess errors)
FAIL: gfortran.dg/class_array_1.f03  -O1  (test for excess errors)
FAIL: gfortran.dg/class_array_1.f03  -O2  (test for excess errors)
FAIL: gfortran.dg/class_array_1.f03  -O3 -fomit-frame-pointer  (test for excess errors)
FAIL: gfortran.dg/class_array_1.f03  -O3 -fomit-frame-pointer -funroll-loops  (test for excess errors)
FAIL: gfortran.dg/class_array_1.f03  -O3 -fomit-frame-pointer -funroll-all-loops -finline-functions  (test for excess errors)
FAIL: gfortran.dg/class_array_1.f03  -O3 -g  (test for excess errors)
FAIL: gfortran.dg/class_array_1.f03  -Os  (test for excess errors)
FAIL: gfortran.dg/class_array_15.f03  -O0  (test for excess errors)
FAIL: gfortran.dg/class_array_15.f03  -O1  (test for excess errors)
FAIL: gfortran.dg/class_array_15.f03  -O2  (test for excess errors)
FAIL: gfortran.dg/class_array_15.f03  -O3 -fomit-frame-pointer  (test for excess errors)
FAIL: gfortran.dg/class_array_15.f03  -O3 -fomit-frame-pointer -funroll-loops  (test for excess errors)
FAIL: gfortran.dg/class_array_15.f03  -O3 -fomit-frame-pointer -funroll-all-loops -finline-functions  (test for excess errors)
FAIL: gfortran.dg/class_array_15.f03  -O3 -g  (test for excess errors)
FAIL: gfortran.dg/class_array_15.f03  -Os  (test for excess errors)
FAIL: gfortran.dg/class_array_2.f03  -O0  (test for excess errors)
FAIL: gfortran.dg/class_array_2.f03  -O1  (test for excess errors)
FAIL: gfortran.dg/class_array_2.f03  -O2  (test for excess errors)
FAIL: gfortran.dg/class_array_2.f03  -O3 -fomit-frame-pointer  (test for excess errors)
FAIL: gfortran.dg/class_array_2.f03  -O3 -fomit-frame-pointer -funroll-loops  (test for excess errors)
FAIL: gfortran.dg/class_array_2.f03  -O3 -fomit-frame-pointer -funroll-all-loops -finline-functions  (test for excess errors)
FAIL: gfortran.dg/class_array_2.f03  -O3 -g  (test for excess errors)
FAIL: gfortran.dg/class_array_2.f03  -Os  (test for excess errors)
FAIL: gfortran.dg/class_array_3.f03  -O0  (test for excess errors)
FAIL: gfortran.dg/class_array_3.f03  -O1  (test for excess errors)
FAIL: gfortran.dg/class_array_3.f03  -O2  (test for excess errors)
FAIL: gfortran.dg/class_array_3.f03  -O3 -fomit-frame-pointer  (test for excess errors)
FAIL: gfortran.dg/class_array_3.f03  -O3 -fomit-frame-pointer -funroll-loops  (test for excess errors)
FAIL: gfortran.dg/class_array_3.f03  -O3 -fomit-frame-pointer -funroll-all-loops -finline-functions  (test for excess errors)
FAIL: gfortran.dg/class_array_3.f03  -O3 -g  (test for excess errors)
FAIL: gfortran.dg/class_array_3.f03  -Os  (test for excess errors)
FAIL: gfortran.dg/class_array_7.f03  -O3 -fomit-frame-pointer -funroll-loops  (test for excess errors)
FAIL: gfortran.dg/class_array_7.f03  -O3 -fomit-frame-pointer -funroll-all-loops -finline-functions  (test for excess errors)
FAIL: gfortran.dg/class_array_9.f03  -O0  (test for excess errors)
FAIL: gfortran.dg/class_array_9.f03  -O1  (test for excess errors)
FAIL: gfortran.dg/class_array_9.f03  -O2  (test for excess errors)
FAIL: gfortran.dg/class_array_9.f03  -O3 -fomit-frame-pointer  (test for excess errors)
FAIL: gfortran.dg/class_array_9.f03  -O3 -fomit-frame-pointer -funroll-loops  (test for excess errors)
FAIL: gfortran.dg/class_array_9.f03  -O3 -fomit-frame-pointer -funroll-all-loops -finline-functions  (test for excess errors)
FAIL: gfortran.dg/class_array_9.f03  -O3 -g  (test for excess errors)
FAIL: gfortran.dg/class_array_9.f03  -Os  (test for excess errors)
FAIL: gfortran.dg/class_optional_1.f90  -O3 -fomit-frame-pointer -funroll-loops  (test for excess errors)
FAIL: gfortran.dg/class_optional_1.f90  -O3 -fomit-frame-pointer -funroll-all-loops -finline-functions  (test for excess errors)
FAIL: gfortran.dg/class_optional_2.f90  -O3 -fomit-frame-pointer -funroll-loops  (test for excess errors)
FAIL: gfortran.dg/class_optional_2.f90  -O3 -fomit-frame-pointer -funroll-all-loops -finline-functions  (test for excess errors)
FAIL: gfortran.dg/class_to_type_1.f03  -O0  (test for excess errors)
FAIL: gfortran.dg/class_to_type_1.f03  -O1  (test for excess errors)
FAIL: gfortran.dg/class_to_type_1.f03  -O2  (test for excess errors)
FAIL: gfortran.dg/class_to_type_1.f03  -O3 -fomit-frame-pointer  (test for excess errors)
FAIL: gfortran.dg/class_to_type_1.f03  -O3 -fomit-frame-pointer -funroll-loops  (test for excess errors)
FAIL: gfortran.dg/class_to_type_1.f03  -O3 -fomit-frame-pointer -funroll-all-loops -finline-functions  (test for excess errors)
FAIL: gfortran.dg/class_to_type_1.f03  -O3 -g  (test for excess errors)
FAIL: gfortran.dg/class_to_type_1.f03  -Os  (test for excess errors)
FAIL: gfortran.dg/class_to_type_2.f90  -O3 -fomit-frame-pointer -funroll-loops  (test for excess errors)
FAIL: gfortran.dg/class_to_type_2.f90  -O3 -fomit-frame-pointer -funroll-all-loops -finline-functions  (test for excess errors)
FAIL: gfortran.dg/contiguous_1.f90  -O  (test for excess errors)
FAIL: gfortran.dg/deferred_type_component_1.f90  -O0  (test for excess errors)
FAIL: gfortran.dg/deferred_type_component_1.f90  -O1  (test for excess errors)
FAIL: gfortran.dg/deferred_type_component_1.f90  -O2  (test for excess errors)
FAIL: gfortran.dg/deferred_type_component_1.f90  -O3 -fomit-frame-pointer  (test for excess errors)
FAIL: gfortran.dg/deferred_type_component_1.f90  -O3 -fomit-frame-pointer -funroll-loops  (test for excess errors)
FAIL: gfortran.dg/deferred_type_component_1.f90  -O3 -fomit-frame-pointer -funroll-all-loops -finline-functions  (test for excess errors)
FAIL: gfortran.dg/deferred_type_component_1.f90  -O3 -g  (test for excess errors)
FAIL: gfortran.dg/deferred_type_component_1.f90  -Os  (test for excess errors)
FAIL: gfortran.dg/deferred_type_component_2.f90  -O0  (test for excess errors)
FAIL: gfortran.dg/deferred_type_component_2.f90  -O1  (test for excess errors)
FAIL: gfortran.dg/deferred_type_component_2.f90  -O2  (test for excess errors)
FAIL: gfortran.dg/deferred_type_component_2.f90  -O3 -fomit-frame-pointer  (test for excess errors)
FAIL: gfortran.dg/deferred_type_component_2.f90  -O3 -fomit-frame-pointer -funroll-loops  (test for excess errors)
FAIL: gfortran.dg/deferred_type_component_2.f90  -O3 -fomit-frame-pointer -funroll-all-loops -finline-functions  (test for excess errors)
FAIL: gfortran.dg/deferred_type_component_2.f90  -O3 -g  (test for excess errors)
FAIL: gfortran.dg/deferred_type_component_2.f90  -Os  (test for excess errors)
FAIL: gfortran.dg/defined_assignment_11.f90  -O3 -fomit-frame-pointer -funroll-loops  (test for excess errors)
FAIL: gfortran.dg/defined_assignment_11.f90  -O3 -fomit-frame-pointer -funroll-all-loops -finline-functions  (test for excess errors)
FAIL: gfortran.dg/defined_assignment_2.f90  -O3 -fomit-frame-pointer -funroll-loops  (test for excess errors)
FAIL: gfortran.dg/defined_assignment_2.f90  -O3 -fomit-frame-pointer -funroll-all-loops -finline-functions  (test for excess errors)
FAIL: gfortran.dg/defined_assignment_3.f90  -O0  (test for excess errors)
FAIL: gfortran.dg/defined_assignment_3.f90  -O1  (test for excess errors)
FAIL: gfortran.dg/defined_assignment_3.f90  -O2  (test for excess errors)
FAIL: gfortran.dg/defined_assignment_3.f90  -O3 -fomit-frame-pointer  (test for excess errors)
FAIL: gfortran.dg/defined_assignment_3.f90  -O3 -fomit-frame-pointer -funroll-loops  (test for excess errors)
FAIL: gfortran.dg/defined_assignment_3.f90  -O3 -fomit-frame-pointer -funroll-all-loops -finline-functions  (test for excess errors)
FAIL: gfortran.dg/defined_assignment_3.f90  -O3 -g  (test for excess errors)
FAIL: gfortran.dg/defined_assignment_3.f90  -Os  (test for excess errors)
FAIL: gfortran.dg/defined_assignment_5.f90  -O0  (test for excess errors)
FAIL: gfortran.dg/defined_assignment_5.f90  -O1  (test for excess errors)
FAIL: gfortran.dg/defined_assignment_5.f90  -O2  (test for excess errors)
FAIL: gfortran.dg/defined_assignment_5.f90  -O3 -fomit-frame-pointer  (test for excess errors)
FAIL: gfortran.dg/defined_assignment_5.f90  -O3 -fomit-frame-pointer -funroll-loops  (test for excess errors)
FAIL: gfortran.dg/defined_assignment_5.f90  -O3 -fomit-frame-pointer -funroll-all-loops -finline-functions  (test for excess errors)
FAIL: gfortran.dg/defined_assignment_5.f90  -O3 -g  (test for excess errors)
FAIL: gfortran.dg/defined_assignment_5.f90  -Os  (test for excess errors)
FAIL: gfortran.dg/direct_io_10.f  -O3 -fomit-frame-pointer -funroll-loops  (test for excess errors)
FAIL: gfortran.dg/direct_io_10.f  -O3 -fomit-frame-pointer -funroll-all-loops -finline-functions  (test for excess errors)
FAIL: gfortran.dg/dummy_procedure_7.f90  -O3 -fomit-frame-pointer -funroll-loops  (test for excess errors)
FAIL: gfortran.dg/dummy_procedure_7.f90  -O3 -fomit-frame-pointer -funroll-all-loops -finline-functions  (test for excess errors)
FAIL: gfortran.dg/dynamic_dispatch_4.f03  -O3 -fomit-frame-pointer -funroll-loops  (test for excess errors)
FAIL: gfortran.dg/dynamic_dispatch_4.f03  -O3 -fomit-frame-pointer -funroll-all-loops -finline-functions  (test for excess errors)
FAIL: gfortran.dg/dynamic_dispatch_5.f03  -O3 -fomit-frame-pointer -funroll-loops  (test for excess errors)
FAIL: gfortran.dg/dynamic_dispatch_5.f03  -O3 -fomit-frame-pointer -funroll-all-loops -finline-functions  (test for excess errors)
FAIL: gfortran.dg/dynamic_dispatch_8.f03  -O3 -fomit-frame-pointer -funroll-loops  (test for excess errors)
FAIL: gfortran.dg/dynamic_dispatch_8.f03  -O3 -fomit-frame-pointer -funroll-all-loops -finline-functions  (test for excess errors)
FAIL: gfortran.dg/elemental_optional_args_5.f03  -O0  (test for excess errors)
FAIL: gfortran.dg/elemental_optional_args_5.f03  -O1  (test for excess errors)
FAIL: gfortran.dg/elemental_optional_args_5.f03  -O2  (test for excess errors)
FAIL: gfortran.dg/elemental_optional_args_5.f03  -O3 -fomit-frame-pointer  (test for excess errors)
FAIL: gfortran.dg/elemental_optional_args_5.f03  -O3 -fomit-frame-pointer -funroll-loops  (test for excess errors)
FAIL: gfortran.dg/elemental_optional_args_5.f03  -O3 -fomit-frame-pointer -funroll-all-loops -finline-functions  (test for excess errors)
FAIL: gfortran.dg/elemental_optional_args_5.f03  -O3 -g  (test for excess errors)
FAIL: gfortran.dg/elemental_optional_args_5.f03  -Os  (test for excess errors)
FAIL: gfortran.dg/elemental_subroutine_10.f90  -O3 -fomit-frame-pointer -funroll-loops  (test for excess errors)
FAIL: gfortran.dg/elemental_subroutine_10.f90  -O3 -fomit-frame-pointer -funroll-all-loops -finline-functions  (test for excess errors)
FAIL: gfortran.dg/elemental_subroutine_2.f90  -O0  (test for excess errors)
FAIL: gfortran.dg/elemental_subroutine_2.f90  -O1  (test for excess errors)
FAIL: gfortran.dg/elemental_subroutine_2.f90  -O2  (test for excess errors)
FAIL: gfortran.dg/elemental_subroutine_2.f90  -O3 -fomit-frame-pointer  (test for excess errors)
FAIL: gfortran.dg/elemental_subroutine_2.f90  -O3 -fomit-frame-pointer -funroll-loops  (test for excess errors)
FAIL: gfortran.dg/elemental_subroutine_2.f90  -O3 -fomit-frame-pointer -funroll-all-loops -finline-functions  (test for excess errors)
FAIL: gfortran.dg/elemental_subroutine_2.f90  -O3 -g  (test for excess errors)
FAIL: gfortran.dg/elemental_subroutine_2.f90  -Os  (test for excess errors)
FAIL: gfortran.dg/finalize_13.f90  -O3 -fomit-frame-pointer -funroll-loops  (test for excess errors)
FAIL: gfortran.dg/finalize_13.f90  -O3 -fomit-frame-pointer -funroll-all-loops -finline-functions  (test for excess errors)
FAIL: gfortran.dg/finalize_15.f90  -O3 -fomit-frame-pointer -funroll-loops  (test for excess errors)
FAIL: gfortran.dg/finalize_15.f90  -O3 -fomit-frame-pointer -funroll-all-loops -finline-functions  (test for excess errors)
FAIL: gfortran.dg/finalize_17.f90  -O3 -fomit-frame-pointer -funroll-loops  (test for excess errors)
FAIL: gfortran.dg/finalize_17.f90  -O3 -fomit-frame-pointer -funroll-all-loops -finline-functions  (test for excess errors)
FAIL: gfortran.dg/finalize_25.f90  -O3 -fomit-frame-pointer -funroll-loops  (test for excess errors)
FAIL: gfortran.dg/finalize_25.f90  -O3 -fomit-frame-pointer -funroll-all-loops -finline-functions  (test for excess errors)
FAIL: gfortran.dg/func_assign_3.f90  -O3 -fomit-frame-pointer -funroll-loops  (test for excess errors)
FAIL: gfortran.dg/func_assign_3.f90  -O3 -fomit-frame-pointer -funroll-all-loops -finline-functions  (test for excess errors)
FAIL: gfortran.dg/func_result_6.f90  -O3 -fomit-frame-pointer -funroll-loops  (test for excess errors)
FAIL: gfortran.dg/func_result_6.f90  -O3 -fomit-frame-pointer -funroll-all-loops -finline-functions  (test for excess errors)
FAIL: gfortran.dg/generic_15.f90  -O3 -fomit-frame-pointer -funroll-loops  (test for excess errors)
FAIL: gfortran.dg/generic_15.f90  -O3 -fomit-frame-pointer -funroll-all-loops -finline-functions  (test for excess errors)
FAIL: gfortran.dg/inline_sum_3.f90  -O3 -fomit-frame-pointer -funroll-loops  (test for excess errors)
FAIL: gfortran.dg/inline_sum_3.f90  -O3 -fomit-frame-pointer -funroll-all-loops -finline-functions  (test for excess errors)
FAIL: gfortran.dg/integer_exponentiation_2.f90  -O0  (test for excess errors)
FAIL: gfortran.dg/integer_exponentiation_2.f90  -O1  (test for excess errors)
FAIL: gfortran.dg/integer_exponentiation_2.f90  -O2  (test for excess errors)
FAIL: gfortran.dg/integer_exponentiation_2.f90  -O3 -fomit-frame-pointer  (test for excess errors)
FAIL: gfortran.dg/integer_exponentiation_2.f90  -O3 -fomit-frame-pointer -funroll-loops  (test for excess errors)
FAIL: gfortran.dg/integer_exponentiation_2.f90  -O3 -fomit-frame-pointer -funroll-all-loops -finline-functions  (test for excess errors)
FAIL: gfortran.dg/integer_exponentiation_2.f90  -O3 -g  (test for excess errors)
FAIL: gfortran.dg/integer_exponentiation_2.f90  -Os  (test for excess errors)
FAIL: gfortran.dg/integer_exponentiation_3.F90  -O0  (test for excess errors)
FAIL: gfortran.dg/integer_exponentiation_3.F90  -O1  (test for excess errors)
FAIL: gfortran.dg/integer_exponentiation_3.F90  -O2  (test for excess errors)
FAIL: gfortran.dg/integer_exponentiation_3.F90  -O3 -fomit-frame-pointer  (test for excess errors)
FAIL: gfortran.dg/integer_exponentiation_3.F90  -O3 -fomit-frame-pointer -funroll-loops  (test for excess errors)
FAIL: gfortran.dg/integer_exponentiation_3.F90  -O3 -fomit-frame-pointer -funroll-all-loops -finline-functions  (test for excess errors)
FAIL: gfortran.dg/integer_exponentiation_3.F90  -O3 -g  (test for excess errors)
FAIL: gfortran.dg/integer_exponentiation_3.F90  -Os  (test for excess errors)
FAIL: gfortran.dg/integer_exponentiation_5.F90  -O0  (test for excess errors)
FAIL: gfortran.dg/integer_exponentiation_5.F90  -O1  (test for excess errors)
FAIL: gfortran.dg/integer_exponentiation_5.F90  -O2  (test for excess errors)
FAIL: gfortran.dg/integer_exponentiation_5.F90  -O3 -fomit-frame-pointer  (test for excess errors)
FAIL: gfortran.dg/integer_exponentiation_5.F90  -O3 -fomit-frame-pointer -funroll-loops  (test for excess errors)
FAIL: gfortran.dg/integer_exponentiation_5.F90  -O3 -fomit-frame-pointer -funroll-all-loops -finline-functions  (test for excess errors)
FAIL: gfortran.dg/integer_exponentiation_5.F90  -O3 -g  (test for excess errors)
FAIL: gfortran.dg/integer_exponentiation_5.F90  -Os  (test for excess errors)
FAIL: gfortran.dg/intent_out_2.f90  -O3 -fomit-frame-pointer -funroll-loops  (test for excess errors)
FAIL: gfortran.dg/intent_out_2.f90  -O3 -fomit-frame-pointer -funroll-all-loops -finline-functions  (test for excess errors)
FAIL: gfortran.dg/interface_12.f90  -O3 -fomit-frame-pointer -funroll-loops  (test for excess errors)
FAIL: gfortran.dg/interface_12.f90  -O3 -fomit-frame-pointer -funroll-all-loops -finline-functions  (test for excess errors)
FAIL: gfortran.dg/internal_pack_10.f90  -O3 -fomit-frame-pointer -funroll-loops  (test for excess errors)
FAIL: gfortran.dg/internal_pack_10.f90  -O3 -fomit-frame-pointer -funroll-all-loops -finline-functions  (test for excess errors)
FAIL: gfortran.dg/intrinsic_ifunction_1.f90  -O3 -fomit-frame-pointer -funroll-loops  (test for excess errors)
FAIL: gfortran.dg/intrinsic_ifunction_1.f90  -O3 -fomit-frame-pointer -funroll-all-loops -finline-functions  (test for excess errors)
FAIL: gfortran.dg/intrinsic_product_1.f90  -O3 -fomit-frame-pointer -funroll-loops  (test for excess errors)
FAIL: gfortran.dg/intrinsic_product_1.f90  -O3 -fomit-frame-pointer -funroll-all-loops -finline-functions  (test for excess errors)
FAIL: gfortran.dg/iso-ts-29113_1.f90  -O0  (test for excess errors)
UNRESOLVED: gfortran.dg/iso-ts-29113_1.f90  -O0  compilation failed to produce executable
FAIL: gfortran.dg/iso-ts-29113_1.f90  -O1  (test for excess errors)
UNRESOLVED: gfortran.dg/iso-ts-29113_1.f90  -O1  compilation failed to produce executable
FAIL: gfortran.dg/iso-ts-29113_1.f90  -O2  (test for excess errors)
UNRESOLVED: gfortran.dg/iso-ts-29113_1.f90  -O2  compilation failed to produce executable
FAIL: gfortran.dg/iso-ts-29113_1.f90  -O3 -fomit-frame-pointer  (test for excess errors)
UNRESOLVED: gfortran.dg/iso-ts-29113_1.f90  -O3 -fomit-frame-pointer  compilation failed to produce executable
FAIL: gfortran.dg/iso-ts-29113_1.f90  -O3 -fomit-frame-pointer -funroll-loops  (test for excess errors)
UNRESOLVED: gfortran.dg/iso-ts-29113_1.f90  -O3 -fomit-frame-pointer -funroll-loops  compilation failed to produce executable
FAIL: gfortran.dg/iso-ts-29113_1.f90  -O3 -fomit-frame-pointer -funroll-all-loops -finline-functions  (test for excess errors)
UNRESOLVED: gfortran.dg/iso-ts-29113_1.f90  -O3 -fomit-frame-pointer -funroll-all-loops -finline-functions  compilation failed to produce executable
FAIL: gfortran.dg/iso-ts-29113_1.f90  -O3 -g  (test for excess errors)
UNRESOLVED: gfortran.dg/iso-ts-29113_1.f90  -O3 -g  compilation failed to produce executable
FAIL: gfortran.dg/iso-ts-29113_1.f90  -Os  (test for excess errors)
UNRESOLVED: gfortran.dg/iso-ts-29113_1.f90  -Os  compilation failed to produce executable
FAIL: gfortran.dg/iso-ts-29113_3.f90  -O0  (test for excess errors)
UNRESOLVED: gfortran.dg/iso-ts-29113_3.f90  -O0  compilation failed to produce executable
FAIL: gfortran.dg/iso-ts-29113_3.f90  -O1  (test for excess errors)
UNRESOLVED: gfortran.dg/iso-ts-29113_3.f90  -O1  compilation failed to produce executable
FAIL: gfortran.dg/iso-ts-29113_3.f90  -O2  (test for excess errors)
UNRESOLVED: gfortran.dg/iso-ts-29113_3.f90  -O2  compilation failed to produce executable
FAIL: gfortran.dg/iso-ts-29113_3.f90  -O3 -fomit-frame-pointer  (test for excess errors)
UNRESOLVED: gfortran.dg/iso-ts-29113_3.f90  -O3 -fomit-frame-pointer  compilation failed to produce executable
FAIL: gfortran.dg/iso-ts-29113_3.f90  -O3 -fomit-frame-pointer -funroll-loops  (test for excess errors)
UNRESOLVED: gfortran.dg/iso-ts-29113_3.f90  -O3 -fomit-frame-pointer -funroll-loops  compilation failed to produce executable
FAIL: gfortran.dg/iso-ts-29113_3.f90  -O3 -fomit-frame-pointer -funroll-all-loops -finline-functions  (test for excess errors)
UNRESOLVED: gfortran.dg/iso-ts-29113_3.f90  -O3 -fomit-frame-pointer -funroll-all-loops -finline-functions  compilation failed to produce executable
FAIL: gfortran.dg/iso-ts-29113_3.f90  -O3 -g  (test for excess errors)
UNRESOLVED: gfortran.dg/iso-ts-29113_3.f90  -O3 -g  compilation failed to produce executable
FAIL: gfortran.dg/iso-ts-29113_3.f90  -Os  (test for excess errors)
UNRESOLVED: gfortran.dg/iso-ts-29113_3.f90  -Os  compilation failed to produce executable
FAIL: gfortran.dg/mapping_1.f90  -O3 -fomit-frame-pointer -funroll-loops  (test for excess errors)
FAIL: gfortran.dg/mapping_1.f90  -O3 -fomit-frame-pointer -funroll-all-loops -finline-functions  (test for excess errors)
FAIL: gfortran.dg/minmaxloc_7.f90  -O3 -fomit-frame-pointer -funroll-loops  (test for excess errors)
FAIL: gfortran.dg/minmaxloc_7.f90  -O3 -fomit-frame-pointer -funroll-all-loops -finline-functions  (test for excess errors)
FAIL: gfortran.dg/module_read_2.f90  -O3 -fomit-frame-pointer -funroll-loops  (test for excess errors)
FAIL: gfortran.dg/module_read_2.f90  -O3 -fomit-frame-pointer -funroll-all-loops -finline-functions  (test for excess errors)
FAIL: gfortran.dg/move_alloc_13.f90  -O0  (test for excess errors)
FAIL: gfortran.dg/move_alloc_13.f90  -O1  (test for excess errors)
FAIL: gfortran.dg/move_alloc_13.f90  -O2  (test for excess errors)
FAIL: gfortran.dg/move_alloc_13.f90  -O3 -fomit-frame-pointer  (test for excess errors)
FAIL: gfortran.dg/move_alloc_13.f90  -O3 -fomit-frame-pointer -funroll-loops  (test for excess errors)
FAIL: gfortran.dg/move_alloc_13.f90  -O3 -fomit-frame-pointer -funroll-all-loops -finline-functions  (test for excess errors)
FAIL: gfortran.dg/move_alloc_13.f90  -O3 -g  (test for excess errors)
FAIL: gfortran.dg/move_alloc_13.f90  -Os  (test for excess errors)
FAIL: gfortran.dg/mvbits_5.f90  -O3 -fomit-frame-pointer -funroll-loops  (test for excess errors)
FAIL: gfortran.dg/mvbits_5.f90  -O3 -fomit-frame-pointer -funroll-all-loops -finline-functions  (test for excess errors)
FAIL: gfortran.dg/mvbits_7.f90  -O0  (test for excess errors)
FAIL: gfortran.dg/mvbits_7.f90  -O1  (test for excess errors)
FAIL: gfortran.dg/mvbits_7.f90  -O2  (test for excess errors)
FAIL: gfortran.dg/mvbits_7.f90  -O3 -fomit-frame-pointer  (test for excess errors)
FAIL: gfortran.dg/mvbits_7.f90  -O3 -fomit-frame-pointer -funroll-loops  (test for excess errors)
FAIL: gfortran.dg/mvbits_7.f90  -O3 -fomit-frame-pointer -funroll-all-loops -finline-functions  (test for excess errors)
FAIL: gfortran.dg/mvbits_7.f90  -O3 -g  (test for excess errors)
FAIL: gfortran.dg/mvbits_7.f90  -Os  (test for excess errors)
FAIL: gfortran.dg/nested_allocatables_1.f90  -O0  (test for excess errors)
FAIL: gfortran.dg/nested_allocatables_1.f90  -O1  (test for excess errors)
FAIL: gfortran.dg/nested_allocatables_1.f90  -O2  (test for excess errors)
FAIL: gfortran.dg/nested_allocatables_1.f90  -O3 -fomit-frame-pointer  (test for excess errors)
FAIL: gfortran.dg/nested_allocatables_1.f90  -O3 -fomit-frame-pointer -funroll-loops  (test for excess errors)
FAIL: gfortran.dg/nested_allocatables_1.f90  -O3 -fomit-frame-pointer -funroll-all-loops -finline-functions  (test for excess errors)
FAIL: gfortran.dg/nested_allocatables_1.f90  -O3 -g  (test for excess errors)
FAIL: gfortran.dg/nested_allocatables_1.f90  -Os  (test for excess errors)
FAIL: gfortran.dg/no_range_check_1.f90  -O0  (test for excess errors)
FAIL: gfortran.dg/no_range_check_1.f90  -O1  (test for excess errors)
FAIL: gfortran.dg/no_range_check_1.f90  -O2  (test for excess errors)
FAIL: gfortran.dg/no_range_check_1.f90  -O3 -fomit-frame-pointer  (test for excess errors)
FAIL: gfortran.dg/no_range_check_1.f90  -O3 -fomit-frame-pointer -funroll-loops  (test for excess errors)
FAIL: gfortran.dg/no_range_check_1.f90  -O3 -fomit-frame-pointer -funroll-all-loops -finline-functions  (test for excess errors)
FAIL: gfortran.dg/no_range_check_1.f90  -O3 -g  (test for excess errors)
FAIL: gfortran.dg/no_range_check_1.f90  -Os  (test for excess errors)
FAIL: gfortran.dg/optional_class_1.f90  -O0  (test for excess errors)
FAIL: gfortran.dg/optional_class_1.f90  -O1  (test for excess errors)
FAIL: gfortran.dg/optional_class_1.f90  -O2  (test for excess errors)
FAIL: gfortran.dg/optional_class_1.f90  -O3 -fomit-frame-pointer  (test for excess errors)
FAIL: gfortran.dg/optional_class_1.f90  -O3 -fomit-frame-pointer -funroll-loops  (test for excess errors)
FAIL: gfortran.dg/optional_class_1.f90  -O3 -fomit-frame-pointer -funroll-all-loops -finline-functions  (test for excess errors)
FAIL: gfortran.dg/optional_class_1.f90  -O3 -g  (test for excess errors)
FAIL: gfortran.dg/optional_class_1.f90  -Os  (test for excess errors)
FAIL: gfortran.dg/pointer_remapping_5.f08  -O3 -fomit-frame-pointer -funroll-loops  (test for excess errors)
FAIL: gfortran.dg/pointer_remapping_5.f08  -O3 -fomit-frame-pointer -funroll-all-loops -finline-functions  (test for excess errors)
FAIL: gfortran.dg/pr15324.f90  -O3 -fomit-frame-pointer -funroll-loops  (test for excess errors)
FAIL: gfortran.dg/pr15324.f90  -O3 -fomit-frame-pointer -funroll-all-loops -finline-functions  (test for excess errors)
FAIL: gfortran.dg/pr43808.f90  -O0  (test for excess errors)
FAIL: gfortran.dg/pr43808.f90  -O1  (test for excess errors)
FAIL: gfortran.dg/pr43808.f90  -O2  (test for excess errors)
FAIL: gfortran.dg/pr43808.f90  -O3 -fomit-frame-pointer  (test for excess errors)
FAIL: gfortran.dg/pr43808.f90  -O3 -fomit-frame-pointer -funroll-loops  (test for excess errors)
FAIL: gfortran.dg/pr43808.f90  -O3 -fomit-frame-pointer -funroll-all-loops -finline-functions  (test for excess errors)
FAIL: gfortran.dg/pr43808.f90  -O3 -g  (test for excess errors)
FAIL: gfortran.dg/pr43808.f90  -Os  (test for excess errors)
FAIL: gfortran.dg/pr46804.f90  -O0  (test for excess errors)
FAIL: gfortran.dg/pr46804.f90  -O1  (test for excess errors)
FAIL: gfortran.dg/pr46804.f90  -O2  (test for excess errors)
FAIL: gfortran.dg/pr46804.f90  -O3 -fomit-frame-pointer  (test for excess errors)
FAIL: gfortran.dg/pr46804.f90  -O3 -fomit-frame-pointer -funroll-loops  (test for excess errors)
FAIL: gfortran.dg/pr46804.f90  -O3 -fomit-frame-pointer -funroll-all-loops -finline-functions  (test for excess errors)
FAIL: gfortran.dg/pr46804.f90  -O3 -g  (test for excess errors)
FAIL: gfortran.dg/pr46804.f90  -Os  (test for excess errors)
FAIL: gfortran.dg/product_init_expr.f03  -O3 -fomit-frame-pointer -funroll-loops  (test for excess errors)
FAIL: gfortran.dg/product_init_expr.f03  -O3 -fomit-frame-pointer -funroll-all-loops -finline-functions  (test for excess errors)
FAIL: gfortran.dg/realloc_on_assign_14.f90  -O  (test for excess errors)
FAIL: gfortran.dg/realloc_on_assign_15.f90  -O3 -fomit-frame-pointer -funroll-loops  (test for excess errors)
FAIL: gfortran.dg/realloc_on_assign_15.f90  -O3 -fomit-frame-pointer -funroll-all-loops -finline-functions  (test for excess errors)
FAIL: gfortran.dg/realloc_on_assign_16.f90  -O0  (test for excess errors)
FAIL: gfortran.dg/realloc_on_assign_16.f90  -O1  (test for excess errors)
FAIL: gfortran.dg/realloc_on_assign_16.f90  -O2  (test for excess errors)
FAIL: gfortran.dg/realloc_on_assign_16.f90  -O3 -fomit-frame-pointer  (test for excess errors)
FAIL: gfortran.dg/realloc_on_assign_16.f90  -O3 -fomit-frame-pointer -funroll-loops  (test for excess errors)
FAIL: gfortran.dg/realloc_on_assign_16.f90  -O3 -fomit-frame-pointer -funroll-all-loops -finline-functions  (test for excess errors)
FAIL: gfortran.dg/realloc_on_assign_16.f90  -O3 -g  (test for excess errors)
FAIL: gfortran.dg/realloc_on_assign_16.f90  -Os  (test for excess errors)
FAIL: gfortran.dg/realloc_on_assign_17.f90  -O0  (test for excess errors)
FAIL: gfortran.dg/realloc_on_assign_17.f90  -O1  (test for excess errors)
FAIL: gfortran.dg/realloc_on_assign_17.f90  -O2  (test for excess errors)
FAIL: gfortran.dg/realloc_on_assign_17.f90  -O3 -fomit-frame-pointer  (test for excess errors)
FAIL: gfortran.dg/realloc_on_assign_17.f90  -O3 -fomit-frame-pointer -funroll-loops  (test for excess errors)
FAIL: gfortran.dg/realloc_on_assign_17.f90  -O3 -fomit-frame-pointer -funroll-all-loops -finline-functions  (test for excess errors)
FAIL: gfortran.dg/realloc_on_assign_17.f90  -O3 -g  (test for excess errors)
FAIL: gfortran.dg/realloc_on_assign_17.f90  -Os  (test for excess errors)
FAIL: gfortran.dg/realloc_on_assign_23.f90  -O0  (test for excess errors)
FAIL: gfortran.dg/realloc_on_assign_23.f90  -O1  (test for excess errors)
FAIL: gfortran.dg/realloc_on_assign_23.f90  -O2  (test for excess errors)
FAIL: gfortran.dg/realloc_on_assign_23.f90  -O3 -fomit-frame-pointer  (test for excess errors)
FAIL: gfortran.dg/realloc_on_assign_23.f90  -O3 -fomit-frame-pointer -funroll-loops  (test for excess errors)
FAIL: gfortran.dg/realloc_on_assign_23.f90  -O3 -fomit-frame-pointer -funroll-all-loops -finline-functions  (test for excess errors)
FAIL: gfortran.dg/realloc_on_assign_23.f90  -O3 -g  (test for excess errors)
FAIL: gfortran.dg/realloc_on_assign_23.f90  -Os  (test for excess errors)
FAIL: gfortran.dg/reshape-alloc.f90  -O3 -fomit-frame-pointer -funroll-loops  (test for excess errors)
FAIL: gfortran.dg/reshape-alloc.f90  -O3 -fomit-frame-pointer -funroll-all-loops -finline-functions  (test for excess errors)
FAIL: gfortran.dg/result_in_spec_1.f90  -O3 -fomit-frame-pointer -funroll-loops  (test for excess errors)
FAIL: gfortran.dg/result_in_spec_1.f90  -O3 -fomit-frame-pointer -funroll-all-loops -finline-functions  (test for excess errors)
FAIL: gfortran.dg/ret_pointer_2.f90  -O3 -fomit-frame-pointer -funroll-loops  (test for excess errors)
FAIL: gfortran.dg/ret_pointer_2.f90  -O3 -fomit-frame-pointer -funroll-all-loops -finline-functions  (test for excess errors)
FAIL: gfortran.dg/select_type_19.f03  -O3 -fomit-frame-pointer -funroll-loops  (test for excess errors)
FAIL: gfortran.dg/select_type_19.f03  -O3 -fomit-frame-pointer -funroll-all-loops -finline-functions  (test for excess errors)
FAIL: gfortran.dg/select_type_26.f03  -O0  (test for excess errors)
FAIL: gfortran.dg/select_type_26.f03  -O1  (test for excess errors)
FAIL: gfortran.dg/select_type_26.f03  -O2  (test for excess errors)
FAIL: gfortran.dg/select_type_26.f03  -O3 -fomit-frame-pointer  (test for excess errors)
FAIL: gfortran.dg/select_type_26.f03  -O3 -fomit-frame-pointer -funroll-loops  (test for excess errors)
FAIL: gfortran.dg/select_type_26.f03  -O3 -fomit-frame-pointer -funroll-all-loops -finline-functions  (test for excess errors)
FAIL: gfortran.dg/select_type_26.f03  -O3 -g  (test for excess errors)
FAIL: gfortran.dg/select_type_26.f03  -Os  (test for excess errors)
FAIL: gfortran.dg/select_type_27.f03  -O0  (test for excess errors)
FAIL: gfortran.dg/select_type_27.f03  -O1  (test for excess errors)
FAIL: gfortran.dg/select_type_27.f03  -O2  (test for excess errors)
FAIL: gfortran.dg/select_type_27.f03  -O3 -fomit-frame-pointer  (test for excess errors)
FAIL: gfortran.dg/select_type_27.f03  -O3 -fomit-frame-pointer -funroll-loops  (test for excess errors)
FAIL: gfortran.dg/select_type_27.f03  -O3 -fomit-frame-pointer -funroll-all-loops -finline-functions  (test for excess errors)
FAIL: gfortran.dg/select_type_27.f03  -O3 -g  (test for excess errors)
FAIL: gfortran.dg/select_type_27.f03  -Os  (test for excess errors)
FAIL: gfortran.dg/subref_array_pointer_1.f90  -O0  (test for excess errors)
FAIL: gfortran.dg/subref_array_pointer_1.f90  -O1  (test for excess errors)
FAIL: gfortran.dg/subref_array_pointer_1.f90  -O2  (test for excess errors)
FAIL: gfortran.dg/subref_array_pointer_1.f90  -O3 -fomit-frame-pointer  (test for excess errors)
FAIL: gfortran.dg/subref_array_pointer_1.f90  -O3 -fomit-frame-pointer -funroll-loops  (test for excess errors)
FAIL: gfortran.dg/subref_array_pointer_1.f90  -O3 -fomit-frame-pointer -funroll-all-loops -finline-functions  (test for excess errors)
FAIL: gfortran.dg/subref_array_pointer_1.f90  -O3 -g  (test for excess errors)
FAIL: gfortran.dg/subref_array_pointer_1.f90  -Os  (test for excess errors)
FAIL: gfortran.dg/sum_init_expr.f03  -O3 -fomit-frame-pointer -funroll-loops  (test for excess errors)
FAIL: gfortran.dg/sum_init_expr.f03  -O3 -fomit-frame-pointer -funroll-all-loops -finline-functions  (test for excess errors)
FAIL: gfortran.dg/transpose_intrinsic_func_call_1.f90  -O3 -fomit-frame-pointer -funroll-loops  (test for excess errors)
FAIL: gfortran.dg/transpose_intrinsic_func_call_1.f90  -O3 -fomit-frame-pointer -funroll-all-loops -finline-functions  (test for excess errors)
FAIL: gfortran.dg/type_to_class_1.f03  -O0  (test for excess errors)
FAIL: gfortran.dg/type_to_class_1.f03  -O1  (test for excess errors)
FAIL: gfortran.dg/type_to_class_1.f03  -O2  (test for excess errors)
FAIL: gfortran.dg/type_to_class_1.f03  -O3 -fomit-frame-pointer  (test for excess errors)
FAIL: gfortran.dg/type_to_class_1.f03  -O3 -fomit-frame-pointer -funroll-loops  (test for excess errors)
FAIL: gfortran.dg/type_to_class_1.f03  -O3 -fomit-frame-pointer -funroll-all-loops -finline-functions  (test for excess errors)
FAIL: gfortran.dg/type_to_class_1.f03  -O3 -g  (test for excess errors)
FAIL: gfortran.dg/type_to_class_1.f03  -Os  (test for excess errors)
FAIL: gfortran.dg/typebound_assignment_5.f03  -O0  (test for excess errors)
FAIL: gfortran.dg/typebound_assignment_5.f03  -O1  (test for excess errors)
FAIL: gfortran.dg/typebound_assignment_5.f03  -O2  (test for excess errors)
FAIL: gfortran.dg/typebound_assignment_5.f03  -O3 -fomit-frame-pointer  (test for excess errors)
FAIL: gfortran.dg/typebound_assignment_5.f03  -O3 -fomit-frame-pointer -funroll-all-loops -finline-functions  (test for excess errors)
FAIL: gfortran.dg/typebound_assignment_5.f03  -O3 -g  (test for excess errors)
FAIL: gfortran.dg/typebound_assignment_5.f03  -Os  (test for excess errors)
FAIL: gfortran.dg/typebound_assignment_6.f03  -O0  (test for excess errors)
FAIL: gfortran.dg/typebound_assignment_6.f03  -O1  (test for excess errors)
FAIL: gfortran.dg/typebound_assignment_6.f03  -O2  (test for excess errors)
FAIL: gfortran.dg/typebound_assignment_6.f03  -O3 -fomit-frame-pointer  (test for excess errors)
FAIL: gfortran.dg/typebound_assignment_6.f03  -O3 -fomit-frame-pointer -funroll-loops  (test for excess errors)
FAIL: gfortran.dg/typebound_assignment_6.f03  -O3 -fomit-frame-pointer -funroll-all-loops -finline-functions  (test for excess errors)
FAIL: gfortran.dg/typebound_assignment_6.f03  -O3 -g  (test for excess errors)
FAIL: gfortran.dg/typebound_assignment_6.f03  -Os  (test for excess errors)
FAIL: gfortran.dg/typebound_call_17.f03  -O3 -fomit-frame-pointer -funroll-loops  (test for excess errors)
FAIL: gfortran.dg/typebound_call_17.f03  -O3 -fomit-frame-pointer -funroll-all-loops -finline-functions  (test for excess errors)
FAIL: gfortran.dg/typebound_operator_12.f03  -O3 -fomit-frame-pointer -funroll-loops  (test for excess errors)
FAIL: gfortran.dg/typebound_operator_12.f03  -O3 -fomit-frame-pointer -funroll-all-loops -finline-functions  (test for excess errors)
FAIL: gfortran.dg/typebound_operator_13.f03  -O3 -fomit-frame-pointer -funroll-loops  (test for excess errors)
FAIL: gfortran.dg/typebound_operator_13.f03  -O3 -fomit-frame-pointer -funroll-all-loops -finline-functions  (test for excess errors)
FAIL: gfortran.dg/typebound_operator_9.f03  -O3 -fomit-frame-pointer -funroll-loops  (test for excess errors)
FAIL: gfortran.dg/typebound_operator_9.f03  -O3 -fomit-frame-pointer -funroll-all-loops -finline-functions  (test for excess errors)
FAIL: gfortran.dg/typebound_proc_20.f90  -O3 -fomit-frame-pointer -funroll-loops  (test for excess errors)
FAIL: gfortran.dg/typebound_proc_20.f90  -O3 -fomit-frame-pointer -funroll-all-loops -finline-functions  (test for excess errors)
FAIL: gfortran.dg/unlimited_polymorphic_1.f03  -O0  (test for excess errors)
FAIL: gfortran.dg/unlimited_polymorphic_1.f03  -O1  (test for excess errors)
FAIL: gfortran.dg/unlimited_polymorphic_1.f03  -O2  (test for excess errors)
FAIL: gfortran.dg/unlimited_polymorphic_1.f03  -O3 -fomit-frame-pointer  (test for excess errors)
FAIL: gfortran.dg/unlimited_polymorphic_1.f03  -O3 -fomit-frame-pointer -funroll-loops  (test for excess errors)
FAIL: gfortran.dg/unlimited_polymorphic_1.f03  -O3 -fomit-frame-pointer -funroll-all-loops -finline-functions  (test for excess errors)
FAIL: gfortran.dg/unlimited_polymorphic_1.f03  -O3 -g  (test for excess errors)
FAIL: gfortran.dg/unlimited_polymorphic_1.f03  -Os  (test for excess errors)
FAIL: gfortran.dg/unlimited_polymorphic_16.f90  -O  (test for excess errors)
FAIL: gfortran.dg/used_interface_ref.f90  -O3 -fomit-frame-pointer -funroll-loops  (test for excess errors)
FAIL: gfortran.dg/used_interface_ref.f90  -O3 -fomit-frame-pointer -funroll-all-loops -finline-functions  (test for excess errors)
FAIL: gfortran.dg/wextra_1.f  -O   (test for warnings, line 4)
FAIL: gfortran.dg/where_operator_assign_2.f90  -O  (test for excess errors)
FAIL: gfortran.dg/where_operator_assign_3.f90  -O  (test for excess errors)
FAIL: gfortran.dg/zero_sized_1.f90  -O3 -fomit-frame-pointer -funroll-loops  (test for excess errors)
FAIL: gfortran.dg/zero_sized_1.f90  -O3 -fomit-frame-pointer -funroll-all-loops -finline-functions  (test for excess errors)
FAIL: gfortran.dg/zero_sized_3.f90  -O3 -fomit-frame-pointer -funroll-loops  (test for excess errors)
FAIL: gfortran.dg/zero_sized_3.f90  -O3 -fomit-frame-pointer -funroll-all-loops -finline-functions  (test for excess errors)
FAIL: gfortran.dg/graphite/interchange-1.f  -O  (test for excess errors)
FAIL: gfortran.dg/graphite/interchange-2.f  -O  (test for excess errors)
FAIL: gfortran.dg/vect/vect-gems.f90  -O   scan-tree-dump-times vect "vectorized 1 loops" 1
FAIL: gfortran.dg/vect/fast-math-mgrid-resid.f scan-tree-dump-times pcom "Executing predictive commoning without unrolling" 1
FAIL: gfortran.dg/vect/fast-math-mgrid-resid.f scan-tree-dump-times pcom "Predictive commoning failed: no suitable chains" 0
FAIL: gfortran.dg/vect/fast-math-vect-8.f90 scan-tree-dump-times vect "vectorized 1 loops" 1

		=== gfortran Summary ===

# of expected passes		45341
# of unexpected failures	526
# of expected failures		53
# of unresolved testcases	16
# of unsupported tests		72
/scratch/toon/bd21155/gcc/testsuite/gfortran/../../gfortran  version 4.10.0 20140516 (experimental) (GCC) 

		=== g++ tests ===


Running target unix
FAIL: c-c++-common/asan/attrib-1.c  -O2 -flto -fno-use-linker-plugin -flto-partition=none  (test for excess errors)
FAIL: c-c++-common/asan/attrib-1.c  -O2 -flto -fuse-linker-plugin -fno-fat-lto-objects  (test for excess errors)
FAIL: c-c++-common/asan/clone-test-1.c  -O2 -flto -fno-use-linker-plugin -flto-partition=none  (test for excess errors)
FAIL: c-c++-common/asan/force-inline-opt0-1.c  -O2 -flto -fno-use-linker-plugin -flto-partition=none  (test for excess errors)
FAIL: c-c++-common/asan/force-inline-opt0-1.c  -O2 -flto -fuse-linker-plugin -fno-fat-lto-objects  (test for excess errors)
FAIL: c-c++-common/asan/global-overflow-1.c  -O2 -flto -fno-use-linker-plugin -flto-partition=none  (test for excess errors)
FAIL: c-c++-common/asan/memcmp-2.c  -O2 -flto -fno-use-linker-plugin -flto-partition=none  (test for excess errors)
FAIL: c-c++-common/asan/no-asan-globals.c  -O2 -flto -fno-use-linker-plugin -flto-partition=none  (test for excess errors)
FAIL: c-c++-common/asan/no-asan-globals.c  -O2 -flto -fuse-linker-plugin -fno-fat-lto-objects  (test for excess errors)
FAIL: c-c++-common/asan/no-use-after-return.c  -O2 -flto -fno-use-linker-plugin -flto-partition=none  (test for excess errors)
FAIL: c-c++-common/asan/no-use-after-return.c  -O2 -flto -fuse-linker-plugin -fno-fat-lto-objects  (test for excess errors)
FAIL: c-c++-common/asan/null-deref-1.c  -O2 -flto -fno-use-linker-plugin -flto-partition=none  (test for excess errors)
FAIL: c-c++-common/asan/pr56330.c  -O2 -flto -fno-use-linker-plugin -flto-partition=none  (test for excess errors)
FAIL: c-c++-common/asan/pr59029.c  -O2 -flto -fno-use-linker-plugin -flto-partition=none  (test for excess errors)
FAIL: c-c++-common/asan/swapcontext-test-1.c  -O2 -flto -fno-use-linker-plugin -flto-partition=none  (test for excess errors)
FAIL: c-c++-common/asan/swapcontext-test-1.c  -O2 -flto -fuse-linker-plugin -fno-fat-lto-objects  (test for excess errors)
FAIL: c-c++-common/asan/use-after-return-1.c  -O2 -flto -fno-use-linker-plugin -flto-partition=none  (test for excess errors)
FAIL: g++.dg/asan/asan_test.C  -O2  (test for excess errors)
FAIL: g++.dg/asan/deep-tail-call-1.C  -O2 -flto -fno-use-linker-plugin -flto-partition=none  (test for excess errors)
FAIL: g++.dg/asan/deep-thread-stack-1.C  -O2 -flto -fno-use-linker-plugin -flto-partition=none  (test for excess errors)
FAIL: g++.dg/asan/large-func-test-1.C  -O2 -flto -fno-use-linker-plugin -flto-partition=none  (test for excess errors)
FAIL: g++.dg/asan/pr55617.C  -O2 -flto -fno-use-linker-plugin -flto-partition=none  (test for excess errors)
FAIL: g++.dg/asan/pr55617.C  -O2 -flto -fuse-linker-plugin -fno-fat-lto-objects  (test for excess errors)
FAIL: c-c++-common/cilk-plus/AN/an-if.c  -fcilkplus (test for excess errors)
FAIL: c-c++-common/cilk-plus/AN/an-if.c  -O1 -fcilkplus (test for excess errors)
FAIL: c-c++-common/cilk-plus/AN/an-if.c  -O2 -ftree-vectorize -fcilkplus (test for excess errors)
FAIL: c-c++-common/cilk-plus/AN/an-if.c  -O3 -fcilkplus (test for excess errors)
FAIL: c-c++-common/cilk-plus/AN/an-if.c  -g -fcilkplus (test for excess errors)
FAIL: c-c++-common/cilk-plus/AN/an-if.c  -g -O1 -fcilkplus (test for excess errors)
FAIL: c-c++-common/cilk-plus/AN/an-if.c  -g -O2 -ftree-vectorize -fcilkplus (test for excess errors)
FAIL: c-c++-common/cilk-plus/AN/an-if.c  -g -O3 -fcilkplus (test for excess errors)
FAIL: c-c++-common/cilk-plus/AN/an-if.c  -O3 -ftree-vectorize -fcilkplus -g (test for excess errors)
FAIL: g++.dg/cilk-plus/CK/catch_exc.cc  -O1 -fcilkplus (test for excess errors)
FAIL: g++.dg/cilk-plus/CK/catch_exc.cc  -O3 -fcilkplus (test for excess errors)
FAIL: g++.dg/cilk-plus/CK/catch_exc.cc  -g -fcilkplus (test for excess errors)
FAIL: g++.dg/cilk-plus/CK/catch_exc.cc  -g -O2 -fcilkplus (test for excess errors)
FAIL: tmpdir-g++.dg-struct-layout-1/t003 cp_compat_x_tst.o compile
FAIL: tmpdir-g++.dg-struct-layout-1/t003 cp_compat_y_tst.o compile
FAIL: tmpdir-g++.dg-struct-layout-1/t006 cp_compat_x_tst.o compile
FAIL: tmpdir-g++.dg-struct-layout-1/t006 cp_compat_y_tst.o compile
FAIL: tmpdir-g++.dg-struct-layout-1/t007 cp_compat_x_tst.o compile
FAIL: tmpdir-g++.dg-struct-layout-1/t007 cp_compat_y_tst.o compile
FAIL: tmpdir-g++.dg-struct-layout-1/t009 cp_compat_x_tst.o compile
FAIL: tmpdir-g++.dg-struct-layout-1/t009 cp_compat_y_tst.o compile
FAIL: tmpdir-g++.dg-struct-layout-1/t011 cp_compat_x_tst.o compile
FAIL: tmpdir-g++.dg-struct-layout-1/t011 cp_compat_y_tst.o compile
FAIL: tmpdir-g++.dg-struct-layout-1/t015 cp_compat_x_tst.o compile
FAIL: tmpdir-g++.dg-struct-layout-1/t015 cp_compat_y_tst.o compile
FAIL: tmpdir-g++.dg-struct-layout-1/t016 cp_compat_x_tst.o compile
FAIL: tmpdir-g++.dg-struct-layout-1/t016 cp_compat_y_tst.o compile
FAIL: tmpdir-g++.dg-struct-layout-1/t018 cp_compat_x_tst.o compile
FAIL: tmpdir-g++.dg-struct-layout-1/t018 cp_compat_y_tst.o compile
FAIL: tmpdir-g++.dg-struct-layout-1/t019 cp_compat_x_tst.o compile
FAIL: tmpdir-g++.dg-struct-layout-1/t019 cp_compat_y_tst.o compile
FAIL: tmpdir-g++.dg-struct-layout-1/t020 cp_compat_x_tst.o compile
FAIL: tmpdir-g++.dg-struct-layout-1/t020 cp_compat_y_tst.o compile
FAIL: tmpdir-g++.dg-struct-layout-1/t021 cp_compat_x_tst.o compile
FAIL: tmpdir-g++.dg-struct-layout-1/t021 cp_compat_y_tst.o compile
FAIL: tmpdir-g++.dg-struct-layout-1/t023 cp_compat_x_tst.o compile
FAIL: tmpdir-g++.dg-struct-layout-1/t023 cp_compat_y_tst.o compile
FAIL: tmpdir-g++.dg-struct-layout-1/t024 cp_compat_x_tst.o compile
FAIL: tmpdir-g++.dg-struct-layout-1/t024 cp_compat_y_tst.o compile
FAIL: tmpdir-g++.dg-struct-layout-1/t025 cp_compat_x_tst.o compile
FAIL: tmpdir-g++.dg-struct-layout-1/t025 cp_compat_y_tst.o compile
FAIL: tmpdir-g++.dg-struct-layout-1/t026 cp_compat_x_tst.o compile
FAIL: tmpdir-g++.dg-struct-layout-1/t026 cp_compat_y_tst.o compile
FAIL: tmpdir-g++.dg-struct-layout-1/t027 cp_compat_x_tst.o compile
FAIL: tmpdir-g++.dg-struct-layout-1/t027 cp_compat_y_tst.o compile
FAIL: tmpdir-g++.dg-struct-layout-1/t029 cp_compat_x_tst.o compile
FAIL: tmpdir-g++.dg-struct-layout-1/t029 cp_compat_y_tst.o compile
FAIL: tmpdir-g++.dg-struct-layout-1/t030 cp_compat_x_tst.o compile
FAIL: tmpdir-g++.dg-struct-layout-1/t030 cp_compat_y_tst.o compile
FAIL: g++.dg/debug/pr47106.C -gdwarf-2 -g1 (test for excess errors)
FAIL: g++.dg/debug/pr47106.C -gdwarf-2 -g1 -O2 (test for excess errors)
FAIL: g++.dg/debug/pr47106.C -gdwarf-2 -g1 -O3 (test for excess errors)
FAIL: g++.dg/debug/pr47106.C -gdwarf-2 (test for excess errors)
FAIL: g++.dg/debug/pr47106.C -gdwarf-2 -O2 (test for excess errors)
FAIL: g++.dg/debug/pr47106.C -gdwarf-2 -O3 (test for excess errors)
FAIL: g++.dg/debug/pr47106.C -gdwarf-2 -g3 (test for excess errors)
FAIL: g++.dg/debug/pr47106.C -gdwarf-2 -g3 -O2 (test for excess errors)
FAIL: g++.dg/debug/pr47106.C -gdwarf-2 -g3 -O3 (test for excess errors)
FAIL: g++.dg/20090107-1.C -std=gnu++98 (test for excess errors)
FAIL: g++.dg/20090107-1.C -std=gnu++11 (test for excess errors)
FAIL: g++.dg/20090107-1.C -std=gnu++1y (test for excess errors)
FAIL: g++.dg/20090121-1.C -std=gnu++98 (test for excess errors)
FAIL: g++.dg/20090121-1.C -std=gnu++11 (test for excess errors)
FAIL: g++.dg/20090121-1.C -std=gnu++1y (test for excess errors)
FAIL: g++.dg/cpp0x/Wliteral-suffix.C -std=c++11 (test for excess errors)
FAIL: g++.dg/cpp0x/Wliteral-suffix.C -std=c++1y (test for excess errors)
FAIL: g++.dg/cpp0x/auto20.C -std=c++11 (test for excess errors)
FAIL: g++.dg/cpp0x/auto20.C -std=c++1y (test for excess errors)
FAIL: g++.dg/cpp0x/constexpr-abi1.C -std=gnu++11 (test for excess errors)
FAIL: g++.dg/cpp0x/constexpr-abi1.C -std=gnu++1y (test for excess errors)
FAIL: g++.dg/cpp0x/constexpr-aggr1.C -std=c++11 (test for excess errors)
FAIL: g++.dg/cpp0x/constexpr-aggr1.C -std=c++1y (test for excess errors)
FAIL: g++.dg/cpp0x/constexpr-array-ptr2.C -std=c++11 (test for excess errors)
FAIL: g++.dg/cpp0x/constexpr-array-ptr2.C -std=c++1y (test for excess errors)
FAIL: g++.dg/cpp0x/constexpr-array-ptr8.C -std=c++11 (test for excess errors)
FAIL: g++.dg/cpp0x/constexpr-array-ptr8.C -std=c++1y (test for excess errors)
FAIL: g++.dg/cpp0x/constexpr-array.C -std=c++11 (test for excess errors)
FAIL: g++.dg/cpp0x/constexpr-array.C -std=c++1y (test for excess errors)
FAIL: g++.dg/cpp0x/constexpr-array3.C -std=c++11 (test for excess errors)
FAIL: g++.dg/cpp0x/constexpr-array3.C -std=c++1y (test for excess errors)
FAIL: g++.dg/cpp0x/constexpr-array4.C -std=c++11 (test for excess errors)
FAIL: g++.dg/cpp0x/constexpr-array4.C -std=c++1y (test for excess errors)
FAIL: g++.dg/cpp0x/constexpr-ctor12.C -std=c++11 (test for excess errors)
FAIL: g++.dg/cpp0x/constexpr-ctor12.C -std=c++1y (test for excess errors)
FAIL: g++.dg/cpp0x/constexpr-ctor13.C -std=c++11 (test for excess errors)
FAIL: g++.dg/cpp0x/constexpr-ctor13.C -std=c++1y (test for excess errors)
FAIL: g++.dg/cpp0x/constexpr-ctor6.C -std=gnu++11 (test for excess errors)
FAIL: g++.dg/cpp0x/constexpr-ctor6.C -std=gnu++1y (test for excess errors)
FAIL: g++.dg/cpp0x/constexpr-ctor7.C -std=gnu++11 (test for excess errors)
FAIL: g++.dg/cpp0x/constexpr-ctor7.C -std=gnu++1y (test for excess errors)
FAIL: g++.dg/cpp0x/constexpr-ctor8.C -std=gnu++11 (test for excess errors)
FAIL: g++.dg/cpp0x/constexpr-ctor8.C -std=gnu++1y (test for excess errors)
FAIL: g++.dg/cpp0x/constexpr-ex1.C -std=c++11 (test for excess errors)
FAIL: g++.dg/cpp0x/constexpr-ex1.C -std=c++1y (test for excess errors)
FAIL: g++.dg/cpp0x/constexpr-ex4.C -std=c++11 (test for excess errors)
FAIL: g++.dg/cpp0x/constexpr-ex4.C -std=c++1y (test for excess errors)
FAIL: g++.dg/cpp0x/constexpr-ice8.C -std=c++11 (test for excess errors)
FAIL: g++.dg/cpp0x/constexpr-ice8.C -std=c++1y (test for excess errors)
FAIL: g++.dg/cpp0x/constexpr-incomplete2.C -std=c++11 (test for excess errors)
FAIL: g++.dg/cpp0x/constexpr-incomplete2.C -std=c++1y (test for excess errors)
FAIL: g++.dg/cpp0x/constexpr-initlist.C -std=c++11 (test for excess errors)
FAIL: g++.dg/cpp0x/constexpr-initlist.C -std=c++1y (test for excess errors)
FAIL: g++.dg/cpp0x/constexpr-initlist6.C -std=c++11 (test for excess errors)
FAIL: g++.dg/cpp0x/constexpr-initlist6.C -std=c++1y (test for excess errors)
FAIL: g++.dg/cpp0x/constexpr-invisiref1.C -std=c++11 (test for excess errors)
FAIL: g++.dg/cpp0x/constexpr-invisiref1.C -std=c++1y (test for excess errors)
FAIL: g++.dg/cpp0x/constexpr-missing.C -std=c++11 (test for excess errors)
FAIL: g++.dg/cpp0x/constexpr-missing.C -std=c++1y (test for excess errors)
FAIL: g++.dg/cpp0x/constexpr-non-const-arg.C -std=c++11 (test for excess errors)
FAIL: g++.dg/cpp0x/constexpr-non-const-arg.C -std=c++1y (test for excess errors)
FAIL: g++.dg/cpp0x/constexpr-reinterpret1.C -std=c++11 (test for excess errors)
FAIL: g++.dg/cpp0x/constexpr-reinterpret1.C -std=c++1y (test for excess errors)
FAIL: g++.dg/cpp0x/constexpr-rom.C -std=c++11 (test for excess errors)
FAIL: g++.dg/cpp0x/constexpr-rom.C -std=c++1y (test for excess errors)
FAIL: g++.dg/cpp0x/constexpr-static.C -std=gnu++11 (test for excess errors)
FAIL: g++.dg/cpp0x/constexpr-static.C -std=gnu++1y (test for excess errors)
FAIL: g++.dg/cpp0x/constexpr-static10.C -std=c++11 (test for excess errors)
FAIL: g++.dg/cpp0x/constexpr-static10.C -std=c++1y (test for excess errors)
FAIL: g++.dg/cpp0x/constexpr-static2.C -std=c++11 (test for excess errors)
FAIL: g++.dg/cpp0x/constexpr-static2.C -std=c++1y (test for excess errors)
FAIL: g++.dg/cpp0x/constexpr-static6.C -std=c++11 (test for excess errors)
FAIL: g++.dg/cpp0x/constexpr-static6.C -std=c++1y (test for excess errors)
FAIL: g++.dg/cpp0x/constexpr-switch2.C -std=c++11 (test for excess errors)
FAIL: g++.dg/cpp0x/constexpr-switch2.C -std=c++1y (test for excess errors)
FAIL: g++.dg/cpp0x/constexpr-template4.C -std=c++11 (test for excess errors)
FAIL: g++.dg/cpp0x/constexpr-template4.C -std=c++1y (test for excess errors)
FAIL: g++.dg/cpp0x/constexpr-template6.C -std=c++11 (test for excess errors)
FAIL: g++.dg/cpp0x/constexpr-template6.C -std=c++1y (test for excess errors)
FAIL: g++.dg/cpp0x/dc5.C -std=c++11 (test for excess errors)
FAIL: g++.dg/cpp0x/dc5.C -std=c++1y (test for excess errors)
FAIL: g++.dg/cpp0x/decltype39.C -std=c++11 (test for excess errors)
FAIL: g++.dg/cpp0x/decltype39.C -std=c++1y (test for excess errors)
FAIL: g++.dg/cpp0x/implicit10.C -std=c++11 (test for excess errors)
FAIL: g++.dg/cpp0x/implicit10.C -std=c++1y (test for excess errors)
FAIL: g++.dg/cpp0x/initlist13.C -std=c++11 (test for excess errors)
FAIL: g++.dg/cpp0x/initlist13.C -std=c++1y (test for excess errors)
FAIL: g++.dg/cpp0x/initlist15.C -std=c++11 (test for excess errors)
FAIL: g++.dg/cpp0x/initlist15.C -std=c++1y (test for excess errors)
FAIL: g++.dg/cpp0x/initlist25.C -std=c++11 (test for excess errors)
FAIL: g++.dg/cpp0x/initlist25.C -std=c++1y (test for excess errors)
FAIL: g++.dg/cpp0x/lambda/lambda-capture-const-ref-neg.C -std=c++11 (test for excess errors)
FAIL: g++.dg/cpp0x/lambda/lambda-capture-const-ref-neg.C -std=c++1y (test for excess errors)
FAIL: g++.dg/cpp0x/lambda/lambda-capture-const-ref.C -std=c++11 (test for excess errors)
FAIL: g++.dg/cpp0x/lambda/lambda-capture-const-ref.C -std=c++1y (test for excess errors)
FAIL: g++.dg/cpp0x/lambda/lambda-const-neg.C -std=c++11 (test for excess errors)
FAIL: g++.dg/cpp0x/lambda/lambda-const-neg.C -std=c++1y (test for excess errors)
FAIL: g++.dg/cpp0x/lambda/lambda-const.C -std=c++11 (test for excess errors)
FAIL: g++.dg/cpp0x/lambda/lambda-const.C -std=c++1y (test for excess errors)
FAIL: g++.dg/cpp0x/lambda/lambda-deduce.C -std=c++11 (test for excess errors)
FAIL: g++.dg/cpp0x/lambda/lambda-deduce.C -std=c++1y (test for excess errors)
FAIL: g++.dg/cpp0x/lambda/lambda-in-class-neg.C -std=c++11 (test for excess errors)
FAIL: g++.dg/cpp0x/lambda/lambda-in-class-neg.C -std=c++1y (test for excess errors)
FAIL: g++.dg/cpp0x/lambda/lambda-in-class.C -std=c++11 (test for excess errors)
FAIL: g++.dg/cpp0x/lambda/lambda-in-class.C -std=c++1y (test for excess errors)
FAIL: g++.dg/cpp0x/lambda/lambda-mixed.C -std=c++11 (test for excess errors)
FAIL: g++.dg/cpp0x/lambda/lambda-mixed.C -std=c++1y (test for excess errors)
FAIL: g++.dg/cpp0x/lambda/lambda-mutable.C -std=c++11 (test for excess errors)
FAIL: g++.dg/cpp0x/lambda/lambda-mutable.C -std=c++1y (test for excess errors)
FAIL: g++.dg/cpp0x/lambda/lambda-nested.C -std=c++11 (test for excess errors)
FAIL: g++.dg/cpp0x/lambda/lambda-nested.C -std=c++1y (test for excess errors)
FAIL: g++.dg/cpp0x/lambda/lambda-non-const.C -std=c++11 (test for excess errors)
FAIL: g++.dg/cpp0x/lambda/lambda-non-const.C -std=c++1y (test for excess errors)
FAIL: g++.dg/cpp0x/lambda/lambda-nop.C -std=c++11 (test for excess errors)
FAIL: g++.dg/cpp0x/lambda/lambda-nop.C -std=c++1y (test for excess errors)
FAIL: g++.dg/cpp0x/lambda/lambda-nullptr.C -std=c++11 (test for excess errors)
FAIL: g++.dg/cpp0x/lambda/lambda-nullptr.C -std=c++1y (test for excess errors)
FAIL: g++.dg/cpp0x/lambda/lambda-pass.C -std=c++11 (test for excess errors)
FAIL: g++.dg/cpp0x/lambda/lambda-pass.C -std=c++1y (test for excess errors)
FAIL: g++.dg/cpp0x/lambda/lambda-recursive.C -std=c++11 (test for excess errors)
FAIL: g++.dg/cpp0x/lambda/lambda-recursive.C -std=c++1y (test for excess errors)
FAIL: g++.dg/cpp0x/lambda/lambda-ref-default.C -std=c++11 (test for excess errors)
FAIL: g++.dg/cpp0x/lambda/lambda-ref-default.C -std=c++1y (test for excess errors)
FAIL: g++.dg/cpp0x/lambda/lambda-ref.C -std=c++11 (test for excess errors)
FAIL: g++.dg/cpp0x/lambda/lambda-ref.C -std=c++1y (test for excess errors)
FAIL: g++.dg/cpp0x/lambda/lambda-this8.C -std=c++11 (test for excess errors)
FAIL: g++.dg/cpp0x/lambda/lambda-this8.C -std=c++1y (test for excess errors)
FAIL: g++.dg/cpp0x/noexcept15.C -std=c++11 (test for excess errors)
FAIL: g++.dg/cpp0x/noexcept15.C -std=c++1y (test for excess errors)
FAIL: g++.dg/cpp0x/not_special.C -std=c++11 (test for excess errors)
FAIL: g++.dg/cpp0x/not_special.C -std=c++1y (test for excess errors)
FAIL: g++.dg/cpp0x/nsdmi-defer6.C -std=c++11 (test for excess errors)
FAIL: g++.dg/cpp0x/nsdmi-defer6.C -std=c++1y (test for excess errors)
FAIL: g++.dg/cpp0x/nsdmi2.C -std=c++11 (test for excess errors)
FAIL: g++.dg/cpp0x/nsdmi2.C -std=c++1y (test for excess errors)
FAIL: g++.dg/cpp0x/nsdmi3.C -std=c++11 (test for excess errors)
FAIL: g++.dg/cpp0x/nsdmi3.C -std=c++1y (test for excess errors)
FAIL: g++.dg/cpp0x/nullptr30.C -std=c++11 (test for excess errors)
FAIL: g++.dg/cpp0x/nullptr30.C -std=c++1y (test for excess errors)
FAIL: g++.dg/cpp0x/pr51225.C -std=c++11 (test for excess errors)
FAIL: g++.dg/cpp0x/pr51225.C -std=c++1y (test for excess errors)
FAIL: g++.dg/cpp0x/pr51619.C -std=c++11 (test for excess errors)
FAIL: g++.dg/cpp0x/pr51619.C -std=c++1y (test for excess errors)
FAIL: g++.dg/cpp0x/pr60215.C -std=c++11 (test for excess errors)
FAIL: g++.dg/cpp0x/pr60215.C -std=c++1y (test for excess errors)
FAIL: g++.dg/cpp0x/ref-qual10.C -std=c++11 (test for excess errors)
FAIL: g++.dg/cpp0x/ref-qual10.C -std=c++1y (test for excess errors)
FAIL: g++.dg/cpp0x/rv-trivial-bug.C -std=c++11 (test for excess errors)
FAIL: g++.dg/cpp0x/rv-trivial-bug.C -std=c++1y (test for excess errors)
FAIL: g++.dg/cpp0x/udlit-embed-quote.C -std=c++11 (test for excess errors)
FAIL: g++.dg/cpp0x/udlit-embed-quote.C -std=c++1y (test for excess errors)
FAIL: g++.dg/cpp0x/udlit-general.C -std=c++11 (test for excess errors)
FAIL: g++.dg/cpp0x/udlit-general.C -std=c++1y (test for excess errors)
FAIL: g++.dg/cpp0x/udlit-raw-op.C -std=c++11 (test for excess errors)
FAIL: g++.dg/cpp0x/udlit-raw-op.C -std=c++1y (test for excess errors)
FAIL: g++.dg/cpp0x/udlit-resolve.C -std=c++11 (test for excess errors)
FAIL: g++.dg/cpp0x/udlit-resolve.C -std=c++1y (test for excess errors)
FAIL: g++.dg/cpp0x/udlit-template.C -std=c++11 (test for excess errors)
FAIL: g++.dg/cpp0x/udlit-template.C -std=c++1y (test for excess errors)
FAIL: g++.dg/cpp0x/variadic-bind.C -std=c++11 (test for excess errors)
FAIL: g++.dg/cpp0x/variadic-bind.C -std=c++1y (test for excess errors)
FAIL: g++.dg/cpp0x/variadic-function.C -std=c++11 (test for excess errors)
FAIL: g++.dg/cpp0x/variadic-function.C -std=c++1y (test for excess errors)
FAIL: g++.dg/cpp0x/variadic-mem_fn.C -std=c++11 (test for excess errors)
FAIL: g++.dg/cpp0x/variadic-mem_fn.C -std=c++1y (test for excess errors)
FAIL: g++.dg/cpp0x/variadic-new.C -std=c++11 (test for excess errors)
FAIL: g++.dg/cpp0x/variadic-new.C -std=c++1y (test for excess errors)
FAIL: g++.dg/cpp0x/variadic-new2.C -std=c++11 (test for excess errors)
FAIL: g++.dg/cpp0x/variadic-new2.C -std=c++1y (test for excess errors)
FAIL: g++.dg/cpp0x/variadic-tuple.C -std=c++11 (test for excess errors)
FAIL: g++.dg/cpp0x/variadic-tuple.C -std=c++1y (test for excess errors)
FAIL: g++.dg/cpp0x/variadic94.C -std=c++11 (test for excess errors)
FAIL: g++.dg/cpp0x/variadic94.C -std=c++1y (test for excess errors)
FAIL: g++.dg/cpp0x/variadic98.C -std=c++11 (test for excess errors)
FAIL: g++.dg/cpp0x/variadic98.C -std=c++1y (test for excess errors)
FAIL: g++.dg/cpp1y/lambda-generic-x.C -std=c++1y (test for excess errors)
FAIL: g++.dg/cpp1y/lambda-generic.C -std=c++1y (test for excess errors)
FAIL: g++.dg/cpp1y/pr57640.C -std=c++1y (test for excess errors)
FAIL: g++.dg/cpp1y/udlit-userdef-string.C -std=c++1y (test for excess errors)
FAIL: g++.dg/diagnostic/method1.C -std=c++11 (test for excess errors)
FAIL: g++.dg/diagnostic/method1.C -std=c++1y (test for excess errors)
FAIL: g++.dg/eh/omit-frame-pointer.C -std=gnu++11 (test for excess errors)
FAIL: g++.dg/eh/omit-frame-pointer.C -std=gnu++1y (test for excess errors)
FAIL: g++.dg/expr/lval2.C -std=c++98 (test for excess errors)
FAIL: g++.dg/expr/lval2.C -std=c++11 (test for excess errors)
FAIL: g++.dg/expr/lval2.C -std=c++1y (test for excess errors)
FAIL: g++.dg/ext/builtin-line1.C -std=c++98 (test for excess errors)
FAIL: g++.dg/ext/builtin-line1.C -std=c++11 (test for excess errors)
FAIL: g++.dg/ext/builtin-line1.C -std=c++1y (test for excess errors)
FAIL: g++.dg/ext/complex4.C -std=c++11 (test for excess errors)
FAIL: g++.dg/ext/complex4.C -std=c++1y (test for excess errors)
FAIL: g++.dg/ext/has_nothrow_assign.C -std=c++98 (test for excess errors)
FAIL: g++.dg/ext/has_nothrow_assign.C -std=c++11 (test for excess errors)
FAIL: g++.dg/ext/has_nothrow_assign.C -std=c++1y (test for excess errors)
FAIL: g++.dg/ext/has_nothrow_assign_odr.C -std=c++98 (test for excess errors)
FAIL: g++.dg/ext/has_nothrow_assign_odr.C -std=c++11 (test for excess errors)
FAIL: g++.dg/ext/has_nothrow_assign_odr.C -std=c++1y (test for excess errors)
FAIL: g++.dg/ext/has_nothrow_constructor.C -std=c++98 (test for excess errors)
FAIL: g++.dg/ext/has_nothrow_constructor.C -std=c++11 (test for excess errors)
FAIL: g++.dg/ext/has_nothrow_constructor.C -std=c++1y (test for excess errors)
FAIL: g++.dg/ext/has_nothrow_constructor_odr.C -std=c++98 (test for excess errors)
FAIL: g++.dg/ext/has_nothrow_constructor_odr.C -std=c++11 (test for excess errors)
FAIL: g++.dg/ext/has_nothrow_constructor_odr.C -std=c++1y (test for excess errors)
FAIL: g++.dg/ext/has_nothrow_copy-1.C -std=c++98 (test for excess errors)
FAIL: g++.dg/ext/has_nothrow_copy-1.C -std=c++11 (test for excess errors)
FAIL: g++.dg/ext/has_nothrow_copy-1.C -std=c++1y (test for excess errors)
FAIL: g++.dg/ext/has_nothrow_copy_odr.C -std=c++98 (test for excess errors)
FAIL: g++.dg/ext/has_nothrow_copy_odr.C -std=c++11 (test for excess errors)
FAIL: g++.dg/ext/has_nothrow_copy_odr.C -std=c++1y (test for excess errors)
FAIL: g++.dg/ext/has_trivial_assign.C -std=c++98 (test for excess errors)
FAIL: g++.dg/ext/has_trivial_assign.C -std=c++11 (test for excess errors)
FAIL: g++.dg/ext/has_trivial_assign.C -std=c++1y (test for excess errors)
FAIL: g++.dg/ext/has_trivial_constructor.C -std=c++98 (test for excess errors)
FAIL: g++.dg/ext/has_trivial_constructor.C -std=c++11 (test for excess errors)
FAIL: g++.dg/ext/has_trivial_constructor.C -std=c++1y (test for excess errors)
FAIL: g++.dg/ext/has_trivial_copy.C -std=c++98 (test for excess errors)
FAIL: g++.dg/ext/has_trivial_copy.C -std=c++11 (test for excess errors)
FAIL: g++.dg/ext/has_trivial_copy.C -std=c++1y (test for excess errors)
FAIL: g++.dg/ext/has_trivial_destructor-1.C -std=c++98 (test for excess errors)
FAIL: g++.dg/ext/has_trivial_destructor-1.C -std=c++11 (test for excess errors)
FAIL: g++.dg/ext/has_trivial_destructor-1.C -std=c++1y (test for excess errors)
FAIL: g++.dg/ext/has_virtual_destructor.C -std=c++98 (test for excess errors)
FAIL: g++.dg/ext/has_virtual_destructor.C -std=c++11 (test for excess errors)
FAIL: g++.dg/ext/has_virtual_destructor.C -std=c++1y (test for excess errors)
FAIL: g++.dg/ext/is_abstract.C -std=c++98 (test for excess errors)
FAIL: g++.dg/ext/is_abstract.C -std=c++11 (test for excess errors)
FAIL: g++.dg/ext/is_abstract.C -std=c++1y (test for excess errors)
FAIL: g++.dg/ext/is_base_of.C -std=c++98 (test for excess errors)
FAIL: g++.dg/ext/is_base_of.C -std=c++11 (test for excess errors)
FAIL: g++.dg/ext/is_base_of.C -std=c++1y (test for excess errors)
FAIL: g++.dg/ext/is_class.C -std=c++98 (test for excess errors)
FAIL: g++.dg/ext/is_class.C -std=c++11 (test for excess errors)
FAIL: g++.dg/ext/is_class.C -std=c++1y (test for excess errors)
FAIL: g++.dg/ext/is_empty.C -std=c++98 (test for excess errors)
FAIL: g++.dg/ext/is_empty.C -std=c++11 (test for excess errors)
FAIL: g++.dg/ext/is_empty.C -std=c++1y (test for excess errors)
FAIL: g++.dg/ext/is_enum.C -std=c++98 (test for excess errors)
FAIL: g++.dg/ext/is_enum.C -std=c++11 (test for excess errors)
FAIL: g++.dg/ext/is_enum.C -std=c++1y (test for excess errors)
FAIL: g++.dg/ext/is_pod.C -std=c++11 (test for excess errors)
FAIL: g++.dg/ext/is_pod.C -std=c++1y (test for excess errors)
FAIL: g++.dg/ext/is_polymorphic.C -std=c++98 (test for excess errors)
FAIL: g++.dg/ext/is_polymorphic.C -std=c++11 (test for excess errors)
FAIL: g++.dg/ext/is_polymorphic.C -std=c++1y (test for excess errors)
FAIL: g++.dg/ext/is_union.C -std=c++98 (test for excess errors)
FAIL: g++.dg/ext/is_union.C -std=c++11 (test for excess errors)
FAIL: g++.dg/ext/is_union.C -std=c++1y (test for excess errors)
FAIL: g++.dg/ext/mv1.C -std=gnu++98 (test for excess errors)
FAIL: g++.dg/ext/mv1.C -std=gnu++11 (test for excess errors)
FAIL: g++.dg/ext/mv1.C -std=gnu++1y (test for excess errors)
FAIL: g++.dg/ext/mv14.C -std=gnu++98 (test for excess errors)
FAIL: g++.dg/ext/mv14.C -std=gnu++98 execution test
FAIL: g++.dg/ext/mv14.C -std=gnu++11 (test for excess errors)
FAIL: g++.dg/ext/mv14.C -std=gnu++11 execution test
FAIL: g++.dg/ext/mv14.C -std=gnu++1y (test for excess errors)
FAIL: g++.dg/ext/mv14.C -std=gnu++1y execution test
FAIL: g++.dg/ext/mv15.C -std=gnu++98 (test for excess errors)
FAIL: g++.dg/ext/mv15.C -std=gnu++98 execution test
FAIL: g++.dg/ext/mv15.C -std=gnu++11 (test for excess errors)
FAIL: g++.dg/ext/mv15.C -std=gnu++11 execution test
FAIL: g++.dg/ext/mv15.C -std=gnu++1y (test for excess errors)
FAIL: g++.dg/ext/mv15.C -std=gnu++1y execution test
FAIL: g++.dg/ext/mv16.C -std=gnu++98 (test for excess errors)
FAIL: g++.dg/ext/mv16.C -std=gnu++11 (test for excess errors)
FAIL: g++.dg/ext/mv16.C -std=gnu++1y (test for excess errors)
FAIL: g++.dg/ext/mv2.C -std=gnu++98 (test for excess errors)
FAIL: g++.dg/ext/mv2.C -std=gnu++11 (test for excess errors)
FAIL: g++.dg/ext/mv2.C -std=gnu++1y (test for excess errors)
FAIL: g++.dg/ext/underlying_type10.C -std=c++11 (test for excess errors)
FAIL: g++.dg/ext/underlying_type10.C -std=c++1y (test for excess errors)
FAIL: g++.dg/init/array37.C -std=c++11 (test for excess errors)
FAIL: g++.dg/init/array37.C -std=c++1y (test for excess errors)
FAIL: g++.dg/init/new18.C -std=gnu++11 (test for excess errors)
FAIL: g++.dg/init/new18.C -std=gnu++1y (test for excess errors)
FAIL: g++.dg/init/value2.C -std=c++11 (test for excess errors)
FAIL: g++.dg/init/value2.C -std=c++1y (test for excess errors)
FAIL: g++.dg/ipa/devirt-29.C -std=gnu++11 (test for excess errors)
FAIL: g++.dg/ipa/devirt-29.C -std=gnu++1y (test for excess errors)
FAIL: g++.dg/ipa/inline-3.C -std=gnu++11 (test for excess errors)
FAIL: g++.dg/ipa/inline-3.C -std=gnu++1y (test for excess errors)
FAIL: g++.dg/ipa/pr58371.C -std=gnu++11 (test for excess errors)
FAIL: g++.dg/ipa/pr58371.C -std=gnu++1y (test for excess errors)
FAIL: g++.dg/lookup/anon7.C -std=gnu++11 (test for excess errors)
FAIL: g++.dg/lookup/anon7.C -std=gnu++1y (test for excess errors)
FAIL: g++.dg/lookup/using49.C -std=c++11 (test for excess errors)
FAIL: g++.dg/lookup/using49.C -std=c++1y (test for excess errors)
FAIL: g++.dg/opt/dtor4.C -std=gnu++98 (test for excess errors)
FAIL: g++.dg/opt/dtor4.C -std=gnu++11 (test for excess errors)
FAIL: g++.dg/opt/dtor4.C -std=gnu++1y (test for excess errors)
FAIL: g++.dg/opt/nrv17.C -std=c++11 (test for excess errors)
FAIL: g++.dg/opt/nrv17.C -std=c++1y (test for excess errors)
FAIL: g++.dg/opt/pmf1.C -std=gnu++11 (test for excess errors)
FAIL: g++.dg/opt/pmf1.C -std=gnu++1y (test for excess errors)
FAIL: g++.dg/opt/pr15551.C -std=gnu++11 (test for excess errors)
FAIL: g++.dg/opt/pr15551.C -std=gnu++1y (test for excess errors)
FAIL: g++.dg/opt/pr30965.C -std=gnu++11 (test for excess errors)
FAIL: g++.dg/opt/pr30965.C -std=gnu++1y (test for excess errors)
FAIL: g++.dg/other/gc2.C -std=gnu++11 (test for excess errors)
FAIL: g++.dg/other/gc2.C -std=gnu++1y (test for excess errors)
FAIL: g++.dg/other/pr40561.C -std=c++11 (test for excess errors)
FAIL: g++.dg/other/pr40561.C -std=c++1y (test for excess errors)
FAIL: g++.dg/parse/crash40.C -std=c++11 (test for excess errors)
FAIL: g++.dg/parse/crash40.C -std=c++1y (test for excess errors)
FAIL: g++.dg/parse/crash61.C -std=c++11 (test for excess errors)
FAIL: g++.dg/parse/crash61.C -std=c++1y (test for excess errors)
FAIL: g++.dg/parse/parse5.C -std=c++11 (test for excess errors)
FAIL: g++.dg/parse/parse5.C -std=c++1y (test for excess errors)
FAIL: g++.dg/parse/template18.C -std=c++11 (test for excess errors)
FAIL: g++.dg/parse/template18.C -std=c++1y (test for excess errors)
FAIL: g++.dg/parse/template5.C -std=c++11 (test for excess errors)
FAIL: g++.dg/parse/template5.C -std=c++1y (test for excess errors)
FAIL: g++.dg/rtti/repo1.C -std=gnu++98 (test for excess errors)
FAIL: g++.dg/rtti/repo1.C -std=gnu++11 (test for excess errors)
FAIL: g++.dg/rtti/repo1.C -std=gnu++1y (test for excess errors)
FAIL: g++.dg/rtti/typeid4.C -std=gnu++11 (test for excess errors)
FAIL: g++.dg/rtti/typeid4.C -std=gnu++1y (test for excess errors)
FAIL: g++.dg/template/anonunion1.C -std=gnu++11 (test for excess errors)
FAIL: g++.dg/template/anonunion1.C -std=gnu++1y (test for excess errors)
FAIL: g++.dg/template/call6.C -std=c++11 (test for excess errors)
FAIL: g++.dg/template/call6.C -std=c++1y (test for excess errors)
FAIL: g++.dg/template/cond5.C -std=c++11 (test for excess errors)
FAIL: g++.dg/template/cond5.C -std=c++1y (test for excess errors)
FAIL: g++.dg/template/const5.C -std=c++11 (test for excess errors)
FAIL: g++.dg/template/const5.C -std=c++1y (test for excess errors)
FAIL: g++.dg/template/conv1.C -std=c++11 (test for excess errors)
FAIL: g++.dg/template/conv1.C -std=c++1y (test for excess errors)
FAIL: g++.dg/template/crash101.C -std=c++11 (test for excess errors)
FAIL: g++.dg/template/crash101.C -std=c++1y (test for excess errors)
FAIL: g++.dg/template/defarg4.C -std=c++11 (test for excess errors)
FAIL: g++.dg/template/defarg4.C -std=c++1y (test for excess errors)
FAIL: g++.dg/template/dependent-expr5.C -std=c++11 (test for excess errors)
FAIL: g++.dg/template/dependent-expr5.C -std=c++1y (test for excess errors)
FAIL: g++.dg/template/friend10.C -std=c++11 (test for excess errors)
FAIL: g++.dg/template/friend10.C -std=c++1y (test for excess errors)
FAIL: g++.dg/template/friend19.C -std=c++11 (test for excess errors)
FAIL: g++.dg/template/friend19.C -std=c++1y (test for excess errors)
FAIL: g++.dg/template/member9.C -std=c++11 (test for excess errors)
FAIL: g++.dg/template/member9.C -std=c++1y (test for excess errors)
FAIL: g++.dg/template/memfriend8.C -std=c++11 (test for excess errors)
FAIL: g++.dg/template/memfriend8.C -std=c++1y (test for excess errors)
FAIL: g++.dg/template/non-dependent10.C -std=c++11 (test for excess errors)
FAIL: g++.dg/template/non-dependent10.C -std=c++1y (test for excess errors)
FAIL: g++.dg/template/non-dependent11.C -std=c++11 (test for excess errors)
FAIL: g++.dg/template/non-dependent11.C -std=c++1y (test for excess errors)
FAIL: g++.dg/template/non-dependent2.C -std=c++11 (test for excess errors)
FAIL: g++.dg/template/non-dependent2.C -std=c++1y (test for excess errors)
FAIL: g++.dg/template/non-dependent3.C -std=c++11 (test for excess errors)
FAIL: g++.dg/template/non-dependent3.C -std=c++1y (test for excess errors)
FAIL: g++.dg/template/non-dependent7.C -std=c++98 (test for excess errors)
FAIL: g++.dg/template/non-dependent7.C -std=c++11 (test for excess errors)
FAIL: g++.dg/template/non-dependent7.C -std=c++1y (test for excess errors)
FAIL: g++.dg/template/non-dependent8.C -std=c++98 (test for excess errors)
FAIL: g++.dg/template/non-dependent8.C -std=c++11 (test for excess errors)
FAIL: g++.dg/template/non-dependent8.C -std=c++1y (test for excess errors)
FAIL: g++.dg/template/non-dependent9.C -std=c++11 (test for excess errors)
FAIL: g++.dg/template/non-dependent9.C -std=c++1y (test for excess errors)
FAIL: g++.dg/template/ptrmem12.C -std=c++11 (test for excess errors)
FAIL: g++.dg/template/ptrmem12.C -std=c++1y (test for excess errors)
FAIL: g++.dg/template/ptrmem13.C -std=c++11 (test for excess errors)
FAIL: g++.dg/template/ptrmem13.C -std=c++1y (test for excess errors)
FAIL: g++.dg/template/ptrmem14.C -std=c++11 (test for excess errors)
FAIL: g++.dg/template/ptrmem14.C -std=c++1y (test for excess errors)
FAIL: g++.dg/template/ptrmem16.C -std=c++11 (test for excess errors)
FAIL: g++.dg/template/ptrmem16.C -std=c++1y (test for excess errors)
FAIL: g++.dg/template/ptrmem26.C -std=c++11 (test for excess errors)
FAIL: g++.dg/template/ptrmem26.C -std=c++1y (test for excess errors)
FAIL: g++.dg/template/repo1.C -std=gnu++98 (test for excess errors)
FAIL: g++.dg/template/repo1.C -std=gnu++11 (test for excess errors)
FAIL: g++.dg/template/repo1.C -std=gnu++1y (test for excess errors)
FAIL: g++.dg/template/repo10.C -std=gnu++98 (test for excess errors)
FAIL: g++.dg/template/repo10.C -std=gnu++11 (test for excess errors)
FAIL: g++.dg/template/repo10.C -std=gnu++1y (test for excess errors)
FAIL: g++.dg/template/repo3.C -std=gnu++98 (test for excess errors)
FAIL: g++.dg/template/repo3.C -std=gnu++11 (test for excess errors)
FAIL: g++.dg/template/repo3.C -std=gnu++1y (test for excess errors)
FAIL: g++.dg/template/repo6.C -std=gnu++98 (test for excess errors)
FAIL: g++.dg/template/repo6.C -std=gnu++11 (test for excess errors)
FAIL: g++.dg/template/repo6.C -std=gnu++1y (test for excess errors)
FAIL: g++.dg/template/repo8.C -std=gnu++98 (test for excess errors)
FAIL: g++.dg/template/repo8.C -std=gnu++11 (test for excess errors)
FAIL: g++.dg/template/repo8.C -std=gnu++1y (test for excess errors)
FAIL: g++.dg/template/repo9.C -std=gnu++98 (test for excess errors)
FAIL: g++.dg/template/repo9.C -std=gnu++11 (test for excess errors)
FAIL: g++.dg/template/repo9.C -std=gnu++1y (test for excess errors)
FAIL: g++.dg/template/sfinae26.C -std=c++11 (test for excess errors)
FAIL: g++.dg/template/sfinae26.C -std=c++1y (test for excess errors)
FAIL: g++.dg/tree-ssa/inline-3.C -std=gnu++11 (test for excess errors)
FAIL: g++.dg/tree-ssa/inline-3.C -std=gnu++1y (test for excess errors)
FAIL: g++.dg/tree-ssa/pr14703.C -std=gnu++11 (test for excess errors)
FAIL: g++.dg/tree-ssa/pr14703.C -std=gnu++1y (test for excess errors)
FAIL: g++.dg/tree-ssa/pr19786.C -std=gnu++98 (test for excess errors)
FAIL: g++.dg/tree-ssa/pr19786.C -std=gnu++11 (test for excess errors)
FAIL: g++.dg/tree-ssa/pr19786.C -std=gnu++1y (test for excess errors)
FAIL: g++.dg/tree-ssa/pr46228.C -std=gnu++11 (test for excess errors)
FAIL: g++.dg/tree-ssa/pr46228.C -std=gnu++1y (test for excess errors)
FAIL: g++.dg/tree-ssa/pr47707.C -std=gnu++98 (test for excess errors)
FAIL: g++.dg/tree-ssa/pr47707.C -std=gnu++11 (test for excess errors)
FAIL: g++.dg/tree-ssa/pr47707.C -std=gnu++1y (test for excess errors)
FAIL: g++.dg/warn/Winline-3.C -std=gnu++11 (test for excess errors)
FAIL: g++.dg/warn/Winline-3.C -std=gnu++1y (test for excess errors)
FAIL: g++.dg/warn/pr31246.C -std=gnu++11 (test for excess errors)
FAIL: g++.dg/warn/pr31246.C -std=gnu++1y (test for excess errors)
FAIL: g++.dg/gcov/gcov-14.C -std=gnu++11 (test for excess errors)
FAIL: g++.dg/gcov/gcov-14.C -std=gnu++1y (test for excess errors)
FAIL: g++.dg/graphite/id-1.C -std=c++11 (test for excess errors)
FAIL: g++.dg/graphite/id-1.C -std=c++1y (test for excess errors)
FAIL: g++.dg/graphite/pr42130.C -std=gnu++11 (test for excess errors)
FAIL: g++.dg/graphite/pr42130.C -std=gnu++1y (test for excess errors)
FAIL: g++.dg/guality/pr55665.C  -O2  line 23 p == 40
FAIL: g++.dg/guality/pr55665.C  -O3 -fomit-frame-pointer  line 23 p == 40
FAIL: g++.dg/guality/pr55665.C  -O3 -g  line 23 p == 40
FAIL: g++.dg/guality/pr55665.C  -O2 -flto -fno-use-linker-plugin -flto-partition=none  (test for excess errors)
FAIL: c-c++-common/guality/pr43141.c  -O2 -flto -fno-use-linker-plugin -flto-partition=none  (test for excess errors)
FAIL: c-c++-common/guality/pr43141.c  -O2 -flto -fuse-linker-plugin -fno-fat-lto-objects  (test for excess errors)
FAIL: g++.dg/lto/pr48508-1 cp_lto_pr48508-1_1.o assemble,  -g -O2 -flto -flto-partition=none 
FAIL: g++.dg/plugin/attribute_plugin.c compilation
FAIL: g++.dg/plugin/pragma_plugin.c compilation
FAIL: g++.dg/plugin/selfassign.c compilation
FAIL: g++.dg/plugin/dumb_plugin.c compilation
FAIL: g++.dg/plugin/header_plugin.c compilation
FAIL: g++.dg/plugin/decl_plugin.c compilation
FAIL: c-c++-common/torture/vshuf-v16hi.c  -O0  (internal compiler error)
FAIL: c-c++-common/torture/vshuf-v16hi.c  -O0  (test for excess errors)
FAIL: c-c++-common/torture/vshuf-v16hi.c  -O1  (internal compiler error)
FAIL: c-c++-common/torture/vshuf-v16hi.c  -O1  (test for excess errors)
FAIL: c-c++-common/torture/vshuf-v16hi.c  -O2  (internal compiler error)
FAIL: c-c++-common/torture/vshuf-v16hi.c  -O2  (test for excess errors)
FAIL: c-c++-common/torture/vshuf-v16hi.c  -O3 -fomit-frame-pointer  (internal compiler error)
FAIL: c-c++-common/torture/vshuf-v16hi.c  -O3 -fomit-frame-pointer  (test for excess errors)
FAIL: c-c++-common/torture/vshuf-v16hi.c  -O3 -g  (internal compiler error)
FAIL: c-c++-common/torture/vshuf-v16hi.c  -O3 -g  (test for excess errors)
FAIL: c-c++-common/torture/vshuf-v16hi.c  -Os  (internal compiler error)
FAIL: c-c++-common/torture/vshuf-v16hi.c  -Os  (test for excess errors)
FAIL: c-c++-common/torture/vshuf-v16hi.c  -O2 -flto -fno-use-linker-plugin -flto-partition=none  (internal compiler error)
FAIL: c-c++-common/torture/vshuf-v16hi.c  -O2 -flto -fno-use-linker-plugin -flto-partition=none  (test for excess errors)
FAIL: g++.dg/torture/pr34850.C  -O2 -flto -fno-use-linker-plugin -flto-partition=none  (test for excess errors)
FAIL: g++.dg/torture/pr34850.C  -O2 -flto -fuse-linker-plugin -fno-fat-lto-objects  (test for excess errors)
FAIL: g++.dg/torture/pr41273.C  -O2 -flto -fno-use-linker-plugin -flto-partition=none  (test for excess errors)
FAIL: g++.dg/torture/pr44972.C  -O0  (test for excess errors)
FAIL: g++.dg/torture/pr44972.C  -O1  (test for excess errors)
FAIL: g++.dg/torture/pr44972.C  -O2  (test for excess errors)
FAIL: g++.dg/torture/pr44972.C  -O3 -fomit-frame-pointer  (test for excess errors)
FAIL: g++.dg/torture/pr44972.C  -O3 -g  (test for excess errors)
FAIL: g++.dg/torture/pr44972.C  -Os  (test for excess errors)
FAIL: g++.dg/torture/pr44972.C  -O2 -flto -fno-use-linker-plugin -flto-partition=none  (test for excess errors)
FAIL: g++.dg/torture/pr44972.C  -O2 -flto -fuse-linker-plugin -fno-fat-lto-objects  (test for excess errors)
FAIL: g++.dg/torture/pr46111.C  -O2 -flto -fno-use-linker-plugin -flto-partition=none  (test for excess errors)
FAIL: g++.dg/torture/pr46111.C  -O2 -flto -fuse-linker-plugin -fno-fat-lto-objects  (test for excess errors)
FAIL: g++.dg/torture/pr49615.C  -O2 -flto -fno-use-linker-plugin -flto-partition=none  (test for excess errors)
FAIL: g++.dg/torture/pr49615.C  -O2 -flto -fuse-linker-plugin -fno-fat-lto-objects  (test for excess errors)
FAIL: g++.dg/torture/pr53085.C  -O2 -flto -fno-use-linker-plugin -flto-partition=none  (test for excess errors)
FAIL: g++.dg/torture/pr53752.C  -O2 -flto -fno-use-linker-plugin -flto-partition=none  (test for excess errors)
FAIL: g++.dg/torture/pr53752.C  -O2 -flto -fuse-linker-plugin -fno-fat-lto-objects  (test for excess errors)
FAIL: g++.dg/torture/pr54735.C  -O0  (test for excess errors)
FAIL: g++.dg/torture/pr54735.C  -O1  (test for excess errors)
FAIL: g++.dg/torture/pr54735.C  -O2  (test for excess errors)
FAIL: g++.dg/torture/pr54735.C  -O3 -fomit-frame-pointer  (test for excess errors)
FAIL: g++.dg/torture/pr54735.C  -O3 -g  (test for excess errors)
FAIL: g++.dg/torture/pr54735.C  -Os  (test for excess errors)
FAIL: g++.dg/torture/pr54735.C  -O2 -flto -fno-use-linker-plugin -flto-partition=none  (test for excess errors)
FAIL: g++.dg/torture/pr54735.C  -O2 -flto -fuse-linker-plugin -fno-fat-lto-objects  (test for excess errors)
FAIL: g++.dg/torture/pr56398.C  -O2 -flto -fno-use-linker-plugin -flto-partition=none  (test for excess errors)
FAIL: g++.dg/torture/pr57235.C  -O0  (test for excess errors)
FAIL: g++.dg/torture/pr57235.C  -O1  (test for excess errors)
FAIL: g++.dg/torture/pr57235.C  -O2  (test for excess errors)
FAIL: g++.dg/torture/pr57235.C  -O3 -fomit-frame-pointer  (test for excess errors)
FAIL: g++.dg/torture/pr57235.C  -O3 -g  (test for excess errors)
FAIL: g++.dg/torture/pr57235.C  -Os  (test for excess errors)
FAIL: g++.dg/torture/pr57235.C  -O2 -flto -fno-use-linker-plugin -flto-partition=none  (test for excess errors)
FAIL: g++.dg/torture/pr57235.C  -O2 -flto -fuse-linker-plugin -fno-fat-lto-objects  (test for excess errors)
FAIL: g++.dg/torture/pr58552.C  -O2 -flto -fno-use-linker-plugin -flto-partition=none  (test for excess errors)
FAIL: g++.dg/torture/pr58552.C  -O2 -flto -fuse-linker-plugin -fno-fat-lto-objects  (test for excess errors)
FAIL: g++.dg/torture/pr60609.C  -O0  (test for excess errors)
FAIL: g++.dg/torture/pr60609.C  -O1  (test for excess errors)
FAIL: g++.dg/torture/pr60609.C  -O2  (test for excess errors)
FAIL: g++.dg/torture/pr60609.C  -O3 -fomit-frame-pointer  (test for excess errors)
FAIL: g++.dg/torture/pr60609.C  -O3 -g  (test for excess errors)
FAIL: g++.dg/torture/pr60609.C  -Os  (test for excess errors)
FAIL: g++.dg/torture/pr60609.C  -O2 -flto -fno-use-linker-plugin -flto-partition=none  (test for excess errors)
FAIL: g++.dg/torture/pr60609.C  -O2 -flto -fuse-linker-plugin -fno-fat-lto-objects  (test for excess errors)
FAIL: c-c++-common/ubsan/const-expr-1.c  -O0  (test for excess errors)
FAIL: c-c++-common/ubsan/const-expr-1.c  -O1  (test for excess errors)
FAIL: c-c++-common/ubsan/const-expr-1.c  -O2  (test for excess errors)
FAIL: c-c++-common/ubsan/const-expr-1.c  -O3 -fomit-frame-pointer  (test for excess errors)
FAIL: c-c++-common/ubsan/const-expr-1.c  -O3 -g  (test for excess errors)
FAIL: c-c++-common/ubsan/const-expr-1.c  -Os  (test for excess errors)
FAIL: c-c++-common/ubsan/const-expr-1.c  -O2 -flto -fno-use-linker-plugin -flto-partition=none  (test for excess errors)
FAIL: c-c++-common/ubsan/const-expr-1.c  -O2 -flto -fuse-linker-plugin -fno-fat-lto-objects  (test for excess errors)
FAIL: c-c++-common/ubsan/div-by-zero-1.c  -O0  (test for excess errors)
FAIL: c-c++-common/ubsan/div-by-zero-1.c  -O1  (test for excess errors)
FAIL: c-c++-common/ubsan/div-by-zero-1.c  -O2  (test for excess errors)
FAIL: c-c++-common/ubsan/div-by-zero-1.c  -O3 -fomit-frame-pointer  (test for excess errors)
FAIL: c-c++-common/ubsan/div-by-zero-1.c  -O3 -g  (test for excess errors)
FAIL: c-c++-common/ubsan/div-by-zero-1.c  -Os  (test for excess errors)
FAIL: c-c++-common/ubsan/div-by-zero-1.c  -O2 -flto -fno-use-linker-plugin -flto-partition=none  (test for excess errors)
FAIL: c-c++-common/ubsan/div-by-zero-1.c  -O2 -flto -fuse-linker-plugin -fno-fat-lto-objects  (test for excess errors)
FAIL: c-c++-common/ubsan/div-by-zero-2.c  -O0  (test for excess errors)
FAIL: c-c++-common/ubsan/div-by-zero-2.c  -O1  (test for excess errors)
FAIL: c-c++-common/ubsan/div-by-zero-2.c  -O2  (test for excess errors)
FAIL: c-c++-common/ubsan/div-by-zero-2.c  -O3 -fomit-frame-pointer  (test for excess errors)
FAIL: c-c++-common/ubsan/div-by-zero-2.c  -O3 -g  (test for excess errors)
FAIL: c-c++-common/ubsan/div-by-zero-2.c  -Os  (test for excess errors)
FAIL: c-c++-common/ubsan/div-by-zero-2.c  -O2 -flto -fno-use-linker-plugin -flto-partition=none  (test for excess errors)
FAIL: c-c++-common/ubsan/div-by-zero-2.c  -O2 -flto -fuse-linker-plugin -fno-fat-lto-objects  (test for excess errors)
FAIL: c-c++-common/ubsan/div-by-zero-3.c  -O0  (test for excess errors)
FAIL: c-c++-common/ubsan/div-by-zero-3.c  -O1  (test for excess errors)
FAIL: c-c++-common/ubsan/div-by-zero-3.c  -O2  (test for excess errors)
FAIL: c-c++-common/ubsan/div-by-zero-3.c  -O3 -fomit-frame-pointer  (test for excess errors)
FAIL: c-c++-common/ubsan/div-by-zero-3.c  -O3 -g  (test for excess errors)
FAIL: c-c++-common/ubsan/div-by-zero-3.c  -Os  (test for excess errors)
FAIL: c-c++-common/ubsan/div-by-zero-3.c  -O2 -flto -fno-use-linker-plugin -flto-partition=none  (test for excess errors)
FAIL: c-c++-common/ubsan/div-by-zero-3.c  -O2 -flto -fuse-linker-plugin -fno-fat-lto-objects  (test for excess errors)
FAIL: c-c++-common/ubsan/div-by-zero-6.c  -O0  (test for excess errors)
FAIL: c-c++-common/ubsan/div-by-zero-6.c  -O1  (test for excess errors)
FAIL: c-c++-common/ubsan/div-by-zero-6.c  -O2  (test for excess errors)
FAIL: c-c++-common/ubsan/div-by-zero-6.c  -O3 -fomit-frame-pointer  (test for excess errors)
FAIL: c-c++-common/ubsan/div-by-zero-6.c  -O3 -g  (test for excess errors)
FAIL: c-c++-common/ubsan/div-by-zero-6.c  -Os  (test for excess errors)
FAIL: c-c++-common/ubsan/div-by-zero-6.c  -O2 -flto -fno-use-linker-plugin -flto-partition=none  (test for excess errors)
FAIL: c-c++-common/ubsan/div-by-zero-6.c  -O2 -flto -fuse-linker-plugin -fno-fat-lto-objects  (test for excess errors)
FAIL: c-c++-common/ubsan/div-by-zero-7.c  -O0  (test for excess errors)
FAIL: c-c++-common/ubsan/div-by-zero-7.c  -O1  (test for excess errors)
FAIL: c-c++-common/ubsan/div-by-zero-7.c  -O2  (test for excess errors)
FAIL: c-c++-common/ubsan/div-by-zero-7.c  -O3 -fomit-frame-pointer  (test for excess errors)
FAIL: c-c++-common/ubsan/div-by-zero-7.c  -O3 -g  (test for excess errors)
FAIL: c-c++-common/ubsan/div-by-zero-7.c  -Os  (test for excess errors)
FAIL: c-c++-common/ubsan/div-by-zero-7.c  -O2 -flto -fno-use-linker-plugin -flto-partition=none  (test for excess errors)
FAIL: c-c++-common/ubsan/div-by-zero-7.c  -O2 -flto -fuse-linker-plugin -fno-fat-lto-objects  (test for excess errors)
FAIL: c-c++-common/ubsan/float-div-by-zero-1.c  -O0  (test for excess errors)
FAIL: c-c++-common/ubsan/float-div-by-zero-1.c  -O1  (test for excess errors)
FAIL: c-c++-common/ubsan/float-div-by-zero-1.c  -O2  (test for excess errors)
FAIL: c-c++-common/ubsan/float-div-by-zero-1.c  -O3 -fomit-frame-pointer  (test for excess errors)
FAIL: c-c++-common/ubsan/float-div-by-zero-1.c  -O3 -g  (test for excess errors)
FAIL: c-c++-common/ubsan/float-div-by-zero-1.c  -Os  (test for excess errors)
FAIL: c-c++-common/ubsan/float-div-by-zero-1.c  -O2 -flto -fno-use-linker-plugin -flto-partition=none  (test for excess errors)
FAIL: c-c++-common/ubsan/float-div-by-zero-1.c  -O2 -flto -fuse-linker-plugin -fno-fat-lto-objects  (test for excess errors)
FAIL: c-c++-common/ubsan/overflow-mul-3.c  -O2 -flto -fno-use-linker-plugin -flto-partition=none  (test for excess errors)
FAIL: c-c++-common/ubsan/overflow-mul-3.c  -O2 -flto -fuse-linker-plugin -fno-fat-lto-objects  (test for excess errors)
FAIL: c-c++-common/ubsan/overflow-mul-4.c  -O2 -flto -fno-use-linker-plugin -flto-partition=none  (test for excess errors)
FAIL: c-c++-common/ubsan/overflow-mul-4.c  -O2 -flto -fuse-linker-plugin -fno-fat-lto-objects  (test for excess errors)
FAIL: c-c++-common/ubsan/pr58443-3.c  -O0  (test for excess errors)
FAIL: c-c++-common/ubsan/pr58443-3.c  -O1  (test for excess errors)
FAIL: c-c++-common/ubsan/pr58443-3.c  -O2  (test for excess errors)
FAIL: c-c++-common/ubsan/pr58443-3.c  -O3 -fomit-frame-pointer  (test for excess errors)
FAIL: c-c++-common/ubsan/pr58443-3.c  -O3 -g  (test for excess errors)
FAIL: c-c++-common/ubsan/pr58443-3.c  -Os  (test for excess errors)
FAIL: c-c++-common/ubsan/pr58443-3.c  -O2 -flto -fno-use-linker-plugin -flto-partition=none  (test for excess errors)
FAIL: c-c++-common/ubsan/pr58443-3.c  -O2 -flto -fuse-linker-plugin -fno-fat-lto-objects  (test for excess errors)
FAIL: c-c++-common/ubsan/pr59667.c  -O0  (test for excess errors)
FAIL: c-c++-common/ubsan/pr59667.c  -O1  (test for excess errors)
FAIL: c-c++-common/ubsan/pr59667.c  -O2  (test for excess errors)
FAIL: c-c++-common/ubsan/pr59667.c  -O3 -fomit-frame-pointer  (test for excess errors)
FAIL: c-c++-common/ubsan/pr59667.c  -O3 -g  (test for excess errors)
FAIL: c-c++-common/ubsan/pr59667.c  -Os  (test for excess errors)
FAIL: c-c++-common/ubsan/pr59667.c  -O2 -flto -fno-use-linker-plugin -flto-partition=none  (test for excess errors)
FAIL: c-c++-common/ubsan/pr59667.c  -O2 -flto -fuse-linker-plugin -fno-fat-lto-objects  (test for excess errors)
FAIL: c-c++-common/ubsan/save-expr-1.c  -O0  (test for excess errors)
FAIL: c-c++-common/ubsan/save-expr-1.c  -O1  (test for excess errors)
FAIL: c-c++-common/ubsan/save-expr-1.c  -O2  (test for excess errors)
FAIL: c-c++-common/ubsan/save-expr-1.c  -O3 -fomit-frame-pointer  (test for excess errors)
FAIL: c-c++-common/ubsan/save-expr-1.c  -O3 -g  (test for excess errors)
FAIL: c-c++-common/ubsan/save-expr-1.c  -Os  (test for excess errors)
FAIL: c-c++-common/ubsan/save-expr-1.c  -O2 -flto -fno-use-linker-plugin -flto-partition=none  (test for excess errors)
FAIL: c-c++-common/ubsan/save-expr-1.c  -O2 -flto -fuse-linker-plugin -fno-fat-lto-objects  (test for excess errors)
FAIL: c-c++-common/ubsan/save-expr-3.c  -O0  (test for excess errors)
FAIL: c-c++-common/ubsan/save-expr-3.c  -O1  (test for excess errors)
FAIL: c-c++-common/ubsan/save-expr-3.c  -O2  (test for excess errors)
FAIL: c-c++-common/ubsan/save-expr-3.c  -O3 -fomit-frame-pointer  (test for excess errors)
FAIL: c-c++-common/ubsan/save-expr-3.c  -O3 -g  (test for excess errors)
FAIL: c-c++-common/ubsan/save-expr-3.c  -Os  (test for excess errors)
FAIL: c-c++-common/ubsan/save-expr-3.c  -O2 -flto -fno-use-linker-plugin -flto-partition=none  (test for excess errors)
FAIL: c-c++-common/ubsan/save-expr-3.c  -O2 -flto -fuse-linker-plugin -fno-fat-lto-objects  (test for excess errors)
FAIL: c-c++-common/ubsan/save-expr-4.c  -O0  (test for excess errors)
FAIL: c-c++-common/ubsan/save-expr-4.c  -O1  (test for excess errors)
FAIL: c-c++-common/ubsan/save-expr-4.c  -O2  (test for excess errors)
FAIL: c-c++-common/ubsan/save-expr-4.c  -O3 -fomit-frame-pointer  (test for excess errors)
FAIL: c-c++-common/ubsan/save-expr-4.c  -O3 -g  (test for excess errors)
FAIL: c-c++-common/ubsan/save-expr-4.c  -Os  (test for excess errors)
FAIL: c-c++-common/ubsan/save-expr-4.c  -O2 -flto -fno-use-linker-plugin -flto-partition=none  (test for excess errors)
FAIL: c-c++-common/ubsan/save-expr-4.c  -O2 -flto -fuse-linker-plugin -fno-fat-lto-objects  (test for excess errors)
FAIL: c-c++-common/ubsan/shift-1.c  -O0  (test for excess errors)
FAIL: c-c++-common/ubsan/shift-1.c  -O1  (test for excess errors)
FAIL: c-c++-common/ubsan/shift-1.c  -O2  (test for excess errors)
FAIL: c-c++-common/ubsan/shift-1.c  -O3 -fomit-frame-pointer  (test for excess errors)
FAIL: c-c++-common/ubsan/shift-1.c  -O3 -fomit-frame-pointer -funroll-loops  (test for excess errors)
FAIL: c-c++-common/ubsan/shift-1.c  -O3 -fomit-frame-pointer -funroll-all-loops -finline-functions  (test for excess errors)
FAIL: c-c++-common/ubsan/shift-1.c  -O3 -g  (test for excess errors)
FAIL: c-c++-common/ubsan/shift-1.c  -Os  (test for excess errors)
FAIL: c-c++-common/ubsan/shift-1.c  -O2 -flto -fno-use-linker-plugin -flto-partition=none  (test for excess errors)
FAIL: c-c++-common/ubsan/shift-1.c  -O2 -flto -fuse-linker-plugin -fno-fat-lto-objects  (test for excess errors)
FAIL: c-c++-common/ubsan/shift-2.c  -O0  (test for excess errors)
FAIL: c-c++-common/ubsan/shift-2.c  -O1  (test for excess errors)
FAIL: c-c++-common/ubsan/shift-2.c  -O2  (test for excess errors)
FAIL: c-c++-common/ubsan/shift-2.c  -O3 -fomit-frame-pointer  (test for excess errors)
FAIL: c-c++-common/ubsan/shift-2.c  -O3 -g  (test for excess errors)
FAIL: c-c++-common/ubsan/shift-2.c  -Os  (test for excess errors)
FAIL: c-c++-common/ubsan/shift-2.c  -O2 -flto -fno-use-linker-plugin -flto-partition=none  (test for excess errors)
FAIL: c-c++-common/ubsan/shift-2.c  -O2 -flto -fuse-linker-plugin -fno-fat-lto-objects  (test for excess errors)
FAIL: c-c++-common/ubsan/shift-4.c  -O0  (test for excess errors)
FAIL: c-c++-common/ubsan/shift-4.c  -O1  (test for excess errors)
FAIL: c-c++-common/ubsan/shift-4.c  -O2  (test for excess errors)
FAIL: c-c++-common/ubsan/shift-4.c  -O3 -fomit-frame-pointer  (test for excess errors)
FAIL: c-c++-common/ubsan/shift-4.c  -O3 -g  (test for excess errors)
FAIL: c-c++-common/ubsan/shift-4.c  -Os  (test for excess errors)
FAIL: c-c++-common/ubsan/shift-4.c  -O2 -flto -fno-use-linker-plugin -flto-partition=none  (test for excess errors)
FAIL: c-c++-common/ubsan/shift-4.c  -O2 -flto -fuse-linker-plugin -fno-fat-lto-objects  (test for excess errors)
FAIL: c-c++-common/ubsan/shift-5.c  -O0  (test for excess errors)
FAIL: c-c++-common/ubsan/shift-5.c  -O1  (test for excess errors)
FAIL: c-c++-common/ubsan/shift-5.c  -O2  (test for excess errors)
FAIL: c-c++-common/ubsan/shift-5.c  -O3 -fomit-frame-pointer  (test for excess errors)
FAIL: c-c++-common/ubsan/shift-5.c  -O3 -g  (test for excess errors)
FAIL: c-c++-common/ubsan/shift-5.c  -Os  (test for excess errors)
FAIL: c-c++-common/ubsan/shift-5.c  -O2 -flto -fno-use-linker-plugin -flto-partition=none  (test for excess errors)
FAIL: c-c++-common/ubsan/shift-5.c  -O2 -flto -fuse-linker-plugin -fno-fat-lto-objects  (test for excess errors)
FAIL: c-c++-common/ubsan/typedef-1.c  -O0  (test for excess errors)
FAIL: c-c++-common/ubsan/typedef-1.c  -O1  (test for excess errors)
FAIL: c-c++-common/ubsan/typedef-1.c  -O2  (test for excess errors)
FAIL: c-c++-common/ubsan/typedef-1.c  -O3 -fomit-frame-pointer  (test for excess errors)
FAIL: c-c++-common/ubsan/typedef-1.c  -O3 -g  (test for excess errors)
FAIL: c-c++-common/ubsan/typedef-1.c  -Os  (test for excess errors)
FAIL: c-c++-common/ubsan/typedef-1.c  -O2 -flto -fno-use-linker-plugin -flto-partition=none  (test for excess errors)
FAIL: c-c++-common/ubsan/typedef-1.c  -O2 -flto -fuse-linker-plugin -fno-fat-lto-objects  (test for excess errors)
FAIL: c-c++-common/ubsan/undefined-1.c  -O0  (test for excess errors)
FAIL: c-c++-common/ubsan/undefined-1.c  -O1  (test for excess errors)
FAIL: c-c++-common/ubsan/undefined-1.c  -O2  (test for excess errors)
FAIL: c-c++-common/ubsan/undefined-1.c  -O3 -fomit-frame-pointer  (test for excess errors)
FAIL: c-c++-common/ubsan/undefined-1.c  -O3 -g  (test for excess errors)
FAIL: c-c++-common/ubsan/undefined-1.c  -Os  (test for excess errors)
FAIL: c-c++-common/ubsan/undefined-1.c  -O2 -flto -fno-use-linker-plugin -flto-partition=none  (test for excess errors)
FAIL: c-c++-common/ubsan/undefined-1.c  -O2 -flto -fuse-linker-plugin -fno-fat-lto-objects  (test for excess errors)
FAIL: c-c++-common/ubsan/vla-1.c  -O0  (test for excess errors)
FAIL: c-c++-common/ubsan/vla-1.c  -O1  (test for excess errors)
FAIL: c-c++-common/ubsan/vla-1.c  -O2  (test for excess errors)
FAIL: c-c++-common/ubsan/vla-1.c  -O3 -fomit-frame-pointer  (test for excess errors)
FAIL: c-c++-common/ubsan/vla-1.c  -O3 -g  (test for excess errors)
FAIL: c-c++-common/ubsan/vla-1.c  -Os  (test for excess errors)
FAIL: c-c++-common/ubsan/vla-1.c  -O2 -flto -fno-use-linker-plugin -flto-partition=none  (test for excess errors)
FAIL: c-c++-common/ubsan/vla-1.c  -O2 -flto -fuse-linker-plugin -fno-fat-lto-objects  (test for excess errors)
FAIL: c-c++-common/ubsan/vla-4.c  -O0  (test for excess errors)
FAIL: c-c++-common/ubsan/vla-4.c  -O1  (test for excess errors)
FAIL: c-c++-common/ubsan/vla-4.c  -O2  (test for excess errors)
FAIL: c-c++-common/ubsan/vla-4.c  -O3 -fomit-frame-pointer  (test for excess errors)
FAIL: c-c++-common/ubsan/vla-4.c  -O3 -g  (test for excess errors)
FAIL: c-c++-common/ubsan/vla-4.c  -Os  (test for excess errors)
FAIL: c-c++-common/ubsan/vla-4.c  -O2 -flto -fno-use-linker-plugin -flto-partition=none  (test for excess errors)
FAIL: c-c++-common/ubsan/vla-4.c  -O2 -flto -fuse-linker-plugin -fno-fat-lto-objects  (test for excess errors)
FAIL: g++.dg/ubsan/cxx11-shift-1.C  -O0  (test for excess errors)
FAIL: g++.dg/ubsan/cxx11-shift-1.C  -O1  (test for excess errors)
FAIL: g++.dg/ubsan/cxx11-shift-1.C  -O2  (test for excess errors)
FAIL: g++.dg/ubsan/cxx11-shift-1.C  -O3 -fomit-frame-pointer  (test for excess errors)
FAIL: g++.dg/ubsan/cxx11-shift-1.C  -O3 -g  (test for excess errors)
FAIL: g++.dg/ubsan/cxx11-shift-1.C  -Os  (test for excess errors)
FAIL: g++.dg/ubsan/cxx11-shift-1.C  -O2 -flto -fno-use-linker-plugin -flto-partition=none  (test for excess errors)
FAIL: g++.dg/ubsan/cxx11-shift-1.C  -O2 -flto -fuse-linker-plugin -fno-fat-lto-objects  (test for excess errors)
FAIL: g++.dg/ubsan/cxx11-shift-2.C  -O0  (test for excess errors)
FAIL: g++.dg/ubsan/cxx11-shift-2.C  -O1  (test for excess errors)
FAIL: g++.dg/ubsan/cxx11-shift-2.C  -O2  (test for excess errors)
FAIL: g++.dg/ubsan/cxx11-shift-2.C  -O3 -fomit-frame-pointer  (test for excess errors)
FAIL: g++.dg/ubsan/cxx11-shift-2.C  -O3 -g  (test for excess errors)
FAIL: g++.dg/ubsan/cxx11-shift-2.C  -Os  (test for excess errors)
FAIL: g++.dg/ubsan/cxx11-shift-2.C  -O2 -flto -fno-use-linker-plugin -flto-partition=none  (test for excess errors)
FAIL: g++.dg/ubsan/cxx11-shift-2.C  -O2 -flto -fuse-linker-plugin -fno-fat-lto-objects  (test for excess errors)
FAIL: g++.dg/ubsan/div-by-zero-1.C  -O0  (test for excess errors)
FAIL: g++.dg/ubsan/div-by-zero-1.C  -O1  (test for excess errors)
FAIL: g++.dg/ubsan/div-by-zero-1.C  -O2  (test for excess errors)
FAIL: g++.dg/ubsan/div-by-zero-1.C  -O3 -fomit-frame-pointer  (test for excess errors)
FAIL: g++.dg/ubsan/div-by-zero-1.C  -O3 -g  (test for excess errors)
FAIL: g++.dg/ubsan/div-by-zero-1.C  -Os  (test for excess errors)
FAIL: g++.dg/ubsan/div-by-zero-1.C  -O2 -flto -fno-use-linker-plugin -flto-partition=none  (test for excess errors)
FAIL: g++.dg/ubsan/div-by-zero-1.C  -O2 -flto -fuse-linker-plugin -fno-fat-lto-objects  (test for excess errors)
FAIL: g++.dg/ubsan/pr59331.C  -O0  (test for excess errors)
FAIL: g++.dg/ubsan/pr59331.C  -O1  (test for excess errors)
FAIL: g++.dg/ubsan/pr59331.C  -O2  (test for excess errors)
FAIL: g++.dg/ubsan/pr59331.C  -O3 -fomit-frame-pointer  (test for excess errors)
FAIL: g++.dg/ubsan/pr59331.C  -O3 -g  (test for excess errors)
FAIL: g++.dg/ubsan/pr59331.C  -Os  (test for excess errors)
FAIL: g++.dg/ubsan/pr59331.C  -O2 -flto -fno-use-linker-plugin -flto-partition=none  (test for excess errors)
FAIL: g++.dg/ubsan/pr59331.C  -O2 -flto -fuse-linker-plugin -fno-fat-lto-objects  (test for excess errors)
FAIL: g++.dg/vect/pr33426-ivdep-4.cc (test for excess errors)
FAIL: g++.old-deja/g++.benjamin/14139.C -std=c++11 (test for excess errors)
FAIL: g++.old-deja/g++.benjamin/14139.C -std=c++1y (test for excess errors)
FAIL: g++.old-deja/g++.benjamin/14687.C -std=c++98 (test for excess errors)
FAIL: g++.old-deja/g++.benjamin/14687.C -std=c++11 (test for excess errors)
FAIL: g++.old-deja/g++.benjamin/14687.C -std=c++1y (test for excess errors)
FAIL: g++.old-deja/g++.benjamin/15071.C -std=c++11 (test for excess errors)
FAIL: g++.old-deja/g++.benjamin/15071.C -std=c++1y (test for excess errors)
FAIL: g++.old-deja/g++.benjamin/15822.C -std=c++98 (test for excess errors)
FAIL: g++.old-deja/g++.benjamin/15822.C -std=c++11 (test for excess errors)
FAIL: g++.old-deja/g++.benjamin/15822.C -std=c++1y (test for excess errors)
FAIL: g++.old-deja/g++.benjamin/bool01.C -std=c++98 (test for excess errors)
FAIL: g++.old-deja/g++.benjamin/bool01.C -std=c++11 (test for excess errors)
FAIL: g++.old-deja/g++.benjamin/bool01.C -std=c++1y (test for excess errors)
FAIL: g++.old-deja/g++.benjamin/bool02.C -std=c++98 (test for excess errors)
FAIL: g++.old-deja/g++.benjamin/bool02.C -std=c++11 (test for excess errors)
FAIL: g++.old-deja/g++.benjamin/bool02.C -std=c++1y (test for excess errors)
FAIL: g++.old-deja/g++.brendan/copy9.C -std=c++11 (test for excess errors)
FAIL: g++.old-deja/g++.brendan/copy9.C -std=c++1y (test for excess errors)
FAIL: g++.old-deja/g++.brendan/crash15.C -std=c++11 (test for excess errors)
FAIL: g++.old-deja/g++.brendan/crash15.C -std=c++1y (test for excess errors)
FAIL: g++.old-deja/g++.brendan/crash20.C -std=c++11 (test for excess errors)
FAIL: g++.old-deja/g++.brendan/crash20.C -std=c++1y (test for excess errors)
FAIL: g++.old-deja/g++.brendan/crash38.C -std=c++11 (test for excess errors)
FAIL: g++.old-deja/g++.brendan/crash38.C -std=c++1y (test for excess errors)
FAIL: g++.old-deja/g++.brendan/crash49.C -std=c++11 (test for excess errors)
FAIL: g++.old-deja/g++.brendan/crash49.C -std=c++1y (test for excess errors)
FAIL: g++.old-deja/g++.brendan/crash52.C -std=gnu++11 (test for excess errors)
FAIL: g++.old-deja/g++.brendan/crash52.C -std=gnu++1y (test for excess errors)
FAIL: g++.old-deja/g++.brendan/crash62.C -std=c++11 (test for excess errors)
FAIL: g++.old-deja/g++.brendan/crash62.C -std=c++1y (test for excess errors)
FAIL: g++.old-deja/g++.brendan/cvt1.C -std=c++11 (test for excess errors)
FAIL: g++.old-deja/g++.brendan/cvt1.C -std=c++1y (test for excess errors)
FAIL: g++.old-deja/g++.brendan/err-msg3.C -std=c++11 (test for excess errors)
FAIL: g++.old-deja/g++.brendan/err-msg3.C -std=c++1y (test for excess errors)
FAIL: g++.old-deja/g++.brendan/nest21.C -std=c++11 (test for excess errors)
FAIL: g++.old-deja/g++.brendan/nest21.C -std=c++1y (test for excess errors)
FAIL: g++.old-deja/g++.brendan/operators4.C -std=gnu++11 (test for excess errors)
FAIL: g++.old-deja/g++.brendan/operators4.C -std=gnu++1y (test for excess errors)
FAIL: g++.old-deja/g++.brendan/ptolemy2.C -std=c++11 (test for excess errors)
FAIL: g++.old-deja/g++.brendan/ptolemy2.C -std=c++1y (test for excess errors)
FAIL: g++.old-deja/g++.brendan/ptrmem4.C -std=c++11 (test for excess errors)
FAIL: g++.old-deja/g++.brendan/ptrmem4.C -std=c++1y (test for excess errors)
FAIL: g++.old-deja/g++.bugs/900220_01.C -std=c++11 (test for excess errors)
FAIL: g++.old-deja/g++.bugs/900220_01.C -std=c++1y (test for excess errors)
FAIL: g++.old-deja/g++.jason/2371.C -std=gnu++11 (test for excess errors)
FAIL: g++.old-deja/g++.jason/2371.C -std=gnu++1y (test for excess errors)
FAIL: g++.old-deja/g++.jason/pmf6.C -std=c++11 (test for excess errors)
FAIL: g++.old-deja/g++.jason/pmf6.C -std=c++1y (test for excess errors)
FAIL: g++.old-deja/g++.jason/synth7.C -std=c++11 (test for excess errors)
FAIL: g++.old-deja/g++.jason/synth7.C -std=c++1y (test for excess errors)
FAIL: g++.old-deja/g++.jason/template24.C -std=c++11 (test for excess errors)
FAIL: g++.old-deja/g++.jason/template24.C -std=c++1y (test for excess errors)
FAIL: g++.old-deja/g++.jason/template31.C -std=c++11 (test for excess errors)
FAIL: g++.old-deja/g++.jason/template31.C -std=c++1y (test for excess errors)
FAIL: g++.old-deja/g++.jason/typeid1.C -std=c++11 (test for excess errors)
FAIL: g++.old-deja/g++.jason/typeid1.C -std=c++1y (test for excess errors)
FAIL: g++.old-deja/g++.law/arg1.C -std=c++11 (test for excess errors)
FAIL: g++.old-deja/g++.law/arg1.C -std=c++1y (test for excess errors)
FAIL: g++.old-deja/g++.law/arg8.C -std=c++11 (test for excess errors)
FAIL: g++.old-deja/g++.law/arg8.C -std=c++1y (test for excess errors)
FAIL: g++.old-deja/g++.law/arm12.C -std=c++11 (test for excess errors)
FAIL: g++.old-deja/g++.law/arm12.C -std=c++1y (test for excess errors)
FAIL: g++.old-deja/g++.law/arm9.C -std=c++11 (test for excess errors)
FAIL: g++.old-deja/g++.law/arm9.C -std=c++1y (test for excess errors)
FAIL: g++.old-deja/g++.law/bad-error7.C -std=c++11 (test for excess errors)
FAIL: g++.old-deja/g++.law/bad-error7.C -std=c++1y (test for excess errors)
FAIL: g++.old-deja/g++.law/code-gen5.C -std=c++98 (test for excess errors)
FAIL: g++.old-deja/g++.law/code-gen5.C -std=c++11 (test for excess errors)
FAIL: g++.old-deja/g++.law/code-gen5.C -std=c++1y (test for excess errors)
FAIL: g++.old-deja/g++.law/ctors10.C -std=c++11 (test for excess errors)
FAIL: g++.old-deja/g++.law/ctors10.C -std=c++1y (test for excess errors)
FAIL: g++.old-deja/g++.law/ctors12.C -std=c++11 (test for excess errors)
FAIL: g++.old-deja/g++.law/ctors12.C -std=c++1y (test for excess errors)
FAIL: g++.old-deja/g++.law/ctors13.C -std=c++11 (test for excess errors)
FAIL: g++.old-deja/g++.law/ctors13.C -std=c++1y (test for excess errors)
FAIL: g++.old-deja/g++.law/ctors17.C -std=c++11 (test for excess errors)
FAIL: g++.old-deja/g++.law/ctors17.C -std=c++1y (test for excess errors)
FAIL: g++.old-deja/g++.law/ctors6.C -std=c++11 (test for excess errors)
FAIL: g++.old-deja/g++.law/ctors6.C -std=c++1y (test for excess errors)
FAIL: g++.old-deja/g++.law/cvt16.C -std=c++11 (test for excess errors)
FAIL: g++.old-deja/g++.law/cvt16.C -std=c++1y (test for excess errors)
FAIL: g++.old-deja/g++.law/cvt2.C -std=c++11 (test for excess errors)
FAIL: g++.old-deja/g++.law/cvt2.C -std=c++1y (test for excess errors)
FAIL: g++.old-deja/g++.law/except5.C -std=gnu++11 (test for excess errors)
FAIL: g++.old-deja/g++.law/except5.C -std=gnu++1y (test for excess errors)
FAIL: g++.old-deja/g++.law/missed-error2.C -std=c++11 (test for excess errors)
FAIL: g++.old-deja/g++.law/missed-error2.C -std=c++1y (test for excess errors)
FAIL: g++.old-deja/g++.law/nest3.C -std=c++11 (test for excess errors)
FAIL: g++.old-deja/g++.law/nest3.C -std=c++1y (test for excess errors)
FAIL: g++.old-deja/g++.law/operators32.C -std=c++11 (test for excess errors)
FAIL: g++.old-deja/g++.law/operators32.C -std=c++1y (test for excess errors)
FAIL: g++.old-deja/g++.law/operators4.C -std=c++11 (test for excess errors)
FAIL: g++.old-deja/g++.law/operators4.C -std=c++1y (test for excess errors)
FAIL: g++.old-deja/g++.law/vbase1.C -std=c++11 (test for excess errors)
FAIL: g++.old-deja/g++.law/vbase1.C -std=c++1y (test for excess errors)
FAIL: g++.old-deja/g++.law/virtual3.C -std=c++11 (test for excess errors)
FAIL: g++.old-deja/g++.law/virtual3.C -std=c++1y (test for excess errors)
FAIL: g++.old-deja/g++.law/visibility1.C -std=c++11 (test for excess errors)
FAIL: g++.old-deja/g++.law/visibility1.C -std=c++1y (test for excess errors)
FAIL: g++.old-deja/g++.law/visibility10.C -std=c++11 (test for excess errors)
FAIL: g++.old-deja/g++.law/visibility10.C -std=c++1y (test for excess errors)
FAIL: g++.old-deja/g++.law/visibility13.C -std=c++11 (test for excess errors)
FAIL: g++.old-deja/g++.law/visibility13.C -std=c++1y (test for excess errors)
FAIL: g++.old-deja/g++.law/visibility17.C -std=c++11 (test for excess errors)
FAIL: g++.old-deja/g++.law/visibility17.C -std=c++1y (test for excess errors)
FAIL: g++.old-deja/g++.law/visibility2.C -std=c++11 (test for excess errors)
FAIL: g++.old-deja/g++.law/visibility2.C -std=c++1y (test for excess errors)
FAIL: g++.old-deja/g++.law/visibility22.C -std=c++11 (test for excess errors)
FAIL: g++.old-deja/g++.law/visibility22.C -std=c++1y (test for excess errors)
FAIL: g++.old-deja/g++.law/visibility25.C -std=c++11 (test for excess errors)
FAIL: g++.old-deja/g++.law/visibility25.C -std=c++1y (test for excess errors)
FAIL: g++.old-deja/g++.law/visibility7.C -std=c++11 (test for excess errors)
FAIL: g++.old-deja/g++.law/visibility7.C -std=c++1y (test for excess errors)
FAIL: g++.old-deja/g++.law/weak.C -std=gnu++11 (test for excess errors)
FAIL: g++.old-deja/g++.law/weak.C -std=gnu++1y (test for excess errors)
FAIL: g++.old-deja/g++.mike/eh2.C -std=gnu++11 (test for excess errors)
FAIL: g++.old-deja/g++.mike/eh2.C -std=gnu++1y (test for excess errors)
FAIL: g++.old-deja/g++.mike/net34.C -std=gnu++11 (test for excess errors)
FAIL: g++.old-deja/g++.mike/net34.C -std=gnu++1y (test for excess errors)
FAIL: g++.old-deja/g++.mike/net46.C -std=c++11 (test for excess errors)
FAIL: g++.old-deja/g++.mike/net46.C -std=c++1y (test for excess errors)
FAIL: g++.old-deja/g++.mike/p658.C -std=c++11 (test for excess errors)
FAIL: g++.old-deja/g++.mike/p658.C -std=c++1y (test for excess errors)
FAIL: g++.old-deja/g++.mike/pmf3.C -std=c++11 (test for excess errors)
FAIL: g++.old-deja/g++.mike/pmf3.C -std=c++1y (test for excess errors)
FAIL: g++.old-deja/g++.mike/rtti1.C -std=c++11 (test for excess errors)
FAIL: g++.old-deja/g++.mike/rtti1.C -std=c++1y (test for excess errors)
FAIL: g++.old-deja/g++.ns/using4.C -std=c++11 (test for excess errors)
FAIL: g++.old-deja/g++.ns/using4.C -std=c++1y (test for excess errors)
FAIL: g++.old-deja/g++.ns/using6.C -std=c++11 (test for excess errors)
FAIL: g++.old-deja/g++.ns/using6.C -std=c++1y (test for excess errors)
FAIL: g++.old-deja/g++.oliva/overload1.C -std=c++11 (test for excess errors)
FAIL: g++.old-deja/g++.oliva/overload1.C -std=c++1y (test for excess errors)
FAIL: g++.old-deja/g++.other/defarg6.C -std=c++11 (test for excess errors)
FAIL: g++.old-deja/g++.other/defarg6.C -std=c++1y (test for excess errors)
FAIL: g++.old-deja/g++.other/headers1.C -std=c++11 (test for excess errors)
FAIL: g++.old-deja/g++.other/headers1.C -std=c++1y (test for excess errors)
FAIL: g++.old-deja/g++.other/init9.C -std=c++11 (test for excess errors)
FAIL: g++.old-deja/g++.other/init9.C -std=c++1y (test for excess errors)
FAIL: g++.old-deja/g++.other/inline12.C -std=gnu++98 (test for excess errors)
FAIL: g++.old-deja/g++.other/inline12.C -std=gnu++11 (test for excess errors)
FAIL: g++.old-deja/g++.other/inline12.C -std=gnu++1y (test for excess errors)
FAIL: g++.old-deja/g++.other/inline14.C -std=c++11 (test for excess errors)
FAIL: g++.old-deja/g++.other/inline14.C -std=c++1y (test for excess errors)
FAIL: g++.old-deja/g++.other/inline8.C -std=gnu++11 (test for excess errors)
FAIL: g++.old-deja/g++.other/inline8.C -std=gnu++1y (test for excess errors)
FAIL: g++.old-deja/g++.other/lookup4.C -std=c++11 (test for excess errors)
FAIL: g++.old-deja/g++.other/lookup4.C -std=c++1y (test for excess errors)
FAIL: g++.old-deja/g++.other/overload8.C -std=c++11 (test for excess errors)
FAIL: g++.old-deja/g++.other/overload8.C -std=c++1y (test for excess errors)
FAIL: g++.old-deja/g++.other/sibcall1.C -std=gnu++11 (test for excess errors)
FAIL: g++.old-deja/g++.other/sibcall1.C -std=gnu++1y (test for excess errors)
FAIL: g++.old-deja/g++.other/unchanging1.C -std=gnu++11 (test for excess errors)
FAIL: g++.old-deja/g++.other/unchanging1.C -std=gnu++1y (test for excess errors)
FAIL: g++.old-deja/g++.pt/crash57.C -std=c++11 (test for excess errors)
FAIL: g++.old-deja/g++.pt/crash57.C -std=c++1y (test for excess errors)
FAIL: g++.old-deja/g++.pt/crash68.C -std=c++11 (test for excess errors)
FAIL: g++.old-deja/g++.pt/crash68.C -std=c++1y (test for excess errors)
FAIL: g++.old-deja/g++.pt/explicit81.C -std=c++11 (test for excess errors)
FAIL: g++.old-deja/g++.pt/explicit81.C -std=c++1y (test for excess errors)
FAIL: g++.old-deja/g++.pt/instantiate10.C -std=c++11 (test for excess errors)
FAIL: g++.old-deja/g++.pt/instantiate10.C -std=c++1y (test for excess errors)
FAIL: g++.old-deja/g++.pt/instantiate4.C -std=gnu++98 (test for excess errors)
FAIL: g++.old-deja/g++.pt/instantiate4.C -std=gnu++11 (test for excess errors)
FAIL: g++.old-deja/g++.pt/instantiate4.C -std=gnu++1y (test for excess errors)
FAIL: g++.old-deja/g++.pt/instantiate6.C -std=gnu++98 (test for excess errors)
FAIL: g++.old-deja/g++.pt/instantiate6.C -std=gnu++11 (test for excess errors)
FAIL: g++.old-deja/g++.pt/instantiate6.C -std=gnu++1y (test for excess errors)
FAIL: g++.old-deja/g++.pt/memtemp100.C -std=gnu++11 (test for excess errors)
FAIL: g++.old-deja/g++.pt/memtemp100.C -std=gnu++1y (test for excess errors)
FAIL: g++.old-deja/g++.pt/overload10.C -std=c++11 (test for excess errors)
FAIL: g++.old-deja/g++.pt/overload10.C -std=c++1y (test for excess errors)
FAIL: g++.old-deja/g++.pt/ptrmem1.C -std=c++11 (test for excess errors)
FAIL: g++.old-deja/g++.pt/ptrmem1.C -std=c++1y (test for excess errors)
FAIL: g++.old-deja/g++.pt/repo1.C -std=gnu++98 (test for excess errors)
FAIL: g++.old-deja/g++.pt/repo1.C -std=gnu++11 (test for excess errors)
FAIL: g++.old-deja/g++.pt/repo1.C -std=gnu++1y (test for excess errors)
FAIL: g++.old-deja/g++.pt/repo2.C -std=gnu++98 (test for excess errors)
FAIL: g++.old-deja/g++.pt/repo2.C -std=gnu++11 (test for excess errors)
FAIL: g++.old-deja/g++.pt/repo2.C -std=gnu++1y (test for excess errors)
FAIL: g++.old-deja/g++.pt/repo3.C -std=gnu++98 (test for excess errors)
FAIL: g++.old-deja/g++.pt/repo3.C -std=gnu++11 (test for excess errors)
FAIL: g++.old-deja/g++.pt/repo3.C -std=gnu++1y (test for excess errors)
FAIL: g++.old-deja/g++.pt/repo4.C -std=gnu++98 (test for excess errors)
FAIL: g++.old-deja/g++.pt/repo4.C -std=gnu++11 (test for excess errors)
FAIL: g++.old-deja/g++.pt/repo4.C -std=gnu++1y (test for excess errors)
FAIL: g++.old-deja/g++.robertl/eb109.C -std=c++11 (test for excess errors)
FAIL: g++.old-deja/g++.robertl/eb109.C -std=c++1y (test for excess errors)
FAIL: g++.old-deja/g++.robertl/eb113.C -std=c++11 (test for excess errors)
FAIL: g++.old-deja/g++.robertl/eb113.C -std=c++1y (test for excess errors)
FAIL: g++.old-deja/g++.robertl/eb115.C -std=gnu++11 (test for excess errors)
FAIL: g++.old-deja/g++.robertl/eb115.C -std=gnu++1y (test for excess errors)
FAIL: g++.old-deja/g++.robertl/eb127.C -std=c++11 (test for excess errors)
FAIL: g++.old-deja/g++.robertl/eb127.C -std=c++1y (test for excess errors)
FAIL: g++.old-deja/g++.robertl/eb129.C -std=c++98 (test for excess errors)
FAIL: g++.old-deja/g++.robertl/eb129.C -std=c++11 (test for excess errors)
FAIL: g++.old-deja/g++.robertl/eb129.C -std=c++1y (test for excess errors)
FAIL: g++.old-deja/g++.robertl/eb129a.C -std=c++98 (test for excess errors)
FAIL: g++.old-deja/g++.robertl/eb129a.C -std=c++11 (test for excess errors)
FAIL: g++.old-deja/g++.robertl/eb129a.C -std=c++1y (test for excess errors)
FAIL: g++.old-deja/g++.robertl/eb130.C -std=gnu++11 (test for excess errors)
FAIL: g++.old-deja/g++.robertl/eb130.C -std=gnu++1y (test for excess errors)
FAIL: g++.old-deja/g++.robertl/eb15.C -std=c++11 (test for excess errors)
FAIL: g++.old-deja/g++.robertl/eb15.C -std=c++1y (test for excess errors)
FAIL: g++.old-deja/g++.robertl/eb21.C -std=c++11 (test for excess errors)
FAIL: g++.old-deja/g++.robertl/eb21.C -std=c++1y (test for excess errors)
FAIL: g++.old-deja/g++.robertl/eb24.C -std=c++11 (test for excess errors)
FAIL: g++.old-deja/g++.robertl/eb24.C -std=c++1y (test for excess errors)
FAIL: g++.old-deja/g++.robertl/eb27.C -std=gnu++11 (test for excess errors)
FAIL: g++.old-deja/g++.robertl/eb27.C -std=gnu++1y (test for excess errors)
FAIL: g++.old-deja/g++.robertl/eb28.C -std=c++11 (test for excess errors)
FAIL: g++.old-deja/g++.robertl/eb28.C -std=c++1y (test for excess errors)
FAIL: g++.old-deja/g++.robertl/eb29.C -std=c++11 (test for excess errors)
FAIL: g++.old-deja/g++.robertl/eb29.C -std=c++1y (test for excess errors)
FAIL: g++.old-deja/g++.robertl/eb3.C -std=c++11 (test for excess errors)
FAIL: g++.old-deja/g++.robertl/eb3.C -std=c++1y (test for excess errors)
FAIL: g++.old-deja/g++.robertl/eb30.C -std=c++11 (test for excess errors)
FAIL: g++.old-deja/g++.robertl/eb30.C -std=c++1y (test for excess errors)
FAIL: g++.old-deja/g++.robertl/eb31.C -std=c++11 (test for excess errors)
FAIL: g++.old-deja/g++.robertl/eb31.C -std=c++1y (test for excess errors)
FAIL: g++.old-deja/g++.robertl/eb33.C -std=c++11 (test for excess errors)
FAIL: g++.old-deja/g++.robertl/eb33.C -std=c++1y (test for excess errors)
FAIL: g++.old-deja/g++.robertl/eb36.C -std=c++11 (test for excess errors)
FAIL: g++.old-deja/g++.robertl/eb36.C -std=c++1y (test for excess errors)
FAIL: g++.old-deja/g++.robertl/eb39.C -std=c++11 (test for excess errors)
FAIL: g++.old-deja/g++.robertl/eb39.C -std=c++1y (test for excess errors)
FAIL: g++.old-deja/g++.robertl/eb4.C -std=c++11 (test for excess errors)
FAIL: g++.old-deja/g++.robertl/eb4.C -std=c++1y (test for excess errors)
FAIL: g++.old-deja/g++.robertl/eb41.C -std=c++11 (test for excess errors)
FAIL: g++.old-deja/g++.robertl/eb41.C -std=c++1y (test for excess errors)
FAIL: g++.old-deja/g++.robertl/eb43.C -std=c++11 (test for excess errors)
FAIL: g++.old-deja/g++.robertl/eb43.C -std=c++1y (test for excess errors)
FAIL: g++.old-deja/g++.robertl/eb44.C -std=c++11 (test for excess errors)
FAIL: g++.old-deja/g++.robertl/eb44.C -std=c++1y (test for excess errors)
FAIL: g++.old-deja/g++.robertl/eb46.C -std=c++11 (test for excess errors)
FAIL: g++.old-deja/g++.robertl/eb46.C -std=c++1y (test for excess errors)
FAIL: g++.old-deja/g++.robertl/eb54.C -std=c++11 (test for excess errors)
FAIL: g++.old-deja/g++.robertl/eb54.C -std=c++1y (test for excess errors)
FAIL: g++.old-deja/g++.robertl/eb55.C -std=c++11 (test for excess errors)
FAIL: g++.old-deja/g++.robertl/eb55.C -std=c++1y (test for excess errors)
FAIL: g++.old-deja/g++.robertl/eb59.C -std=c++11 (test for excess errors)
FAIL: g++.old-deja/g++.robertl/eb59.C -std=c++1y (test for excess errors)
FAIL: g++.old-deja/g++.robertl/eb62.C -std=c++11 (test for excess errors)
FAIL: g++.old-deja/g++.robertl/eb62.C -std=c++1y (test for excess errors)
FAIL: g++.old-deja/g++.robertl/eb65.C -std=c++11 (test for excess errors)
FAIL: g++.old-deja/g++.robertl/eb65.C -std=c++1y (test for excess errors)
FAIL: g++.old-deja/g++.robertl/eb66.C -std=c++98 (test for excess errors)
FAIL: g++.old-deja/g++.robertl/eb66.C -std=c++11 (test for excess errors)
FAIL: g++.old-deja/g++.robertl/eb66.C -std=c++1y (test for excess errors)
FAIL: g++.old-deja/g++.robertl/eb7.C -std=c++11 (test for excess errors)
FAIL: g++.old-deja/g++.robertl/eb7.C -std=c++1y (test for excess errors)
FAIL: g++.old-deja/g++.robertl/eb73.C -std=gnu++11 (test for excess errors)
FAIL: g++.old-deja/g++.robertl/eb73.C -std=gnu++1y (test for excess errors)
FAIL: g++.old-deja/g++.robertl/eb77.C -std=c++11 (test for excess errors)
FAIL: g++.old-deja/g++.robertl/eb77.C -std=c++1y (test for excess errors)
FAIL: g++.old-deja/g++.robertl/eb79.C -std=c++11 (test for excess errors)
FAIL: g++.old-deja/g++.robertl/eb79.C -std=c++1y (test for excess errors)
FAIL: g++.old-deja/g++.robertl/eb91.C -std=c++11 (test for excess errors)
FAIL: g++.old-deja/g++.robertl/eb91.C -std=c++1y (test for excess errors)
FAIL: g++.old-deja/g++.warn/iomanip.C -std=gnu++11 (test for excess errors)
FAIL: g++.old-deja/g++.warn/iomanip.C -std=gnu++1y (test for excess errors)

		=== g++ Summary ===

# of expected passes		84769
# of unexpected failures	1012
# of expected failures		440
# of unsupported tests		3026
/scratch/toon/bd21155/gcc/testsuite/g++/../../xg++  version 4.10.0 20140516 (experimental) (GCC) 

		=== libatomic tests ===


Running target unix

		=== libatomic Summary ===

# of expected passes		54
		=== libgomp tests ===


Running target unix
FAIL: libgomp.c++/ctor-1.C (test for excess errors)
FAIL: libgomp.c++/ctor-10.C (test for excess errors)
FAIL: libgomp.c++/ctor-11.C (test for excess errors)
FAIL: libgomp.c++/ctor-2.C (test for excess errors)
FAIL: libgomp.c++/ctor-3.C (test for excess errors)
FAIL: libgomp.c++/ctor-4.C (test for excess errors)
FAIL: libgomp.c++/ctor-5.C (test for excess errors)
FAIL: libgomp.c++/ctor-6.C (test for excess errors)
FAIL: libgomp.c++/ctor-7.C (test for excess errors)
FAIL: libgomp.c++/ctor-8.C (test for excess errors)
FAIL: libgomp.c++/ctor-9.C (test for excess errors)
FAIL: libgomp.c++/pr26943.C (test for excess errors)
FAIL: libgomp.fortran/allocatable2.f90  -O3 -fomit-frame-pointer -funroll-loops  (test for excess errors)
FAIL: libgomp.fortran/allocatable2.f90  -O3 -fomit-frame-pointer -funroll-all-loops -finline-functions  (test for excess errors)
FAIL: libgomp.fortran/appendix-a/a.22.8.f90  -O3 -fomit-frame-pointer -funroll-loops  (test for excess errors)
FAIL: libgomp.fortran/appendix-a/a.22.8.f90  -O3 -fomit-frame-pointer -funroll-all-loops -finline-functions  (test for excess errors)
FAIL: libgomp.fortran/character2.f90  -O3 -fomit-frame-pointer -funroll-loops  (test for excess errors)
FAIL: libgomp.fortran/character2.f90  -O3 -fomit-frame-pointer -funroll-all-loops -finline-functions  (test for excess errors)
FAIL: libgomp.fortran/collapse3.f90  -O3 -fomit-frame-pointer -funroll-loops  (test for excess errors)
FAIL: libgomp.fortran/collapse3.f90  -O3 -fomit-frame-pointer -funroll-all-loops -finline-functions  (test for excess errors)
FAIL: libgomp.fortran/omp_parse4.f90  -O3 -fomit-frame-pointer -funroll-loops  (test for excess errors)
FAIL: libgomp.fortran/omp_parse4.f90  -O3 -fomit-frame-pointer -funroll-all-loops -finline-functions  (test for excess errors)
FAIL: libgomp.fortran/reduction6.f90  -O3 -fomit-frame-pointer -funroll-loops  (test for excess errors)
FAIL: libgomp.fortran/reduction6.f90  -O3 -fomit-frame-pointer -funroll-all-loops -finline-functions  (test for excess errors)
FAIL: libgomp.fortran/vla7.f90  -O3 -fomit-frame-pointer -funroll-loops  (test for excess errors)
FAIL: libgomp.fortran/vla7.f90  -O3 -fomit-frame-pointer -funroll-all-loops -finline-functions  (test for excess errors)

		=== libgomp Summary ===

# of expected passes		2630
# of unexpected failures	26
# of unsupported tests		1
		=== libitm tests ===


Running target unix

		=== libitm Summary ===

# of expected passes		26
# of expected failures		3
# of unsupported tests		1
		=== libstdc++ tests ===


Running target unix
ERROR: tcl error sourcing /home/toon/compilers/fortran-dev/libstdc++-v3/testsuite/libstdc++-abi/abi.exp.
ERROR: could not compile testsuite_hooks.cc
ERROR: could not compile testsuite_hooks.cc
ERROR: could not compile testsuite_hooks.cc
ERROR: could not compile testsuite_hooks.cc
ERROR: could not compile testsuite_hooks.cc
ERROR: could not compile testsuite_hooks.cc
ERROR: could not compile testsuite_hooks.cc
ERROR: could not compile testsuite_hooks.cc
ERROR: could not compile testsuite_hooks.cc
ERROR: could not compile testsuite_hooks.cc
ERROR: could not compile testsuite_hooks.cc
ERROR: could not compile testsuite_hooks.cc
ERROR: tcl error sourcing /home/toon/compilers/fortran-dev/libstdc++-v3/testsuite/libstdc++-dg/conformance.exp.
ERROR: tcl error sourcing /home/toon/compilers/fortran-dev/libstdc++-v3/testsuite/libstdc++-dg/conformance.exp.
ERROR: tcl error sourcing /home/toon/compilers/fortran-dev/libstdc++-v3/testsuite/libstdc++-dg/conformance.exp.
ERROR: tcl error sourcing /home/toon/compilers/fortran-dev/libstdc++-v3/testsuite/libstdc++-dg/conformance.exp.
ERROR: tcl error sourcing /home/toon/compilers/fortran-dev/libstdc++-v3/testsuite/libstdc++-dg/conformance.exp.
ERROR: tcl error sourcing /home/toon/compilers/fortran-dev/libstdc++-v3/testsuite/libstdc++-dg/conformance.exp.
ERROR: tcl error sourcing /home/toon/compilers/fortran-dev/libstdc++-v3/testsuite/libstdc++-dg/conformance.exp.
ERROR: tcl error sourcing /home/toon/compilers/fortran-dev/libstdc++-v3/testsuite/libstdc++-dg/conformance.exp.
ERROR: tcl error sourcing /home/toon/compilers/fortran-dev/libstdc++-v3/testsuite/libstdc++-dg/conformance.exp.
ERROR: tcl error sourcing /home/toon/compilers/fortran-dev/libstdc++-v3/testsuite/libstdc++-dg/conformance.exp.
ERROR: tcl error sourcing /home/toon/compilers/fortran-dev/libstdc++-v3/testsuite/libstdc++-dg/conformance.exp.
ERROR: tcl error sourcing /home/toon/compilers/fortran-dev/libstdc++-v3/testsuite/libstdc++-prettyprinters/prettyprinters.exp.
ERROR: could not compile testsuite_hooks.cc

		=== libstdc++ Summary ===


Compiler version: 4.10.0 20140516 (experimental) (GCC) 
Platform: x86_64-unknown-linux-gnu
configure flags: --prefix=/home/toon/compilers/install --with-gnu-as --with-gnu-ld --with-build-config=bootstrap-ubsan --enable-languages=fortran --disable-multilib --disable-nls --with-arch=core-avx2 --with-tune=core-avx2


Index Nav: [Date Index] [Subject Index] [Author Index] [Thread Index]
Message Nav: [Date Prev] [Date Next] [Thread Prev] [Thread Next]