This is the mail archive of the gcc-testresults@gcc.gnu.org mailing list for the GCC project.


Index Nav: [Date Index] [Subject Index] [Author Index] [Thread Index]
Message Nav: [Date Prev] [Date Next] [Thread Prev] [Thread Next]
Other format: [Raw text]

Results for 4.10.0 20140604 (experimental) (GCC) (build config: ubsan; languages: all; trunk revision 211248) testsuite on x86_64-unknown-linux-gnu


LAST_UPDATED: Wed Jun  4 22:45:28 UTC 2014 (revision 211248)

Native configuration is x86_64-unknown-linux-gnu

		=== gcc tests ===


Running target unix
FAIL: gcc.c-torture/compile/pr42025-2.c  -O0  (test for excess errors)
FAIL: gcc.c-torture/compile/pr42025-2.c  -O1  (test for excess errors)
FAIL: gcc.c-torture/compile/pr42025-2.c  -O2  (test for excess errors)
FAIL: gcc.c-torture/compile/pr42025-2.c  -O3 -fomit-frame-pointer  (test for excess errors)
FAIL: gcc.c-torture/compile/pr42025-2.c  -O3 -g  (test for excess errors)
FAIL: gcc.c-torture/compile/pr42025-2.c  -Os  (test for excess errors)
FAIL: gcc.c-torture/compile/pr42025-2.c  -O2 -flto -fno-use-linker-plugin -flto-partition=none  (test for excess errors)
FAIL: gcc.c-torture/compile/pr42025-2.c  -O2 -flto -fuse-linker-plugin -fno-fat-lto-objects  (test for excess errors)
FAIL: gcc.c-torture/compile/pr42049.c  -O3 -fomit-frame-pointer -funroll-loops  (test for excess errors)
FAIL: gcc.c-torture/compile/pr42049.c  -O3 -fomit-frame-pointer -funroll-all-loops -finline-functions  (test for excess errors)
FAIL: gcc.c-torture/compile/pr55569.c  -O1  (test for excess errors)
FAIL: gcc.c-torture/compile/pr55569.c  -Os  (test for excess errors)
FAIL: gcc.c-torture/execute/20010129-1.c compilation,  -O3 -fomit-frame-pointer -funroll-loops 
UNRESOLVED: gcc.c-torture/execute/20010129-1.c execution,  -O3 -fomit-frame-pointer -funroll-loops 
FAIL: gcc.c-torture/execute/20010129-1.c compilation,  -O3 -fomit-frame-pointer -funroll-all-loops -finline-functions 
UNRESOLVED: gcc.c-torture/execute/20010129-1.c execution,  -O3 -fomit-frame-pointer -funroll-all-loops -finline-functions 
FAIL: gcc.c-torture/execute/20020508-1.c compilation,  -O2 -flto -fno-use-linker-plugin -flto-partition=none 
UNRESOLVED: gcc.c-torture/execute/20020508-1.c execution,  -O2 -flto -fno-use-linker-plugin -flto-partition=none 
FAIL: gcc.c-torture/execute/20020508-1.c compilation,  -O2 -flto -fuse-linker-plugin -fno-fat-lto-objects 
UNRESOLVED: gcc.c-torture/execute/20020508-1.c execution,  -O2 -flto -fuse-linker-plugin -fno-fat-lto-objects 
FAIL: gcc.c-torture/execute/20020508-3.c compilation,  -O2 -flto -fno-use-linker-plugin -flto-partition=none 
UNRESOLVED: gcc.c-torture/execute/20020508-3.c execution,  -O2 -flto -fno-use-linker-plugin -flto-partition=none 
FAIL: gcc.c-torture/execute/20020508-3.c compilation,  -O2 -flto -fuse-linker-plugin -fno-fat-lto-objects 
UNRESOLVED: gcc.c-torture/execute/20020508-3.c execution,  -O2 -flto -fuse-linker-plugin -fno-fat-lto-objects 
FAIL: gcc.c-torture/execute/20100416-1.c compilation,  -O2 -flto -fno-use-linker-plugin -flto-partition=none 
UNRESOLVED: gcc.c-torture/execute/20100416-1.c execution,  -O2 -flto -fno-use-linker-plugin -flto-partition=none 
FAIL: gcc.c-torture/execute/20100416-1.c compilation,  -O2 -flto -fuse-linker-plugin -fno-fat-lto-objects 
UNRESOLVED: gcc.c-torture/execute/20100416-1.c execution,  -O2 -flto -fuse-linker-plugin -fno-fat-lto-objects 
FAIL: gcc.c-torture/execute/941015-1.c compilation,  -O2 -flto -fno-use-linker-plugin -flto-partition=none 
UNRESOLVED: gcc.c-torture/execute/941015-1.c execution,  -O2 -flto -fno-use-linker-plugin -flto-partition=none 
FAIL: gcc.c-torture/execute/941015-1.c compilation,  -O2 -flto -fuse-linker-plugin -fno-fat-lto-objects 
UNRESOLVED: gcc.c-torture/execute/941015-1.c execution,  -O2 -flto -fuse-linker-plugin -fno-fat-lto-objects 
FAIL: gcc.c-torture/execute/991118-1.c compilation,  -O2 -flto -fno-use-linker-plugin -flto-partition=none 
UNRESOLVED: gcc.c-torture/execute/991118-1.c execution,  -O2 -flto -fno-use-linker-plugin -flto-partition=none 
FAIL: gcc.c-torture/execute/991118-1.c compilation,  -O2 -flto -fuse-linker-plugin -fno-fat-lto-objects 
UNRESOLVED: gcc.c-torture/execute/991118-1.c execution,  -O2 -flto -fuse-linker-plugin -fno-fat-lto-objects 
FAIL: gcc.c-torture/execute/ashldi-1.c compilation,  -O2 -flto -fno-use-linker-plugin -flto-partition=none 
UNRESOLVED: gcc.c-torture/execute/ashldi-1.c execution,  -O2 -flto -fno-use-linker-plugin -flto-partition=none 
FAIL: gcc.c-torture/execute/ashldi-1.c compilation,  -O2 -flto -fuse-linker-plugin -fno-fat-lto-objects 
UNRESOLVED: gcc.c-torture/execute/ashldi-1.c execution,  -O2 -flto -fuse-linker-plugin -fno-fat-lto-objects 
FAIL: gcc.c-torture/execute/ashrdi-1.c compilation,  -O2 -flto -fno-use-linker-plugin -flto-partition=none 
UNRESOLVED: gcc.c-torture/execute/ashrdi-1.c execution,  -O2 -flto -fno-use-linker-plugin -flto-partition=none 
FAIL: gcc.c-torture/execute/ashrdi-1.c compilation,  -O2 -flto -fuse-linker-plugin -fno-fat-lto-objects 
UNRESOLVED: gcc.c-torture/execute/ashrdi-1.c execution,  -O2 -flto -fuse-linker-plugin -fno-fat-lto-objects 
FAIL: gcc.c-torture/execute/builtin-bitops-1.c compilation,  -O2 -flto -fno-use-linker-plugin -flto-partition=none 
UNRESOLVED: gcc.c-torture/execute/builtin-bitops-1.c execution,  -O2 -flto -fno-use-linker-plugin -flto-partition=none 
FAIL: gcc.c-torture/execute/builtin-bitops-1.c compilation,  -O2 -flto -fuse-linker-plugin -fno-fat-lto-objects 
UNRESOLVED: gcc.c-torture/execute/builtin-bitops-1.c execution,  -O2 -flto -fuse-linker-plugin -fno-fat-lto-objects 
FAIL: gcc.c-torture/execute/loop-2e.c compilation,  -O2 
UNRESOLVED: gcc.c-torture/execute/loop-2e.c execution,  -O2 
FAIL: gcc.c-torture/execute/loop-2e.c compilation,  -O2 -flto -fno-use-linker-plugin -flto-partition=none 
UNRESOLVED: gcc.c-torture/execute/loop-2e.c execution,  -O2 -flto -fno-use-linker-plugin -flto-partition=none 
FAIL: gcc.c-torture/execute/loop-2e.c compilation,  -O2 -flto -fuse-linker-plugin -fno-fat-lto-objects 
UNRESOLVED: gcc.c-torture/execute/loop-2e.c execution,  -O2 -flto -fuse-linker-plugin -fno-fat-lto-objects 
FAIL: gcc.c-torture/execute/pr40386.c compilation,  -O2 -flto -fno-use-linker-plugin -flto-partition=none 
UNRESOLVED: gcc.c-torture/execute/pr40386.c execution,  -O2 -flto -fno-use-linker-plugin -flto-partition=none 
FAIL: gcc.c-torture/execute/pr40386.c compilation,  -O2 -flto -fuse-linker-plugin -fno-fat-lto-objects 
UNRESOLVED: gcc.c-torture/execute/pr40386.c execution,  -O2 -flto -fuse-linker-plugin -fno-fat-lto-objects 
FAIL: gcc.c-torture/execute/pr56866.c compilation,  -O2 -flto -fno-use-linker-plugin -flto-partition=none 
UNRESOLVED: gcc.c-torture/execute/pr56866.c execution,  -O2 -flto -fno-use-linker-plugin -flto-partition=none 
FAIL: gcc.c-torture/execute/pr56866.c compilation,  -O2 -flto -fuse-linker-plugin -fno-fat-lto-objects 
UNRESOLVED: gcc.c-torture/execute/pr56866.c execution,  -O2 -flto -fuse-linker-plugin -fno-fat-lto-objects 
FAIL: gcc.c-torture/unsorted/dump-noaddr.c,  -O0   -dumpbase dump1/dump-noaddr.c -DMASK=1 -x c --param ggc-min-heapsize=1 -fdump-ipa-all -fdump-rtl-all -fdump-tree-all -fdump-noaddr
FAIL: gcc.c-torture/unsorted/dump-noaddr.c,  -O0   -dumpbase dump2/dump-noaddr.c -DMASK=2 -x c -fdump-ipa-all -fdump-rtl-all -fdump-tree-all -fdump-noaddr
FAIL: gcc.c-torture/unsorted/dump-noaddr.c,  -O1   -dumpbase dump1/dump-noaddr.c -DMASK=1 -x c --param ggc-min-heapsize=1 -fdump-ipa-all -fdump-rtl-all -fdump-tree-all -fdump-noaddr
FAIL: gcc.c-torture/unsorted/dump-noaddr.c,  -O1   -dumpbase dump2/dump-noaddr.c -DMASK=2 -x c -fdump-ipa-all -fdump-rtl-all -fdump-tree-all -fdump-noaddr
FAIL: gcc.c-torture/unsorted/dump-noaddr.c,  -O2   -dumpbase dump1/dump-noaddr.c -DMASK=1 -x c --param ggc-min-heapsize=1 -fdump-ipa-all -fdump-rtl-all -fdump-tree-all -fdump-noaddr
FAIL: gcc.c-torture/unsorted/dump-noaddr.c,  -O2   -dumpbase dump2/dump-noaddr.c -DMASK=2 -x c -fdump-ipa-all -fdump-rtl-all -fdump-tree-all -fdump-noaddr
FAIL: gcc.c-torture/unsorted/dump-noaddr.c,  -O3 -fomit-frame-pointer   -dumpbase dump1/dump-noaddr.c -DMASK=1 -x c --param ggc-min-heapsize=1 -fdump-ipa-all -fdump-rtl-all -fdump-tree-all -fdump-noaddr
FAIL: gcc.c-torture/unsorted/dump-noaddr.c,  -O3 -fomit-frame-pointer   -dumpbase dump2/dump-noaddr.c -DMASK=2 -x c -fdump-ipa-all -fdump-rtl-all -fdump-tree-all -fdump-noaddr
FAIL: gcc.c-torture/unsorted/dump-noaddr.c,  -O3 -fomit-frame-pointer -funroll-loops   -dumpbase dump1/dump-noaddr.c -DMASK=1 -x c --param ggc-min-heapsize=1 -fdump-ipa-all -fdump-rtl-all -fdump-tree-all -fdump-noaddr
FAIL: gcc.c-torture/unsorted/dump-noaddr.c,  -O3 -fomit-frame-pointer -funroll-loops   -dumpbase dump2/dump-noaddr.c -DMASK=2 -x c -fdump-ipa-all -fdump-rtl-all -fdump-tree-all -fdump-noaddr
FAIL: gcc.c-torture/unsorted/dump-noaddr.c,  -O3 -fomit-frame-pointer -funroll-all-loops -finline-functions   -dumpbase dump1/dump-noaddr.c -DMASK=1 -x c --param ggc-min-heapsize=1 -fdump-ipa-all -fdump-rtl-all -fdump-tree-all -fdump-noaddr
FAIL: gcc.c-torture/unsorted/dump-noaddr.c,  -O3 -fomit-frame-pointer -funroll-all-loops -finline-functions   -dumpbase dump2/dump-noaddr.c -DMASK=2 -x c -fdump-ipa-all -fdump-rtl-all -fdump-tree-all -fdump-noaddr
FAIL: gcc.c-torture/unsorted/dump-noaddr.c,  -O3 -g   -dumpbase dump1/dump-noaddr.c -DMASK=1 -x c --param ggc-min-heapsize=1 -fdump-ipa-all -fdump-rtl-all -fdump-tree-all -fdump-noaddr
FAIL: gcc.c-torture/unsorted/dump-noaddr.c,  -O3 -g   -dumpbase dump2/dump-noaddr.c -DMASK=2 -x c -fdump-ipa-all -fdump-rtl-all -fdump-tree-all -fdump-noaddr
FAIL: gcc.c-torture/unsorted/dump-noaddr.c,  -Os   -dumpbase dump1/dump-noaddr.c -DMASK=1 -x c --param ggc-min-heapsize=1 -fdump-ipa-all -fdump-rtl-all -fdump-tree-all -fdump-noaddr
FAIL: gcc.c-torture/unsorted/dump-noaddr.c,  -Os   -dumpbase dump2/dump-noaddr.c -DMASK=2 -x c -fdump-ipa-all -fdump-rtl-all -fdump-tree-all -fdump-noaddr
FAIL: gcc.c-torture/unsorted/dump-noaddr.c,  -Og -g   -dumpbase dump1/dump-noaddr.c -DMASK=1 -x c --param ggc-min-heapsize=1 -fdump-ipa-all -fdump-rtl-all -fdump-tree-all -fdump-noaddr
FAIL: gcc.c-torture/unsorted/dump-noaddr.c,  -Og -g   -dumpbase dump2/dump-noaddr.c -DMASK=2 -x c -fdump-ipa-all -fdump-rtl-all -fdump-tree-all -fdump-noaddr
FAIL: gcc.c-torture/unsorted/dump-noaddr.c,  -O2 -flto -fno-use-linker-plugin -flto-partition=none   -dumpbase dump1/dump-noaddr.c -DMASK=1 -x c --param ggc-min-heapsize=1 -fdump-ipa-all -fdump-rtl-all -fdump-tree-all -fdump-noaddr
FAIL: gcc.c-torture/unsorted/dump-noaddr.c,  -O2 -flto -fno-use-linker-plugin -flto-partition=none   -dumpbase dump2/dump-noaddr.c -DMASK=2 -x c -fdump-ipa-all -fdump-rtl-all -fdump-tree-all -fdump-noaddr
FAIL: gcc.c-torture/unsorted/dump-noaddr.c,  -O2 -flto -fuse-linker-plugin -fno-fat-lto-objects   -dumpbase dump1/dump-noaddr.c -DMASK=1 -x c --param ggc-min-heapsize=1 -fdump-ipa-all -fdump-rtl-all -fdump-tree-all -fdump-noaddr
FAIL: gcc.c-torture/unsorted/dump-noaddr.c,  -O2 -flto -fuse-linker-plugin -fno-fat-lto-objects   -dumpbase dump2/dump-noaddr.c -DMASK=2 -x c -fdump-ipa-all -fdump-rtl-all -fdump-tree-all -fdump-noaddr
FAIL: c-c++-common/asan/asan-interface-1.c  -O0  execution test
FAIL: c-c++-common/asan/asan-interface-1.c  -O1  execution test
FAIL: c-c++-common/asan/asan-interface-1.c  -O2  execution test
FAIL: c-c++-common/asan/asan-interface-1.c  -O3 -fomit-frame-pointer  execution test
FAIL: c-c++-common/asan/asan-interface-1.c  -O3 -g  execution test
FAIL: c-c++-common/asan/asan-interface-1.c  -Os  execution test
FAIL: c-c++-common/asan/asan-interface-1.c  -O2 -flto -fno-use-linker-plugin -flto-partition=none  execution test
FAIL: c-c++-common/asan/asan-interface-1.c  -O2 -flto -fuse-linker-plugin -fno-fat-lto-objects  execution test
FAIL: c-c++-common/asan/clone-test-1.c  -O0  execution test
FAIL: c-c++-common/asan/clone-test-1.c  -O1  execution test
FAIL: c-c++-common/asan/clone-test-1.c  -O2  execution test
FAIL: c-c++-common/asan/clone-test-1.c  -O3 -fomit-frame-pointer  execution test
FAIL: c-c++-common/asan/clone-test-1.c  -O3 -fomit-frame-pointer -funroll-loops  execution test
FAIL: c-c++-common/asan/clone-test-1.c  -O3 -fomit-frame-pointer -funroll-all-loops -finline-functions  execution test
FAIL: c-c++-common/asan/clone-test-1.c  -O3 -g  execution test
FAIL: c-c++-common/asan/clone-test-1.c  -Os  execution test
FAIL: c-c++-common/asan/clone-test-1.c  -O2 -flto -fno-use-linker-plugin -flto-partition=none  execution test
FAIL: c-c++-common/asan/clone-test-1.c  -O2 -flto -fuse-linker-plugin -fno-fat-lto-objects  execution test
FAIL: c-c++-common/asan/global-overflow-1.c  -O0  output pattern test, is ==11434==ASan runtime does not come first in initial library list; you should either link runtime to your application or manually preload it with LD_PRELOAD.
FAIL: c-c++-common/asan/global-overflow-1.c  -O1  output pattern test, is ==11583==ASan runtime does not come first in initial library list; you should either link runtime to your application or manually preload it with LD_PRELOAD.
FAIL: c-c++-common/asan/global-overflow-1.c  -O2  output pattern test, is ==11754==ASan runtime does not come first in initial library list; you should either link runtime to your application or manually preload it with LD_PRELOAD.
FAIL: c-c++-common/asan/global-overflow-1.c  -O3 -fomit-frame-pointer  output pattern test, is ==11911==ASan runtime does not come first in initial library list; you should either link runtime to your application or manually preload it with LD_PRELOAD.
FAIL: c-c++-common/asan/global-overflow-1.c  -O3 -g  output pattern test, is ==12033==ASan runtime does not come first in initial library list; you should either link runtime to your application or manually preload it with LD_PRELOAD.
FAIL: c-c++-common/asan/global-overflow-1.c  -Os  output pattern test, is ==12218==ASan runtime does not come first in initial library list; you should either link runtime to your application or manually preload it with LD_PRELOAD.
FAIL: c-c++-common/asan/global-overflow-1.c  -O2 -flto -fno-use-linker-plugin -flto-partition=none  output pattern test, is ==12512==ASan runtime does not come first in initial library list; you should either link runtime to your application or manually preload it with LD_PRELOAD.
FAIL: c-c++-common/asan/global-overflow-1.c  -O2 -flto -fuse-linker-plugin -fno-fat-lto-objects  output pattern test, is ==12744==ASan runtime does not come first in initial library list; you should either link runtime to your application or manually preload it with LD_PRELOAD.
FAIL: c-c++-common/asan/heap-overflow-1.c  -O0  output pattern test, is ==12869==ASan runtime does not come first in initial library list; you should either link runtime to your application or manually preload it with LD_PRELOAD.
FAIL: c-c++-common/asan/heap-overflow-1.c  -O1  output pattern test, is ==13016==ASan runtime does not come first in initial library list; you should either link runtime to your application or manually preload it with LD_PRELOAD.
FAIL: c-c++-common/asan/heap-overflow-1.c  -O2  output pattern test, is ==13135==ASan runtime does not come first in initial library list; you should either link runtime to your application or manually preload it with LD_PRELOAD.
FAIL: c-c++-common/asan/heap-overflow-1.c  -O3 -fomit-frame-pointer  output pattern test, is ==13258==ASan runtime does not come first in initial library list; you should either link runtime to your application or manually preload it with LD_PRELOAD.
FAIL: c-c++-common/asan/heap-overflow-1.c  -O3 -g  output pattern test, is ==13380==ASan runtime does not come first in initial library list; you should either link runtime to your application or manually preload it with LD_PRELOAD.
FAIL: c-c++-common/asan/heap-overflow-1.c  -Os  output pattern test, is ==13536==ASan runtime does not come first in initial library list; you should either link runtime to your application or manually preload it with LD_PRELOAD.
FAIL: c-c++-common/asan/heap-overflow-1.c  -O2 -flto -fno-use-linker-plugin -flto-partition=none  output pattern test, is ==13816==ASan runtime does not come first in initial library list; you should either link runtime to your application or manually preload it with LD_PRELOAD.
FAIL: c-c++-common/asan/heap-overflow-1.c  -O2 -flto -fuse-linker-plugin -fno-fat-lto-objects  output pattern test, is ==14075==ASan runtime does not come first in initial library list; you should either link runtime to your application or manually preload it with LD_PRELOAD.
FAIL: c-c++-common/asan/memcmp-1.c  -O0  output pattern test, is ==14304==ASan runtime does not come first in initial library list; you should either link runtime to your application or manually preload it with LD_PRELOAD.
FAIL: c-c++-common/asan/memcmp-1.c  -O1  output pattern test, is ==14487==ASan runtime does not come first in initial library list; you should either link runtime to your application or manually preload it with LD_PRELOAD.
FAIL: c-c++-common/asan/memcmp-1.c  -O2  output pattern test, is ==14743==ASan runtime does not come first in initial library list; you should either link runtime to your application or manually preload it with LD_PRELOAD.
FAIL: c-c++-common/asan/memcmp-1.c  -O3 -fomit-frame-pointer  output pattern test, is ==14980==ASan runtime does not come first in initial library list; you should either link runtime to your application or manually preload it with LD_PRELOAD.
FAIL: c-c++-common/asan/memcmp-1.c  -O3 -g  output pattern test, is ==15175==ASan runtime does not come first in initial library list; you should either link runtime to your application or manually preload it with LD_PRELOAD.
FAIL: c-c++-common/asan/memcmp-1.c  -Os  output pattern test, is ==15365==ASan runtime does not come first in initial library list; you should either link runtime to your application or manually preload it with LD_PRELOAD.
FAIL: c-c++-common/asan/memcmp-1.c  -O2 -flto -fno-use-linker-plugin -flto-partition=none  output pattern test, is ==15681==ASan runtime does not come first in initial library list; you should either link runtime to your application or manually preload it with LD_PRELOAD.
FAIL: c-c++-common/asan/memcmp-1.c  -O2 -flto -fuse-linker-plugin -fno-fat-lto-objects  output pattern test, is ==15912==ASan runtime does not come first in initial library list; you should either link runtime to your application or manually preload it with LD_PRELOAD.
FAIL: c-c++-common/asan/misalign-1.c  -O0  output pattern test, is ==16868==ASan runtime does not come first in initial library list; you should either link runtime to your application or manually preload it with LD_PRELOAD.
FAIL: c-c++-common/asan/misalign-1.c  -O1  output pattern test, is ==17043==ASan runtime does not come first in initial library list; you should either link runtime to your application or manually preload it with LD_PRELOAD.
FAIL: c-c++-common/asan/misalign-1.c  -O2  output pattern test, is ==17192==ASan runtime does not come first in initial library list; you should either link runtime to your application or manually preload it with LD_PRELOAD.
FAIL: c-c++-common/asan/misalign-1.c  -O3 -fomit-frame-pointer  output pattern test, is ==17367==ASan runtime does not come first in initial library list; you should either link runtime to your application or manually preload it with LD_PRELOAD.
FAIL: c-c++-common/asan/misalign-1.c  -O3 -g  output pattern test, is ==17522==ASan runtime does not come first in initial library list; you should either link runtime to your application or manually preload it with LD_PRELOAD.
FAIL: c-c++-common/asan/misalign-1.c  -Os  output pattern test, is ==17699==ASan runtime does not come first in initial library list; you should either link runtime to your application or manually preload it with LD_PRELOAD.
FAIL: c-c++-common/asan/misalign-1.c  -O2 -flto -fno-use-linker-plugin -flto-partition=none  output pattern test, is ==18082==ASan runtime does not come first in initial library list; you should either link runtime to your application or manually preload it with LD_PRELOAD.
FAIL: c-c++-common/asan/misalign-1.c  -O2 -flto -fuse-linker-plugin -fno-fat-lto-objects  output pattern test, is ==18322==ASan runtime does not come first in initial library list; you should either link runtime to your application or manually preload it with LD_PRELOAD.
FAIL: c-c++-common/asan/misalign-2.c  -O0  output pattern test, is ==18538==ASan runtime does not come first in initial library list; you should either link runtime to your application or manually preload it with LD_PRELOAD.
FAIL: c-c++-common/asan/misalign-2.c  -O1  output pattern test, is ==18734==ASan runtime does not come first in initial library list; you should either link runtime to your application or manually preload it with LD_PRELOAD.
FAIL: c-c++-common/asan/misalign-2.c  -O2  output pattern test, is ==18927==ASan runtime does not come first in initial library list; you should either link runtime to your application or manually preload it with LD_PRELOAD.
FAIL: c-c++-common/asan/misalign-2.c  -O3 -fomit-frame-pointer  output pattern test, is ==19096==ASan runtime does not come first in initial library list; you should either link runtime to your application or manually preload it with LD_PRELOAD.
FAIL: c-c++-common/asan/misalign-2.c  -O3 -g  output pattern test, is ==19314==ASan runtime does not come first in initial library list; you should either link runtime to your application or manually preload it with LD_PRELOAD.
FAIL: c-c++-common/asan/misalign-2.c  -Os  output pattern test, is ==19569==ASan runtime does not come first in initial library list; you should either link runtime to your application or manually preload it with LD_PRELOAD.
FAIL: c-c++-common/asan/misalign-2.c  -O2 -flto -fno-use-linker-plugin -flto-partition=none  output pattern test, is ==20136==ASan runtime does not come first in initial library list; you should either link runtime to your application or manually preload it with LD_PRELOAD.
FAIL: c-c++-common/asan/misalign-2.c  -O2 -flto -fuse-linker-plugin -fno-fat-lto-objects  output pattern test, is ==20302==ASan runtime does not come first in initial library list; you should either link runtime to your application or manually preload it with LD_PRELOAD.
FAIL: c-c++-common/asan/null-deref-1.c  -O0  output pattern test, is ==26112==ASan runtime does not come first in initial library list; you should either link runtime to your application or manually preload it with LD_PRELOAD.
FAIL: c-c++-common/asan/null-deref-1.c  -O1  output pattern test, is ==26297==ASan runtime does not come first in initial library list; you should either link runtime to your application or manually preload it with LD_PRELOAD.
FAIL: c-c++-common/asan/null-deref-1.c  -O2  output pattern test, is ==26451==ASan runtime does not come first in initial library list; you should either link runtime to your application or manually preload it with LD_PRELOAD.
FAIL: c-c++-common/asan/null-deref-1.c  -O3 -fomit-frame-pointer  output pattern test, is ==26604==ASan runtime does not come first in initial library list; you should either link runtime to your application or manually preload it with LD_PRELOAD.
FAIL: c-c++-common/asan/null-deref-1.c  -O3 -g  output pattern test, is ==26762==ASan runtime does not come first in initial library list; you should either link runtime to your application or manually preload it with LD_PRELOAD.
FAIL: c-c++-common/asan/null-deref-1.c  -Os  output pattern test, is ==26936==ASan runtime does not come first in initial library list; you should either link runtime to your application or manually preload it with LD_PRELOAD.
FAIL: c-c++-common/asan/null-deref-1.c  -O2 -flto -fno-use-linker-plugin -flto-partition=none  output pattern test, is ==27310==ASan runtime does not come first in initial library list; you should either link runtime to your application or manually preload it with LD_PRELOAD.
FAIL: c-c++-common/asan/null-deref-1.c  -O2 -flto -fuse-linker-plugin -fno-fat-lto-objects  output pattern test, is ==27541==ASan runtime does not come first in initial library list; you should either link runtime to your application or manually preload it with LD_PRELOAD.
FAIL: c-c++-common/asan/pr59063-1.c  -O0  execution test
FAIL: c-c++-common/asan/pr59063-1.c  -O1  execution test
FAIL: c-c++-common/asan/pr59063-1.c  -O2  execution test
FAIL: c-c++-common/asan/pr59063-1.c  -O3 -fomit-frame-pointer  execution test
FAIL: c-c++-common/asan/pr59063-1.c  -O3 -g  execution test
FAIL: c-c++-common/asan/pr59063-1.c  -Os  execution test
FAIL: c-c++-common/asan/pr59063-1.c  -O2 -flto -fno-use-linker-plugin -flto-partition=none  execution test
FAIL: c-c++-common/asan/pr59063-1.c  -O2 -flto -fuse-linker-plugin -fno-fat-lto-objects  execution test
FAIL: c-c++-common/asan/rlimit-mmap-test-1.c  -O0  output pattern test, is ==32601==ASan runtime does not come first in initial library list; you should either link runtime to your application or manually preload it with LD_PRELOAD.
FAIL: c-c++-common/asan/sanity-check-pure-c-1.c  -O0  output pattern test, is ==377==ASan runtime does not come first in initial library list; you should either link runtime to your application or manually preload it with LD_PRELOAD.
FAIL: c-c++-common/asan/sanity-check-pure-c-1.c  -O1  output pattern test, is ==563==ASan runtime does not come first in initial library list; you should either link runtime to your application or manually preload it with LD_PRELOAD.
FAIL: c-c++-common/asan/sanity-check-pure-c-1.c  -O2  output pattern test, is ==744==ASan runtime does not come first in initial library list; you should either link runtime to your application or manually preload it with LD_PRELOAD.
FAIL: c-c++-common/asan/sanity-check-pure-c-1.c  -O3 -fomit-frame-pointer  output pattern test, is ==957==ASan runtime does not come first in initial library list; you should either link runtime to your application or manually preload it with LD_PRELOAD.
FAIL: c-c++-common/asan/sanity-check-pure-c-1.c  -O3 -g  output pattern test, is ==1163==ASan runtime does not come first in initial library list; you should either link runtime to your application or manually preload it with LD_PRELOAD.
FAIL: c-c++-common/asan/sanity-check-pure-c-1.c  -Os  output pattern test, is ==1331==ASan runtime does not come first in initial library list; you should either link runtime to your application or manually preload it with LD_PRELOAD.
FAIL: c-c++-common/asan/sanity-check-pure-c-1.c  -O2 -flto -fno-use-linker-plugin -flto-partition=none  output pattern test, is ==1699==ASan runtime does not come first in initial library list; you should either link runtime to your application or manually preload it with LD_PRELOAD.
FAIL: c-c++-common/asan/sanity-check-pure-c-1.c  -O2 -flto -fuse-linker-plugin -fno-fat-lto-objects  output pattern test, is ==1947==ASan runtime does not come first in initial library list; you should either link runtime to your application or manually preload it with LD_PRELOAD.
FAIL: c-c++-common/asan/stack-overflow-1.c  -O0  output pattern test, is ==4264==ASan runtime does not come first in initial library list; you should either link runtime to your application or manually preload it with LD_PRELOAD.
FAIL: c-c++-common/asan/stack-overflow-1.c  -O1  output pattern test, is ==4374==ASan runtime does not come first in initial library list; you should either link runtime to your application or manually preload it with LD_PRELOAD.
FAIL: c-c++-common/asan/stack-overflow-1.c  -O2  output pattern test, is ==4505==ASan runtime does not come first in initial library list; you should either link runtime to your application or manually preload it with LD_PRELOAD.
FAIL: c-c++-common/asan/stack-overflow-1.c  -O3 -fomit-frame-pointer  output pattern test, is ==4672==ASan runtime does not come first in initial library list; you should either link runtime to your application or manually preload it with LD_PRELOAD.
FAIL: c-c++-common/asan/stack-overflow-1.c  -O3 -g  output pattern test, is ==4828==ASan runtime does not come first in initial library list; you should either link runtime to your application or manually preload it with LD_PRELOAD.
FAIL: c-c++-common/asan/stack-overflow-1.c  -Os  output pattern test, is ==5006==ASan runtime does not come first in initial library list; you should either link runtime to your application or manually preload it with LD_PRELOAD.
FAIL: c-c++-common/asan/stack-overflow-1.c  -O2 -flto -fno-use-linker-plugin -flto-partition=none  output pattern test, is ==5232==ASan runtime does not come first in initial library list; you should either link runtime to your application or manually preload it with LD_PRELOAD.
FAIL: c-c++-common/asan/stack-overflow-1.c  -O2 -flto -fuse-linker-plugin -fno-fat-lto-objects  output pattern test, is ==5463==ASan runtime does not come first in initial library list; you should either link runtime to your application or manually preload it with LD_PRELOAD.
FAIL: c-c++-common/asan/strip-path-prefix-1.c  -O2  output pattern test, is ==5664==ASan runtime does not come first in initial library list; you should either link runtime to your application or manually preload it with LD_PRELOAD.
FAIL: c-c++-common/asan/strip-path-prefix-1.c  -O2 -flto -fno-use-linker-plugin -flto-partition=none  output pattern test, is ==5950==ASan runtime does not come first in initial library list; you should either link runtime to your application or manually preload it with LD_PRELOAD.
FAIL: c-c++-common/asan/strip-path-prefix-1.c  -O2 -flto -fuse-linker-plugin -fno-fat-lto-objects  output pattern test, is ==6149==ASan runtime does not come first in initial library list; you should either link runtime to your application or manually preload it with LD_PRELOAD.
FAIL: c-c++-common/asan/strncpy-overflow-1.c  -O0  output pattern test, is ==6299==ASan runtime does not come first in initial library list; you should either link runtime to your application or manually preload it with LD_PRELOAD.
FAIL: c-c++-common/asan/strncpy-overflow-1.c  -O1  output pattern test, is ==6445==ASan runtime does not come first in initial library list; you should either link runtime to your application or manually preload it with LD_PRELOAD.
FAIL: c-c++-common/asan/strncpy-overflow-1.c  -O2  output pattern test, is ==6617==ASan runtime does not come first in initial library list; you should either link runtime to your application or manually preload it with LD_PRELOAD.
FAIL: c-c++-common/asan/strncpy-overflow-1.c  -O3 -fomit-frame-pointer  output pattern test, is ==6977==ASan runtime does not come first in initial library list; you should either link runtime to your application or manually preload it with LD_PRELOAD.
FAIL: c-c++-common/asan/strncpy-overflow-1.c  -O3 -g  output pattern test, is ==7161==ASan runtime does not come first in initial library list; you should either link runtime to your application or manually preload it with LD_PRELOAD.
FAIL: c-c++-common/asan/strncpy-overflow-1.c  -Os  output pattern test, is ==7392==ASan runtime does not come first in initial library list; you should either link runtime to your application or manually preload it with LD_PRELOAD.
FAIL: c-c++-common/asan/strncpy-overflow-1.c  -O2 -flto -fno-use-linker-plugin -flto-partition=none  output pattern test, is ==7757==ASan runtime does not come first in initial library list; you should either link runtime to your application or manually preload it with LD_PRELOAD.
FAIL: c-c++-common/asan/strncpy-overflow-1.c  -O2 -flto -fuse-linker-plugin -fno-fat-lto-objects  output pattern test, is ==7987==ASan runtime does not come first in initial library list; you should either link runtime to your application or manually preload it with LD_PRELOAD.
FAIL: c-c++-common/asan/swapcontext-test-1.c  -O0  execution test
FAIL: c-c++-common/asan/swapcontext-test-1.c  -O1  execution test
FAIL: c-c++-common/asan/swapcontext-test-1.c  -O2  execution test
FAIL: c-c++-common/asan/swapcontext-test-1.c  -O3 -fomit-frame-pointer  execution test
FAIL: c-c++-common/asan/swapcontext-test-1.c  -O3 -fomit-frame-pointer -funroll-loops  execution test
FAIL: c-c++-common/asan/swapcontext-test-1.c  -O3 -fomit-frame-pointer -funroll-all-loops -finline-functions  execution test
FAIL: c-c++-common/asan/swapcontext-test-1.c  -O3 -g  execution test
FAIL: c-c++-common/asan/swapcontext-test-1.c  -Os  execution test
FAIL: c-c++-common/asan/swapcontext-test-1.c  -O2 -flto -fno-use-linker-plugin -flto-partition=none  execution test
FAIL: c-c++-common/asan/swapcontext-test-1.c  -O2 -flto -fuse-linker-plugin -fno-fat-lto-objects  execution test
FAIL: c-c++-common/asan/use-after-free-1.c  -O0  output pattern test, is ==10232==ASan runtime does not come first in initial library list; you should either link runtime to your application or manually preload it with LD_PRELOAD.
FAIL: c-c++-common/asan/use-after-free-1.c  -O1  output pattern test, is ==10423==ASan runtime does not come first in initial library list; you should either link runtime to your application or manually preload it with LD_PRELOAD.
FAIL: c-c++-common/asan/use-after-free-1.c  -O2  output pattern test, is ==10546==ASan runtime does not come first in initial library list; you should either link runtime to your application or manually preload it with LD_PRELOAD.
FAIL: c-c++-common/asan/use-after-free-1.c  -O3 -fomit-frame-pointer  output pattern test, is ==10689==ASan runtime does not come first in initial library list; you should either link runtime to your application or manually preload it with LD_PRELOAD.
FAIL: c-c++-common/asan/use-after-free-1.c  -O3 -g  output pattern test, is ==10808==ASan runtime does not come first in initial library list; you should either link runtime to your application or manually preload it with LD_PRELOAD.
FAIL: c-c++-common/asan/use-after-free-1.c  -Os  output pattern test, is ==10914==ASan runtime does not come first in initial library list; you should either link runtime to your application or manually preload it with LD_PRELOAD.
FAIL: c-c++-common/asan/use-after-free-1.c  -O2 -flto -fno-use-linker-plugin -flto-partition=none  output pattern test, is ==11267==ASan runtime does not come first in initial library list; you should either link runtime to your application or manually preload it with LD_PRELOAD.
FAIL: c-c++-common/asan/use-after-free-1.c  -O2 -flto -fuse-linker-plugin -fno-fat-lto-objects  output pattern test, is ==11475==ASan runtime does not come first in initial library list; you should either link runtime to your application or manually preload it with LD_PRELOAD.
FAIL: c-c++-common/asan/use-after-return-1.c  -O0  output pattern test, is ==11682==ASan runtime does not come first in initial library list; you should either link runtime to your application or manually preload it with LD_PRELOAD.
FAIL: c-c++-common/asan/use-after-return-1.c  -O1  output pattern test, is ==11833==ASan runtime does not come first in initial library list; you should either link runtime to your application or manually preload it with LD_PRELOAD.
FAIL: c-c++-common/asan/use-after-return-1.c  -O2  output pattern test, is ==11999==ASan runtime does not come first in initial library list; you should either link runtime to your application or manually preload it with LD_PRELOAD.
FAIL: c-c++-common/asan/use-after-return-1.c  -O3 -fomit-frame-pointer  output pattern test, is ==12126==ASan runtime does not come first in initial library list; you should either link runtime to your application or manually preload it with LD_PRELOAD.
FAIL: c-c++-common/asan/use-after-return-1.c  -O3 -g  output pattern test, is ==12379==ASan runtime does not come first in initial library list; you should either link runtime to your application or manually preload it with LD_PRELOAD.
FAIL: c-c++-common/asan/use-after-return-1.c  -Os  output pattern test, is ==12560==ASan runtime does not come first in initial library list; you should either link runtime to your application or manually preload it with LD_PRELOAD.
FAIL: c-c++-common/asan/use-after-return-1.c  -O2 -flto -fno-use-linker-plugin -flto-partition=none  output pattern test, is ==12921==ASan runtime does not come first in initial library list; you should either link runtime to your application or manually preload it with LD_PRELOAD.
FAIL: c-c++-common/asan/use-after-return-1.c  -O2 -flto -fuse-linker-plugin -fno-fat-lto-objects  output pattern test, is ==13169==ASan runtime does not come first in initial library list; you should either link runtime to your application or manually preload it with LD_PRELOAD.
FAIL: gcc.dg/asan/nosanitize-and-inline.c  -O0  execution test
FAIL: gcc.dg/asan/nosanitize-and-inline.c  -O1  execution test
FAIL: gcc.dg/asan/nosanitize-and-inline.c  -O2  execution test
FAIL: gcc.dg/asan/nosanitize-and-inline.c  -O3 -fomit-frame-pointer  execution test
FAIL: gcc.dg/asan/nosanitize-and-inline.c  -O3 -fomit-frame-pointer -funroll-loops  execution test
FAIL: gcc.dg/asan/nosanitize-and-inline.c  -O3 -fomit-frame-pointer -funroll-all-loops -finline-functions  execution test
FAIL: gcc.dg/asan/nosanitize-and-inline.c  -O3 -g  execution test
FAIL: gcc.dg/asan/nosanitize-and-inline.c  -Os  execution test
FAIL: gcc.dg/asan/nosanitize-and-inline.c  -O2 -flto -fno-use-linker-plugin -flto-partition=none  execution test
FAIL: gcc.dg/asan/nosanitize-and-inline.c  -O2 -flto -fuse-linker-plugin -fno-fat-lto-objects  execution test
FAIL: gcc.dg/atomic/c11-atomic-exec-4.c  -O2 -flto -fno-use-linker-plugin -flto-partition=none  (test for excess errors)
FAIL: gcc.dg/atomic/c11-atomic-exec-4.c  -O2 -flto -fuse-linker-plugin -fno-fat-lto-objects  (test for excess errors)
FAIL: tmpdir-gcc.dg-struct-layout-1/t003 c_compat_x_tst.o compile
FAIL: tmpdir-gcc.dg-struct-layout-1/t003 c_compat_y_tst.o compile
FAIL: tmpdir-gcc.dg-struct-layout-1/t004 c_compat_x_tst.o compile
FAIL: tmpdir-gcc.dg-struct-layout-1/t004 c_compat_y_tst.o compile
FAIL: tmpdir-gcc.dg-struct-layout-1/t006 c_compat_x_tst.o compile
FAIL: tmpdir-gcc.dg-struct-layout-1/t006 c_compat_y_tst.o compile
FAIL: tmpdir-gcc.dg-struct-layout-1/t007 c_compat_x_tst.o compile
FAIL: tmpdir-gcc.dg-struct-layout-1/t007 c_compat_y_tst.o compile
FAIL: tmpdir-gcc.dg-struct-layout-1/t009 c_compat_x_tst.o compile
FAIL: tmpdir-gcc.dg-struct-layout-1/t009 c_compat_y_tst.o compile
FAIL: tmpdir-gcc.dg-struct-layout-1/t010 c_compat_x_tst.o compile
FAIL: tmpdir-gcc.dg-struct-layout-1/t010 c_compat_y_tst.o compile
FAIL: tmpdir-gcc.dg-struct-layout-1/t011 c_compat_x_tst.o compile
FAIL: tmpdir-gcc.dg-struct-layout-1/t011 c_compat_y_tst.o compile
FAIL: tmpdir-gcc.dg-struct-layout-1/t012 c_compat_x_tst.o compile
FAIL: tmpdir-gcc.dg-struct-layout-1/t012 c_compat_y_tst.o compile
FAIL: tmpdir-gcc.dg-struct-layout-1/t013 c_compat_x_tst.o compile
FAIL: tmpdir-gcc.dg-struct-layout-1/t013 c_compat_y_tst.o compile
FAIL: tmpdir-gcc.dg-struct-layout-1/t014 c_compat_x_tst.o compile
FAIL: tmpdir-gcc.dg-struct-layout-1/t014 c_compat_y_tst.o compile
FAIL: tmpdir-gcc.dg-struct-layout-1/t015 c_compat_x_tst.o compile
FAIL: tmpdir-gcc.dg-struct-layout-1/t015 c_compat_y_tst.o compile
FAIL: tmpdir-gcc.dg-struct-layout-1/t016 c_compat_x_tst.o compile
FAIL: tmpdir-gcc.dg-struct-layout-1/t016 c_compat_y_tst.o compile
FAIL: tmpdir-gcc.dg-struct-layout-1/t017 c_compat_x_tst.o compile
FAIL: tmpdir-gcc.dg-struct-layout-1/t017 c_compat_y_tst.o compile
FAIL: tmpdir-gcc.dg-struct-layout-1/t018 c_compat_x_tst.o compile
FAIL: tmpdir-gcc.dg-struct-layout-1/t018 c_compat_y_tst.o compile
FAIL: tmpdir-gcc.dg-struct-layout-1/t019 c_compat_x_tst.o compile
FAIL: tmpdir-gcc.dg-struct-layout-1/t019 c_compat_y_tst.o compile
FAIL: tmpdir-gcc.dg-struct-layout-1/t021 c_compat_x_tst.o compile
FAIL: tmpdir-gcc.dg-struct-layout-1/t021 c_compat_y_tst.o compile
FAIL: tmpdir-gcc.dg-struct-layout-1/t023 c_compat_x_tst.o compile
FAIL: tmpdir-gcc.dg-struct-layout-1/t023 c_compat_y_tst.o compile
FAIL: tmpdir-gcc.dg-struct-layout-1/t024 c_compat_x_tst.o compile
FAIL: tmpdir-gcc.dg-struct-layout-1/t024 c_compat_y_tst.o compile
FAIL: tmpdir-gcc.dg-struct-layout-1/t025 c_compat_x_tst.o compile
FAIL: tmpdir-gcc.dg-struct-layout-1/t025 c_compat_y_tst.o compile
FAIL: tmpdir-gcc.dg-struct-layout-1/t026 c_compat_x_tst.o compile
FAIL: tmpdir-gcc.dg-struct-layout-1/t026 c_compat_y_tst.o compile
FAIL: tmpdir-gcc.dg-struct-layout-1/t027 c_compat_x_tst.o compile
FAIL: tmpdir-gcc.dg-struct-layout-1/t027 c_compat_y_tst.o compile
FAIL: tmpdir-gcc.dg-struct-layout-1/t028 c_compat_x_tst.o compile
FAIL: tmpdir-gcc.dg-struct-layout-1/t028 c_compat_y_tst.o compile
FAIL: gcc.dg/graphite/pr60785.c (test for excess errors)
FAIL: gcc.dg/guality/csttest.c  -O2 -flto -fno-use-linker-plugin -flto-partition=none  (test for excess errors)
FAIL: gcc.dg/guality/csttest.c  -O2 -flto -fuse-linker-plugin -fno-fat-lto-objects  (test for excess errors)
XPASS: gcc.dg/guality/example.c  -O0  execution test
XPASS: gcc.dg/guality/example.c  -O1  execution test
XPASS: gcc.dg/guality/example.c  -O2  execution test
XPASS: gcc.dg/guality/example.c  -O2 -flto -fno-use-linker-plugin -flto-partition=none  execution test
XPASS: gcc.dg/guality/guality.c  -O0  execution test
XPASS: gcc.dg/guality/guality.c  -O1  execution test
XPASS: gcc.dg/guality/guality.c  -O2  execution test
XPASS: gcc.dg/guality/guality.c  -O3 -fomit-frame-pointer  execution test
XPASS: gcc.dg/guality/guality.c  -O3 -g  execution test
XPASS: gcc.dg/guality/guality.c  -Os  execution test
XPASS: gcc.dg/guality/guality.c  -O2 -flto -fno-use-linker-plugin -flto-partition=none  execution test
XPASS: gcc.dg/guality/guality.c  -O2 -flto -fuse-linker-plugin -fno-fat-lto-objects  execution test
XPASS: gcc.dg/guality/inline-params.c  -O2  execution test
XPASS: gcc.dg/guality/inline-params.c  -O3 -fomit-frame-pointer  execution test
XPASS: gcc.dg/guality/inline-params.c  -O3 -g  execution test
XPASS: gcc.dg/guality/inline-params.c  -Os  execution test
XPASS: gcc.dg/guality/inline-params.c  -O2 -flto -fno-use-linker-plugin -flto-partition=none  execution test
FAIL: gcc.dg/guality/nrv-1.c  -O2 -flto -fuse-linker-plugin -fno-fat-lto-objects  line 20 a2.i[0] == 42
FAIL: gcc.dg/guality/pr36728-1.c  -O1  line 16 arg7 == 30
FAIL: gcc.dg/guality/pr36728-1.c  -O1  line 18 arg7 == 30
FAIL: gcc.dg/guality/pr36728-1.c  -O2  line 16 arg7 == 30
FAIL: gcc.dg/guality/pr36728-1.c  -O2  line 18 arg7 == 30
FAIL: gcc.dg/guality/pr36728-1.c  -O3 -fomit-frame-pointer  line 16 arg7 == 30
FAIL: gcc.dg/guality/pr36728-1.c  -O3 -fomit-frame-pointer  line 18 arg7 == 30
FAIL: gcc.dg/guality/pr36728-1.c  -O3 -g  line 16 arg7 == 30
FAIL: gcc.dg/guality/pr36728-1.c  -O3 -g  line 18 arg7 == 30
FAIL: gcc.dg/guality/pr36728-1.c  -Os  line 16 arg7 == 30
FAIL: gcc.dg/guality/pr36728-1.c  -Os  line 18 arg7 == 30
FAIL: gcc.dg/guality/pr36728-1.c  -O2 -flto -fno-use-linker-plugin -flto-partition=none  line 16 arg7 == 30
FAIL: gcc.dg/guality/pr36728-1.c  -O2 -flto -fno-use-linker-plugin -flto-partition=none  line 18 arg7 == 30
FAIL: gcc.dg/guality/pr36728-1.c  -O2 -flto -fuse-linker-plugin -fno-fat-lto-objects  line 16 arg7 == 30
FAIL: gcc.dg/guality/pr36728-1.c  -O2 -flto -fuse-linker-plugin -fno-fat-lto-objects  line 18 arg7 == 30
FAIL: gcc.dg/guality/pr36728-3.c  -O1  line 14 arg7 == 30
FAIL: gcc.dg/guality/pr36728-3.c  -O1  line 16 arg7 == 30
FAIL: gcc.dg/guality/pr36728-3.c  -O2  line 14 arg7 == 30
FAIL: gcc.dg/guality/pr36728-3.c  -O2  line 16 arg7 == 30
FAIL: gcc.dg/guality/pr36728-3.c  -O3 -fomit-frame-pointer  line 14 arg7 == 30
FAIL: gcc.dg/guality/pr36728-3.c  -O3 -fomit-frame-pointer  line 16 arg7 == 30
FAIL: gcc.dg/guality/pr36728-3.c  -O3 -g  line 14 arg7 == 30
FAIL: gcc.dg/guality/pr36728-3.c  -O3 -g  line 16 arg7 == 30
FAIL: gcc.dg/guality/pr36728-3.c  -Os  line 14 arg7 == 30
FAIL: gcc.dg/guality/pr36728-3.c  -Os  line 16 arg7 == 30
FAIL: gcc.dg/guality/pr36728-3.c  -O2 -flto -fno-use-linker-plugin -flto-partition=none  line 14 arg7 == 30
FAIL: gcc.dg/guality/pr36728-3.c  -O2 -flto -fno-use-linker-plugin -flto-partition=none  line 16 arg7 == 30
FAIL: gcc.dg/guality/pr36728-3.c  -O2 -flto -fuse-linker-plugin -fno-fat-lto-objects  line 14 arg7 == 30
FAIL: gcc.dg/guality/pr36728-3.c  -O2 -flto -fuse-linker-plugin -fno-fat-lto-objects  line 16 arg7 == 30
XPASS: gcc.dg/guality/pr41353-1.c  -O0  line 28 j == 28 + 37
XPASS: gcc.dg/guality/pr41447-1.c  -O0  execution test
XPASS: gcc.dg/guality/pr41447-1.c  -O1  execution test
XPASS: gcc.dg/guality/pr41447-1.c  -O2  execution test
XPASS: gcc.dg/guality/pr41447-1.c  -O3 -fomit-frame-pointer  execution test
XPASS: gcc.dg/guality/pr41447-1.c  -O3 -g  execution test
XPASS: gcc.dg/guality/pr41447-1.c  -Os  execution test
XPASS: gcc.dg/guality/pr41447-1.c  -O2 -flto -fno-use-linker-plugin -flto-partition=none  execution test
XPASS: gcc.dg/guality/pr41447-1.c  -O2 -flto -fuse-linker-plugin -fno-fat-lto-objects  execution test
XPASS: gcc.dg/guality/pr41616-1.c  -O0  execution test
XPASS: gcc.dg/guality/pr41616-1.c  -O1  execution test
XPASS: gcc.dg/guality/pr41616-1.c  -O2  execution test
XPASS: gcc.dg/guality/pr41616-1.c  -O3 -fomit-frame-pointer  execution test
XPASS: gcc.dg/guality/pr41616-1.c  -O3 -g  execution test
XPASS: gcc.dg/guality/pr41616-1.c  -Os  execution test
XPASS: gcc.dg/guality/pr41616-1.c  -O2 -flto -fno-use-linker-plugin -flto-partition=none  execution test
FAIL: gcc.dg/guality/pr43051-1.c  -O2  line 35 v == 1
FAIL: gcc.dg/guality/pr43051-1.c  -O2  line 36 e == &a[1]
FAIL: gcc.dg/guality/pr43051-1.c  -O2  line 39 c == &a[0]
FAIL: gcc.dg/guality/pr43051-1.c  -O2  line 40 v == 1
FAIL: gcc.dg/guality/pr43051-1.c  -O2  line 41 e == &a[1]
FAIL: gcc.dg/guality/pr43051-1.c  -O3 -fomit-frame-pointer  line 35 v == 1
FAIL: gcc.dg/guality/pr43051-1.c  -O3 -fomit-frame-pointer  line 36 e == &a[1]
FAIL: gcc.dg/guality/pr43051-1.c  -O3 -fomit-frame-pointer  line 39 c == &a[0]
FAIL: gcc.dg/guality/pr43051-1.c  -O3 -fomit-frame-pointer  line 40 v == 1
FAIL: gcc.dg/guality/pr43051-1.c  -O3 -fomit-frame-pointer  line 41 e == &a[1]
FAIL: gcc.dg/guality/pr43051-1.c  -O3 -fomit-frame-pointer -funroll-loops  line 35 v == 1
FAIL: gcc.dg/guality/pr43051-1.c  -O3 -fomit-frame-pointer -funroll-loops  line 36 e == &a[1]
FAIL: gcc.dg/guality/pr43051-1.c  -O3 -fomit-frame-pointer -funroll-loops  line 39 c == &a[0]
FAIL: gcc.dg/guality/pr43051-1.c  -O3 -fomit-frame-pointer -funroll-loops  line 40 v == 1
FAIL: gcc.dg/guality/pr43051-1.c  -O3 -fomit-frame-pointer -funroll-loops  line 41 e == &a[1]
FAIL: gcc.dg/guality/pr43051-1.c  -O3 -fomit-frame-pointer -funroll-all-loops -finline-functions  line 35 v == 1
FAIL: gcc.dg/guality/pr43051-1.c  -O3 -fomit-frame-pointer -funroll-all-loops -finline-functions  line 36 e == &a[1]
FAIL: gcc.dg/guality/pr43051-1.c  -O3 -fomit-frame-pointer -funroll-all-loops -finline-functions  line 39 c == &a[0]
FAIL: gcc.dg/guality/pr43051-1.c  -O3 -fomit-frame-pointer -funroll-all-loops -finline-functions  line 40 v == 1
FAIL: gcc.dg/guality/pr43051-1.c  -O3 -fomit-frame-pointer -funroll-all-loops -finline-functions  line 41 e == &a[1]
FAIL: gcc.dg/guality/pr43051-1.c  -O3 -g  line 35 v == 1
FAIL: gcc.dg/guality/pr43051-1.c  -O3 -g  line 36 e == &a[1]
FAIL: gcc.dg/guality/pr43051-1.c  -O3 -g  line 39 c == &a[0]
FAIL: gcc.dg/guality/pr43051-1.c  -O3 -g  line 40 v == 1
FAIL: gcc.dg/guality/pr43051-1.c  -O3 -g  line 41 e == &a[1]
FAIL: gcc.dg/guality/pr43051-1.c  -Os  line 35 v == 1
FAIL: gcc.dg/guality/pr43051-1.c  -Os  line 36 e == &a[1]
FAIL: gcc.dg/guality/pr43051-1.c  -Os  line 39 c == &a[0]
FAIL: gcc.dg/guality/pr43051-1.c  -Os  line 40 v == 1
FAIL: gcc.dg/guality/pr43051-1.c  -Os  line 41 e == &a[1]
FAIL: gcc.dg/guality/pr43051-1.c  -O2 -flto -fno-use-linker-plugin -flto-partition=none  line 35 v == 1
FAIL: gcc.dg/guality/pr43051-1.c  -O2 -flto -fno-use-linker-plugin -flto-partition=none  line 36 e == &a[1]
FAIL: gcc.dg/guality/pr43051-1.c  -O2 -flto -fno-use-linker-plugin -flto-partition=none  line 39 c == &a[0]
FAIL: gcc.dg/guality/pr43051-1.c  -O2 -flto -fno-use-linker-plugin -flto-partition=none  line 40 v == 1
FAIL: gcc.dg/guality/pr43051-1.c  -O2 -flto -fno-use-linker-plugin -flto-partition=none  line 41 e == &a[1]
FAIL: gcc.dg/guality/pr43051-1.c  -O2 -flto -fuse-linker-plugin -fno-fat-lto-objects  line 35 v == 1
FAIL: gcc.dg/guality/pr43051-1.c  -O2 -flto -fuse-linker-plugin -fno-fat-lto-objects  line 36 e == &a[1]
FAIL: gcc.dg/guality/pr43051-1.c  -O2 -flto -fuse-linker-plugin -fno-fat-lto-objects  line 39 c == &a[0]
FAIL: gcc.dg/guality/pr43051-1.c  -O2 -flto -fuse-linker-plugin -fno-fat-lto-objects  line 40 v == 1
FAIL: gcc.dg/guality/pr43051-1.c  -O2 -flto -fuse-linker-plugin -fno-fat-lto-objects  line 41 e == &a[1]
FAIL: gcc.dg/guality/pr43177.c  -O2  line 15 l == 10
FAIL: gcc.dg/guality/pr43177.c  -O2  line 15 x == 7
FAIL: gcc.dg/guality/pr43177.c  -O2  line 24 l == 10
FAIL: gcc.dg/guality/pr43177.c  -O2  line 24 x == 7
FAIL: gcc.dg/guality/pr43177.c  -O3 -fomit-frame-pointer  line 15 l == 10
FAIL: gcc.dg/guality/pr43177.c  -O3 -fomit-frame-pointer  line 15 x == 7
FAIL: gcc.dg/guality/pr43177.c  -O3 -fomit-frame-pointer  line 24 l == 10
FAIL: gcc.dg/guality/pr43177.c  -O3 -fomit-frame-pointer  line 24 x == 7
FAIL: gcc.dg/guality/pr43177.c  -O3 -g  line 15 l == 10
FAIL: gcc.dg/guality/pr43177.c  -O3 -g  line 15 x == 7
FAIL: gcc.dg/guality/pr43177.c  -O3 -g  line 24 l == 10
FAIL: gcc.dg/guality/pr43177.c  -O3 -g  line 24 x == 7
FAIL: gcc.dg/guality/pr43177.c  -Os  line 15 l == 10
FAIL: gcc.dg/guality/pr43177.c  -Os  line 15 x == 7
FAIL: gcc.dg/guality/pr43177.c  -Os  line 24 l == 10
FAIL: gcc.dg/guality/pr43177.c  -Os  line 24 x == 7
FAIL: gcc.dg/guality/pr43177.c  -O2 -flto -fno-use-linker-plugin -flto-partition=none  line 15 l == 10
FAIL: gcc.dg/guality/pr43177.c  -O2 -flto -fno-use-linker-plugin -flto-partition=none  line 15 x == 7
FAIL: gcc.dg/guality/pr43177.c  -O2 -flto -fno-use-linker-plugin -flto-partition=none  line 24 l == 10
FAIL: gcc.dg/guality/pr43177.c  -O2 -flto -fno-use-linker-plugin -flto-partition=none  line 24 x == 7
FAIL: gcc.dg/guality/pr43177.c  -O2 -flto -fuse-linker-plugin -fno-fat-lto-objects  line 15 l == 10
FAIL: gcc.dg/guality/pr43177.c  -O2 -flto -fuse-linker-plugin -fno-fat-lto-objects  line 15 x == 7
FAIL: gcc.dg/guality/pr43177.c  -O2 -flto -fuse-linker-plugin -fno-fat-lto-objects  line 24 l == 10
FAIL: gcc.dg/guality/pr43177.c  -O2 -flto -fuse-linker-plugin -fno-fat-lto-objects  line 24 x == 7
FAIL: gcc.dg/guality/pr43479.c  -O1  line 13 h == 9
FAIL: gcc.dg/guality/pr43479.c  -O1  line 18 h == 9
FAIL: gcc.dg/guality/pr43479.c  -O2  line 13 h == 9
FAIL: gcc.dg/guality/pr43479.c  -O2  line 18 h == 9
FAIL: gcc.dg/guality/pr43479.c  -O3 -fomit-frame-pointer  line 13 h == 9
FAIL: gcc.dg/guality/pr43479.c  -O3 -fomit-frame-pointer  line 18 h == 9
FAIL: gcc.dg/guality/pr43479.c  -O3 -g  line 13 h == 9
FAIL: gcc.dg/guality/pr43479.c  -O3 -g  line 18 h == 9
FAIL: gcc.dg/guality/pr43479.c  -Os  line 13 h == 9
FAIL: gcc.dg/guality/pr43479.c  -Os  line 18 h == 9
FAIL: gcc.dg/guality/pr43479.c  -O2 -flto -fno-use-linker-plugin -flto-partition=none  line 13 h == 9
FAIL: gcc.dg/guality/pr43479.c  -O2 -flto -fno-use-linker-plugin -flto-partition=none  line 18 h == 9
FAIL: gcc.dg/guality/pr43479.c  -O2 -flto -fuse-linker-plugin -fno-fat-lto-objects  line 13 h == 9
FAIL: gcc.dg/guality/pr43479.c  -O2 -flto -fuse-linker-plugin -fno-fat-lto-objects  line 18 h == 9
FAIL: gcc.dg/guality/pr45882.c  -O2 -flto -fuse-linker-plugin -fno-fat-lto-objects  line 16 d == 112
FAIL: gcc.dg/guality/pr45882.c  -O2 -flto -fuse-linker-plugin -fno-fat-lto-objects  line 16 e == 142
FAIL: gcc.dg/guality/pr48437.c  -O2 -flto -fno-use-linker-plugin -flto-partition=none  line 14 i == 0
FAIL: gcc.dg/guality/pr48437.c  -O2 -flto -fuse-linker-plugin -fno-fat-lto-objects  line 14 i == 0
FAIL: gcc.dg/guality/pr49888.c  -O1  line 18 !c == 1
FAIL: gcc.dg/guality/pr49888.c  -O2  line 18 !c == 1
FAIL: gcc.dg/guality/pr49888.c  -O3 -fomit-frame-pointer  line 18 !c == 1
FAIL: gcc.dg/guality/pr49888.c  -O3 -g  line 18 !c == 1
FAIL: gcc.dg/guality/pr49888.c  -Os  line 18 !c == 1
FAIL: gcc.dg/guality/pr49888.c  -O2 -flto -fno-use-linker-plugin -flto-partition=none  line 18 !c == 1
FAIL: gcc.dg/guality/pr49888.c  -O2 -flto -fuse-linker-plugin -fno-fat-lto-objects  line 18 !c == 1
FAIL: gcc.dg/guality/pr54200.c  -Os  line 20 z == 3
FAIL: gcc.dg/guality/pr54519-1.c  -O2 -flto -fno-use-linker-plugin -flto-partition=none  line 20 y == 25
FAIL: gcc.dg/guality/pr54519-1.c  -O2 -flto -fno-use-linker-plugin -flto-partition=none  line 20 z == 6
FAIL: gcc.dg/guality/pr54519-1.c  -O2 -flto -fno-use-linker-plugin -flto-partition=none  line 23 y == 117
FAIL: gcc.dg/guality/pr54519-1.c  -O2 -flto -fno-use-linker-plugin -flto-partition=none  line 23 z == 8
FAIL: gcc.dg/guality/pr54519-2.c  -O2 -flto -fno-use-linker-plugin -flto-partition=none  line 17 y == 25
FAIL: gcc.dg/guality/pr54519-2.c  -O2 -flto -fuse-linker-plugin -fno-fat-lto-objects  line 17 y == 25
FAIL: gcc.dg/guality/pr54519-3.c  -O2 -flto -fno-use-linker-plugin -flto-partition=none  line 20 y == 25
FAIL: gcc.dg/guality/pr54519-3.c  -O2 -flto -fno-use-linker-plugin -flto-partition=none  line 20 z == 6
FAIL: gcc.dg/guality/pr54519-3.c  -O2 -flto -fno-use-linker-plugin -flto-partition=none  line 23 y == 117
FAIL: gcc.dg/guality/pr54519-3.c  -O2 -flto -fno-use-linker-plugin -flto-partition=none  line 23 z == 8
FAIL: gcc.dg/guality/pr54519-3.c  -O2 -flto -fuse-linker-plugin -fno-fat-lto-objects  line 20 x == 36
FAIL: gcc.dg/guality/pr54519-3.c  -O2 -flto -fuse-linker-plugin -fno-fat-lto-objects  line 20 y == 25
FAIL: gcc.dg/guality/pr54519-3.c  -O2 -flto -fuse-linker-plugin -fno-fat-lto-objects  line 20 z == 6
FAIL: gcc.dg/guality/pr54519-3.c  -O2 -flto -fuse-linker-plugin -fno-fat-lto-objects  line 23 x == 98
FAIL: gcc.dg/guality/pr54519-3.c  -O2 -flto -fuse-linker-plugin -fno-fat-lto-objects  line 23 y == 117
FAIL: gcc.dg/guality/pr54519-3.c  -O2 -flto -fuse-linker-plugin -fno-fat-lto-objects  line 23 z == 8
FAIL: gcc.dg/guality/pr54519-4.c  -O2 -flto -fno-use-linker-plugin -flto-partition=none  line 17 y == 25
FAIL: gcc.dg/guality/pr54519-4.c  -O2 -flto -fuse-linker-plugin -fno-fat-lto-objects  line 17 x == 6
FAIL: gcc.dg/guality/pr54519-4.c  -O2 -flto -fuse-linker-plugin -fno-fat-lto-objects  line 17 y == 25
FAIL: gcc.dg/guality/pr54519-5.c  -O2 -flto -fno-use-linker-plugin -flto-partition=none  line 17 y == 25
FAIL: gcc.dg/guality/pr54519-5.c  -O2 -flto -fuse-linker-plugin -fno-fat-lto-objects  line 17 y == 25
FAIL: gcc.dg/guality/pr54693-2.c  -O3 -fomit-frame-pointer -funroll-loops  line 21 i == v + 1
FAIL: gcc.dg/guality/pr54693-2.c  -O3 -fomit-frame-pointer -funroll-all-loops -finline-functions  line 21 i == v + 1
FAIL: gcc.dg/guality/pr54693-2.c  -Os  line 21 x == 10 - i
FAIL: gcc.dg/guality/pr54693-2.c  -Os  line 21 y == 20 - 2 * i
FAIL: gcc.dg/guality/sra-1.c  -O2  line 21 a.i == 4
FAIL: gcc.dg/guality/sra-1.c  -O2  line 21 a.j == 14
FAIL: gcc.dg/guality/sra-1.c  -O2  line 43 a.i == 4
FAIL: gcc.dg/guality/sra-1.c  -O2  line 43 a.j == 14
FAIL: gcc.dg/guality/sra-1.c  -O3 -fomit-frame-pointer  line 21 a.i == 4
FAIL: gcc.dg/guality/sra-1.c  -O3 -fomit-frame-pointer  line 21 a.j == 14
FAIL: gcc.dg/guality/sra-1.c  -O3 -fomit-frame-pointer  line 43 a.i == 4
FAIL: gcc.dg/guality/sra-1.c  -O3 -fomit-frame-pointer  line 43 a.j == 14
FAIL: gcc.dg/guality/sra-1.c  -O3 -g  line 21 a.i == 4
FAIL: gcc.dg/guality/sra-1.c  -O3 -g  line 21 a.j == 14
FAIL: gcc.dg/guality/sra-1.c  -O3 -g  line 43 a.i == 4
FAIL: gcc.dg/guality/sra-1.c  -O3 -g  line 43 a.j == 14
FAIL: gcc.dg/guality/sra-1.c  -Os  line 21 a.i == 4
FAIL: gcc.dg/guality/sra-1.c  -Os  line 21 a.j == 14
FAIL: gcc.dg/guality/sra-1.c  -Os  line 43 a.i == 4
FAIL: gcc.dg/guality/sra-1.c  -Os  line 43 a.j == 14
FAIL: gcc.dg/guality/sra-1.c  -O2 -flto -fno-use-linker-plugin -flto-partition=none  line 21 a.i == 4
FAIL: gcc.dg/guality/sra-1.c  -O2 -flto -fno-use-linker-plugin -flto-partition=none  line 21 a.j == 14
FAIL: gcc.dg/guality/sra-1.c  -O2 -flto -fno-use-linker-plugin -flto-partition=none  line 43 a.i == 4
FAIL: gcc.dg/guality/sra-1.c  -O2 -flto -fno-use-linker-plugin -flto-partition=none  line 43 a.j == 14
FAIL: gcc.dg/guality/sra-1.c  -O2 -flto -fuse-linker-plugin -fno-fat-lto-objects  line 21 a.i == 4
FAIL: gcc.dg/guality/sra-1.c  -O2 -flto -fuse-linker-plugin -fno-fat-lto-objects  line 21 a.j == 14
FAIL: gcc.dg/guality/sra-1.c  -O2 -flto -fuse-linker-plugin -fno-fat-lto-objects  line 43 a.i == 4
FAIL: gcc.dg/guality/sra-1.c  -O2 -flto -fuse-linker-plugin -fno-fat-lto-objects  line 43 a.j == 14
FAIL: gcc.dg/guality/vla-1.c  -O0  line 17 sizeof (a) == 6
FAIL: gcc.dg/guality/vla-1.c  -O0  line 24 sizeof (a) == 17 * sizeof (short)
FAIL: gcc.dg/guality/vla-1.c  -O1  line 17 sizeof (a) == 6
FAIL: gcc.dg/guality/vla-1.c  -O1  line 24 sizeof (a) == 17 * sizeof (short)
FAIL: gcc.dg/guality/vla-1.c  -O2  line 17 sizeof (a) == 6
FAIL: gcc.dg/guality/vla-1.c  -O2  line 24 sizeof (a) == 17 * sizeof (short)
FAIL: gcc.dg/guality/vla-1.c  -O3 -fomit-frame-pointer  line 17 sizeof (a) == 6
FAIL: gcc.dg/guality/vla-1.c  -O3 -fomit-frame-pointer  line 24 sizeof (a) == 17 * sizeof (short)
FAIL: gcc.dg/guality/vla-1.c  -O3 -g  line 17 sizeof (a) == 6
FAIL: gcc.dg/guality/vla-1.c  -O3 -g  line 24 sizeof (a) == 17 * sizeof (short)
FAIL: gcc.dg/guality/vla-1.c  -Os  line 17 sizeof (a) == 6
FAIL: gcc.dg/guality/vla-1.c  -Os  line 24 sizeof (a) == 17 * sizeof (short)
FAIL: gcc.dg/guality/vla-1.c  -O2 -flto -fno-use-linker-plugin -flto-partition=none  line 17 sizeof (a) == 6
FAIL: gcc.dg/guality/vla-1.c  -O2 -flto -fno-use-linker-plugin -flto-partition=none  line 24 sizeof (a) == 17 * sizeof (short)
FAIL: gcc.dg/guality/vla-1.c  -O2 -flto -fuse-linker-plugin -fno-fat-lto-objects  line 17 sizeof (a) == 6
FAIL: gcc.dg/guality/vla-1.c  -O2 -flto -fuse-linker-plugin -fno-fat-lto-objects  line 24 sizeof (a) == 17 * sizeof (short)
FAIL: gcc.dg/guality/vla-2.c  -O0  line 16 sizeof (a) == 5 * sizeof (int)
FAIL: gcc.dg/guality/vla-2.c  -O0  line 25 sizeof (a) == 6 * sizeof (int)
FAIL: gcc.dg/guality/vla-2.c  -O1  line 16 sizeof (a) == 5 * sizeof (int)
FAIL: gcc.dg/guality/vla-2.c  -O1  line 25 sizeof (a) == 6 * sizeof (int)
FAIL: gcc.dg/guality/vla-2.c  -O2  line 16 sizeof (a) == 5 * sizeof (int)
FAIL: gcc.dg/guality/vla-2.c  -O2  line 25 sizeof (a) == 6 * sizeof (int)
FAIL: gcc.dg/guality/vla-2.c  -O3 -fomit-frame-pointer  line 16 sizeof (a) == 5 * sizeof (int)
FAIL: gcc.dg/guality/vla-2.c  -O3 -fomit-frame-pointer  line 25 sizeof (a) == 6 * sizeof (int)
FAIL: gcc.dg/guality/vla-2.c  -O3 -g  line 16 sizeof (a) == 5 * sizeof (int)
FAIL: gcc.dg/guality/vla-2.c  -O3 -g  line 25 sizeof (a) == 6 * sizeof (int)
FAIL: gcc.dg/guality/vla-2.c  -Os  line 16 sizeof (a) == 5 * sizeof (int)
FAIL: gcc.dg/guality/vla-2.c  -Os  line 25 sizeof (a) == 6 * sizeof (int)
FAIL: gcc.dg/guality/vla-2.c  -O2 -flto -fno-use-linker-plugin -flto-partition=none  line 16 sizeof (a) == 5 * sizeof (int)
FAIL: gcc.dg/guality/vla-2.c  -O2 -flto -fno-use-linker-plugin -flto-partition=none  line 25 sizeof (a) == 6 * sizeof (int)
FAIL: gcc.dg/guality/vla-2.c  -O2 -flto -fuse-linker-plugin -fno-fat-lto-objects  line 16 sizeof (a) == 5 * sizeof (int)
FAIL: gcc.dg/guality/vla-2.c  -O2 -flto -fuse-linker-plugin -fno-fat-lto-objects  line 25 sizeof (a) == 6 * sizeof (int)
FAIL: gcc.dg/plugin/selfassign.c compilation
FAIL: gcc.dg/plugin/ggcplug.c compilation
FAIL: gcc.dg/plugin/one_time_plugin.c compilation
FAIL: gcc.dg/plugin/start_unit_plugin.c compilation
FAIL: gcc.dg/plugin/finish_unit_plugin.c compilation
FAIL: gcc.dg/simulate-thread/atomic-load-int128.c  -O2 -g  (test for excess errors)
FAIL: gcc.dg/simulate-thread/atomic-load-int128.c  -O3 -g  (test for excess errors)
FAIL: gcc.dg/torture/fp-int-convert-float128-timode-2.c  -O2  (test for excess errors)
FAIL: gcc.dg/torture/fp-int-convert-float128-timode-2.c  -O3 -fomit-frame-pointer  (test for excess errors)
FAIL: gcc.dg/torture/fp-int-convert-float128-timode-2.c  -O3 -g  (test for excess errors)
FAIL: gcc.dg/torture/fp-int-convert-float128-timode-2.c  -Os  (test for excess errors)
FAIL: gcc.dg/torture/fp-int-convert-float128-timode-2.c  -O2 -flto -fno-use-linker-plugin -flto-partition=none  (test for excess errors)
FAIL: gcc.dg/torture/fp-int-convert-float128-timode-2.c  -O2 -flto -fuse-linker-plugin -fno-fat-lto-objects  (test for excess errors)
FAIL: gcc.dg/torture/fp-int-convert-float128-timode-3.c  -O2  (test for excess errors)
FAIL: gcc.dg/torture/fp-int-convert-float128-timode-3.c  -O3 -fomit-frame-pointer  (test for excess errors)
FAIL: gcc.dg/torture/fp-int-convert-float128-timode-3.c  -O3 -g  (test for excess errors)
FAIL: gcc.dg/torture/fp-int-convert-float128-timode-3.c  -Os  (test for excess errors)
FAIL: gcc.dg/torture/fp-int-convert-float128-timode-3.c  -O2 -flto -fno-use-linker-plugin -flto-partition=none  (test for excess errors)
FAIL: gcc.dg/torture/fp-int-convert-float128-timode-3.c  -O2 -flto -fuse-linker-plugin -fno-fat-lto-objects  (test for excess errors)
FAIL: gcc.dg/torture/fp-int-convert-float128-timode.c  -Os  (test for excess errors)
FAIL: gcc.dg/torture/fp-int-convert-float80-timode.c  -Os  (test for excess errors)
FAIL: gcc.dg/torture/fp-int-convert-float80-timode.c  -O2 -flto -fno-use-linker-plugin -flto-partition=none  (test for excess errors)
FAIL: gcc.dg/torture/fp-int-convert-float80-timode.c  -O2 -flto -fuse-linker-plugin -fno-fat-lto-objects  (test for excess errors)
FAIL: gcc.dg/torture/fp-int-convert-timode.c  -Os  (test for excess errors)
FAIL: gcc.dg/torture/fp-int-convert-timode.c  -O2 -flto -fno-use-linker-plugin -flto-partition=none  (test for excess errors)
FAIL: gcc.dg/torture/fp-int-convert-timode.c  -O2 -flto -fuse-linker-plugin -fno-fat-lto-objects  (test for excess errors)
FAIL: gcc.dg/torture/pr28045.c  -O0  (test for excess errors)
FAIL: gcc.dg/torture/pr28045.c  -O1  (test for excess errors)
FAIL: gcc.dg/torture/pr28045.c  -Os  (test for excess errors)
FAIL: gcc.dg/torture/pr28045.c  -O2 -flto -fno-use-linker-plugin -flto-partition=none  (test for excess errors)
FAIL: gcc.dg/torture/pr28045.c  -O2 -flto -fuse-linker-plugin -fno-fat-lto-objects  (test for excess errors)
FAIL: gcc.dg/torture/pr56420.c  -O2 -flto -fno-use-linker-plugin -flto-partition=none  (test for excess errors)
FAIL: gcc.dg/torture/pr56420.c  -O2 -flto -fuse-linker-plugin -fno-fat-lto-objects  (test for excess errors)
FAIL: gcc.dg/torture/pr60183.c  -O3 -fomit-frame-pointer  (test for excess errors)
FAIL: gcc.dg/torture/pr60183.c  -O3 -fomit-frame-pointer -funroll-loops  (test for excess errors)
FAIL: gcc.dg/torture/pr60183.c  -O3 -fomit-frame-pointer -funroll-all-loops -finline-functions  (test for excess errors)
FAIL: gcc.dg/torture/pr60183.c  -O3 -g  (test for excess errors)
FAIL: gcc.dg/torture/vec-cvt-1.c  -O1  (test for excess errors)
FAIL: gcc.dg/torture/vec-cvt-1.c  -O2  (test for excess errors)
FAIL: gcc.dg/torture/vec-cvt-1.c  -O3 -fomit-frame-pointer  (test for excess errors)
FAIL: gcc.dg/torture/vec-cvt-1.c  -O3 -fomit-frame-pointer -funroll-loops  (test for excess errors)
FAIL: gcc.dg/torture/vec-cvt-1.c  -O3 -fomit-frame-pointer -funroll-all-loops -finline-functions  (test for excess errors)
FAIL: gcc.dg/torture/vec-cvt-1.c  -O3 -g  (test for excess errors)
FAIL: gcc.dg/torture/vec-cvt-1.c  -Os  (test for excess errors)
FAIL: gcc.dg/torture/vec-cvt-1.c  -O2 -flto -fno-use-linker-plugin -flto-partition=none  (test for excess errors)
FAIL: gcc.dg/torture/vec-cvt-1.c  -O2 -flto -fuse-linker-plugin -fno-fat-lto-objects  (test for excess errors)
FAIL: gcc.dg/tree-ssa/cunroll-10.c scan-tree-dump-times cunroll "Forced statement unreachable" 2
FAIL: c-c++-common/ubsan/overflow-mul-3.c  -O2 -flto -fno-use-linker-plugin -flto-partition=none  (test for excess errors)
FAIL: c-c++-common/ubsan/overflow-mul-3.c  -O2 -flto -fuse-linker-plugin -fno-fat-lto-objects  (test for excess errors)
FAIL: c-c++-common/ubsan/overflow-mul-4.c  -O2 -flto -fno-use-linker-plugin -flto-partition=none  (test for excess errors)
FAIL: c-c++-common/ubsan/overflow-mul-4.c  -O2 -flto -fuse-linker-plugin -fno-fat-lto-objects  (test for excess errors)
FAIL: gcc.dg/vect/vect-cselim-2.c scan-tree-dump-times vect "vectorized 1 loops" 0
FAIL: gcc.dg/vect/bb-slp-pattern-1.c scan-tree-dump-times slp "vect_recog_widen_mult_pattern: detected" 8
FAIL: gcc.dg/vect/bb-slp-pattern-1.c scan-tree-dump-times slp "pattern recognized" 8
FAIL: gcc.dg/vect/vect-cselim-2.c -flto -ffat-lto-objects  scan-tree-dump-times vect "vectorized 1 loops" 0
FAIL: gcc.dg/vect/bb-slp-pattern-1.c -flto -ffat-lto-objects  scan-tree-dump-times slp "vect_recog_widen_mult_pattern: detected" 8
FAIL: gcc.dg/vect/bb-slp-pattern-1.c -flto -ffat-lto-objects  scan-tree-dump-times slp "pattern recognized" 8
FAIL: gcc.dg/vect/no-tree-sra-bb-slp-pr50730.c scan-tree-dump-times slp "not vectorized: more than one data ref in stmt" 0
FAIL: gcc.target/i386/bmi2-mulx64-2.c (test for excess errors)
FAIL: gcc.target/i386/bmi2-mulx64-2a.c (test for excess errors)
FAIL: gcc.target/i386/pr20020-1.c (test for excess errors)
FAIL: gcc.target/i386/pr20020-2.c (test for excess errors)

		=== gcc Summary ===

# of expected passes		109376
# of unexpected failures	508
# of unexpected successes	33
# of expected failures		275
# of unresolved testcases	25
# of unsupported tests		1511
/scratch/toon/bd9979/gcc/xgcc  version 4.10.0 20140604 (experimental) (GCC) 

		=== gfortran tests ===


Running target unix
FAIL: gfortran.dg/actual_array_constructor_2.f90  -O3 -fomit-frame-pointer -funroll-loops  (test for excess errors)
FAIL: gfortran.dg/actual_array_constructor_2.f90  -O3 -fomit-frame-pointer -funroll-all-loops -finline-functions  (test for excess errors)
FAIL: gfortran.dg/aliasing_dummy_1.f90  -O0  (test for excess errors)
FAIL: gfortran.dg/aliasing_dummy_1.f90  -O1  (test for excess errors)
FAIL: gfortran.dg/aliasing_dummy_1.f90  -O2  (test for excess errors)
FAIL: gfortran.dg/aliasing_dummy_1.f90  -O3 -fomit-frame-pointer  (test for excess errors)
FAIL: gfortran.dg/aliasing_dummy_1.f90  -O3 -fomit-frame-pointer -funroll-loops  (test for excess errors)
FAIL: gfortran.dg/aliasing_dummy_1.f90  -O3 -fomit-frame-pointer -funroll-all-loops -finline-functions  (test for excess errors)
FAIL: gfortran.dg/aliasing_dummy_1.f90  -O3 -g  (test for excess errors)
FAIL: gfortran.dg/aliasing_dummy_1.f90  -Os  (test for excess errors)
FAIL: gfortran.dg/alloc_comp_assign_10.f90  -O3 -fomit-frame-pointer -funroll-loops  (test for excess errors)
FAIL: gfortran.dg/alloc_comp_assign_10.f90  -O3 -fomit-frame-pointer -funroll-all-loops -finline-functions  (test for excess errors)
FAIL: gfortran.dg/alloc_comp_assign_11.f90  -O0  (test for excess errors)
FAIL: gfortran.dg/alloc_comp_assign_11.f90  -O1  (test for excess errors)
FAIL: gfortran.dg/alloc_comp_assign_11.f90  -O2  (test for excess errors)
FAIL: gfortran.dg/alloc_comp_assign_11.f90  -O3 -fomit-frame-pointer  (test for excess errors)
FAIL: gfortran.dg/alloc_comp_assign_11.f90  -O3 -fomit-frame-pointer -funroll-loops  (test for excess errors)
FAIL: gfortran.dg/alloc_comp_assign_11.f90  -O3 -fomit-frame-pointer -funroll-all-loops -finline-functions  (test for excess errors)
FAIL: gfortran.dg/alloc_comp_assign_11.f90  -O3 -g  (test for excess errors)
FAIL: gfortran.dg/alloc_comp_assign_11.f90  -Os  (test for excess errors)
FAIL: gfortran.dg/alloc_comp_assign_12.f03  -O3 -fomit-frame-pointer -funroll-loops  (test for excess errors)
FAIL: gfortran.dg/alloc_comp_assign_12.f03  -O3 -fomit-frame-pointer -funroll-all-loops -finline-functions  (test for excess errors)
FAIL: gfortran.dg/alloc_comp_assign_2.f90  -O0  (test for excess errors)
FAIL: gfortran.dg/alloc_comp_assign_2.f90  -O1  (test for excess errors)
FAIL: gfortran.dg/alloc_comp_assign_2.f90  -O2  (test for excess errors)
FAIL: gfortran.dg/alloc_comp_assign_2.f90  -O3 -fomit-frame-pointer  (test for excess errors)
FAIL: gfortran.dg/alloc_comp_assign_2.f90  -O3 -fomit-frame-pointer -funroll-loops  (test for excess errors)
FAIL: gfortran.dg/alloc_comp_assign_2.f90  -O3 -fomit-frame-pointer -funroll-all-loops -finline-functions  (test for excess errors)
FAIL: gfortran.dg/alloc_comp_assign_2.f90  -O3 -g  (test for excess errors)
FAIL: gfortran.dg/alloc_comp_assign_2.f90  -Os  (test for excess errors)
FAIL: gfortran.dg/alloc_comp_assign_3.f90  -O0  (test for excess errors)
FAIL: gfortran.dg/alloc_comp_assign_3.f90  -O1  (test for excess errors)
FAIL: gfortran.dg/alloc_comp_assign_3.f90  -O2  (test for excess errors)
FAIL: gfortran.dg/alloc_comp_assign_3.f90  -O3 -fomit-frame-pointer  (test for excess errors)
FAIL: gfortran.dg/alloc_comp_assign_3.f90  -O3 -fomit-frame-pointer -funroll-loops  (test for excess errors)
FAIL: gfortran.dg/alloc_comp_assign_3.f90  -O3 -fomit-frame-pointer -funroll-all-loops -finline-functions  (test for excess errors)
FAIL: gfortran.dg/alloc_comp_assign_3.f90  -O3 -g  (test for excess errors)
FAIL: gfortran.dg/alloc_comp_assign_3.f90  -Os  (test for excess errors)
FAIL: gfortran.dg/alloc_comp_assign_4.f90  -O0  (test for excess errors)
FAIL: gfortran.dg/alloc_comp_assign_4.f90  -O1  (test for excess errors)
FAIL: gfortran.dg/alloc_comp_assign_4.f90  -O2  (test for excess errors)
FAIL: gfortran.dg/alloc_comp_assign_4.f90  -O3 -fomit-frame-pointer  (test for excess errors)
FAIL: gfortran.dg/alloc_comp_assign_4.f90  -O3 -fomit-frame-pointer -funroll-loops  (test for excess errors)
FAIL: gfortran.dg/alloc_comp_assign_4.f90  -O3 -fomit-frame-pointer -funroll-all-loops -finline-functions  (test for excess errors)
FAIL: gfortran.dg/alloc_comp_assign_4.f90  -O3 -g  (test for excess errors)
FAIL: gfortran.dg/alloc_comp_assign_4.f90  -Os  (test for excess errors)
FAIL: gfortran.dg/alloc_comp_assign_6.f90  -O3 -fomit-frame-pointer -funroll-loops  (test for excess errors)
FAIL: gfortran.dg/alloc_comp_assign_6.f90  -O3 -fomit-frame-pointer -funroll-all-loops -finline-functions  (test for excess errors)
FAIL: gfortran.dg/alloc_comp_assign_7.f90  -O0  (test for excess errors)
FAIL: gfortran.dg/alloc_comp_assign_7.f90  -O1  (test for excess errors)
FAIL: gfortran.dg/alloc_comp_assign_7.f90  -O2  (test for excess errors)
FAIL: gfortran.dg/alloc_comp_assign_7.f90  -O3 -fomit-frame-pointer  (test for excess errors)
FAIL: gfortran.dg/alloc_comp_assign_7.f90  -O3 -fomit-frame-pointer -funroll-loops  (test for excess errors)
FAIL: gfortran.dg/alloc_comp_assign_7.f90  -O3 -fomit-frame-pointer -funroll-all-loops -finline-functions  (test for excess errors)
FAIL: gfortran.dg/alloc_comp_assign_7.f90  -O3 -g  (test for excess errors)
FAIL: gfortran.dg/alloc_comp_assign_7.f90  -Os  (test for excess errors)
FAIL: gfortran.dg/alloc_comp_auto_array_2.f90  -O3 -fomit-frame-pointer -funroll-loops  (test for excess errors)
FAIL: gfortran.dg/alloc_comp_auto_array_2.f90  -O3 -fomit-frame-pointer -funroll-all-loops -finline-functions  (test for excess errors)
FAIL: gfortran.dg/alloc_comp_basics_1.f90  -O3 -fomit-frame-pointer -funroll-loops  (test for excess errors)
FAIL: gfortran.dg/alloc_comp_basics_1.f90  -O3 -fomit-frame-pointer -funroll-all-loops -finline-functions  (test for excess errors)
FAIL: gfortran.dg/alloc_comp_constructor_1.f90  -O0  (test for excess errors)
FAIL: gfortran.dg/alloc_comp_constructor_1.f90  -O1  (test for excess errors)
FAIL: gfortran.dg/alloc_comp_constructor_1.f90  -O2  (test for excess errors)
FAIL: gfortran.dg/alloc_comp_constructor_1.f90  -O3 -fomit-frame-pointer  (test for excess errors)
FAIL: gfortran.dg/alloc_comp_constructor_1.f90  -O3 -fomit-frame-pointer -funroll-loops  (test for excess errors)
FAIL: gfortran.dg/alloc_comp_constructor_1.f90  -O3 -fomit-frame-pointer -funroll-all-loops -finline-functions  (test for excess errors)
FAIL: gfortran.dg/alloc_comp_constructor_1.f90  -O3 -g  (test for excess errors)
FAIL: gfortran.dg/alloc_comp_constructor_1.f90  -Os  (test for excess errors)
FAIL: gfortran.dg/alloc_comp_constructor_2.f90  -O0  (test for excess errors)
FAIL: gfortran.dg/alloc_comp_constructor_2.f90  -O1  (test for excess errors)
FAIL: gfortran.dg/alloc_comp_constructor_2.f90  -O2  (test for excess errors)
FAIL: gfortran.dg/alloc_comp_constructor_2.f90  -O3 -fomit-frame-pointer  (test for excess errors)
FAIL: gfortran.dg/alloc_comp_constructor_2.f90  -O3 -fomit-frame-pointer -funroll-loops  (test for excess errors)
FAIL: gfortran.dg/alloc_comp_constructor_2.f90  -O3 -fomit-frame-pointer -funroll-all-loops -finline-functions  (test for excess errors)
FAIL: gfortran.dg/alloc_comp_constructor_2.f90  -O3 -g  (test for excess errors)
FAIL: gfortran.dg/alloc_comp_constructor_2.f90  -Os  (test for excess errors)
FAIL: gfortran.dg/alloc_comp_default_init_1.f90  -O3 -fomit-frame-pointer -funroll-loops  (test for excess errors)
FAIL: gfortran.dg/alloc_comp_default_init_1.f90  -O3 -fomit-frame-pointer -funroll-all-loops -finline-functions  (test for excess errors)
FAIL: gfortran.dg/alloc_comp_initializer_1.f90  -O0  (test for excess errors)
FAIL: gfortran.dg/alloc_comp_initializer_1.f90  -O1  (test for excess errors)
FAIL: gfortran.dg/alloc_comp_initializer_1.f90  -O2  (test for excess errors)
FAIL: gfortran.dg/alloc_comp_initializer_1.f90  -O3 -fomit-frame-pointer  (test for excess errors)
FAIL: gfortran.dg/alloc_comp_initializer_1.f90  -O3 -fomit-frame-pointer -funroll-loops  (test for excess errors)
FAIL: gfortran.dg/alloc_comp_initializer_1.f90  -O3 -fomit-frame-pointer -funroll-all-loops -finline-functions  (test for excess errors)
FAIL: gfortran.dg/alloc_comp_initializer_1.f90  -O3 -g  (test for excess errors)
FAIL: gfortran.dg/alloc_comp_initializer_1.f90  -Os  (test for excess errors)
FAIL: gfortran.dg/alloc_comp_result_1.f90  -O0  (test for excess errors)
FAIL: gfortran.dg/alloc_comp_result_1.f90  -O1  (test for excess errors)
FAIL: gfortran.dg/alloc_comp_result_1.f90  -O2  (test for excess errors)
FAIL: gfortran.dg/alloc_comp_result_1.f90  -O3 -fomit-frame-pointer  (test for excess errors)
FAIL: gfortran.dg/alloc_comp_result_1.f90  -O3 -fomit-frame-pointer -funroll-loops  (test for excess errors)
FAIL: gfortran.dg/alloc_comp_result_1.f90  -O3 -fomit-frame-pointer -funroll-all-loops -finline-functions  (test for excess errors)
FAIL: gfortran.dg/alloc_comp_result_1.f90  -O3 -g  (test for excess errors)
FAIL: gfortran.dg/alloc_comp_result_1.f90  -Os  (test for excess errors)
FAIL: gfortran.dg/allocate_class_3.f90  -O0  (test for excess errors)
FAIL: gfortran.dg/allocate_class_3.f90  -O1  (test for excess errors)
FAIL: gfortran.dg/allocate_class_3.f90  -O2  (test for excess errors)
FAIL: gfortran.dg/allocate_class_3.f90  -O3 -fomit-frame-pointer  (test for excess errors)
FAIL: gfortran.dg/allocate_class_3.f90  -O3 -fomit-frame-pointer -funroll-loops  (test for excess errors)
FAIL: gfortran.dg/allocate_class_3.f90  -O3 -fomit-frame-pointer -funroll-all-loops -finline-functions  (test for excess errors)
FAIL: gfortran.dg/allocate_class_3.f90  -O3 -g  (test for excess errors)
FAIL: gfortran.dg/allocate_class_3.f90  -Os  (test for excess errors)
FAIL: gfortran.dg/allocate_zerosize_2.f90  -O3 -fomit-frame-pointer -funroll-loops  (test for excess errors)
FAIL: gfortran.dg/allocate_zerosize_2.f90  -O3 -fomit-frame-pointer -funroll-all-loops -finline-functions  (test for excess errors)
FAIL: gfortran.dg/array_assignment_1.F90  -O3 -fomit-frame-pointer -funroll-loops  (test for excess errors)
FAIL: gfortran.dg/array_assignment_1.F90  -O3 -fomit-frame-pointer -funroll-all-loops -finline-functions  (test for excess errors)
FAIL: gfortran.dg/array_constructor_9.f90  -O3 -fomit-frame-pointer -funroll-loops  (test for excess errors)
FAIL: gfortran.dg/array_constructor_9.f90  -O3 -fomit-frame-pointer -funroll-all-loops -finline-functions  (test for excess errors)
FAIL: gfortran.dg/array_temporaries_3.f90  -O3 -fomit-frame-pointer -funroll-loops  (test for excess errors)
FAIL: gfortran.dg/array_temporaries_3.f90  -O3 -fomit-frame-pointer -funroll-all-loops -finline-functions  (test for excess errors)
FAIL: gfortran.dg/assumed_rank_1.f90  -O3 -fomit-frame-pointer -funroll-loops  (test for excess errors)
FAIL: gfortran.dg/assumed_rank_1.f90  -O3 -fomit-frame-pointer -funroll-all-loops -finline-functions  (test for excess errors)
FAIL: gfortran.dg/assumed_rank_2.f90  -O3 -fomit-frame-pointer -funroll-loops  (test for excess errors)
FAIL: gfortran.dg/assumed_rank_2.f90  -O3 -fomit-frame-pointer -funroll-all-loops -finline-functions  (test for excess errors)
FAIL: gfortran.dg/assumed_rank_bounds_1.f90  -O3 -fomit-frame-pointer -funroll-loops  (test for excess errors)
FAIL: gfortran.dg/assumed_rank_bounds_1.f90  -O3 -fomit-frame-pointer -funroll-all-loops -finline-functions  (test for excess errors)
FAIL: gfortran.dg/auto_char_dummy_array_1.f90  -O3 -fomit-frame-pointer -funroll-loops  (test for excess errors)
FAIL: gfortran.dg/auto_char_dummy_array_1.f90  -O3 -fomit-frame-pointer -funroll-all-loops -finline-functions  (test for excess errors)
FAIL: gfortran.dg/automatic_default_init_1.f90  -O3 -fomit-frame-pointer -funroll-loops  (test for excess errors)
FAIL: gfortran.dg/automatic_default_init_1.f90  -O3 -fomit-frame-pointer -funroll-all-loops -finline-functions  (test for excess errors)
FAIL: gfortran.dg/bounds_check_15.f90  -O3 -fomit-frame-pointer -funroll-loops  (test for excess errors)
FAIL: gfortran.dg/bounds_check_15.f90  -O3 -fomit-frame-pointer -funroll-all-loops -finline-functions  (test for excess errors)
FAIL: gfortran.dg/bounds_check_2.f  -O3 -fomit-frame-pointer -funroll-loops  (test for excess errors)
FAIL: gfortran.dg/bounds_check_2.f  -O3 -fomit-frame-pointer -funroll-all-loops -finline-functions  (test for excess errors)
FAIL: gfortran.dg/c_ptr_tests_16.f90  -O  (test for excess errors)
FAIL: gfortran.dg/char_allocation_1.f90  -O3 -fomit-frame-pointer -funroll-loops  (test for excess errors)
FAIL: gfortran.dg/char_allocation_1.f90  -O3 -fomit-frame-pointer -funroll-all-loops -finline-functions  (test for excess errors)
FAIL: gfortran.dg/char_array_structure_constructor.f90  -O3 -fomit-frame-pointer -funroll-loops  (test for excess errors)
FAIL: gfortran.dg/char_array_structure_constructor.f90  -O3 -fomit-frame-pointer -funroll-all-loops -finline-functions  (test for excess errors)
FAIL: gfortran.dg/char_initialiser_actual.f90  -O3 -fomit-frame-pointer -funroll-loops  (test for excess errors)
FAIL: gfortran.dg/char_initialiser_actual.f90  -O3 -fomit-frame-pointer -funroll-all-loops -finline-functions  (test for excess errors)
FAIL: gfortran.dg/char_length_7.f90  -O3 -fomit-frame-pointer -funroll-loops  (test for excess errors)
FAIL: gfortran.dg/char_length_7.f90  -O3 -fomit-frame-pointer -funroll-all-loops -finline-functions  (test for excess errors)
FAIL: gfortran.dg/char_length_8.f90  -O3 -fomit-frame-pointer -funroll-loops  (test for excess errors)
FAIL: gfortran.dg/char_length_8.f90  -O3 -fomit-frame-pointer -funroll-all-loops -finline-functions  (test for excess errors)
FAIL: gfortran.dg/char_pointer_func.f90  -O3 -fomit-frame-pointer -funroll-loops  (test for excess errors)
FAIL: gfortran.dg/char_pointer_func.f90  -O3 -fomit-frame-pointer -funroll-all-loops -finline-functions  (test for excess errors)
FAIL: gfortran.dg/char_result_13.f90  -O3 -fomit-frame-pointer -funroll-loops  (test for excess errors)
FAIL: gfortran.dg/char_result_13.f90  -O3 -fomit-frame-pointer -funroll-all-loops -finline-functions  (test for excess errors)
FAIL: gfortran.dg/char_result_3.f90  -O3 -fomit-frame-pointer -funroll-loops  (test for excess errors)
FAIL: gfortran.dg/char_result_3.f90  -O3 -fomit-frame-pointer -funroll-all-loops -finline-functions  (test for excess errors)
FAIL: gfortran.dg/class_19.f03  -O3 -fomit-frame-pointer -funroll-loops  (test for excess errors)
FAIL: gfortran.dg/class_19.f03  -O3 -fomit-frame-pointer -funroll-all-loops -finline-functions  (test for excess errors)
FAIL: gfortran.dg/class_48.f90  -O0  (test for excess errors)
FAIL: gfortran.dg/class_48.f90  -O1  (test for excess errors)
FAIL: gfortran.dg/class_48.f90  -O2  (test for excess errors)
FAIL: gfortran.dg/class_48.f90  -O3 -fomit-frame-pointer  (test for excess errors)
FAIL: gfortran.dg/class_48.f90  -O3 -fomit-frame-pointer -funroll-loops  (test for excess errors)
FAIL: gfortran.dg/class_48.f90  -O3 -fomit-frame-pointer -funroll-all-loops -finline-functions  (test for excess errors)
FAIL: gfortran.dg/class_48.f90  -O3 -g  (test for excess errors)
FAIL: gfortran.dg/class_48.f90  -Os  (test for excess errors)
FAIL: gfortran.dg/class_allocate_10.f03  -O3 -fomit-frame-pointer -funroll-loops  (test for excess errors)
FAIL: gfortran.dg/class_allocate_10.f03  -O3 -fomit-frame-pointer -funroll-all-loops -finline-functions  (test for excess errors)
FAIL: gfortran.dg/class_allocate_12.f90  -O3 -fomit-frame-pointer -funroll-loops  (test for excess errors)
FAIL: gfortran.dg/class_allocate_12.f90  -O3 -fomit-frame-pointer -funroll-all-loops -finline-functions  (test for excess errors)
FAIL: gfortran.dg/class_allocate_13.f90  -O3 -fomit-frame-pointer -funroll-loops  (test for excess errors)
FAIL: gfortran.dg/class_allocate_13.f90  -O3 -fomit-frame-pointer -funroll-all-loops -finline-functions  (test for excess errors)
FAIL: gfortran.dg/class_allocate_5.f90  -O3 -fomit-frame-pointer -funroll-loops  (test for excess errors)
FAIL: gfortran.dg/class_allocate_5.f90  -O3 -fomit-frame-pointer -funroll-all-loops -finline-functions  (test for excess errors)
FAIL: gfortran.dg/class_allocate_6.f03  -O3 -fomit-frame-pointer -funroll-loops  (test for excess errors)
FAIL: gfortran.dg/class_allocate_6.f03  -O3 -fomit-frame-pointer -funroll-all-loops -finline-functions  (test for excess errors)
FAIL: gfortran.dg/class_allocate_8.f03  -O3 -fomit-frame-pointer -funroll-loops  (test for excess errors)
FAIL: gfortran.dg/class_allocate_8.f03  -O3 -fomit-frame-pointer -funroll-all-loops -finline-functions  (test for excess errors)
FAIL: gfortran.dg/class_array_1.f03  -O0  (test for excess errors)
FAIL: gfortran.dg/class_array_1.f03  -O1  (test for excess errors)
FAIL: gfortran.dg/class_array_1.f03  -O2  (test for excess errors)
FAIL: gfortran.dg/class_array_1.f03  -O3 -fomit-frame-pointer  (test for excess errors)
FAIL: gfortran.dg/class_array_1.f03  -O3 -fomit-frame-pointer -funroll-loops  (test for excess errors)
FAIL: gfortran.dg/class_array_1.f03  -O3 -fomit-frame-pointer -funroll-all-loops -finline-functions  (test for excess errors)
FAIL: gfortran.dg/class_array_1.f03  -O3 -g  (test for excess errors)
FAIL: gfortran.dg/class_array_1.f03  -Os  (test for excess errors)
FAIL: gfortran.dg/class_array_15.f03  -O0  (test for excess errors)
FAIL: gfortran.dg/class_array_15.f03  -O1  (test for excess errors)
FAIL: gfortran.dg/class_array_15.f03  -O2  (test for excess errors)
FAIL: gfortran.dg/class_array_15.f03  -O3 -fomit-frame-pointer  (test for excess errors)
FAIL: gfortran.dg/class_array_15.f03  -O3 -fomit-frame-pointer -funroll-loops  (test for excess errors)
FAIL: gfortran.dg/class_array_15.f03  -O3 -fomit-frame-pointer -funroll-all-loops -finline-functions  (test for excess errors)
FAIL: gfortran.dg/class_array_15.f03  -O3 -g  (test for excess errors)
FAIL: gfortran.dg/class_array_15.f03  -Os  (test for excess errors)
FAIL: gfortran.dg/class_array_2.f03  -O0  (test for excess errors)
FAIL: gfortran.dg/class_array_2.f03  -O1  (test for excess errors)
FAIL: gfortran.dg/class_array_2.f03  -O2  (test for excess errors)
FAIL: gfortran.dg/class_array_2.f03  -O3 -fomit-frame-pointer  (test for excess errors)
FAIL: gfortran.dg/class_array_2.f03  -O3 -fomit-frame-pointer -funroll-loops  (test for excess errors)
FAIL: gfortran.dg/class_array_2.f03  -O3 -fomit-frame-pointer -funroll-all-loops -finline-functions  (test for excess errors)
FAIL: gfortran.dg/class_array_2.f03  -O3 -g  (test for excess errors)
FAIL: gfortran.dg/class_array_2.f03  -Os  (test for excess errors)
FAIL: gfortran.dg/class_array_3.f03  -O0  (test for excess errors)
FAIL: gfortran.dg/class_array_3.f03  -O1  (test for excess errors)
FAIL: gfortran.dg/class_array_3.f03  -O2  (test for excess errors)
FAIL: gfortran.dg/class_array_3.f03  -O3 -fomit-frame-pointer  (test for excess errors)
FAIL: gfortran.dg/class_array_3.f03  -O3 -fomit-frame-pointer -funroll-loops  (test for excess errors)
FAIL: gfortran.dg/class_array_3.f03  -O3 -fomit-frame-pointer -funroll-all-loops -finline-functions  (test for excess errors)
FAIL: gfortran.dg/class_array_3.f03  -O3 -g  (test for excess errors)
FAIL: gfortran.dg/class_array_3.f03  -Os  (test for excess errors)
FAIL: gfortran.dg/class_array_7.f03  -O3 -fomit-frame-pointer -funroll-loops  (test for excess errors)
FAIL: gfortran.dg/class_array_7.f03  -O3 -fomit-frame-pointer -funroll-all-loops -finline-functions  (test for excess errors)
FAIL: gfortran.dg/class_array_9.f03  -O0  (test for excess errors)
FAIL: gfortran.dg/class_array_9.f03  -O1  (test for excess errors)
FAIL: gfortran.dg/class_array_9.f03  -O2  (test for excess errors)
FAIL: gfortran.dg/class_array_9.f03  -O3 -fomit-frame-pointer  (test for excess errors)
FAIL: gfortran.dg/class_array_9.f03  -O3 -fomit-frame-pointer -funroll-loops  (test for excess errors)
FAIL: gfortran.dg/class_array_9.f03  -O3 -fomit-frame-pointer -funroll-all-loops -finline-functions  (test for excess errors)
FAIL: gfortran.dg/class_array_9.f03  -O3 -g  (test for excess errors)
FAIL: gfortran.dg/class_array_9.f03  -Os  (test for excess errors)
FAIL: gfortran.dg/class_optional_1.f90  -O3 -fomit-frame-pointer -funroll-loops  (test for excess errors)
FAIL: gfortran.dg/class_optional_1.f90  -O3 -fomit-frame-pointer -funroll-all-loops -finline-functions  (test for excess errors)
FAIL: gfortran.dg/class_optional_2.f90  -O3 -fomit-frame-pointer -funroll-loops  (test for excess errors)
FAIL: gfortran.dg/class_optional_2.f90  -O3 -fomit-frame-pointer -funroll-all-loops -finline-functions  (test for excess errors)
FAIL: gfortran.dg/class_to_type_1.f03  -O0  (test for excess errors)
FAIL: gfortran.dg/class_to_type_1.f03  -O1  (test for excess errors)
FAIL: gfortran.dg/class_to_type_1.f03  -O2  (test for excess errors)
FAIL: gfortran.dg/class_to_type_1.f03  -O3 -fomit-frame-pointer  (test for excess errors)
FAIL: gfortran.dg/class_to_type_1.f03  -O3 -fomit-frame-pointer -funroll-loops  (test for excess errors)
FAIL: gfortran.dg/class_to_type_1.f03  -O3 -fomit-frame-pointer -funroll-all-loops -finline-functions  (test for excess errors)
FAIL: gfortran.dg/class_to_type_1.f03  -O3 -g  (test for excess errors)
FAIL: gfortran.dg/class_to_type_1.f03  -Os  (test for excess errors)
FAIL: gfortran.dg/class_to_type_2.f90  -O3 -fomit-frame-pointer -funroll-loops  (test for excess errors)
FAIL: gfortran.dg/class_to_type_2.f90  -O3 -fomit-frame-pointer -funroll-all-loops -finline-functions  (test for excess errors)
FAIL: gfortran.dg/contiguous_1.f90  -O  (test for excess errors)
FAIL: gfortran.dg/cshift_bounds_1.f90  -O3 -fomit-frame-pointer -funroll-loops  (test for excess errors)
FAIL: gfortran.dg/cshift_bounds_1.f90  -O3 -fomit-frame-pointer -funroll-all-loops -finline-functions  (test for excess errors)
FAIL: gfortran.dg/deferred_type_component_1.f90  -O0  (test for excess errors)
FAIL: gfortran.dg/deferred_type_component_1.f90  -O1  (test for excess errors)
FAIL: gfortran.dg/deferred_type_component_1.f90  -O2  (test for excess errors)
FAIL: gfortran.dg/deferred_type_component_1.f90  -O3 -fomit-frame-pointer  (test for excess errors)
FAIL: gfortran.dg/deferred_type_component_1.f90  -O3 -fomit-frame-pointer -funroll-loops  (test for excess errors)
FAIL: gfortran.dg/deferred_type_component_1.f90  -O3 -fomit-frame-pointer -funroll-all-loops -finline-functions  (test for excess errors)
FAIL: gfortran.dg/deferred_type_component_1.f90  -O3 -g  (test for excess errors)
FAIL: gfortran.dg/deferred_type_component_1.f90  -Os  (test for excess errors)
FAIL: gfortran.dg/deferred_type_component_2.f90  -O0  (test for excess errors)
FAIL: gfortran.dg/deferred_type_component_2.f90  -O1  (test for excess errors)
FAIL: gfortran.dg/deferred_type_component_2.f90  -O2  (test for excess errors)
FAIL: gfortran.dg/deferred_type_component_2.f90  -O3 -fomit-frame-pointer  (test for excess errors)
FAIL: gfortran.dg/deferred_type_component_2.f90  -O3 -fomit-frame-pointer -funroll-loops  (test for excess errors)
FAIL: gfortran.dg/deferred_type_component_2.f90  -O3 -fomit-frame-pointer -funroll-all-loops -finline-functions  (test for excess errors)
FAIL: gfortran.dg/deferred_type_component_2.f90  -O3 -g  (test for excess errors)
FAIL: gfortran.dg/deferred_type_component_2.f90  -Os  (test for excess errors)
FAIL: gfortran.dg/defined_assignment_11.f90  -O3 -fomit-frame-pointer -funroll-loops  (test for excess errors)
FAIL: gfortran.dg/defined_assignment_11.f90  -O3 -fomit-frame-pointer -funroll-all-loops -finline-functions  (test for excess errors)
FAIL: gfortran.dg/defined_assignment_2.f90  -O3 -fomit-frame-pointer -funroll-loops  (test for excess errors)
FAIL: gfortran.dg/defined_assignment_2.f90  -O3 -fomit-frame-pointer -funroll-all-loops -finline-functions  (test for excess errors)
FAIL: gfortran.dg/defined_assignment_3.f90  -O0  (test for excess errors)
FAIL: gfortran.dg/defined_assignment_3.f90  -O1  (test for excess errors)
FAIL: gfortran.dg/defined_assignment_3.f90  -O2  (test for excess errors)
FAIL: gfortran.dg/defined_assignment_3.f90  -O3 -fomit-frame-pointer  (test for excess errors)
FAIL: gfortran.dg/defined_assignment_3.f90  -O3 -fomit-frame-pointer -funroll-loops  (test for excess errors)
FAIL: gfortran.dg/defined_assignment_3.f90  -O3 -fomit-frame-pointer -funroll-all-loops -finline-functions  (test for excess errors)
FAIL: gfortran.dg/defined_assignment_3.f90  -O3 -g  (test for excess errors)
FAIL: gfortran.dg/defined_assignment_3.f90  -Os  (test for excess errors)
FAIL: gfortran.dg/defined_assignment_5.f90  -O0  (test for excess errors)
FAIL: gfortran.dg/defined_assignment_5.f90  -O1  (test for excess errors)
FAIL: gfortran.dg/defined_assignment_5.f90  -O2  (test for excess errors)
FAIL: gfortran.dg/defined_assignment_5.f90  -O3 -fomit-frame-pointer  (test for excess errors)
FAIL: gfortran.dg/defined_assignment_5.f90  -O3 -fomit-frame-pointer -funroll-loops  (test for excess errors)
FAIL: gfortran.dg/defined_assignment_5.f90  -O3 -fomit-frame-pointer -funroll-all-loops -finline-functions  (test for excess errors)
FAIL: gfortran.dg/defined_assignment_5.f90  -O3 -g  (test for excess errors)
FAIL: gfortran.dg/defined_assignment_5.f90  -Os  (test for excess errors)
FAIL: gfortran.dg/defined_assignment_9.f90  -O3 -fomit-frame-pointer -funroll-loops  (test for excess errors)
FAIL: gfortran.dg/defined_assignment_9.f90  -O3 -fomit-frame-pointer -funroll-all-loops -finline-functions  (test for excess errors)
FAIL: gfortran.dg/derived_comp_array_ref_1.f90  -O3 -fomit-frame-pointer -funroll-loops  (test for excess errors)
FAIL: gfortran.dg/derived_comp_array_ref_1.f90  -O3 -fomit-frame-pointer -funroll-all-loops -finline-functions  (test for excess errors)
FAIL: gfortran.dg/direct_io_10.f  -O3 -fomit-frame-pointer -funroll-loops  (test for excess errors)
FAIL: gfortran.dg/direct_io_10.f  -O3 -fomit-frame-pointer -funroll-all-loops -finline-functions  (test for excess errors)
FAIL: gfortran.dg/dummy_procedure_7.f90  -O3 -fomit-frame-pointer -funroll-loops  (test for excess errors)
FAIL: gfortran.dg/dummy_procedure_7.f90  -O3 -fomit-frame-pointer -funroll-all-loops -finline-functions  (test for excess errors)
FAIL: gfortran.dg/dynamic_dispatch_4.f03  -O3 -fomit-frame-pointer -funroll-loops  (test for excess errors)
FAIL: gfortran.dg/dynamic_dispatch_4.f03  -O3 -fomit-frame-pointer -funroll-all-loops -finline-functions  (test for excess errors)
FAIL: gfortran.dg/dynamic_dispatch_5.f03  -O3 -fomit-frame-pointer -funroll-loops  (test for excess errors)
FAIL: gfortran.dg/dynamic_dispatch_5.f03  -O3 -fomit-frame-pointer -funroll-all-loops -finline-functions  (test for excess errors)
FAIL: gfortran.dg/dynamic_dispatch_8.f03  -O3 -fomit-frame-pointer -funroll-loops  (test for excess errors)
FAIL: gfortran.dg/dynamic_dispatch_8.f03  -O3 -fomit-frame-pointer -funroll-all-loops -finline-functions  (test for excess errors)
FAIL: gfortran.dg/elemental_optional_args_5.f03  -O0  (test for excess errors)
FAIL: gfortran.dg/elemental_optional_args_5.f03  -O1  (test for excess errors)
FAIL: gfortran.dg/elemental_optional_args_5.f03  -O2  (test for excess errors)
FAIL: gfortran.dg/elemental_optional_args_5.f03  -O3 -fomit-frame-pointer  (test for excess errors)
FAIL: gfortran.dg/elemental_optional_args_5.f03  -O3 -fomit-frame-pointer -funroll-loops  (test for excess errors)
FAIL: gfortran.dg/elemental_optional_args_5.f03  -O3 -fomit-frame-pointer -funroll-all-loops -finline-functions  (test for excess errors)
FAIL: gfortran.dg/elemental_optional_args_5.f03  -O3 -g  (test for excess errors)
FAIL: gfortran.dg/elemental_optional_args_5.f03  -Os  (test for excess errors)
FAIL: gfortran.dg/elemental_subroutine_10.f90  -O3 -fomit-frame-pointer -funroll-loops  (test for excess errors)
FAIL: gfortran.dg/elemental_subroutine_10.f90  -O3 -fomit-frame-pointer -funroll-all-loops -finline-functions  (test for excess errors)
FAIL: gfortran.dg/elemental_subroutine_2.f90  -O0  (test for excess errors)
FAIL: gfortran.dg/elemental_subroutine_2.f90  -O1  (test for excess errors)
FAIL: gfortran.dg/elemental_subroutine_2.f90  -O2  (test for excess errors)
FAIL: gfortran.dg/elemental_subroutine_2.f90  -O3 -fomit-frame-pointer  (test for excess errors)
FAIL: gfortran.dg/elemental_subroutine_2.f90  -O3 -fomit-frame-pointer -funroll-loops  (test for excess errors)
FAIL: gfortran.dg/elemental_subroutine_2.f90  -O3 -fomit-frame-pointer -funroll-all-loops -finline-functions  (test for excess errors)
FAIL: gfortran.dg/elemental_subroutine_2.f90  -O3 -g  (test for excess errors)
FAIL: gfortran.dg/elemental_subroutine_2.f90  -Os  (test for excess errors)
FAIL: gfortran.dg/finalize_13.f90  -O3 -fomit-frame-pointer -funroll-loops  (test for excess errors)
FAIL: gfortran.dg/finalize_13.f90  -O3 -fomit-frame-pointer -funroll-all-loops -finline-functions  (test for excess errors)
FAIL: gfortran.dg/finalize_15.f90  -O3 -fomit-frame-pointer -funroll-loops  (test for excess errors)
FAIL: gfortran.dg/finalize_15.f90  -O3 -fomit-frame-pointer -funroll-all-loops -finline-functions  (test for excess errors)
FAIL: gfortran.dg/finalize_17.f90  -O3 -fomit-frame-pointer -funroll-loops  (test for excess errors)
FAIL: gfortran.dg/finalize_17.f90  -O3 -fomit-frame-pointer -funroll-all-loops -finline-functions  (test for excess errors)
FAIL: gfortran.dg/finalize_25.f90  -O3 -fomit-frame-pointer -funroll-loops  (test for excess errors)
FAIL: gfortran.dg/finalize_25.f90  -O3 -fomit-frame-pointer -funroll-all-loops -finline-functions  (test for excess errors)
FAIL: gfortran.dg/func_assign_3.f90  -O3 -fomit-frame-pointer -funroll-loops  (test for excess errors)
FAIL: gfortran.dg/func_assign_3.f90  -O3 -fomit-frame-pointer -funroll-all-loops -finline-functions  (test for excess errors)
FAIL: gfortran.dg/func_result_6.f90  -O3 -fomit-frame-pointer -funroll-loops  (test for excess errors)
FAIL: gfortran.dg/func_result_6.f90  -O3 -fomit-frame-pointer -funroll-all-loops -finline-functions  (test for excess errors)
FAIL: gfortran.dg/generic_15.f90  -O3 -fomit-frame-pointer -funroll-loops  (test for excess errors)
FAIL: gfortran.dg/generic_15.f90  -O3 -fomit-frame-pointer -funroll-all-loops -finline-functions  (test for excess errors)
FAIL: gfortran.dg/inline_sum_3.f90  -O3 -fomit-frame-pointer -funroll-loops  (test for excess errors)
FAIL: gfortran.dg/inline_sum_3.f90  -O3 -fomit-frame-pointer -funroll-all-loops -finline-functions  (test for excess errors)
FAIL: gfortran.dg/integer_exponentiation_2.f90  -O0  (test for excess errors)
FAIL: gfortran.dg/integer_exponentiation_2.f90  -O1  (test for excess errors)
FAIL: gfortran.dg/integer_exponentiation_2.f90  -O2  (test for excess errors)
FAIL: gfortran.dg/integer_exponentiation_2.f90  -O3 -fomit-frame-pointer  (test for excess errors)
FAIL: gfortran.dg/integer_exponentiation_2.f90  -O3 -fomit-frame-pointer -funroll-loops  (test for excess errors)
FAIL: gfortran.dg/integer_exponentiation_2.f90  -O3 -fomit-frame-pointer -funroll-all-loops -finline-functions  (test for excess errors)
FAIL: gfortran.dg/integer_exponentiation_2.f90  -O3 -g  (test for excess errors)
FAIL: gfortran.dg/integer_exponentiation_2.f90  -Os  (test for excess errors)
FAIL: gfortran.dg/integer_exponentiation_3.F90  -O0  (test for excess errors)
FAIL: gfortran.dg/integer_exponentiation_3.F90  -O1  (test for excess errors)
FAIL: gfortran.dg/integer_exponentiation_3.F90  -O2  (test for excess errors)
FAIL: gfortran.dg/integer_exponentiation_3.F90  -O3 -fomit-frame-pointer  (test for excess errors)
FAIL: gfortran.dg/integer_exponentiation_3.F90  -O3 -fomit-frame-pointer -funroll-loops  (test for excess errors)
FAIL: gfortran.dg/integer_exponentiation_3.F90  -O3 -fomit-frame-pointer -funroll-all-loops -finline-functions  (test for excess errors)
FAIL: gfortran.dg/integer_exponentiation_3.F90  -O3 -g  (test for excess errors)
FAIL: gfortran.dg/integer_exponentiation_3.F90  -Os  (test for excess errors)
FAIL: gfortran.dg/integer_exponentiation_5.F90  -O0  (test for excess errors)
FAIL: gfortran.dg/integer_exponentiation_5.F90  -O1  (test for excess errors)
FAIL: gfortran.dg/integer_exponentiation_5.F90  -O2  (test for excess errors)
FAIL: gfortran.dg/integer_exponentiation_5.F90  -O3 -fomit-frame-pointer  (test for excess errors)
FAIL: gfortran.dg/integer_exponentiation_5.F90  -O3 -fomit-frame-pointer -funroll-loops  (test for excess errors)
FAIL: gfortran.dg/integer_exponentiation_5.F90  -O3 -fomit-frame-pointer -funroll-all-loops -finline-functions  (test for excess errors)
FAIL: gfortran.dg/integer_exponentiation_5.F90  -O3 -g  (test for excess errors)
FAIL: gfortran.dg/integer_exponentiation_5.F90  -Os  (test for excess errors)
FAIL: gfortran.dg/intent_out_2.f90  -O3 -fomit-frame-pointer -funroll-loops  (test for excess errors)
FAIL: gfortran.dg/intent_out_2.f90  -O3 -fomit-frame-pointer -funroll-all-loops -finline-functions  (test for excess errors)
FAIL: gfortran.dg/interface_12.f90  -O3 -fomit-frame-pointer -funroll-loops  (test for excess errors)
FAIL: gfortran.dg/interface_12.f90  -O3 -fomit-frame-pointer -funroll-all-loops -finline-functions  (test for excess errors)
FAIL: gfortran.dg/internal_pack_10.f90  -O3 -fomit-frame-pointer -funroll-loops  (test for excess errors)
FAIL: gfortran.dg/internal_pack_10.f90  -O3 -fomit-frame-pointer -funroll-all-loops -finline-functions  (test for excess errors)
FAIL: gfortran.dg/intrinsic_ifunction_1.f90  -O3 -fomit-frame-pointer -funroll-loops  (test for excess errors)
FAIL: gfortran.dg/intrinsic_ifunction_1.f90  -O3 -fomit-frame-pointer -funroll-all-loops -finline-functions  (test for excess errors)
FAIL: gfortran.dg/intrinsic_product_1.f90  -O3 -fomit-frame-pointer -funroll-loops  (test for excess errors)
FAIL: gfortran.dg/intrinsic_product_1.f90  -O3 -fomit-frame-pointer -funroll-all-loops -finline-functions  (test for excess errors)
FAIL: gfortran.dg/intrinsic_unpack_1.f90  -O3 -fomit-frame-pointer -funroll-loops  (test for excess errors)
FAIL: gfortran.dg/intrinsic_unpack_1.f90  -O3 -fomit-frame-pointer -funroll-all-loops -finline-functions  (test for excess errors)
FAIL: gfortran.dg/intrinsic_unpack_2.f90  -O3 -fomit-frame-pointer -funroll-loops  (test for excess errors)
FAIL: gfortran.dg/intrinsic_unpack_2.f90  -O3 -fomit-frame-pointer -funroll-all-loops -finline-functions  (test for excess errors)
FAIL: gfortran.dg/intrinsic_unpack_3.f90  -O3 -fomit-frame-pointer -funroll-loops  (test for excess errors)
FAIL: gfortran.dg/intrinsic_unpack_3.f90  -O3 -fomit-frame-pointer -funroll-all-loops -finline-functions  (test for excess errors)
FAIL: gfortran.dg/mapping_1.f90  -O3 -fomit-frame-pointer -funroll-loops  (test for excess errors)
FAIL: gfortran.dg/mapping_1.f90  -O3 -fomit-frame-pointer -funroll-all-loops -finline-functions  (test for excess errors)
FAIL: gfortran.dg/matmul_1.f90  -O3 -fomit-frame-pointer -funroll-loops  (test for excess errors)
FAIL: gfortran.dg/matmul_1.f90  -O3 -fomit-frame-pointer -funroll-all-loops -finline-functions  (test for excess errors)
FAIL: gfortran.dg/matmul_5.f90  -O3 -fomit-frame-pointer -funroll-loops  (test for excess errors)
FAIL: gfortran.dg/matmul_5.f90  -O3 -fomit-frame-pointer -funroll-all-loops -finline-functions  (test for excess errors)
FAIL: gfortran.dg/maxlocval_1.f90  -O3 -fomit-frame-pointer -funroll-loops  (test for excess errors)
FAIL: gfortran.dg/maxlocval_1.f90  -O3 -fomit-frame-pointer -funroll-all-loops -finline-functions  (test for excess errors)
FAIL: gfortran.dg/minmaxloc_7.f90  -O3 -fomit-frame-pointer -funroll-loops  (test for excess errors)
FAIL: gfortran.dg/minmaxloc_7.f90  -O3 -fomit-frame-pointer -funroll-all-loops -finline-functions  (test for excess errors)
FAIL: gfortran.dg/module_read_2.f90  -O3 -fomit-frame-pointer -funroll-loops  (test for excess errors)
FAIL: gfortran.dg/module_read_2.f90  -O3 -fomit-frame-pointer -funroll-all-loops -finline-functions  (test for excess errors)
FAIL: gfortran.dg/move_alloc_13.f90  -O0  (test for excess errors)
FAIL: gfortran.dg/move_alloc_13.f90  -O1  (test for excess errors)
FAIL: gfortran.dg/move_alloc_13.f90  -O2  (test for excess errors)
FAIL: gfortran.dg/move_alloc_13.f90  -O3 -fomit-frame-pointer  (test for excess errors)
FAIL: gfortran.dg/move_alloc_13.f90  -O3 -fomit-frame-pointer -funroll-loops  (test for excess errors)
FAIL: gfortran.dg/move_alloc_13.f90  -O3 -fomit-frame-pointer -funroll-all-loops -finline-functions  (test for excess errors)
FAIL: gfortran.dg/move_alloc_13.f90  -O3 -g  (test for excess errors)
FAIL: gfortran.dg/move_alloc_13.f90  -Os  (test for excess errors)
FAIL: gfortran.dg/mvbits_5.f90  -O3 -fomit-frame-pointer -funroll-loops  (test for excess errors)
FAIL: gfortran.dg/mvbits_5.f90  -O3 -fomit-frame-pointer -funroll-all-loops -finline-functions  (test for excess errors)
FAIL: gfortran.dg/mvbits_7.f90  -O0  (test for excess errors)
FAIL: gfortran.dg/mvbits_7.f90  -O1  (test for excess errors)
FAIL: gfortran.dg/mvbits_7.f90  -O2  (test for excess errors)
FAIL: gfortran.dg/mvbits_7.f90  -O3 -fomit-frame-pointer  (test for excess errors)
FAIL: gfortran.dg/mvbits_7.f90  -O3 -fomit-frame-pointer -funroll-loops  (test for excess errors)
FAIL: gfortran.dg/mvbits_7.f90  -O3 -fomit-frame-pointer -funroll-all-loops -finline-functions  (test for excess errors)
FAIL: gfortran.dg/mvbits_7.f90  -O3 -g  (test for excess errors)
FAIL: gfortran.dg/mvbits_7.f90  -Os  (test for excess errors)
FAIL: gfortran.dg/namelist_70.f90  -O3 -fomit-frame-pointer -funroll-loops  (test for excess errors)
FAIL: gfortran.dg/namelist_70.f90  -O3 -fomit-frame-pointer -funroll-all-loops -finline-functions  (test for excess errors)
FAIL: gfortran.dg/nested_allocatables_1.f90  -O0  (test for excess errors)
FAIL: gfortran.dg/nested_allocatables_1.f90  -O1  (test for excess errors)
FAIL: gfortran.dg/nested_allocatables_1.f90  -O2  (test for excess errors)
FAIL: gfortran.dg/nested_allocatables_1.f90  -O3 -fomit-frame-pointer  (test for excess errors)
FAIL: gfortran.dg/nested_allocatables_1.f90  -O3 -fomit-frame-pointer -funroll-loops  (test for excess errors)
FAIL: gfortran.dg/nested_allocatables_1.f90  -O3 -fomit-frame-pointer -funroll-all-loops -finline-functions  (test for excess errors)
FAIL: gfortran.dg/nested_allocatables_1.f90  -O3 -g  (test for excess errors)
FAIL: gfortran.dg/nested_allocatables_1.f90  -Os  (test for excess errors)
FAIL: gfortran.dg/no_range_check_1.f90  -O0  (test for excess errors)
FAIL: gfortran.dg/no_range_check_1.f90  -O1  (test for excess errors)
FAIL: gfortran.dg/no_range_check_1.f90  -O2  (test for excess errors)
FAIL: gfortran.dg/no_range_check_1.f90  -O3 -fomit-frame-pointer  (test for excess errors)
FAIL: gfortran.dg/no_range_check_1.f90  -O3 -fomit-frame-pointer -funroll-loops  (test for excess errors)
FAIL: gfortran.dg/no_range_check_1.f90  -O3 -fomit-frame-pointer -funroll-all-loops -finline-functions  (test for excess errors)
FAIL: gfortran.dg/no_range_check_1.f90  -O3 -g  (test for excess errors)
FAIL: gfortran.dg/no_range_check_1.f90  -Os  (test for excess errors)
FAIL: gfortran.dg/optional_class_1.f90  -O0  (test for excess errors)
FAIL: gfortran.dg/optional_class_1.f90  -O1  (test for excess errors)
FAIL: gfortran.dg/optional_class_1.f90  -O2  (test for excess errors)
FAIL: gfortran.dg/optional_class_1.f90  -O3 -fomit-frame-pointer  (test for excess errors)
FAIL: gfortran.dg/optional_class_1.f90  -O3 -fomit-frame-pointer -funroll-loops  (test for excess errors)
FAIL: gfortran.dg/optional_class_1.f90  -O3 -fomit-frame-pointer -funroll-all-loops -finline-functions  (test for excess errors)
FAIL: gfortran.dg/optional_class_1.f90  -O3 -g  (test for excess errors)
FAIL: gfortran.dg/optional_class_1.f90  -Os  (test for excess errors)
FAIL: gfortran.dg/optional_dim_3.f90  -O3 -fomit-frame-pointer -funroll-loops  (test for excess errors)
FAIL: gfortran.dg/optional_dim_3.f90  -O3 -fomit-frame-pointer -funroll-all-loops -finline-functions  (test for excess errors)
FAIL: gfortran.dg/pointer_remapping_5.f08  -O3 -fomit-frame-pointer -funroll-loops  (test for excess errors)
FAIL: gfortran.dg/pointer_remapping_5.f08  -O3 -fomit-frame-pointer -funroll-all-loops -finline-functions  (test for excess errors)
FAIL: gfortran.dg/pr15324.f90  -O3 -fomit-frame-pointer -funroll-loops  (test for excess errors)
FAIL: gfortran.dg/pr15324.f90  -O3 -fomit-frame-pointer -funroll-all-loops -finline-functions  (test for excess errors)
FAIL: gfortran.dg/pr43808.f90  -O0  (test for excess errors)
FAIL: gfortran.dg/pr43808.f90  -O1  (test for excess errors)
FAIL: gfortran.dg/pr43808.f90  -O2  (test for excess errors)
FAIL: gfortran.dg/pr43808.f90  -O3 -fomit-frame-pointer  (test for excess errors)
FAIL: gfortran.dg/pr43808.f90  -O3 -fomit-frame-pointer -funroll-loops  (test for excess errors)
FAIL: gfortran.dg/pr43808.f90  -O3 -fomit-frame-pointer -funroll-all-loops -finline-functions  (test for excess errors)
FAIL: gfortran.dg/pr43808.f90  -O3 -g  (test for excess errors)
FAIL: gfortran.dg/pr43808.f90  -Os  (test for excess errors)
FAIL: gfortran.dg/pr46804.f90  -O0  (test for excess errors)
FAIL: gfortran.dg/pr46804.f90  -O1  (test for excess errors)
FAIL: gfortran.dg/pr46804.f90  -O2  (test for excess errors)
FAIL: gfortran.dg/pr46804.f90  -O3 -fomit-frame-pointer  (test for excess errors)
FAIL: gfortran.dg/pr46804.f90  -O3 -fomit-frame-pointer -funroll-loops  (test for excess errors)
FAIL: gfortran.dg/pr46804.f90  -O3 -fomit-frame-pointer -funroll-all-loops -finline-functions  (test for excess errors)
FAIL: gfortran.dg/pr46804.f90  -O3 -g  (test for excess errors)
FAIL: gfortran.dg/pr46804.f90  -Os  (test for excess errors)
FAIL: gfortran.dg/product_init_expr.f03  -O3 -fomit-frame-pointer -funroll-loops  (test for excess errors)
FAIL: gfortran.dg/product_init_expr.f03  -O3 -fomit-frame-pointer -funroll-all-loops -finline-functions  (test for excess errors)
FAIL: gfortran.dg/random_4.f90  -O3 -fomit-frame-pointer -funroll-loops  (test for excess errors)
FAIL: gfortran.dg/random_4.f90  -O3 -fomit-frame-pointer -funroll-all-loops -finline-functions  (test for excess errors)
FAIL: gfortran.dg/random_7.f90  -O3 -fomit-frame-pointer -funroll-loops  (test for excess errors)
FAIL: gfortran.dg/random_7.f90  -O3 -fomit-frame-pointer -funroll-all-loops -finline-functions  (test for excess errors)
FAIL: gfortran.dg/realloc_on_assign_14.f90  -O  (test for excess errors)
FAIL: gfortran.dg/realloc_on_assign_15.f90  -O3 -fomit-frame-pointer -funroll-loops  (test for excess errors)
FAIL: gfortran.dg/realloc_on_assign_15.f90  -O3 -fomit-frame-pointer -funroll-all-loops -finline-functions  (test for excess errors)
FAIL: gfortran.dg/realloc_on_assign_16.f90  -O0  (test for excess errors)
FAIL: gfortran.dg/realloc_on_assign_16.f90  -O1  (test for excess errors)
FAIL: gfortran.dg/realloc_on_assign_16.f90  -O2  (test for excess errors)
FAIL: gfortran.dg/realloc_on_assign_16.f90  -O3 -fomit-frame-pointer  (test for excess errors)
FAIL: gfortran.dg/realloc_on_assign_16.f90  -O3 -fomit-frame-pointer -funroll-loops  (test for excess errors)
FAIL: gfortran.dg/realloc_on_assign_16.f90  -O3 -fomit-frame-pointer -funroll-all-loops -finline-functions  (test for excess errors)
FAIL: gfortran.dg/realloc_on_assign_16.f90  -O3 -g  (test for excess errors)
FAIL: gfortran.dg/realloc_on_assign_16.f90  -Os  (test for excess errors)
FAIL: gfortran.dg/realloc_on_assign_17.f90  -O0  (test for excess errors)
FAIL: gfortran.dg/realloc_on_assign_17.f90  -O1  (test for excess errors)
FAIL: gfortran.dg/realloc_on_assign_17.f90  -O2  (test for excess errors)
FAIL: gfortran.dg/realloc_on_assign_17.f90  -O3 -fomit-frame-pointer  (test for excess errors)
FAIL: gfortran.dg/realloc_on_assign_17.f90  -O3 -fomit-frame-pointer -funroll-loops  (test for excess errors)
FAIL: gfortran.dg/realloc_on_assign_17.f90  -O3 -fomit-frame-pointer -funroll-all-loops -finline-functions  (test for excess errors)
FAIL: gfortran.dg/realloc_on_assign_17.f90  -O3 -g  (test for excess errors)
FAIL: gfortran.dg/realloc_on_assign_17.f90  -Os  (test for excess errors)
FAIL: gfortran.dg/realloc_on_assign_23.f90  -O0  (test for excess errors)
FAIL: gfortran.dg/realloc_on_assign_23.f90  -O1  (test for excess errors)
FAIL: gfortran.dg/realloc_on_assign_23.f90  -O2  (test for excess errors)
FAIL: gfortran.dg/realloc_on_assign_23.f90  -O3 -fomit-frame-pointer  (test for excess errors)
FAIL: gfortran.dg/realloc_on_assign_23.f90  -O3 -fomit-frame-pointer -funroll-loops  (test for excess errors)
FAIL: gfortran.dg/realloc_on_assign_23.f90  -O3 -fomit-frame-pointer -funroll-all-loops -finline-functions  (test for excess errors)
FAIL: gfortran.dg/realloc_on_assign_23.f90  -O3 -g  (test for excess errors)
FAIL: gfortran.dg/realloc_on_assign_23.f90  -Os  (test for excess errors)
FAIL: gfortran.dg/realloc_on_assign_7.f03  -O3 -fomit-frame-pointer -funroll-loops  (test for excess errors)
FAIL: gfortran.dg/realloc_on_assign_7.f03  -O3 -fomit-frame-pointer -funroll-all-loops -finline-functions  (test for excess errors)
FAIL: gfortran.dg/reshape-alloc.f90  -O3 -fomit-frame-pointer -funroll-loops  (test for excess errors)
FAIL: gfortran.dg/reshape-alloc.f90  -O3 -fomit-frame-pointer -funroll-all-loops -finline-functions  (test for excess errors)
FAIL: gfortran.dg/reshape_order_1.f90  -O3 -fomit-frame-pointer -funroll-loops  (test for excess errors)
FAIL: gfortran.dg/reshape_order_1.f90  -O3 -fomit-frame-pointer -funroll-all-loops -finline-functions  (test for excess errors)
FAIL: gfortran.dg/reshape_order_2.f90  -O3 -fomit-frame-pointer -funroll-loops  (test for excess errors)
FAIL: gfortran.dg/reshape_order_2.f90  -O3 -fomit-frame-pointer -funroll-all-loops -finline-functions  (test for excess errors)
FAIL: gfortran.dg/reshape_order_3.f90  -O3 -fomit-frame-pointer -funroll-loops  (test for excess errors)
FAIL: gfortran.dg/reshape_order_3.f90  -O3 -fomit-frame-pointer -funroll-all-loops -finline-functions  (test for excess errors)
FAIL: gfortran.dg/reshape_order_4.f90  -O3 -fomit-frame-pointer -funroll-loops  (test for excess errors)
FAIL: gfortran.dg/reshape_order_4.f90  -O3 -fomit-frame-pointer -funroll-all-loops -finline-functions  (test for excess errors)
FAIL: gfortran.dg/result_in_spec_1.f90  -O3 -fomit-frame-pointer -funroll-loops  (test for excess errors)
FAIL: gfortran.dg/result_in_spec_1.f90  -O3 -fomit-frame-pointer -funroll-all-loops -finline-functions  (test for excess errors)
FAIL: gfortran.dg/ret_pointer_2.f90  -O3 -fomit-frame-pointer -funroll-loops  (test for excess errors)
FAIL: gfortran.dg/ret_pointer_2.f90  -O3 -fomit-frame-pointer -funroll-all-loops -finline-functions  (test for excess errors)
FAIL: gfortran.dg/select_type_19.f03  -O3 -fomit-frame-pointer -funroll-loops  (test for excess errors)
FAIL: gfortran.dg/select_type_19.f03  -O3 -fomit-frame-pointer -funroll-all-loops -finline-functions  (test for excess errors)
FAIL: gfortran.dg/select_type_26.f03  -O0  (test for excess errors)
FAIL: gfortran.dg/select_type_26.f03  -O1  (test for excess errors)
FAIL: gfortran.dg/select_type_26.f03  -O2  (test for excess errors)
FAIL: gfortran.dg/select_type_26.f03  -O3 -fomit-frame-pointer  (test for excess errors)
FAIL: gfortran.dg/select_type_26.f03  -O3 -fomit-frame-pointer -funroll-loops  (test for excess errors)
FAIL: gfortran.dg/select_type_26.f03  -O3 -fomit-frame-pointer -funroll-all-loops -finline-functions  (test for excess errors)
FAIL: gfortran.dg/select_type_26.f03  -O3 -g  (test for excess errors)
FAIL: gfortran.dg/select_type_26.f03  -Os  (test for excess errors)
FAIL: gfortran.dg/select_type_27.f03  -O0  (test for excess errors)
FAIL: gfortran.dg/select_type_27.f03  -O1  (test for excess errors)
FAIL: gfortran.dg/select_type_27.f03  -O2  (test for excess errors)
FAIL: gfortran.dg/select_type_27.f03  -O3 -fomit-frame-pointer  (test for excess errors)
FAIL: gfortran.dg/select_type_27.f03  -O3 -fomit-frame-pointer -funroll-loops  (test for excess errors)
FAIL: gfortran.dg/select_type_27.f03  -O3 -fomit-frame-pointer -funroll-all-loops -finline-functions  (test for excess errors)
FAIL: gfortran.dg/select_type_27.f03  -O3 -g  (test for excess errors)
FAIL: gfortran.dg/select_type_27.f03  -Os  (test for excess errors)
FAIL: gfortran.dg/shape_5.f90  -O3 -fomit-frame-pointer -funroll-loops  (test for excess errors)
FAIL: gfortran.dg/shape_5.f90  -O3 -fomit-frame-pointer -funroll-all-loops -finline-functions  (test for excess errors)
FAIL: gfortran.dg/shift-alloc.f90  -O3 -fomit-frame-pointer -funroll-loops  (test for excess errors)
FAIL: gfortran.dg/shift-alloc.f90  -O3 -fomit-frame-pointer -funroll-all-loops -finline-functions  (test for excess errors)
FAIL: gfortran.dg/subref_array_pointer_1.f90  -O0  (test for excess errors)
FAIL: gfortran.dg/subref_array_pointer_1.f90  -O1  (test for excess errors)
FAIL: gfortran.dg/subref_array_pointer_1.f90  -O2  (test for excess errors)
FAIL: gfortran.dg/subref_array_pointer_1.f90  -O3 -fomit-frame-pointer  (test for excess errors)
FAIL: gfortran.dg/subref_array_pointer_1.f90  -O3 -fomit-frame-pointer -funroll-loops  (test for excess errors)
FAIL: gfortran.dg/subref_array_pointer_1.f90  -O3 -fomit-frame-pointer -funroll-all-loops -finline-functions  (test for excess errors)
FAIL: gfortran.dg/subref_array_pointer_1.f90  -O3 -g  (test for excess errors)
FAIL: gfortran.dg/subref_array_pointer_1.f90  -Os  (test for excess errors)
FAIL: gfortran.dg/sum_init_expr.f03  -O3 -fomit-frame-pointer -funroll-loops  (test for excess errors)
FAIL: gfortran.dg/sum_init_expr.f03  -O3 -fomit-frame-pointer -funroll-all-loops -finline-functions  (test for excess errors)
FAIL: gfortran.dg/transpose_intrinsic_func_call_1.f90  -O3 -fomit-frame-pointer -funroll-loops  (test for excess errors)
FAIL: gfortran.dg/transpose_intrinsic_func_call_1.f90  -O3 -fomit-frame-pointer -funroll-all-loops -finline-functions  (test for excess errors)
FAIL: gfortran.dg/type_to_class_1.f03  -O0  (test for excess errors)
FAIL: gfortran.dg/type_to_class_1.f03  -O1  (test for excess errors)
FAIL: gfortran.dg/type_to_class_1.f03  -O2  (test for excess errors)
FAIL: gfortran.dg/type_to_class_1.f03  -O3 -fomit-frame-pointer  (test for excess errors)
FAIL: gfortran.dg/type_to_class_1.f03  -O3 -fomit-frame-pointer -funroll-loops  (test for excess errors)
FAIL: gfortran.dg/type_to_class_1.f03  -O3 -fomit-frame-pointer -funroll-all-loops -finline-functions  (test for excess errors)
FAIL: gfortran.dg/type_to_class_1.f03  -O3 -g  (test for excess errors)
FAIL: gfortran.dg/type_to_class_1.f03  -Os  (test for excess errors)
FAIL: gfortran.dg/typebound_assignment_5.f03  -O0  (test for excess errors)
FAIL: gfortran.dg/typebound_assignment_5.f03  -O1  (test for excess errors)
FAIL: gfortran.dg/typebound_assignment_5.f03  -O2  (test for excess errors)
FAIL: gfortran.dg/typebound_assignment_5.f03  -O3 -fomit-frame-pointer  (test for excess errors)
FAIL: gfortran.dg/typebound_assignment_5.f03  -O3 -fomit-frame-pointer -funroll-loops  (test for excess errors)
FAIL: gfortran.dg/typebound_assignment_5.f03  -O3 -fomit-frame-pointer -funroll-all-loops -finline-functions  (test for excess errors)
FAIL: gfortran.dg/typebound_assignment_5.f03  -O3 -g  (test for excess errors)
FAIL: gfortran.dg/typebound_assignment_5.f03  -Os  (test for excess errors)
FAIL: gfortran.dg/typebound_assignment_6.f03  -O0  (test for excess errors)
FAIL: gfortran.dg/typebound_assignment_6.f03  -O1  (test for excess errors)
FAIL: gfortran.dg/typebound_assignment_6.f03  -O2  (test for excess errors)
FAIL: gfortran.dg/typebound_assignment_6.f03  -O3 -fomit-frame-pointer  (test for excess errors)
FAIL: gfortran.dg/typebound_assignment_6.f03  -O3 -fomit-frame-pointer -funroll-loops  (test for excess errors)
FAIL: gfortran.dg/typebound_assignment_6.f03  -O3 -g  (test for excess errors)
FAIL: gfortran.dg/typebound_assignment_6.f03  -Os  (test for excess errors)
FAIL: gfortran.dg/typebound_call_17.f03  -O3 -fomit-frame-pointer -funroll-loops  (test for excess errors)
FAIL: gfortran.dg/typebound_call_17.f03  -O3 -fomit-frame-pointer -funroll-all-loops -finline-functions  (test for excess errors)
FAIL: gfortran.dg/typebound_operator_12.f03  -O3 -fomit-frame-pointer -funroll-loops  (test for excess errors)
FAIL: gfortran.dg/typebound_operator_12.f03  -O3 -fomit-frame-pointer -funroll-all-loops -finline-functions  (test for excess errors)
FAIL: gfortran.dg/typebound_operator_13.f03  -O3 -fomit-frame-pointer -funroll-loops  (test for excess errors)
FAIL: gfortran.dg/typebound_operator_13.f03  -O3 -fomit-frame-pointer -funroll-all-loops -finline-functions  (test for excess errors)
FAIL: gfortran.dg/typebound_operator_9.f03  -O3 -fomit-frame-pointer -funroll-loops  (test for excess errors)
FAIL: gfortran.dg/typebound_operator_9.f03  -O3 -fomit-frame-pointer -funroll-all-loops -finline-functions  (test for excess errors)
FAIL: gfortran.dg/typebound_proc_20.f90  -O3 -fomit-frame-pointer -funroll-loops  (test for excess errors)
FAIL: gfortran.dg/typebound_proc_20.f90  -O3 -fomit-frame-pointer -funroll-all-loops -finline-functions  (test for excess errors)
FAIL: gfortran.dg/unlimited_polymorphic_1.f03  -O0  (test for excess errors)
FAIL: gfortran.dg/unlimited_polymorphic_1.f03  -O1  (test for excess errors)
FAIL: gfortran.dg/unlimited_polymorphic_1.f03  -O2  (test for excess errors)
FAIL: gfortran.dg/unlimited_polymorphic_1.f03  -O3 -fomit-frame-pointer  (test for excess errors)
FAIL: gfortran.dg/unlimited_polymorphic_1.f03  -O3 -fomit-frame-pointer -funroll-loops  (test for excess errors)
FAIL: gfortran.dg/unlimited_polymorphic_1.f03  -O3 -fomit-frame-pointer -funroll-all-loops -finline-functions  (test for excess errors)
FAIL: gfortran.dg/unlimited_polymorphic_1.f03  -O3 -g  (test for excess errors)
FAIL: gfortran.dg/unlimited_polymorphic_1.f03  -Os  (test for excess errors)
FAIL: gfortran.dg/unlimited_polymorphic_16.f90  -O  (test for excess errors)
FAIL: gfortran.dg/unlimited_polymorphic_5.f90  -O3 -fomit-frame-pointer -funroll-loops  (test for excess errors)
FAIL: gfortran.dg/unlimited_polymorphic_5.f90  -O3 -fomit-frame-pointer -funroll-all-loops -finline-functions  (test for excess errors)
FAIL: gfortran.dg/unpack_mask_1.f90  -O3 -fomit-frame-pointer -funroll-loops  (test for excess errors)
FAIL: gfortran.dg/unpack_mask_1.f90  -O3 -fomit-frame-pointer -funroll-all-loops -finline-functions  (test for excess errors)
FAIL: gfortran.dg/used_interface_ref.f90  -O3 -fomit-frame-pointer -funroll-loops  (test for excess errors)
FAIL: gfortran.dg/used_interface_ref.f90  -O3 -fomit-frame-pointer -funroll-all-loops -finline-functions  (test for excess errors)
FAIL: gfortran.dg/wextra_1.f  -O   (test for warnings, line 4)
FAIL: gfortran.dg/where_operator_assign_2.f90  -O  (test for excess errors)
FAIL: gfortran.dg/where_operator_assign_3.f90  -O  (test for excess errors)
FAIL: gfortran.dg/zero_sized_1.f90  -O3 -fomit-frame-pointer -funroll-loops  (test for excess errors)
FAIL: gfortran.dg/zero_sized_1.f90  -O3 -fomit-frame-pointer -funroll-all-loops -finline-functions  (test for excess errors)
FAIL: gfortran.dg/zero_sized_3.f90  -O3 -fomit-frame-pointer -funroll-loops  (test for excess errors)
FAIL: gfortran.dg/zero_sized_3.f90  -O3 -fomit-frame-pointer -funroll-all-loops -finline-functions  (test for excess errors)
FAIL: gfortran.dg/graphite/interchange-1.f  -O  (test for excess errors)
FAIL: gfortran.dg/graphite/interchange-2.f  -O  (test for excess errors)
FAIL: gfortran.dg/vect/fast-math-mgrid-resid.f scan-tree-dump-times pcom "Executing predictive commoning without unrolling" 1
FAIL: gfortran.dg/vect/fast-math-mgrid-resid.f scan-tree-dump-times pcom "Predictive commoning failed: no suitable chains" 0
FAIL: gfortran.fortran-torture/compile/pr33276.f90,  -O2 -fomit-frame-pointer -finline-functions -funroll-loops  

		=== gfortran Summary ===

# of expected passes		45288
# of unexpected failures	567
# of expected failures		53
# of unsupported tests		72
/scratch/toon/bd9979/gcc/testsuite/gfortran/../../gfortran  version 4.10.0 20140604 (experimental) (GCC) 

		=== g++ tests ===


Running target unix
FAIL: c-c++-common/asan/asan-interface-1.c  -O0  execution test
FAIL: c-c++-common/asan/asan-interface-1.c  -O1  execution test
FAIL: c-c++-common/asan/asan-interface-1.c  -O2  execution test
FAIL: c-c++-common/asan/asan-interface-1.c  -O3 -fomit-frame-pointer  execution test
FAIL: c-c++-common/asan/asan-interface-1.c  -O3 -g  execution test
FAIL: c-c++-common/asan/asan-interface-1.c  -Os  execution test
FAIL: c-c++-common/asan/asan-interface-1.c  -O2 -flto -fno-use-linker-plugin -flto-partition=none  execution test
FAIL: c-c++-common/asan/asan-interface-1.c  -O2 -flto -fuse-linker-plugin -fno-fat-lto-objects  execution test
FAIL: c-c++-common/asan/attrib-1.c  -O2 -flto -fno-use-linker-plugin -flto-partition=none  (test for excess errors)
FAIL: c-c++-common/asan/attrib-1.c  -O2 -flto -fuse-linker-plugin -fno-fat-lto-objects  (test for excess errors)
FAIL: c-c++-common/asan/clone-test-1.c  -O0  execution test
FAIL: c-c++-common/asan/clone-test-1.c  -O1  execution test
FAIL: c-c++-common/asan/clone-test-1.c  -O2  execution test
FAIL: c-c++-common/asan/clone-test-1.c  -O3 -fomit-frame-pointer  execution test
FAIL: c-c++-common/asan/clone-test-1.c  -O3 -fomit-frame-pointer -funroll-loops  execution test
FAIL: c-c++-common/asan/clone-test-1.c  -O3 -fomit-frame-pointer -funroll-all-loops -finline-functions  execution test
FAIL: c-c++-common/asan/clone-test-1.c  -O3 -g  execution test
FAIL: c-c++-common/asan/clone-test-1.c  -Os  execution test
FAIL: c-c++-common/asan/clone-test-1.c  -O2 -flto -fno-use-linker-plugin -flto-partition=none  (test for excess errors)
FAIL: c-c++-common/asan/clone-test-1.c  -O2 -flto -fno-use-linker-plugin -flto-partition=none  execution test
FAIL: c-c++-common/asan/clone-test-1.c  -O2 -flto -fuse-linker-plugin -fno-fat-lto-objects  execution test
FAIL: c-c++-common/asan/force-inline-opt0-1.c  -O2 -flto -fno-use-linker-plugin -flto-partition=none  (test for excess errors)
FAIL: c-c++-common/asan/force-inline-opt0-1.c  -O2 -flto -fuse-linker-plugin -fno-fat-lto-objects  (test for excess errors)
FAIL: c-c++-common/asan/global-overflow-1.c  -O0  output pattern test, is ==11465==ASan runtime does not come first in initial library list; you should either link runtime to your application or manually preload it with LD_PRELOAD.
FAIL: c-c++-common/asan/global-overflow-1.c  -O1  output pattern test, is ==11629==ASan runtime does not come first in initial library list; you should either link runtime to your application or manually preload it with LD_PRELOAD.
FAIL: c-c++-common/asan/global-overflow-1.c  -O2  output pattern test, is ==11730==ASan runtime does not come first in initial library list; you should either link runtime to your application or manually preload it with LD_PRELOAD.
FAIL: c-c++-common/asan/global-overflow-1.c  -O3 -fomit-frame-pointer  output pattern test, is ==11894==ASan runtime does not come first in initial library list; you should either link runtime to your application or manually preload it with LD_PRELOAD.
FAIL: c-c++-common/asan/global-overflow-1.c  -O3 -g  output pattern test, is ==12043==ASan runtime does not come first in initial library list; you should either link runtime to your application or manually preload it with LD_PRELOAD.
FAIL: c-c++-common/asan/global-overflow-1.c  -Os  output pattern test, is ==12209==ASan runtime does not come first in initial library list; you should either link runtime to your application or manually preload it with LD_PRELOAD.
FAIL: c-c++-common/asan/global-overflow-1.c  -O2 -flto -fno-use-linker-plugin -flto-partition=none  (test for excess errors)
FAIL: c-c++-common/asan/global-overflow-1.c  -O2 -flto -fno-use-linker-plugin -flto-partition=none  output pattern test, is ==12595==ASan runtime does not come first in initial library list; you should either link runtime to your application or manually preload it with LD_PRELOAD.
FAIL: c-c++-common/asan/global-overflow-1.c  -O2 -flto -fuse-linker-plugin -fno-fat-lto-objects  output pattern test, is ==12835==ASan runtime does not come first in initial library list; you should either link runtime to your application or manually preload it with LD_PRELOAD.
FAIL: c-c++-common/asan/heap-overflow-1.c  -O0  output pattern test, is ==12985==ASan runtime does not come first in initial library list; you should either link runtime to your application or manually preload it with LD_PRELOAD.
FAIL: c-c++-common/asan/heap-overflow-1.c  -O1  output pattern test, is ==13160==ASan runtime does not come first in initial library list; you should either link runtime to your application or manually preload it with LD_PRELOAD.
FAIL: c-c++-common/asan/heap-overflow-1.c  -O2  output pattern test, is ==13279==ASan runtime does not come first in initial library list; you should either link runtime to your application or manually preload it with LD_PRELOAD.
FAIL: c-c++-common/asan/heap-overflow-1.c  -O3 -fomit-frame-pointer  output pattern test, is ==13431==ASan runtime does not come first in initial library list; you should either link runtime to your application or manually preload it with LD_PRELOAD.
FAIL: c-c++-common/asan/heap-overflow-1.c  -O3 -g  output pattern test, is ==13578==ASan runtime does not come first in initial library list; you should either link runtime to your application or manually preload it with LD_PRELOAD.
FAIL: c-c++-common/asan/heap-overflow-1.c  -Os  output pattern test, is ==13756==ASan runtime does not come first in initial library list; you should either link runtime to your application or manually preload it with LD_PRELOAD.
FAIL: c-c++-common/asan/heap-overflow-1.c  -O2 -flto -fno-use-linker-plugin -flto-partition=none  output pattern test, is ==14179==ASan runtime does not come first in initial library list; you should either link runtime to your application or manually preload it with LD_PRELOAD.
FAIL: c-c++-common/asan/heap-overflow-1.c  -O2 -flto -fuse-linker-plugin -fno-fat-lto-objects  output pattern test, is ==14463==ASan runtime does not come first in initial library list; you should either link runtime to your application or manually preload it with LD_PRELOAD.
FAIL: c-c++-common/asan/memcmp-1.c  -O0  output pattern test, is ==14706==ASan runtime does not come first in initial library list; you should either link runtime to your application or manually preload it with LD_PRELOAD.
FAIL: c-c++-common/asan/memcmp-1.c  -O1  output pattern test, is ==14911==ASan runtime does not come first in initial library list; you should either link runtime to your application or manually preload it with LD_PRELOAD.
FAIL: c-c++-common/asan/memcmp-1.c  -O2  output pattern test, is ==15027==ASan runtime does not come first in initial library list; you should either link runtime to your application or manually preload it with LD_PRELOAD.
FAIL: c-c++-common/asan/memcmp-1.c  -O3 -fomit-frame-pointer  output pattern test, is ==15224==ASan runtime does not come first in initial library list; you should either link runtime to your application or manually preload it with LD_PRELOAD.
FAIL: c-c++-common/asan/memcmp-1.c  -O3 -g  output pattern test, is ==15334==ASan runtime does not come first in initial library list; you should either link runtime to your application or manually preload it with LD_PRELOAD.
FAIL: c-c++-common/asan/memcmp-1.c  -Os  output pattern test, is ==15515==ASan runtime does not come first in initial library list; you should either link runtime to your application or manually preload it with LD_PRELOAD.
FAIL: c-c++-common/asan/memcmp-1.c  -O2 -flto -fno-use-linker-plugin -flto-partition=none  output pattern test, is ==15877==ASan runtime does not come first in initial library list; you should either link runtime to your application or manually preload it with LD_PRELOAD.
FAIL: c-c++-common/asan/memcmp-1.c  -O2 -flto -fuse-linker-plugin -fno-fat-lto-objects  output pattern test, is ==16144==ASan runtime does not come first in initial library list; you should either link runtime to your application or manually preload it with LD_PRELOAD.
FAIL: c-c++-common/asan/memcmp-2.c  -O2 -flto -fno-use-linker-plugin -flto-partition=none  (test for excess errors)
FAIL: c-c++-common/asan/misalign-1.c  -O0  output pattern test, is ==16963==ASan runtime does not come first in initial library list; you should either link runtime to your application or manually preload it with LD_PRELOAD.
FAIL: c-c++-common/asan/misalign-1.c  -O1  output pattern test, is ==17182==ASan runtime does not come first in initial library list; you should either link runtime to your application or manually preload it with LD_PRELOAD.
FAIL: c-c++-common/asan/misalign-1.c  -O2  output pattern test, is ==17389==ASan runtime does not come first in initial library list; you should either link runtime to your application or manually preload it with LD_PRELOAD.
FAIL: c-c++-common/asan/misalign-1.c  -O3 -fomit-frame-pointer  output pattern test, is ==17603==ASan runtime does not come first in initial library list; you should either link runtime to your application or manually preload it with LD_PRELOAD.
FAIL: c-c++-common/asan/misalign-1.c  -O3 -g  output pattern test, is ==17771==ASan runtime does not come first in initial library list; you should either link runtime to your application or manually preload it with LD_PRELOAD.
FAIL: c-c++-common/asan/misalign-1.c  -Os  output pattern test, is ==18011==ASan runtime does not come first in initial library list; you should either link runtime to your application or manually preload it with LD_PRELOAD.
FAIL: c-c++-common/asan/misalign-1.c  -O2 -flto -fno-use-linker-plugin -flto-partition=none  (test for excess errors)
FAIL: c-c++-common/asan/misalign-1.c  -O2 -flto -fno-use-linker-plugin -flto-partition=none  output pattern test, is ==18521==ASan runtime does not come first in initial library list; you should either link runtime to your application or manually preload it with LD_PRELOAD.
FAIL: c-c++-common/asan/misalign-1.c  -O2 -flto -fuse-linker-plugin -fno-fat-lto-objects  output pattern test, is ==18828==ASan runtime does not come first in initial library list; you should either link runtime to your application or manually preload it with LD_PRELOAD.
FAIL: c-c++-common/asan/misalign-2.c  -O0  output pattern test, is ==19075==ASan runtime does not come first in initial library list; you should either link runtime to your application or manually preload it with LD_PRELOAD.
FAIL: c-c++-common/asan/misalign-2.c  -O1  output pattern test, is ==19333==ASan runtime does not come first in initial library list; you should either link runtime to your application or manually preload it with LD_PRELOAD.
FAIL: c-c++-common/asan/misalign-2.c  -O2  output pattern test, is ==19550==ASan runtime does not come first in initial library list; you should either link runtime to your application or manually preload it with LD_PRELOAD.
FAIL: c-c++-common/asan/misalign-2.c  -O3 -fomit-frame-pointer  output pattern test, is ==19833==ASan runtime does not come first in initial library list; you should either link runtime to your application or manually preload it with LD_PRELOAD.
FAIL: c-c++-common/asan/misalign-2.c  -O3 -g  output pattern test, is ==20060==ASan runtime does not come first in initial library list; you should either link runtime to your application or manually preload it with LD_PRELOAD.
FAIL: c-c++-common/asan/misalign-2.c  -Os  output pattern test, is ==20230==ASan runtime does not come first in initial library list; you should either link runtime to your application or manually preload it with LD_PRELOAD.
FAIL: c-c++-common/asan/misalign-2.c  -O2 -flto -fno-use-linker-plugin -flto-partition=none  (test for excess errors)
FAIL: c-c++-common/asan/misalign-2.c  -O2 -flto -fno-use-linker-plugin -flto-partition=none  output pattern test, is ==20568==ASan runtime does not come first in initial library list; you should either link runtime to your application or manually preload it with LD_PRELOAD.
FAIL: c-c++-common/asan/misalign-2.c  -O2 -flto -fuse-linker-plugin -fno-fat-lto-objects  output pattern test, is ==20880==ASan runtime does not come first in initial library list; you should either link runtime to your application or manually preload it with LD_PRELOAD.
FAIL: c-c++-common/asan/no-asan-globals.c  -O2 -flto -fno-use-linker-plugin -flto-partition=none  (test for excess errors)
FAIL: c-c++-common/asan/no-asan-globals.c  -O2 -flto -fuse-linker-plugin -fno-fat-lto-objects  (test for excess errors)
FAIL: c-c++-common/asan/no-use-after-return.c  -O2 -flto -fno-use-linker-plugin -flto-partition=none  (test for excess errors)
FAIL: c-c++-common/asan/no-use-after-return.c  -O2 -flto -fuse-linker-plugin -fno-fat-lto-objects  (test for excess errors)
FAIL: c-c++-common/asan/null-deref-1.c  -O0  output pattern test, is ==26691==ASan runtime does not come first in initial library list; you should either link runtime to your application or manually preload it with LD_PRELOAD.
FAIL: c-c++-common/asan/null-deref-1.c  -O1  output pattern test, is ==26836==ASan runtime does not come first in initial library list; you should either link runtime to your application or manually preload it with LD_PRELOAD.
FAIL: c-c++-common/asan/null-deref-1.c  -O2  output pattern test, is ==27009==ASan runtime does not come first in initial library list; you should either link runtime to your application or manually preload it with LD_PRELOAD.
FAIL: c-c++-common/asan/null-deref-1.c  -O3 -fomit-frame-pointer  output pattern test, is ==27167==ASan runtime does not come first in initial library list; you should either link runtime to your application or manually preload it with LD_PRELOAD.
FAIL: c-c++-common/asan/null-deref-1.c  -O3 -g  output pattern test, is ==27301==ASan runtime does not come first in initial library list; you should either link runtime to your application or manually preload it with LD_PRELOAD.
FAIL: c-c++-common/asan/null-deref-1.c  -Os  output pattern test, is ==27469==ASan runtime does not come first in initial library list; you should either link runtime to your application or manually preload it with LD_PRELOAD.
FAIL: c-c++-common/asan/null-deref-1.c  -O2 -flto -fno-use-linker-plugin -flto-partition=none  (test for excess errors)
FAIL: c-c++-common/asan/null-deref-1.c  -O2 -flto -fno-use-linker-plugin -flto-partition=none  output pattern test, is ==27775==ASan runtime does not come first in initial library list; you should either link runtime to your application or manually preload it with LD_PRELOAD.
FAIL: c-c++-common/asan/null-deref-1.c  -O2 -flto -fuse-linker-plugin -fno-fat-lto-objects  output pattern test, is ==28014==ASan runtime does not come first in initial library list; you should either link runtime to your application or manually preload it with LD_PRELOAD.
FAIL: c-c++-common/asan/pr56330.c  -O2 -flto -fno-use-linker-plugin -flto-partition=none  (test for excess errors)
FAIL: c-c++-common/asan/pr59029.c  -O2 -flto -fno-use-linker-plugin -flto-partition=none  (test for excess errors)
FAIL: c-c++-common/asan/pr59063-1.c  -O0  execution test
FAIL: c-c++-common/asan/pr59063-1.c  -O1  execution test
FAIL: c-c++-common/asan/pr59063-1.c  -O2  execution test
FAIL: c-c++-common/asan/pr59063-1.c  -O3 -fomit-frame-pointer  execution test
FAIL: c-c++-common/asan/pr59063-1.c  -O3 -g  execution test
FAIL: c-c++-common/asan/pr59063-1.c  -Os  execution test
FAIL: c-c++-common/asan/pr59063-1.c  -O2 -flto -fno-use-linker-plugin -flto-partition=none  execution test
FAIL: c-c++-common/asan/pr59063-1.c  -O2 -flto -fuse-linker-plugin -fno-fat-lto-objects  execution test
FAIL: c-c++-common/asan/rlimit-mmap-test-1.c  -O0  output pattern test, is ==973==ASan runtime does not come first in initial library list; you should either link runtime to your application or manually preload it with LD_PRELOAD.
FAIL: c-c++-common/asan/sanity-check-pure-c-1.c  -O0  output pattern test, is ==1134==ASan runtime does not come first in initial library list; you should either link runtime to your application or manually preload it with LD_PRELOAD.
FAIL: c-c++-common/asan/sanity-check-pure-c-1.c  -O1  output pattern test, is ==1314==ASan runtime does not come first in initial library list; you should either link runtime to your application or manually preload it with LD_PRELOAD.
FAIL: c-c++-common/asan/sanity-check-pure-c-1.c  -O2  output pattern test, is ==1626==ASan runtime does not come first in initial library list; you should either link runtime to your application or manually preload it with LD_PRELOAD.
FAIL: c-c++-common/asan/sanity-check-pure-c-1.c  -O3 -fomit-frame-pointer  output pattern test, is ==1839==ASan runtime does not come first in initial library list; you should either link runtime to your application or manually preload it with LD_PRELOAD.
FAIL: c-c++-common/asan/sanity-check-pure-c-1.c  -O3 -g  output pattern test, is ==2023==ASan runtime does not come first in initial library list; you should either link runtime to your application or manually preload it with LD_PRELOAD.
FAIL: c-c++-common/asan/sanity-check-pure-c-1.c  -Os  output pattern test, is ==2216==ASan runtime does not come first in initial library list; you should either link runtime to your application or manually preload it with LD_PRELOAD.
FAIL: c-c++-common/asan/sanity-check-pure-c-1.c  -O2 -flto -fno-use-linker-plugin -flto-partition=none  output pattern test, is ==2550==ASan runtime does not come first in initial library list; you should either link runtime to your application or manually preload it with LD_PRELOAD.
FAIL: c-c++-common/asan/sanity-check-pure-c-1.c  -O2 -flto -fuse-linker-plugin -fno-fat-lto-objects  output pattern test, is ==2785==ASan runtime does not come first in initial library list; you should either link runtime to your application or manually preload it with LD_PRELOAD.
FAIL: c-c++-common/asan/stack-overflow-1.c  -O0  output pattern test, is ==5212==ASan runtime does not come first in initial library list; you should either link runtime to your application or manually preload it with LD_PRELOAD.
FAIL: c-c++-common/asan/stack-overflow-1.c  -O1  output pattern test, is ==5309==ASan runtime does not come first in initial library list; you should either link runtime to your application or manually preload it with LD_PRELOAD.
FAIL: c-c++-common/asan/stack-overflow-1.c  -O2  output pattern test, is ==5468==ASan runtime does not come first in initial library list; you should either link runtime to your application or manually preload it with LD_PRELOAD.
FAIL: c-c++-common/asan/stack-overflow-1.c  -O3 -fomit-frame-pointer  output pattern test, is ==5611==ASan runtime does not come first in initial library list; you should either link runtime to your application or manually preload it with LD_PRELOAD.
FAIL: c-c++-common/asan/stack-overflow-1.c  -O3 -g  output pattern test, is ==5732==ASan runtime does not come first in initial library list; you should either link runtime to your application or manually preload it with LD_PRELOAD.
FAIL: c-c++-common/asan/stack-overflow-1.c  -Os  output pattern test, is ==5853==ASan runtime does not come first in initial library list; you should either link runtime to your application or manually preload it with LD_PRELOAD.
FAIL: c-c++-common/asan/stack-overflow-1.c  -O2 -flto -fno-use-linker-plugin -flto-partition=none  output pattern test, is ==6142==ASan runtime does not come first in initial library list; you should either link runtime to your application or manually preload it with LD_PRELOAD.
FAIL: c-c++-common/asan/stack-overflow-1.c  -O2 -flto -fuse-linker-plugin -fno-fat-lto-objects  output pattern test, is ==6383==ASan runtime does not come first in initial library list; you should either link runtime to your application or manually preload it with LD_PRELOAD.
FAIL: c-c++-common/asan/strip-path-prefix-1.c  -O2  output pattern test, is ==6555==ASan runtime does not come first in initial library list; you should either link runtime to your application or manually preload it with LD_PRELOAD.
FAIL: c-c++-common/asan/strip-path-prefix-1.c  -O2 -flto -fno-use-linker-plugin -flto-partition=none  output pattern test, is ==7045==ASan runtime does not come first in initial library list; you should either link runtime to your application or manually preload it with LD_PRELOAD.
FAIL: c-c++-common/asan/strip-path-prefix-1.c  -O2 -flto -fuse-linker-plugin -fno-fat-lto-objects  output pattern test, is ==7354==ASan runtime does not come first in initial library list; you should either link runtime to your application or manually preload it with LD_PRELOAD.
FAIL: c-c++-common/asan/strncpy-overflow-1.c  -O0  output pattern test, is ==7544==ASan runtime does not come first in initial library list; you should either link runtime to your application or manually preload it with LD_PRELOAD.
FAIL: c-c++-common/asan/strncpy-overflow-1.c  -O1  output pattern test, is ==7694==ASan runtime does not come first in initial library list; you should either link runtime to your application or manually preload it with LD_PRELOAD.
FAIL: c-c++-common/asan/strncpy-overflow-1.c  -O2  output pattern test, is ==7919==ASan runtime does not come first in initial library list; you should either link runtime to your application or manually preload it with LD_PRELOAD.
FAIL: c-c++-common/asan/strncpy-overflow-1.c  -O3 -fomit-frame-pointer  output pattern test, is ==8045==ASan runtime does not come first in initial library list; you should either link runtime to your application or manually preload it with LD_PRELOAD.
FAIL: c-c++-common/asan/strncpy-overflow-1.c  -O3 -g  output pattern test, is ==8153==ASan runtime does not come first in initial library list; you should either link runtime to your application or manually preload it with LD_PRELOAD.
FAIL: c-c++-common/asan/strncpy-overflow-1.c  -Os  output pattern test, is ==8295==ASan runtime does not come first in initial library list; you should either link runtime to your application or manually preload it with LD_PRELOAD.
FAIL: c-c++-common/asan/strncpy-overflow-1.c  -O2 -flto -fno-use-linker-plugin -flto-partition=none  output pattern test, is ==8710==ASan runtime does not come first in initial library list; you should either link runtime to your application or manually preload it with LD_PRELOAD.
FAIL: c-c++-common/asan/strncpy-overflow-1.c  -O2 -flto -fuse-linker-plugin -fno-fat-lto-objects  output pattern test, is ==8900==ASan runtime does not come first in initial library list; you should either link runtime to your application or manually preload it with LD_PRELOAD.
FAIL: c-c++-common/asan/swapcontext-test-1.c  -O0  execution test
FAIL: c-c++-common/asan/swapcontext-test-1.c  -O1  execution test
FAIL: c-c++-common/asan/swapcontext-test-1.c  -O2  execution test
FAIL: c-c++-common/asan/swapcontext-test-1.c  -O3 -fomit-frame-pointer  execution test
FAIL: c-c++-common/asan/swapcontext-test-1.c  -O3 -fomit-frame-pointer -funroll-loops  execution test
FAIL: c-c++-common/asan/swapcontext-test-1.c  -O3 -fomit-frame-pointer -funroll-all-loops -finline-functions  execution test
FAIL: c-c++-common/asan/swapcontext-test-1.c  -O3 -g  execution test
FAIL: c-c++-common/asan/swapcontext-test-1.c  -Os  execution test
FAIL: c-c++-common/asan/swapcontext-test-1.c  -O2 -flto -fno-use-linker-plugin -flto-partition=none  (test for excess errors)
FAIL: c-c++-common/asan/swapcontext-test-1.c  -O2 -flto -fno-use-linker-plugin -flto-partition=none  execution test
FAIL: c-c++-common/asan/swapcontext-test-1.c  -O2 -flto -fuse-linker-plugin -fno-fat-lto-objects  (test for excess errors)
FAIL: c-c++-common/asan/swapcontext-test-1.c  -O2 -flto -fuse-linker-plugin -fno-fat-lto-objects  execution test
FAIL: c-c++-common/asan/use-after-free-1.c  -O0  output pattern test, is ==11372==ASan runtime does not come first in initial library list; you should either link runtime to your application or manually preload it with LD_PRELOAD.
FAIL: c-c++-common/asan/use-after-free-1.c  -O1  output pattern test, is ==11601==ASan runtime does not come first in initial library list; you should either link runtime to your application or manually preload it with LD_PRELOAD.
FAIL: c-c++-common/asan/use-after-free-1.c  -O2  output pattern test, is ==11758==ASan runtime does not come first in initial library list; you should either link runtime to your application or manually preload it with LD_PRELOAD.
FAIL: c-c++-common/asan/use-after-free-1.c  -O3 -fomit-frame-pointer  output pattern test, is ==11966==ASan runtime does not come first in initial library list; you should either link runtime to your application or manually preload it with LD_PRELOAD.
FAIL: c-c++-common/asan/use-after-free-1.c  -O3 -g  output pattern test, is ==12143==ASan runtime does not come first in initial library list; you should either link runtime to your application or manually preload it with LD_PRELOAD.
FAIL: c-c++-common/asan/use-after-free-1.c  -Os  output pattern test, is ==12296==ASan runtime does not come first in initial library list; you should either link runtime to your application or manually preload it with LD_PRELOAD.
FAIL: c-c++-common/asan/use-after-free-1.c  -O2 -flto -fno-use-linker-plugin -flto-partition=none  output pattern test, is ==12661==ASan runtime does not come first in initial library list; you should either link runtime to your application or manually preload it with LD_PRELOAD.
FAIL: c-c++-common/asan/use-after-free-1.c  -O2 -flto -fuse-linker-plugin -fno-fat-lto-objects  output pattern test, is ==12836==ASan runtime does not come first in initial library list; you should either link runtime to your application or manually preload it with LD_PRELOAD.
FAIL: c-c++-common/asan/use-after-return-1.c  -O0  output pattern test, is ==12979==ASan runtime does not come first in initial library list; you should either link runtime to your application or manually preload it with LD_PRELOAD.
FAIL: c-c++-common/asan/use-after-return-1.c  -O1  output pattern test, is ==13145==ASan runtime does not come first in initial library list; you should either link runtime to your application or manually preload it with LD_PRELOAD.
FAIL: c-c++-common/asan/use-after-return-1.c  -O2  output pattern test, is ==13311==ASan runtime does not come first in initial library list; you should either link runtime to your application or manually preload it with LD_PRELOAD.
FAIL: c-c++-common/asan/use-after-return-1.c  -O3 -fomit-frame-pointer  output pattern test, is ==13569==ASan runtime does not come first in initial library list; you should either link runtime to your application or manually preload it with LD_PRELOAD.
FAIL: c-c++-common/asan/use-after-return-1.c  -O3 -g  output pattern test, is ==13719==ASan runtime does not come first in initial library list; you should either link runtime to your application or manually preload it with LD_PRELOAD.
FAIL: c-c++-common/asan/use-after-return-1.c  -Os  output pattern test, is ==13944==ASan runtime does not come first in initial library list; you should either link runtime to your application or manually preload it with LD_PRELOAD.
FAIL: c-c++-common/asan/use-after-return-1.c  -O2 -flto -fno-use-linker-plugin -flto-partition=none  (test for excess errors)
FAIL: c-c++-common/asan/use-after-return-1.c  -O2 -flto -fno-use-linker-plugin -flto-partition=none  output pattern test, is ==14342==ASan runtime does not come first in initial library list; you should either link runtime to your application or manually preload it with LD_PRELOAD.
FAIL: c-c++-common/asan/use-after-return-1.c  -O2 -flto -fuse-linker-plugin -fno-fat-lto-objects  output pattern test, is ==14564==ASan runtime does not come first in initial library list; you should either link runtime to your application or manually preload it with LD_PRELOAD.
FAIL: g++.dg/asan/deep-stack-uaf-1.C  -O0  output pattern test, is ==15029==ASan runtime does not come first in initial library list; you should either link runtime to your application or manually preload it with LD_PRELOAD.
FAIL: g++.dg/asan/deep-stack-uaf-1.C  -O1  output pattern test, is ==15713==ASan runtime does not come first in initial library list; you should either link runtime to your application or manually preload it with LD_PRELOAD.
FAIL: g++.dg/asan/deep-stack-uaf-1.C  -O2  output pattern test, is ==16329==ASan runtime does not come first in initial library list; you should either link runtime to your application or manually preload it with LD_PRELOAD.
FAIL: g++.dg/asan/deep-stack-uaf-1.C  -O3 -fomit-frame-pointer  output pattern test, is ==16850==ASan runtime does not come first in initial library list; you should either link runtime to your application or manually preload it with LD_PRELOAD.
FAIL: g++.dg/asan/deep-stack-uaf-1.C  -O3 -g  output pattern test, is ==17639==ASan runtime does not come first in initial library list; you should either link runtime to your application or manually preload it with LD_PRELOAD.
FAIL: g++.dg/asan/deep-stack-uaf-1.C  -Os  output pattern test, is ==18284==ASan runtime does not come first in initial library list; you should either link runtime to your application or manually preload it with LD_PRELOAD.
FAIL: g++.dg/asan/deep-tail-call-1.C  -O0  output pattern test, is ==18379==ASan runtime does not come first in initial library list; you should either link runtime to your application or manually preload it with LD_PRELOAD.
FAIL: g++.dg/asan/deep-tail-call-1.C  -O1  output pattern test, is ==18442==ASan runtime does not come first in initial library list; you should either link runtime to your application or manually preload it with LD_PRELOAD.
FAIL: g++.dg/asan/deep-tail-call-1.C  -O2  output pattern test, is ==18552==ASan runtime does not come first in initial library list; you should either link runtime to your application or manually preload it with LD_PRELOAD.
FAIL: g++.dg/asan/deep-tail-call-1.C  -O3 -fomit-frame-pointer  output pattern test, is ==18697==ASan runtime does not come first in initial library list; you should either link runtime to your application or manually preload it with LD_PRELOAD.
FAIL: g++.dg/asan/deep-tail-call-1.C  -O3 -g  output pattern test, is ==18872==ASan runtime does not come first in initial library list; you should either link runtime to your application or manually preload it with LD_PRELOAD.
FAIL: g++.dg/asan/deep-tail-call-1.C  -Os  output pattern test, is ==19034==ASan runtime does not come first in initial library list; you should either link runtime to your application or manually preload it with LD_PRELOAD.
FAIL: g++.dg/asan/deep-tail-call-1.C  -O2 -flto -fno-use-linker-plugin -flto-partition=none  (test for excess errors)
FAIL: g++.dg/asan/deep-tail-call-1.C  -O2 -flto -fno-use-linker-plugin -flto-partition=none  output pattern test, is ==19386==ASan runtime does not come first in initial library list; you should either link runtime to your application or manually preload it with LD_PRELOAD.
FAIL: g++.dg/asan/deep-tail-call-1.C  -O2 -flto -fuse-linker-plugin -fno-fat-lto-objects  output pattern test, is ==19768==ASan runtime does not come first in initial library list; you should either link runtime to your application or manually preload it with LD_PRELOAD.
FAIL: g++.dg/asan/deep-thread-stack-1.C  -O0  output pattern test, is ==20041==ASan runtime does not come first in initial library list; you should either link runtime to your application or manually preload it with LD_PRELOAD.
FAIL: g++.dg/asan/deep-thread-stack-1.C  -O1  output pattern test, is ==20250==ASan runtime does not come first in initial library list; you should either link runtime to your application or manually preload it with LD_PRELOAD.
FAIL: g++.dg/asan/deep-thread-stack-1.C  -O2  output pattern test, is ==20447==ASan runtime does not come first in initial library list; you should either link runtime to your application or manually preload it with LD_PRELOAD.
FAIL: g++.dg/asan/deep-thread-stack-1.C  -O3 -fomit-frame-pointer  output pattern test, is ==20611==ASan runtime does not come first in initial library list; you should either link runtime to your application or manually preload it with LD_PRELOAD.
FAIL: g++.dg/asan/deep-thread-stack-1.C  -O3 -g  output pattern test, is ==20797==ASan runtime does not come first in initial library list; you should either link runtime to your application or manually preload it with LD_PRELOAD.
FAIL: g++.dg/asan/deep-thread-stack-1.C  -Os  output pattern test, is ==21018==ASan runtime does not come first in initial library list; you should either link runtime to your application or manually preload it with LD_PRELOAD.
FAIL: g++.dg/asan/deep-thread-stack-1.C  -O2 -flto -fno-use-linker-plugin -flto-partition=none  (test for excess errors)
FAIL: g++.dg/asan/deep-thread-stack-1.C  -O2 -flto -fno-use-linker-plugin -flto-partition=none  output pattern test, is ==21403==ASan runtime does not come first in initial library list; you should either link runtime to your application or manually preload it with LD_PRELOAD.
FAIL: g++.dg/asan/deep-thread-stack-1.C  -O2 -flto -fuse-linker-plugin -fno-fat-lto-objects  output pattern test, is ==21631==ASan runtime does not come first in initial library list; you should either link runtime to your application or manually preload it with LD_PRELOAD.
FAIL: g++.dg/asan/default-options-1.C  -O0  execution test
FAIL: g++.dg/asan/default-options-1.C  -O1  execution test
FAIL: g++.dg/asan/default-options-1.C  -O2  execution test
FAIL: g++.dg/asan/default-options-1.C  -O3 -fomit-frame-pointer  execution test
FAIL: g++.dg/asan/default-options-1.C  -O3 -g  execution test
FAIL: g++.dg/asan/default-options-1.C  -Os  execution test
FAIL: g++.dg/asan/default-options-1.C  -O2 -flto -fno-use-linker-plugin -flto-partition=none  execution test
FAIL: g++.dg/asan/default-options-1.C  -O2 -flto -fuse-linker-plugin -fno-fat-lto-objects  execution test
FAIL: g++.dg/asan/interception-failure-test-1.C  -O0  execution test
FAIL: g++.dg/asan/interception-failure-test-1.C  -O1  execution test
FAIL: g++.dg/asan/interception-failure-test-1.C  -O2  execution test
FAIL: g++.dg/asan/interception-failure-test-1.C  -O3 -fomit-frame-pointer  execution test
FAIL: g++.dg/asan/interception-failure-test-1.C  -O3 -g  execution test
FAIL: g++.dg/asan/interception-failure-test-1.C  -Os  execution test
FAIL: g++.dg/asan/interception-failure-test-1.C  -O2 -flto -fno-use-linker-plugin -flto-partition=none  execution test
FAIL: g++.dg/asan/interception-failure-test-1.C  -O2 -flto -fuse-linker-plugin -fno-fat-lto-objects  execution test
FAIL: g++.dg/asan/interception-malloc-test-1.C  -O0  output pattern test, is ==24953==ASan runtime does not come first in initial library list; you should either link runtime to your application or manually preload it with LD_PRELOAD.
FAIL: g++.dg/asan/interception-malloc-test-1.C  -O1  output pattern test, is ==25101==ASan runtime does not come first in initial library list; you should either link runtime to your application or manually preload it with LD_PRELOAD.
FAIL: g++.dg/asan/interception-malloc-test-1.C  -O2  output pattern test, is ==25249==ASan runtime does not come first in initial library list; you should either link runtime to your application or manually preload it with LD_PRELOAD.
FAIL: g++.dg/asan/interception-malloc-test-1.C  -O3 -fomit-frame-pointer  output pattern test, is ==25415==ASan runtime does not come first in initial library list; you should either link runtime to your application or manually preload it with LD_PRELOAD.
FAIL: g++.dg/asan/interception-malloc-test-1.C  -O3 -g  output pattern test, is ==25595==ASan runtime does not come first in initial library list; you should either link runtime to your application or manually preload it with LD_PRELOAD.
FAIL: g++.dg/asan/interception-malloc-test-1.C  -Os  output pattern test, is ==25719==ASan runtime does not come first in initial library list; you should either link runtime to your application or manually preload it with LD_PRELOAD.
FAIL: g++.dg/asan/interception-malloc-test-1.C  -O2 -flto -fno-use-linker-plugin -flto-partition=none  output pattern test, is ==26068==ASan runtime does not come first in initial library list; you should either link runtime to your application or manually preload it with LD_PRELOAD.
FAIL: g++.dg/asan/interception-malloc-test-1.C  -O2 -flto -fuse-linker-plugin -fno-fat-lto-objects  output pattern test, is ==26319==ASan runtime does not come first in initial library list; you should either link runtime to your application or manually preload it with LD_PRELOAD.
FAIL: g++.dg/asan/interception-test-1.C  -O0  output pattern test, is ==26480==ASan runtime does not come first in initial library list; you should either link runtime to your application or manually preload it with LD_PRELOAD.
FAIL: g++.dg/asan/interception-test-1.C  -O1  output pattern test, is ==26660==ASan runtime does not come first in initial library list; you should either link runtime to your application or manually preload it with LD_PRELOAD.
FAIL: g++.dg/asan/interception-test-1.C  -O2  output pattern test, is ==26806==ASan runtime does not come first in initial library list; you should either link runtime to your application or manually preload it with LD_PRELOAD.
FAIL: g++.dg/asan/interception-test-1.C  -O3 -fomit-frame-pointer  output pattern test, is ==26984==ASan runtime does not come first in initial library list; you should either link runtime to your application or manually preload it with LD_PRELOAD.
FAIL: g++.dg/asan/interception-test-1.C  -O3 -g  output pattern test, is ==27159==ASan runtime does not come first in initial library list; you should either link runtime to your application or manually preload it with LD_PRELOAD.
FAIL: g++.dg/asan/interception-test-1.C  -Os  output pattern test, is ==27342==ASan runtime does not come first in initial library list; you should either link runtime to your application or manually preload it with LD_PRELOAD.
FAIL: g++.dg/asan/interception-test-1.C  -O2 -flto -fno-use-linker-plugin -flto-partition=none  output pattern test, is ==27638==ASan runtime does not come first in initial library list; you should either link runtime to your application or manually preload it with LD_PRELOAD.
FAIL: g++.dg/asan/interception-test-1.C  -O2 -flto -fuse-linker-plugin -fno-fat-lto-objects  output pattern test, is ==27875==ASan runtime does not come first in initial library list; you should either link runtime to your application or manually preload it with LD_PRELOAD.
FAIL: g++.dg/asan/large-func-test-1.C  -O0  output pattern test, is ==28054==ASan runtime does not come first in initial library list; you should either link runtime to your application or manually preload it with LD_PRELOAD.
FAIL: g++.dg/asan/large-func-test-1.C  -O1  output pattern test, is ==28250==ASan runtime does not come first in initial library list; you should either link runtime to your application or manually preload it with LD_PRELOAD.
FAIL: g++.dg/asan/large-func-test-1.C  -O2  output pattern test, is ==28534==ASan runtime does not come first in initial library list; you should either link runtime to your application or manually preload it with LD_PRELOAD.
FAIL: g++.dg/asan/large-func-test-1.C  -O3 -fomit-frame-pointer  output pattern test, is ==28692==ASan runtime does not come first in initial library list; you should either link runtime to your application or manually preload it with LD_PRELOAD.
FAIL: g++.dg/asan/large-func-test-1.C  -O3 -g  output pattern test, is ==28964==ASan runtime does not come first in initial library list; you should either link runtime to your application or manually preload it with LD_PRELOAD.
FAIL: g++.dg/asan/large-func-test-1.C  -Os  output pattern test, is ==29198==ASan runtime does not come first in initial library list; you should either link runtime to your application or manually preload it with LD_PRELOAD.
FAIL: g++.dg/asan/large-func-test-1.C  -O2 -flto -fno-use-linker-plugin -flto-partition=none  (test for excess errors)
FAIL: g++.dg/asan/large-func-test-1.C  -O2 -flto -fno-use-linker-plugin -flto-partition=none  output pattern test, is ==29659==ASan runtime does not come first in initial library list; you should either link runtime to your application or manually preload it with LD_PRELOAD.
FAIL: g++.dg/asan/large-func-test-1.C  -O2 -flto -fuse-linker-plugin -fno-fat-lto-objects  output pattern test, is ==29902==ASan runtime does not come first in initial library list; you should either link runtime to your application or manually preload it with LD_PRELOAD.
FAIL: g++.dg/asan/pr55617.C  -O0  execution test
FAIL: g++.dg/asan/pr55617.C  -O1  execution test
FAIL: g++.dg/asan/pr55617.C  -O2  execution test
FAIL: g++.dg/asan/pr55617.C  -O3 -fomit-frame-pointer  execution test
FAIL: g++.dg/asan/pr55617.C  -O3 -g  execution test
FAIL: g++.dg/asan/pr55617.C  -Os  execution test
FAIL: g++.dg/asan/pr55617.C  -O2 -flto -fno-use-linker-plugin -flto-partition=none  (test for excess errors)
FAIL: g++.dg/asan/pr55617.C  -O2 -flto -fno-use-linker-plugin -flto-partition=none  execution test
FAIL: g++.dg/asan/pr55617.C  -O2 -flto -fuse-linker-plugin -fno-fat-lto-objects  (test for excess errors)
FAIL: g++.dg/asan/pr55617.C  -O2 -flto -fuse-linker-plugin -fno-fat-lto-objects  execution test
FAIL: tmpdir-g++.dg-struct-layout-1/t003 cp_compat_x_tst.o compile
FAIL: tmpdir-g++.dg-struct-layout-1/t003 cp_compat_y_tst.o compile
FAIL: tmpdir-g++.dg-struct-layout-1/t006 cp_compat_x_tst.o compile
FAIL: tmpdir-g++.dg-struct-layout-1/t006 cp_compat_y_tst.o compile
FAIL: tmpdir-g++.dg-struct-layout-1/t007 cp_compat_x_tst.o compile
FAIL: tmpdir-g++.dg-struct-layout-1/t007 cp_compat_y_tst.o compile
FAIL: tmpdir-g++.dg-struct-layout-1/t009 cp_compat_x_tst.o compile
FAIL: tmpdir-g++.dg-struct-layout-1/t009 cp_compat_y_tst.o compile
FAIL: tmpdir-g++.dg-struct-layout-1/t011 cp_compat_x_tst.o compile
FAIL: tmpdir-g++.dg-struct-layout-1/t011 cp_compat_y_tst.o compile
FAIL: tmpdir-g++.dg-struct-layout-1/t015 cp_compat_x_tst.o compile
FAIL: tmpdir-g++.dg-struct-layout-1/t015 cp_compat_y_tst.o compile
FAIL: tmpdir-g++.dg-struct-layout-1/t016 cp_compat_x_tst.o compile
FAIL: tmpdir-g++.dg-struct-layout-1/t016 cp_compat_y_tst.o compile
FAIL: tmpdir-g++.dg-struct-layout-1/t018 cp_compat_x_tst.o compile
FAIL: tmpdir-g++.dg-struct-layout-1/t018 cp_compat_y_tst.o compile
FAIL: tmpdir-g++.dg-struct-layout-1/t019 cp_compat_x_tst.o compile
FAIL: tmpdir-g++.dg-struct-layout-1/t019 cp_compat_y_tst.o compile
FAIL: tmpdir-g++.dg-struct-layout-1/t020 cp_compat_x_tst.o compile
FAIL: tmpdir-g++.dg-struct-layout-1/t020 cp_compat_y_tst.o compile
FAIL: tmpdir-g++.dg-struct-layout-1/t021 cp_compat_x_tst.o compile
FAIL: tmpdir-g++.dg-struct-layout-1/t021 cp_compat_y_tst.o compile
FAIL: tmpdir-g++.dg-struct-layout-1/t023 cp_compat_x_tst.o compile
FAIL: tmpdir-g++.dg-struct-layout-1/t023 cp_compat_y_tst.o compile
FAIL: tmpdir-g++.dg-struct-layout-1/t024 cp_compat_x_tst.o compile
FAIL: tmpdir-g++.dg-struct-layout-1/t024 cp_compat_y_tst.o compile
FAIL: tmpdir-g++.dg-struct-layout-1/t025 cp_compat_x_tst.o compile
FAIL: tmpdir-g++.dg-struct-layout-1/t025 cp_compat_y_tst.o compile
FAIL: tmpdir-g++.dg-struct-layout-1/t026 cp_compat_x_tst.o compile
FAIL: tmpdir-g++.dg-struct-layout-1/t026 cp_compat_y_tst.o compile
FAIL: tmpdir-g++.dg-struct-layout-1/t027 cp_compat_x_tst.o compile
FAIL: tmpdir-g++.dg-struct-layout-1/t027 cp_compat_y_tst.o compile
FAIL: tmpdir-g++.dg-struct-layout-1/t029 cp_compat_x_tst.o compile
FAIL: tmpdir-g++.dg-struct-layout-1/t029 cp_compat_y_tst.o compile
FAIL: tmpdir-g++.dg-struct-layout-1/t030 cp_compat_x_tst.o compile
FAIL: tmpdir-g++.dg-struct-layout-1/t030 cp_compat_y_tst.o compile
FAIL: g++.dg/debug/pr47106.C -gdwarf-2 -g1 (test for excess errors)
FAIL: g++.dg/debug/pr47106.C -gdwarf-2 -g1 -O2 (test for excess errors)
FAIL: g++.dg/debug/pr47106.C -gdwarf-2 -g1 -O3 (test for excess errors)
FAIL: g++.dg/debug/pr47106.C -gdwarf-2 (test for excess errors)
FAIL: g++.dg/debug/pr47106.C -gdwarf-2 -O2 (test for excess errors)
FAIL: g++.dg/debug/pr47106.C -gdwarf-2 -O3 (test for excess errors)
FAIL: g++.dg/debug/pr47106.C -gdwarf-2 -g3 (test for excess errors)
FAIL: g++.dg/debug/pr47106.C -gdwarf-2 -g3 -O2 (test for excess errors)
FAIL: g++.dg/debug/pr47106.C -gdwarf-2 -g3 -O3 (test for excess errors)
FAIL: g++.dg/20090107-1.C -std=gnu++98 (test for excess errors)
FAIL: g++.dg/20090107-1.C -std=gnu++11 (test for excess errors)
FAIL: g++.dg/20090107-1.C -std=gnu++1y (test for excess errors)
FAIL: g++.dg/20090121-1.C -std=gnu++98 (test for excess errors)
FAIL: g++.dg/20090121-1.C -std=gnu++11 (test for excess errors)
FAIL: g++.dg/20090121-1.C -std=gnu++1y (test for excess errors)
FAIL: g++.dg/rtti/repo1.C -std=gnu++98 (test for excess errors)
FAIL: g++.dg/rtti/repo1.C -std=gnu++11 (test for excess errors)
FAIL: g++.dg/rtti/repo1.C -std=gnu++1y (test for excess errors)
FAIL: g++.dg/template/repo1.C -std=gnu++98 (test for excess errors)
FAIL: g++.dg/template/repo1.C -std=gnu++11 (test for excess errors)
FAIL: g++.dg/template/repo1.C -std=gnu++1y (test for excess errors)
FAIL: g++.dg/template/repo10.C -std=gnu++98 (test for excess errors)
FAIL: g++.dg/template/repo10.C -std=gnu++11 (test for excess errors)
FAIL: g++.dg/template/repo10.C -std=gnu++1y (test for excess errors)
FAIL: g++.dg/template/repo3.C -std=gnu++98 (test for excess errors)
FAIL: g++.dg/template/repo3.C -std=gnu++11 (test for excess errors)
FAIL: g++.dg/template/repo3.C -std=gnu++1y (test for excess errors)
FAIL: g++.dg/template/repo6.C -std=gnu++98 (test for excess errors)
FAIL: g++.dg/template/repo6.C -std=gnu++11 (test for excess errors)
FAIL: g++.dg/template/repo6.C -std=gnu++1y (test for excess errors)
FAIL: g++.dg/template/repo8.C -std=gnu++98 (test for excess errors)
FAIL: g++.dg/template/repo8.C -std=gnu++11 (test for excess errors)
FAIL: g++.dg/template/repo8.C -std=gnu++1y (test for excess errors)
FAIL: g++.dg/template/repo9.C -std=gnu++98 (test for excess errors)
FAIL: g++.dg/template/repo9.C -std=gnu++11 (test for excess errors)
FAIL: g++.dg/template/repo9.C -std=gnu++1y (test for excess errors)
FAIL: g++.dg/guality/pr55665.C  -O2  line 23 p == 40
FAIL: g++.dg/guality/pr55665.C  -O3 -fomit-frame-pointer  line 23 p == 40
FAIL: g++.dg/guality/pr55665.C  -O3 -g  line 23 p == 40
FAIL: g++.dg/guality/pr55665.C  -O2 -flto -fno-use-linker-plugin -flto-partition=none  (test for excess errors)
FAIL: c-c++-common/guality/pr43141.c  -O2 -flto -fno-use-linker-plugin -flto-partition=none  (test for excess errors)
FAIL: c-c++-common/guality/pr43141.c  -O2 -flto -fuse-linker-plugin -fno-fat-lto-objects  (test for excess errors)
FAIL: g++.dg/lto/pr48508-1 cp_lto_pr48508-1_1.o assemble,  -g -O2 -flto -flto-partition=none 
FAIL: g++.dg/plugin/attribute_plugin.c compilation
FAIL: g++.dg/plugin/pragma_plugin.c compilation
FAIL: g++.dg/plugin/selfassign.c compilation
FAIL: g++.dg/plugin/dumb_plugin.c compilation
FAIL: g++.dg/plugin/header_plugin.c compilation
FAIL: g++.dg/plugin/decl_plugin.c compilation
FAIL: g++.dg/torture/pr34850.C  -O2 -flto -fno-use-linker-plugin -flto-partition=none  (test for excess errors)
FAIL: g++.dg/torture/pr34850.C  -O2 -flto -fuse-linker-plugin -fno-fat-lto-objects  (test for excess errors)
FAIL: g++.dg/torture/pr41273.C  -O2 -flto -fno-use-linker-plugin -flto-partition=none  (test for excess errors)
FAIL: g++.dg/torture/pr46111.C  -O2 -flto -fno-use-linker-plugin -flto-partition=none  (test for excess errors)
FAIL: g++.dg/torture/pr46111.C  -O2 -flto -fuse-linker-plugin -fno-fat-lto-objects  (test for excess errors)
FAIL: g++.dg/torture/pr49615.C  -O2 -flto -fno-use-linker-plugin -flto-partition=none  (test for excess errors)
FAIL: g++.dg/torture/pr49615.C  -O2 -flto -fuse-linker-plugin -fno-fat-lto-objects  (test for excess errors)
FAIL: g++.dg/torture/pr53085.C  -O2 -flto -fno-use-linker-plugin -flto-partition=none  (test for excess errors)
FAIL: g++.dg/torture/pr53752.C  -O2 -flto -fno-use-linker-plugin -flto-partition=none  (test for excess errors)
FAIL: g++.dg/torture/pr53752.C  -O2 -flto -fuse-linker-plugin -fno-fat-lto-objects  (test for excess errors)
FAIL: g++.dg/torture/pr56398.C  -O2 -flto -fno-use-linker-plugin -flto-partition=none  (test for excess errors)
FAIL: g++.dg/torture/pr58552.C  -O2 -flto -fno-use-linker-plugin -flto-partition=none  (test for excess errors)
FAIL: g++.dg/torture/pr58552.C  -O2 -flto -fuse-linker-plugin -fno-fat-lto-objects  (test for excess errors)
FAIL: c-c++-common/ubsan/overflow-mul-3.c  -O2 -flto -fno-use-linker-plugin -flto-partition=none  (test for excess errors)
FAIL: c-c++-common/ubsan/overflow-mul-3.c  -O2 -flto -fuse-linker-plugin -fno-fat-lto-objects  (test for excess errors)
FAIL: c-c++-common/ubsan/overflow-mul-4.c  -O2 -flto -fno-use-linker-plugin -flto-partition=none  (test for excess errors)
FAIL: c-c++-common/ubsan/overflow-mul-4.c  -O2 -flto -fuse-linker-plugin -fno-fat-lto-objects  (test for excess errors)
FAIL: g++.old-deja/g++.pt/instantiate4.C -std=gnu++98 (test for excess errors)
FAIL: g++.old-deja/g++.pt/instantiate4.C -std=gnu++11 (test for excess errors)
FAIL: g++.old-deja/g++.pt/instantiate4.C -std=gnu++1y (test for excess errors)
FAIL: g++.old-deja/g++.pt/instantiate6.C -std=gnu++98 (test for excess errors)
FAIL: g++.old-deja/g++.pt/instantiate6.C -std=gnu++11 (test for excess errors)
FAIL: g++.old-deja/g++.pt/instantiate6.C -std=gnu++1y (test for excess errors)
FAIL: g++.old-deja/g++.pt/repo1.C -std=gnu++98 (test for excess errors)
FAIL: g++.old-deja/g++.pt/repo1.C -std=gnu++11 (test for excess errors)
FAIL: g++.old-deja/g++.pt/repo1.C -std=gnu++1y (test for excess errors)
FAIL: g++.old-deja/g++.pt/repo2.C -std=gnu++98 (test for excess errors)
FAIL: g++.old-deja/g++.pt/repo2.C -std=gnu++11 (test for excess errors)
FAIL: g++.old-deja/g++.pt/repo2.C -std=gnu++1y (test for excess errors)
FAIL: g++.old-deja/g++.pt/repo3.C -std=gnu++98 (test for excess errors)
FAIL: g++.old-deja/g++.pt/repo3.C -std=gnu++11 (test for excess errors)
FAIL: g++.old-deja/g++.pt/repo3.C -std=gnu++1y (test for excess errors)
FAIL: g++.old-deja/g++.pt/repo4.C -std=gnu++98 (test for excess errors)
FAIL: g++.old-deja/g++.pt/repo4.C -std=gnu++11 (test for excess errors)
FAIL: g++.old-deja/g++.pt/repo4.C -std=gnu++1y (test for excess errors)

		=== g++ Summary ===

# of expected passes		84817
# of unexpected failures	342
# of expected failures		440
# of unsupported tests		3075
/scratch/toon/bd9979/gcc/testsuite/g++/../../xg++  version 4.10.0 20140604 (experimental) (GCC) 

		=== objc tests ===


Running target unix

		=== objc Summary ===

# of expected passes		3004
# of expected failures		6
# of unsupported tests		74
/scratch/toon/bd9979/gcc/xgcc  version 4.10.0 20140604 (experimental) (GCC) 

		=== boehm-gc tests ===


Running target unix

		=== boehm-gc Summary ===

# of expected passes		12
# of unsupported tests		1
		=== libatomic tests ===


Running target unix

		=== libatomic Summary ===

# of expected passes		54
		=== libffi tests ===


Running target unix

		=== libffi Summary ===

# of expected passes		1819
# of unsupported tests		55
		=== libgomp tests ===


Running target unix
FAIL: libgomp.fortran/allocatable1.f90  -O3 -fomit-frame-pointer -funroll-loops  (test for excess errors)
FAIL: libgomp.fortran/allocatable1.f90  -O3 -fomit-frame-pointer -funroll-all-loops -finline-functions  (test for excess errors)
FAIL: libgomp.fortran/allocatable2.f90  -O3 -fomit-frame-pointer -funroll-loops  (test for excess errors)
FAIL: libgomp.fortran/allocatable2.f90  -O3 -fomit-frame-pointer -funroll-all-loops -finline-functions  (test for excess errors)
FAIL: libgomp.fortran/allocatable4.f90  -O3 -fomit-frame-pointer -funroll-loops  (test for excess errors)
FAIL: libgomp.fortran/allocatable4.f90  -O3 -fomit-frame-pointer -funroll-all-loops -finline-functions  (test for excess errors)
FAIL: libgomp.fortran/allocatable5.f90  -O3 -fomit-frame-pointer -funroll-loops  (test for excess errors)
FAIL: libgomp.fortran/allocatable5.f90  -O3 -fomit-frame-pointer -funroll-all-loops -finline-functions  (test for excess errors)
FAIL: libgomp.fortran/character2.f90  -O3 -fomit-frame-pointer -funroll-loops  (test for excess errors)
FAIL: libgomp.fortran/character2.f90  -O3 -fomit-frame-pointer -funroll-all-loops -finline-functions  (test for excess errors)
FAIL: libgomp.fortran/collapse3.f90  -O3 -fomit-frame-pointer -funroll-loops  (test for excess errors)
FAIL: libgomp.fortran/collapse3.f90  -O3 -fomit-frame-pointer -funroll-all-loops -finline-functions  (test for excess errors)
FAIL: libgomp.fortran/omp_parse4.f90  -O3 -fomit-frame-pointer -funroll-loops  (test for excess errors)
FAIL: libgomp.fortran/omp_parse4.f90  -O3 -fomit-frame-pointer -funroll-all-loops -finline-functions  (test for excess errors)
FAIL: libgomp.fortran/pointer1.f90  -O3 -fomit-frame-pointer -funroll-loops  (test for excess errors)
FAIL: libgomp.fortran/pointer1.f90  -O3 -fomit-frame-pointer -funroll-all-loops -finline-functions  (test for excess errors)
FAIL: libgomp.fortran/pointer2.f90  -O3 -fomit-frame-pointer -funroll-loops  (test for excess errors)
FAIL: libgomp.fortran/pointer2.f90  -O3 -fomit-frame-pointer -funroll-all-loops -finline-functions  (test for excess errors)
FAIL: libgomp.fortran/reduction6.f90  -O3 -fomit-frame-pointer -funroll-loops  (test for excess errors)
FAIL: libgomp.fortran/reduction6.f90  -O3 -fomit-frame-pointer -funroll-all-loops -finline-functions  (test for excess errors)
FAIL: libgomp.fortran/threadprivate2.f90  -O3 -fomit-frame-pointer -funroll-loops  (test for excess errors)
FAIL: libgomp.fortran/threadprivate2.f90  -O3 -fomit-frame-pointer -funroll-all-loops -finline-functions  (test for excess errors)
FAIL: libgomp.fortran/threadprivate3.f90  -O3 -fomit-frame-pointer -funroll-loops  (test for excess errors)
FAIL: libgomp.fortran/threadprivate3.f90  -O3 -fomit-frame-pointer -funroll-all-loops -finline-functions  (test for excess errors)
FAIL: libgomp.fortran/vla7.f90  -O3 -fomit-frame-pointer -funroll-loops  (test for excess errors)
FAIL: libgomp.fortran/vla7.f90  -O3 -fomit-frame-pointer -funroll-all-loops -finline-functions  (test for excess errors)

		=== libgomp Summary ===

# of expected passes		2614
# of unexpected failures	26
# of unsupported tests		17
		=== libitm tests ===


Running target unix

		=== libitm Summary ===

# of expected passes		26
# of expected failures		3
# of unsupported tests		1
		=== libjava tests ===


Running target unix

		=== libjava Summary ===

# of expected passes		2582
# of expected failures		4
		=== libstdc++ tests ===


Running target unix

		=== libstdc++ Summary ===

# of expected passes		9353
# of expected failures		69
# of unsupported tests		537

Compiler version: 4.10.0 20140604 (experimental) (GCC) 
Platform: x86_64-unknown-linux-gnu
configure flags: --prefix=/home/toon/compilers/install --with-gnu-as --with-gnu-ld --with-build-config=bootstrap-ubsan --enable-languages=all --disable-multilib --disable-nls --with-arch=core-avx2 --with-tune=core-avx2


Index Nav: [Date Index] [Subject Index] [Author Index] [Thread Index]
Message Nav: [Date Prev] [Date Next] [Thread Prev] [Thread Next]