This is the mail archive of the gcc-testresults@gcc.gnu.org mailing list for the GCC project.


Index Nav: [Date Index] [Subject Index] [Author Index] [Thread Index]
Message Nav: [Date Prev] [Date Next] [Thread Prev] [Thread Next]
Other format: [Raw text]

Results for 4.10.0 (fortran-dev 20140603) (gfortran) testsuite on x86_64-unknown-cygwin


Native configuration is x86_64-unknown-cygwin

        === gfortran tests ===


Running target unix
FAIL: gfortran.dg/bind_c_array_params_2.f90 -O scan-assembler-times myBindC 1
XPASS: gfortran.dg/default_format_denormal_1.f90  -O0  execution test
XPASS: gfortran.dg/default_format_denormal_1.f90  -O1  execution test
XPASS: gfortran.dg/default_format_denormal_1.f90  -O2  execution test
XPASS: gfortran.dg/default_format_denormal_1.f90 -O3 -fomit-frame-pointer execution test XPASS: gfortran.dg/default_format_denormal_1.f90 -O3 -fomit-frame-pointer -funroll-loops execution test XPASS: gfortran.dg/default_format_denormal_1.f90 -O3 -fomit-frame-pointer -funroll-all-loops -finline-functions execution test
XPASS: gfortran.dg/default_format_denormal_1.f90  -O3 -g  execution test
XPASS: gfortran.dg/default_format_denormal_1.f90  -Os  execution test
FAIL: gfortran.dg/fmt_missing_period_2.f -O3 -fomit-frame-pointer -funroll-loops (test for excess errors)
FAIL: gfortran.dg/fold_nearest.f90  -O3 -g  (test for excess errors)
FAIL: gfortran.dg/include_3.f95  -O  (test for excess errors)
FAIL: gfortran.dg/internal_dummy_2.f08  -O0  execution test
FAIL: gfortran.dg/internal_dummy_2.f08  -O1  execution test
FAIL: gfortran.dg/internal_dummy_2.f08  -O2  execution test
FAIL: gfortran.dg/internal_dummy_2.f08 -O3 -fomit-frame-pointer execution test FAIL: gfortran.dg/internal_dummy_2.f08 -O3 -fomit-frame-pointer -funroll-loops execution test FAIL: gfortran.dg/internal_dummy_2.f08 -O3 -fomit-frame-pointer -funroll-all-loops -finline-functions execution test
FAIL: gfortran.dg/internal_dummy_2.f08  -O3 -g  execution test
FAIL: gfortran.dg/internal_dummy_2.f08  -Os  execution test
FAIL: gfortran.dg/internal_dummy_3.f08  -O0  execution test
FAIL: gfortran.dg/internal_dummy_3.f08  -O1  execution test
FAIL: gfortran.dg/internal_dummy_3.f08  -O2  execution test
FAIL: gfortran.dg/internal_dummy_3.f08 -O3 -fomit-frame-pointer execution test FAIL: gfortran.dg/internal_dummy_3.f08 -O3 -fomit-frame-pointer -funroll-loops execution test FAIL: gfortran.dg/internal_dummy_3.f08 -O3 -fomit-frame-pointer -funroll-all-loops -finline-functions execution test
FAIL: gfortran.dg/internal_dummy_3.f08  -O3 -g  execution test
FAIL: gfortran.dg/internal_dummy_3.f08  -Os  execution test
FAIL: gfortran.dg/round_4.f90  -O0  (test for excess errors)
UNRESOLVED: gfortran.dg/round_4.f90 -O0 compilation failed to produce executable
FAIL: gfortran.dg/round_4.f90  -O1  (test for excess errors)
UNRESOLVED: gfortran.dg/round_4.f90 -O1 compilation failed to produce executable
FAIL: gfortran.dg/round_4.f90  -O2  (test for excess errors)
UNRESOLVED: gfortran.dg/round_4.f90 -O2 compilation failed to produce executable FAIL: gfortran.dg/round_4.f90 -O3 -fomit-frame-pointer (test for excess errors) UNRESOLVED: gfortran.dg/round_4.f90 -O3 -fomit-frame-pointer compilation failed to produce executable FAIL: gfortran.dg/round_4.f90 -O3 -fomit-frame-pointer -funroll-loops (test for excess errors) UNRESOLVED: gfortran.dg/round_4.f90 -O3 -fomit-frame-pointer -funroll-loops compilation failed to produce executable FAIL: gfortran.dg/round_4.f90 -O3 -fomit-frame-pointer -funroll-all-loops -finline-functions (test for excess errors) UNRESOLVED: gfortran.dg/round_4.f90 -O3 -fomit-frame-pointer -funroll-all-loops -finline-functions compilation failed to produce executable
FAIL: gfortran.dg/round_4.f90  -O3 -g  (test for excess errors)
UNRESOLVED: gfortran.dg/round_4.f90 -O3 -g compilation failed to produce executable
FAIL: gfortran.dg/round_4.f90  -Os  (test for excess errors)
UNRESOLVED: gfortran.dg/round_4.f90 -Os compilation failed to produce executable
FAIL: gfortran.dg/structure_constructor_11.f90  -O0  execution test
FAIL: gfortran.dg/structure_constructor_11.f90  -O1  execution test
FAIL: gfortran.dg/structure_constructor_11.f90  -O2  execution test
FAIL: gfortran.dg/structure_constructor_11.f90 -O3 -fomit-frame-pointer execution test FAIL: gfortran.dg/structure_constructor_11.f90 -O3 -fomit-frame-pointer -funroll-loops execution test FAIL: gfortran.dg/structure_constructor_11.f90 -O3 -fomit-frame-pointer -funroll-all-loops -finline-functions execution test
FAIL: gfortran.dg/structure_constructor_11.f90  -O3 -g  execution test
FAIL: gfortran.dg/structure_constructor_11.f90  -Os  execution test
FAIL: gfortran.dg/wextra_1.f  -O   (test for warnings, line 4)
FAIL: gfortran.dg/vect/vect-gems.f90 -O scan-tree-dump-times vect "vectorized 1 loops" 1 FAIL: gfortran.dg/vect/fast-math-vect-8.f90 scan-tree-dump-times vect "vectorized 1 loops" 1

        === gfortran Summary ===

# of expected passes        45456
# of unexpected failures    39
# of unexpected successes    8
# of expected failures        52
# of unresolved testcases    8
# of unsupported tests        275
/cygdrive/c/users/tim/tim/tim/src/gnu/fd/cyg64/gcc/testsuite/gfortran/../../gfortran version 4.10.0 20140516 (experimental) (GCC)


Compiler version: 4.10.0 20140516 (experimental) (GCC) gfortran
Platform: x86_64-unknown-cygwin
configure flags: --prefix=/usr/local/fd --enable-languages='c c++ fortran' --enable-libgomp --enable-threads=posix --disable-__cxa_atexit --with-dwarf2 --without-libiconv-prefix --without-libintl-prefix --with-system-zlib

--
Tim Prince


Index Nav: [Date Index] [Subject Index] [Author Index] [Thread Index]
Message Nav: [Date Prev] [Date Next] [Thread Prev] [Thread Next]