This is the mail archive of the gcc-testresults@gcc.gnu.org mailing list for the GCC project.


Index Nav: [Date Index] [Subject Index] [Author Index] [Thread Index]
Message Nav: [Date Prev] [Date Next] [Thread Prev] [Thread Next]
Other format: [Raw text]

Results for 4.10.0 20140604 (experimental) [trunk revision 211211] (GCC) testsuite on x86_64-unknown-linux-gnu


LAST_UPDATED: Wed Jun  4 05:25:05 UTC 2014 (revision 211211)

Native configuration is x86_64-unknown-linux-gnu

		=== gcc tests ===


Running target unix
FAIL: gcc.dg/pr61077.c parameter (test for warnings, line 6)
XPASS: gcc.dg/guality/example.c  -O0  execution test
XPASS: gcc.dg/guality/example.c  -O1  execution test
XPASS: gcc.dg/guality/example.c  -O2  execution test
XPASS: gcc.dg/guality/example.c  -O2 -flto -fno-use-linker-plugin -flto-partition=none  execution test
XPASS: gcc.dg/guality/guality.c  -O0  execution test
XPASS: gcc.dg/guality/guality.c  -O1  execution test
XPASS: gcc.dg/guality/guality.c  -O2  execution test
XPASS: gcc.dg/guality/guality.c  -O3 -fomit-frame-pointer  execution test
XPASS: gcc.dg/guality/guality.c  -O3 -g  execution test
XPASS: gcc.dg/guality/guality.c  -Os  execution test
XPASS: gcc.dg/guality/guality.c  -O2 -flto -fno-use-linker-plugin -flto-partition=none  execution test
XPASS: gcc.dg/guality/guality.c  -O2 -flto -fuse-linker-plugin -fno-fat-lto-objects  execution test
XPASS: gcc.dg/guality/inline-params.c  -O2  execution test
XPASS: gcc.dg/guality/inline-params.c  -O3 -fomit-frame-pointer  execution test
XPASS: gcc.dg/guality/inline-params.c  -O3 -g  execution test
XPASS: gcc.dg/guality/inline-params.c  -Os  execution test
XPASS: gcc.dg/guality/inline-params.c  -O2 -flto -fno-use-linker-plugin -flto-partition=none  execution test
FAIL: gcc.dg/guality/pr36728-1.c  -O1  line 16 arg7 == 30
FAIL: gcc.dg/guality/pr36728-1.c  -O1  line 18 arg7 == 30
FAIL: gcc.dg/guality/pr36728-1.c  -O2  line 16 arg7 == 30
FAIL: gcc.dg/guality/pr36728-1.c  -O2  line 18 arg7 == 30
FAIL: gcc.dg/guality/pr36728-1.c  -O3 -fomit-frame-pointer  line 16 arg7 == 30
FAIL: gcc.dg/guality/pr36728-1.c  -O3 -fomit-frame-pointer  line 18 arg7 == 30
FAIL: gcc.dg/guality/pr36728-1.c  -O3 -g  line 16 arg7 == 30
FAIL: gcc.dg/guality/pr36728-1.c  -O3 -g  line 18 arg7 == 30
FAIL: gcc.dg/guality/pr36728-1.c  -Os  line 16 arg7 == 30
FAIL: gcc.dg/guality/pr36728-1.c  -Os  line 18 arg7 == 30
FAIL: gcc.dg/guality/pr36728-1.c  -O2 -flto -fno-use-linker-plugin -flto-partition=none  line 16 arg7 == 30
FAIL: gcc.dg/guality/pr36728-1.c  -O2 -flto -fno-use-linker-plugin -flto-partition=none  line 18 arg7 == 30
FAIL: gcc.dg/guality/pr36728-1.c  -O2 -flto -fuse-linker-plugin -fno-fat-lto-objects  line 16 arg7 == 30
FAIL: gcc.dg/guality/pr36728-1.c  -O2 -flto -fuse-linker-plugin -fno-fat-lto-objects  line 18 arg7 == 30
FAIL: gcc.dg/guality/pr36728-3.c  -O1  line 14 arg7 == 30
FAIL: gcc.dg/guality/pr36728-3.c  -O1  line 16 arg7 == 30
FAIL: gcc.dg/guality/pr36728-3.c  -O2  line 14 arg7 == 30
FAIL: gcc.dg/guality/pr36728-3.c  -O2  line 16 arg7 == 30
FAIL: gcc.dg/guality/pr36728-3.c  -O3 -fomit-frame-pointer  line 14 arg7 == 30
FAIL: gcc.dg/guality/pr36728-3.c  -O3 -fomit-frame-pointer  line 16 arg7 == 30
FAIL: gcc.dg/guality/pr36728-3.c  -O3 -g  line 14 arg7 == 30
FAIL: gcc.dg/guality/pr36728-3.c  -O3 -g  line 16 arg7 == 30
FAIL: gcc.dg/guality/pr36728-3.c  -Os  line 14 arg7 == 30
FAIL: gcc.dg/guality/pr36728-3.c  -Os  line 16 arg7 == 30
FAIL: gcc.dg/guality/pr36728-3.c  -O2 -flto -fno-use-linker-plugin -flto-partition=none  line 14 arg7 == 30
FAIL: gcc.dg/guality/pr36728-3.c  -O2 -flto -fno-use-linker-plugin -flto-partition=none  line 16 arg7 == 30
FAIL: gcc.dg/guality/pr36728-3.c  -O2 -flto -fuse-linker-plugin -fno-fat-lto-objects  line 14 arg7 == 30
FAIL: gcc.dg/guality/pr36728-3.c  -O2 -flto -fuse-linker-plugin -fno-fat-lto-objects  line 16 arg7 == 30
XPASS: gcc.dg/guality/pr41353-1.c  -O0  line 28 j == 28 + 37
XPASS: gcc.dg/guality/pr41447-1.c  -O0  execution test
XPASS: gcc.dg/guality/pr41447-1.c  -O1  execution test
XPASS: gcc.dg/guality/pr41447-1.c  -O2  execution test
XPASS: gcc.dg/guality/pr41447-1.c  -O3 -fomit-frame-pointer  execution test
XPASS: gcc.dg/guality/pr41447-1.c  -O3 -g  execution test
XPASS: gcc.dg/guality/pr41447-1.c  -Os  execution test
XPASS: gcc.dg/guality/pr41447-1.c  -O2 -flto -fno-use-linker-plugin -flto-partition=none  execution test
XPASS: gcc.dg/guality/pr41447-1.c  -O2 -flto -fuse-linker-plugin -fno-fat-lto-objects  execution test
XPASS: gcc.dg/guality/pr41616-1.c  -O0  execution test
XPASS: gcc.dg/guality/pr41616-1.c  -O1  execution test
XPASS: gcc.dg/guality/pr41616-1.c  -O2  execution test
XPASS: gcc.dg/guality/pr41616-1.c  -O3 -fomit-frame-pointer  execution test
XPASS: gcc.dg/guality/pr41616-1.c  -O3 -g  execution test
XPASS: gcc.dg/guality/pr41616-1.c  -Os  execution test
XPASS: gcc.dg/guality/pr41616-1.c  -O2 -flto -fno-use-linker-plugin -flto-partition=none  execution test
FAIL: gcc.dg/guality/pr43051-1.c  -O2  line 35 v == 1
FAIL: gcc.dg/guality/pr43051-1.c  -O2  line 36 e == &a[1]
FAIL: gcc.dg/guality/pr43051-1.c  -O2  line 39 c == &a[0]
FAIL: gcc.dg/guality/pr43051-1.c  -O2  line 40 v == 1
FAIL: gcc.dg/guality/pr43051-1.c  -O2  line 41 e == &a[1]
FAIL: gcc.dg/guality/pr43051-1.c  -O3 -fomit-frame-pointer  line 35 v == 1
FAIL: gcc.dg/guality/pr43051-1.c  -O3 -fomit-frame-pointer  line 36 e == &a[1]
FAIL: gcc.dg/guality/pr43051-1.c  -O3 -fomit-frame-pointer  line 39 c == &a[0]
FAIL: gcc.dg/guality/pr43051-1.c  -O3 -fomit-frame-pointer  line 40 v == 1
FAIL: gcc.dg/guality/pr43051-1.c  -O3 -fomit-frame-pointer  line 41 e == &a[1]
FAIL: gcc.dg/guality/pr43051-1.c  -O3 -fomit-frame-pointer -funroll-loops  line 35 v == 1
FAIL: gcc.dg/guality/pr43051-1.c  -O3 -fomit-frame-pointer -funroll-loops  line 36 e == &a[1]
FAIL: gcc.dg/guality/pr43051-1.c  -O3 -fomit-frame-pointer -funroll-loops  line 39 c == &a[0]
FAIL: gcc.dg/guality/pr43051-1.c  -O3 -fomit-frame-pointer -funroll-loops  line 40 v == 1
FAIL: gcc.dg/guality/pr43051-1.c  -O3 -fomit-frame-pointer -funroll-loops  line 41 e == &a[1]
FAIL: gcc.dg/guality/pr43051-1.c  -O3 -fomit-frame-pointer -funroll-all-loops -finline-functions  line 35 v == 1
FAIL: gcc.dg/guality/pr43051-1.c  -O3 -fomit-frame-pointer -funroll-all-loops -finline-functions  line 36 e == &a[1]
FAIL: gcc.dg/guality/pr43051-1.c  -O3 -fomit-frame-pointer -funroll-all-loops -finline-functions  line 39 c == &a[0]
FAIL: gcc.dg/guality/pr43051-1.c  -O3 -fomit-frame-pointer -funroll-all-loops -finline-functions  line 40 v == 1
FAIL: gcc.dg/guality/pr43051-1.c  -O3 -fomit-frame-pointer -funroll-all-loops -finline-functions  line 41 e == &a[1]
FAIL: gcc.dg/guality/pr43051-1.c  -O3 -g  line 35 v == 1
FAIL: gcc.dg/guality/pr43051-1.c  -O3 -g  line 36 e == &a[1]
FAIL: gcc.dg/guality/pr43051-1.c  -O3 -g  line 39 c == &a[0]
FAIL: gcc.dg/guality/pr43051-1.c  -O3 -g  line 40 v == 1
FAIL: gcc.dg/guality/pr43051-1.c  -O3 -g  line 41 e == &a[1]
FAIL: gcc.dg/guality/pr43051-1.c  -Os  line 35 v == 1
FAIL: gcc.dg/guality/pr43051-1.c  -Os  line 36 e == &a[1]
FAIL: gcc.dg/guality/pr43051-1.c  -Os  line 39 c == &a[0]
FAIL: gcc.dg/guality/pr43051-1.c  -Os  line 40 v == 1
FAIL: gcc.dg/guality/pr43051-1.c  -Os  line 41 e == &a[1]
FAIL: gcc.dg/guality/pr43051-1.c  -O2 -flto -fno-use-linker-plugin -flto-partition=none  line 35 v == 1
FAIL: gcc.dg/guality/pr43051-1.c  -O2 -flto -fno-use-linker-plugin -flto-partition=none  line 36 e == &a[1]
FAIL: gcc.dg/guality/pr43051-1.c  -O2 -flto -fno-use-linker-plugin -flto-partition=none  line 39 c == &a[0]
FAIL: gcc.dg/guality/pr43051-1.c  -O2 -flto -fno-use-linker-plugin -flto-partition=none  line 40 v == 1
FAIL: gcc.dg/guality/pr43051-1.c  -O2 -flto -fno-use-linker-plugin -flto-partition=none  line 41 e == &a[1]
FAIL: gcc.dg/guality/pr43051-1.c  -O2 -flto -fuse-linker-plugin -fno-fat-lto-objects  line 35 v == 1
FAIL: gcc.dg/guality/pr43051-1.c  -O2 -flto -fuse-linker-plugin -fno-fat-lto-objects  line 36 e == &a[1]
FAIL: gcc.dg/guality/pr43051-1.c  -O2 -flto -fuse-linker-plugin -fno-fat-lto-objects  line 39 c == &a[0]
FAIL: gcc.dg/guality/pr43051-1.c  -O2 -flto -fuse-linker-plugin -fno-fat-lto-objects  line 40 v == 1
FAIL: gcc.dg/guality/pr43051-1.c  -O2 -flto -fuse-linker-plugin -fno-fat-lto-objects  line 41 e == &a[1]
FAIL: gcc.dg/guality/pr43177.c  -O2  line 15 l == 10
FAIL: gcc.dg/guality/pr43177.c  -O2  line 15 x == 7
FAIL: gcc.dg/guality/pr43177.c  -O2  line 24 l == 10
FAIL: gcc.dg/guality/pr43177.c  -O2  line 24 x == 7
FAIL: gcc.dg/guality/pr43177.c  -O3 -fomit-frame-pointer  line 15 l == 10
FAIL: gcc.dg/guality/pr43177.c  -O3 -fomit-frame-pointer  line 15 x == 7
FAIL: gcc.dg/guality/pr43177.c  -O3 -fomit-frame-pointer  line 24 l == 10
FAIL: gcc.dg/guality/pr43177.c  -O3 -fomit-frame-pointer  line 24 x == 7
FAIL: gcc.dg/guality/pr43177.c  -O3 -g  line 15 l == 10
FAIL: gcc.dg/guality/pr43177.c  -O3 -g  line 15 x == 7
FAIL: gcc.dg/guality/pr43177.c  -O3 -g  line 24 l == 10
FAIL: gcc.dg/guality/pr43177.c  -O3 -g  line 24 x == 7
FAIL: gcc.dg/guality/pr43177.c  -Os  line 15 l == 10
FAIL: gcc.dg/guality/pr43177.c  -Os  line 15 x == 7
FAIL: gcc.dg/guality/pr43177.c  -Os  line 24 l == 10
FAIL: gcc.dg/guality/pr43177.c  -Os  line 24 x == 7
FAIL: gcc.dg/guality/pr43177.c  -O2 -flto -fno-use-linker-plugin -flto-partition=none  line 15 l == 10
FAIL: gcc.dg/guality/pr43177.c  -O2 -flto -fno-use-linker-plugin -flto-partition=none  line 15 x == 7
FAIL: gcc.dg/guality/pr43177.c  -O2 -flto -fno-use-linker-plugin -flto-partition=none  line 24 l == 10
FAIL: gcc.dg/guality/pr43177.c  -O2 -flto -fno-use-linker-plugin -flto-partition=none  line 24 x == 7
FAIL: gcc.dg/guality/pr43177.c  -O2 -flto -fuse-linker-plugin -fno-fat-lto-objects  line 15 l == 10
FAIL: gcc.dg/guality/pr43177.c  -O2 -flto -fuse-linker-plugin -fno-fat-lto-objects  line 15 x == 7
FAIL: gcc.dg/guality/pr43177.c  -O2 -flto -fuse-linker-plugin -fno-fat-lto-objects  line 24 l == 10
FAIL: gcc.dg/guality/pr43177.c  -O2 -flto -fuse-linker-plugin -fno-fat-lto-objects  line 24 x == 7
FAIL: gcc.dg/guality/pr43479.c  -O1  line 13 h == 9
FAIL: gcc.dg/guality/pr43479.c  -O1  line 18 h == 9
FAIL: gcc.dg/guality/pr43479.c  -O2  line 13 h == 9
FAIL: gcc.dg/guality/pr43479.c  -O2  line 18 h == 9
FAIL: gcc.dg/guality/pr43479.c  -O3 -fomit-frame-pointer  line 13 h == 9
FAIL: gcc.dg/guality/pr43479.c  -O3 -fomit-frame-pointer  line 18 h == 9
FAIL: gcc.dg/guality/pr43479.c  -O3 -g  line 13 h == 9
FAIL: gcc.dg/guality/pr43479.c  -O3 -g  line 18 h == 9
FAIL: gcc.dg/guality/pr43479.c  -Os  line 13 h == 9
FAIL: gcc.dg/guality/pr43479.c  -Os  line 18 h == 9
FAIL: gcc.dg/guality/pr43479.c  -O2 -flto -fno-use-linker-plugin -flto-partition=none  line 13 h == 9
FAIL: gcc.dg/guality/pr43479.c  -O2 -flto -fno-use-linker-plugin -flto-partition=none  line 18 h == 9
FAIL: gcc.dg/guality/pr43479.c  -O2 -flto -fuse-linker-plugin -fno-fat-lto-objects  line 13 h == 9
FAIL: gcc.dg/guality/pr43479.c  -O2 -flto -fuse-linker-plugin -fno-fat-lto-objects  line 18 h == 9
FAIL: gcc.dg/guality/pr45882.c  -O2 -flto -fuse-linker-plugin -fno-fat-lto-objects  line 16 d == 112
FAIL: gcc.dg/guality/pr45882.c  -O2 -flto -fuse-linker-plugin -fno-fat-lto-objects  line 16 e == 142
FAIL: gcc.dg/guality/pr48437.c  -O2 -flto -fno-use-linker-plugin -flto-partition=none  line 14 i == 0
FAIL: gcc.dg/guality/pr48437.c  -O2 -flto -fuse-linker-plugin -fno-fat-lto-objects  line 14 i == 0
FAIL: gcc.dg/guality/pr54200.c  -Os  line 20 z == 3
FAIL: gcc.dg/guality/pr54519-1.c  -O2 -flto -fno-use-linker-plugin -flto-partition=none  line 20 y == 25
FAIL: gcc.dg/guality/pr54519-1.c  -O2 -flto -fno-use-linker-plugin -flto-partition=none  line 20 z == 6
FAIL: gcc.dg/guality/pr54519-1.c  -O2 -flto -fno-use-linker-plugin -flto-partition=none  line 23 y == 117
FAIL: gcc.dg/guality/pr54519-1.c  -O2 -flto -fno-use-linker-plugin -flto-partition=none  line 23 z == 8
FAIL: gcc.dg/guality/pr54519-2.c  -O2 -flto -fno-use-linker-plugin -flto-partition=none  line 17 y == 25
FAIL: gcc.dg/guality/pr54519-2.c  -O2 -flto -fuse-linker-plugin -fno-fat-lto-objects  line 17 y == 25
FAIL: gcc.dg/guality/pr54519-3.c  -O2 -flto -fno-use-linker-plugin -flto-partition=none  line 20 y == 25
FAIL: gcc.dg/guality/pr54519-3.c  -O2 -flto -fno-use-linker-plugin -flto-partition=none  line 20 z == 6
FAIL: gcc.dg/guality/pr54519-3.c  -O2 -flto -fno-use-linker-plugin -flto-partition=none  line 23 y == 117
FAIL: gcc.dg/guality/pr54519-3.c  -O2 -flto -fno-use-linker-plugin -flto-partition=none  line 23 z == 8
FAIL: gcc.dg/guality/pr54519-3.c  -O2 -flto -fuse-linker-plugin -fno-fat-lto-objects  line 20 x == 36
FAIL: gcc.dg/guality/pr54519-3.c  -O2 -flto -fuse-linker-plugin -fno-fat-lto-objects  line 20 y == 25
FAIL: gcc.dg/guality/pr54519-3.c  -O2 -flto -fuse-linker-plugin -fno-fat-lto-objects  line 20 z == 6
FAIL: gcc.dg/guality/pr54519-3.c  -O2 -flto -fuse-linker-plugin -fno-fat-lto-objects  line 23 x == 98
FAIL: gcc.dg/guality/pr54519-3.c  -O2 -flto -fuse-linker-plugin -fno-fat-lto-objects  line 23 y == 117
FAIL: gcc.dg/guality/pr54519-3.c  -O2 -flto -fuse-linker-plugin -fno-fat-lto-objects  line 23 z == 8
FAIL: gcc.dg/guality/pr54519-4.c  -O2 -flto -fno-use-linker-plugin -flto-partition=none  line 17 y == 25
FAIL: gcc.dg/guality/pr54519-4.c  -O2 -flto -fuse-linker-plugin -fno-fat-lto-objects  line 17 x == 6
FAIL: gcc.dg/guality/pr54519-4.c  -O2 -flto -fuse-linker-plugin -fno-fat-lto-objects  line 17 y == 25
FAIL: gcc.dg/guality/pr54519-5.c  -O2 -flto -fno-use-linker-plugin -flto-partition=none  line 17 y == 25
FAIL: gcc.dg/guality/pr54519-5.c  -O2 -flto -fuse-linker-plugin -fno-fat-lto-objects  line 17 y == 25
FAIL: gcc.dg/guality/pr54693-2.c  -O3 -fomit-frame-pointer -funroll-loops  line 21 i == v + 1
FAIL: gcc.dg/guality/pr54693-2.c  -O3 -fomit-frame-pointer -funroll-all-loops -finline-functions  line 21 i == v + 1
FAIL: gcc.dg/guality/pr54693-2.c  -Os  line 21 x == 10 - i
FAIL: gcc.dg/guality/pr54693-2.c  -Os  line 21 y == 20 - 2 * i
FAIL: gcc.dg/guality/sra-1.c  -O2  line 21 a.i == 4
FAIL: gcc.dg/guality/sra-1.c  -O2  line 21 a.j == 14
FAIL: gcc.dg/guality/sra-1.c  -O2  line 43 a.i == 4
FAIL: gcc.dg/guality/sra-1.c  -O2  line 43 a.j == 14
FAIL: gcc.dg/guality/sra-1.c  -O3 -fomit-frame-pointer  line 21 a.i == 4
FAIL: gcc.dg/guality/sra-1.c  -O3 -fomit-frame-pointer  line 21 a.j == 14
FAIL: gcc.dg/guality/sra-1.c  -O3 -fomit-frame-pointer  line 43 a.i == 4
FAIL: gcc.dg/guality/sra-1.c  -O3 -fomit-frame-pointer  line 43 a.j == 14
FAIL: gcc.dg/guality/sra-1.c  -O3 -g  line 21 a.i == 4
FAIL: gcc.dg/guality/sra-1.c  -O3 -g  line 21 a.j == 14
FAIL: gcc.dg/guality/sra-1.c  -O3 -g  line 43 a.i == 4
FAIL: gcc.dg/guality/sra-1.c  -O3 -g  line 43 a.j == 14
FAIL: gcc.dg/guality/sra-1.c  -Os  line 21 a.i == 4
FAIL: gcc.dg/guality/sra-1.c  -Os  line 21 a.j == 14
FAIL: gcc.dg/guality/sra-1.c  -Os  line 43 a.i == 4
FAIL: gcc.dg/guality/sra-1.c  -Os  line 43 a.j == 14
FAIL: gcc.dg/guality/sra-1.c  -O2 -flto -fno-use-linker-plugin -flto-partition=none  line 21 a.i == 4
FAIL: gcc.dg/guality/sra-1.c  -O2 -flto -fno-use-linker-plugin -flto-partition=none  line 21 a.j == 14
FAIL: gcc.dg/guality/sra-1.c  -O2 -flto -fno-use-linker-plugin -flto-partition=none  line 43 a.i == 4
FAIL: gcc.dg/guality/sra-1.c  -O2 -flto -fno-use-linker-plugin -flto-partition=none  line 43 a.j == 14
FAIL: gcc.dg/guality/sra-1.c  -O2 -flto -fuse-linker-plugin -fno-fat-lto-objects  line 21 a.i == 4
FAIL: gcc.dg/guality/sra-1.c  -O2 -flto -fuse-linker-plugin -fno-fat-lto-objects  line 21 a.j == 14
FAIL: gcc.dg/guality/sra-1.c  -O2 -flto -fuse-linker-plugin -fno-fat-lto-objects  line 43 a.i == 4
FAIL: gcc.dg/guality/sra-1.c  -O2 -flto -fuse-linker-plugin -fno-fat-lto-objects  line 43 a.j == 14
FAIL: gcc.dg/guality/vla-2.c  -O2  line 25 sizeof (a) == 6 * sizeof (int)
FAIL: gcc.dg/guality/vla-2.c  -O3 -fomit-frame-pointer  line 25 sizeof (a) == 6 * sizeof (int)
FAIL: gcc.dg/guality/vla-2.c  -O3 -g  line 25 sizeof (a) == 6 * sizeof (int)
FAIL: gcc.dg/guality/vla-2.c  -Os  line 25 sizeof (a) == 6 * sizeof (int)
FAIL: gcc.dg/guality/vla-2.c  -O2 -flto -fno-use-linker-plugin -flto-partition=none  line 25 sizeof (a) == 6 * sizeof (int)
FAIL: gcc.dg/guality/vla-2.c  -O2 -flto -fuse-linker-plugin -fno-fat-lto-objects  line 25 sizeof (a) == 6 * sizeof (int)
FAIL: gcc.dg/tree-ssa/cunroll-10.c scan-tree-dump-times cunroll "Forced statement unreachable" 2
FAIL: gcc.dg/vect/vect-cselim-2.c scan-tree-dump-times vect "vectorized 1 loops" 0
FAIL: gcc.dg/vect/bb-slp-pattern-1.c scan-tree-dump-times slp "vect_recog_widen_mult_pattern: detected" 8
FAIL: gcc.dg/vect/bb-slp-pattern-1.c scan-tree-dump-times slp "pattern recognized" 8
FAIL: gcc.dg/vect/vect-cselim-2.c -flto -ffat-lto-objects  scan-tree-dump-times vect "vectorized 1 loops" 0
FAIL: gcc.dg/vect/bb-slp-pattern-1.c -flto -ffat-lto-objects  scan-tree-dump-times slp "vect_recog_widen_mult_pattern: detected" 8
FAIL: gcc.dg/vect/bb-slp-pattern-1.c -flto -ffat-lto-objects  scan-tree-dump-times slp "pattern recognized" 8
FAIL: gcc.dg/vect/no-tree-sra-bb-slp-pr50730.c scan-tree-dump-times slp "not vectorized: more than one data ref in stmt" 0

		=== gcc Summary for unix ===

# of expected passes		52570
# of unexpected failures	174
# of unexpected successes	33
# of expected failures		219
# of unsupported tests		623

Running target unix/-m32
FAIL: gcc.dg/builtin-bswap-8.c scan-rtl-dump-not combine "bswapsi"
FAIL: gcc.dg/pr61077.c parameter (test for warnings, line 6)
XPASS: gcc.dg/guality/example.c  -O0  execution test
XPASS: gcc.dg/guality/example.c  -O1  execution test
XPASS: gcc.dg/guality/guality.c  -O0  execution test
XPASS: gcc.dg/guality/guality.c  -O1  execution test
XPASS: gcc.dg/guality/guality.c  -O2  execution test
XPASS: gcc.dg/guality/guality.c  -O3 -fomit-frame-pointer  execution test
XPASS: gcc.dg/guality/guality.c  -O3 -g  execution test
XPASS: gcc.dg/guality/guality.c  -Os  execution test
XPASS: gcc.dg/guality/guality.c  -O2 -flto -fno-use-linker-plugin -flto-partition=none  execution test
XPASS: gcc.dg/guality/guality.c  -O2 -flto -fuse-linker-plugin -fno-fat-lto-objects  execution test
XPASS: gcc.dg/guality/inline-params.c  -O2  execution test
XPASS: gcc.dg/guality/inline-params.c  -O3 -fomit-frame-pointer  execution test
XPASS: gcc.dg/guality/inline-params.c  -O3 -g  execution test
XPASS: gcc.dg/guality/inline-params.c  -Os  execution test
XPASS: gcc.dg/guality/inline-params.c  -O2 -flto -fno-use-linker-plugin -flto-partition=none  execution test
XPASS: gcc.dg/guality/pr41353-1.c  -O0  line 28 j == 28 + 37
XPASS: gcc.dg/guality/pr41353-1.c  -Os  line 28 j == 28 + 37
XPASS: gcc.dg/guality/pr41447-1.c  -O0  execution test
XPASS: gcc.dg/guality/pr41447-1.c  -O1  execution test
XPASS: gcc.dg/guality/pr41447-1.c  -Os  execution test
XPASS: gcc.dg/guality/pr41447-1.c  -O2 -flto -fuse-linker-plugin -fno-fat-lto-objects  execution test
XPASS: gcc.dg/guality/pr41616-1.c  -O0  execution test
XPASS: gcc.dg/guality/pr41616-1.c  -O1  execution test
XPASS: gcc.dg/guality/pr41616-1.c  -O2  execution test
XPASS: gcc.dg/guality/pr41616-1.c  -O3 -fomit-frame-pointer  execution test
XPASS: gcc.dg/guality/pr41616-1.c  -O3 -g  execution test
XPASS: gcc.dg/guality/pr41616-1.c  -Os  execution test
XPASS: gcc.dg/guality/pr41616-1.c  -O2 -flto -fno-use-linker-plugin -flto-partition=none  execution test
FAIL: gcc.dg/guality/pr43177.c  -O2 -flto -fuse-linker-plugin -fno-fat-lto-objects  line 15 l == 10
FAIL: gcc.dg/guality/pr43177.c  -O2 -flto -fuse-linker-plugin -fno-fat-lto-objects  line 15 x == 7
FAIL: gcc.dg/guality/pr43177.c  -O2 -flto -fuse-linker-plugin -fno-fat-lto-objects  line 24 l == 10
FAIL: gcc.dg/guality/pr43177.c  -O2 -flto -fuse-linker-plugin -fno-fat-lto-objects  line 24 x == 7
FAIL: gcc.dg/guality/pr43479.c  -O1  line 13 h == 9
FAIL: gcc.dg/guality/pr43479.c  -O1  line 18 h == 9
FAIL: gcc.dg/guality/pr43479.c  -O2  line 13 h == 9
FAIL: gcc.dg/guality/pr43479.c  -O2  line 18 h == 9
FAIL: gcc.dg/guality/pr43479.c  -O3 -fomit-frame-pointer  line 13 h == 9
FAIL: gcc.dg/guality/pr43479.c  -O3 -fomit-frame-pointer  line 18 h == 9
FAIL: gcc.dg/guality/pr43479.c  -O3 -g  line 13 h == 9
FAIL: gcc.dg/guality/pr43479.c  -O3 -g  line 18 h == 9
FAIL: gcc.dg/guality/pr43479.c  -Os  line 13 h == 9
FAIL: gcc.dg/guality/pr43479.c  -Os  line 18 h == 9
FAIL: gcc.dg/guality/pr43479.c  -O2 -flto -fno-use-linker-plugin -flto-partition=none  line 13 h == 9
FAIL: gcc.dg/guality/pr43479.c  -O2 -flto -fno-use-linker-plugin -flto-partition=none  line 18 h == 9
FAIL: gcc.dg/guality/pr43479.c  -O2 -flto -fuse-linker-plugin -fno-fat-lto-objects  line 13 h == 9
FAIL: gcc.dg/guality/pr43479.c  -O2 -flto -fuse-linker-plugin -fno-fat-lto-objects  line 18 h == 9
FAIL: gcc.dg/guality/pr45882.c  -O2 -flto -fuse-linker-plugin -fno-fat-lto-objects  line 16 d == 112
FAIL: gcc.dg/guality/pr45882.c  -O2 -flto -fuse-linker-plugin -fno-fat-lto-objects  line 16 e == 142
FAIL: gcc.dg/guality/pr48437.c  -O2 -flto -fno-use-linker-plugin -flto-partition=none  line 14 i == 0
FAIL: gcc.dg/guality/pr48437.c  -O2 -flto -fuse-linker-plugin -fno-fat-lto-objects  line 14 i == 0
FAIL: gcc.dg/guality/pr54200.c  -O2 -flto -fuse-linker-plugin -fno-fat-lto-objects  line 20 z == 3
FAIL: gcc.dg/guality/pr54519-1.c  -O2  line 20 y == 25
FAIL: gcc.dg/guality/pr54519-1.c  -O2  line 20 z == 6
FAIL: gcc.dg/guality/pr54519-1.c  -O2  line 23 y == 117
FAIL: gcc.dg/guality/pr54519-1.c  -O2  line 23 z == 8
FAIL: gcc.dg/guality/pr54519-1.c  -O3 -fomit-frame-pointer  line 20 x == 36
FAIL: gcc.dg/guality/pr54519-1.c  -O3 -fomit-frame-pointer  line 20 y == 25
FAIL: gcc.dg/guality/pr54519-1.c  -O3 -fomit-frame-pointer  line 20 z == 6
FAIL: gcc.dg/guality/pr54519-1.c  -O3 -g  line 20 x == 36
FAIL: gcc.dg/guality/pr54519-1.c  -O3 -g  line 20 y == 25
FAIL: gcc.dg/guality/pr54519-1.c  -O3 -g  line 20 z == 6
FAIL: gcc.dg/guality/pr54519-1.c  -O2 -flto -fno-use-linker-plugin -flto-partition=none  line 20 y == 25
FAIL: gcc.dg/guality/pr54519-1.c  -O2 -flto -fno-use-linker-plugin -flto-partition=none  line 20 z == 6
FAIL: gcc.dg/guality/pr54519-1.c  -O2 -flto -fno-use-linker-plugin -flto-partition=none  line 23 y == 117
FAIL: gcc.dg/guality/pr54519-1.c  -O2 -flto -fno-use-linker-plugin -flto-partition=none  line 23 z == 8
FAIL: gcc.dg/guality/pr54519-2.c  -O2 -flto -fno-use-linker-plugin -flto-partition=none  line 17 y == 25
FAIL: gcc.dg/guality/pr54519-2.c  -O2 -flto -fuse-linker-plugin -fno-fat-lto-objects  line 17 y == 25
FAIL: gcc.dg/guality/pr54519-3.c  -O2  line 20 x == 36
FAIL: gcc.dg/guality/pr54519-3.c  -O2  line 20 y == 25
FAIL: gcc.dg/guality/pr54519-3.c  -O2  line 20 z == 6
FAIL: gcc.dg/guality/pr54519-3.c  -O2  line 23 x == 98
FAIL: gcc.dg/guality/pr54519-3.c  -O2  line 23 y == 117
FAIL: gcc.dg/guality/pr54519-3.c  -O2  line 23 z == 8
FAIL: gcc.dg/guality/pr54519-3.c  -O3 -fomit-frame-pointer  line 20 x == 36
FAIL: gcc.dg/guality/pr54519-3.c  -O3 -fomit-frame-pointer  line 20 y == 25
FAIL: gcc.dg/guality/pr54519-3.c  -O3 -fomit-frame-pointer  line 20 z == 6
FAIL: gcc.dg/guality/pr54519-3.c  -O3 -fomit-frame-pointer  line 23 x == 98
FAIL: gcc.dg/guality/pr54519-3.c  -O3 -fomit-frame-pointer  line 23 y == 117
FAIL: gcc.dg/guality/pr54519-3.c  -O3 -fomit-frame-pointer  line 23 z == 8
FAIL: gcc.dg/guality/pr54519-3.c  -O3 -g  line 20 x == 36
FAIL: gcc.dg/guality/pr54519-3.c  -O3 -g  line 20 y == 25
FAIL: gcc.dg/guality/pr54519-3.c  -O3 -g  line 20 z == 6
FAIL: gcc.dg/guality/pr54519-3.c  -O3 -g  line 23 x == 98
FAIL: gcc.dg/guality/pr54519-3.c  -O3 -g  line 23 y == 117
FAIL: gcc.dg/guality/pr54519-3.c  -O3 -g  line 23 z == 8
FAIL: gcc.dg/guality/pr54519-3.c  -O2 -flto -fno-use-linker-plugin -flto-partition=none  line 20 x == 36
FAIL: gcc.dg/guality/pr54519-3.c  -O2 -flto -fno-use-linker-plugin -flto-partition=none  line 20 y == 25
FAIL: gcc.dg/guality/pr54519-3.c  -O2 -flto -fno-use-linker-plugin -flto-partition=none  line 20 z == 6
FAIL: gcc.dg/guality/pr54519-3.c  -O2 -flto -fno-use-linker-plugin -flto-partition=none  line 23 x == 98
FAIL: gcc.dg/guality/pr54519-3.c  -O2 -flto -fno-use-linker-plugin -flto-partition=none  line 23 y == 117
FAIL: gcc.dg/guality/pr54519-3.c  -O2 -flto -fno-use-linker-plugin -flto-partition=none  line 23 z == 8
FAIL: gcc.dg/guality/pr54519-3.c  -O2 -flto -fuse-linker-plugin -fno-fat-lto-objects  line 20 y == 25
FAIL: gcc.dg/guality/pr54519-3.c  -O2 -flto -fuse-linker-plugin -fno-fat-lto-objects  line 20 z == 6
FAIL: gcc.dg/guality/pr54519-3.c  -O2 -flto -fuse-linker-plugin -fno-fat-lto-objects  line 23 y == 117
FAIL: gcc.dg/guality/pr54519-3.c  -O2 -flto -fuse-linker-plugin -fno-fat-lto-objects  line 23 z == 8
FAIL: gcc.dg/guality/pr54519-4.c  -O2 -flto -fno-use-linker-plugin -flto-partition=none  line 17 y == 25
FAIL: gcc.dg/guality/pr54519-4.c  -O2 -flto -fuse-linker-plugin -fno-fat-lto-objects  line 17 y == 25
FAIL: gcc.dg/guality/pr54519-5.c  -O2 -flto -fno-use-linker-plugin -flto-partition=none  line 17 y == 25
FAIL: gcc.dg/guality/pr54519-5.c  -O2 -flto -fuse-linker-plugin -fno-fat-lto-objects  line 17 y == 25
FAIL: gcc.dg/guality/pr54693-2.c  -O3 -fomit-frame-pointer -funroll-loops  line 21 i == v + 1
FAIL: gcc.dg/guality/pr54693-2.c  -O3 -fomit-frame-pointer -funroll-all-loops -finline-functions  line 21 i == v + 1
FAIL: gcc.dg/guality/pr54970.c  -Os  line 15 a[0] == 1
FAIL: gcc.dg/guality/pr54970.c  -Os  line 20 a[0] == 1
FAIL: gcc.dg/guality/pr54970.c  -Os  line 25 a[0] == 1
FAIL: gcc.dg/guality/pr54970.c  -Os  line 31 *p == 6
FAIL: gcc.dg/guality/pr54970.c  -Os  line 31 *q == 5
FAIL: gcc.dg/guality/pr54970.c  -Os  line 36 *p == 26
FAIL: gcc.dg/guality/pr54970.c  -Os  line 36 *q == 5
FAIL: gcc.dg/guality/pr54970.c  -Os  line 45 *p == 26
FAIL: gcc.dg/guality/pr54970.c  -Os  line 45 p[-1] == 25
FAIL: gcc.dg/guality/pr54970.c  -Os  line 45 p[-2] == 4
FAIL: gcc.dg/guality/pr54970.c  -Os  line 45 q[-1] == 4
FAIL: gcc.dg/guality/pr54970.c  -Os  line 45 q[1] == 26
FAIL: gcc.dg/guality/pr54970.c  -Os  line 45 *q == 25
FAIL: gcc.dg/guality/sra-1.c  -O2  line 21 a.i == 4
FAIL: gcc.dg/guality/sra-1.c  -O2  line 32 a[0] == 4
FAIL: gcc.dg/guality/sra-1.c  -O2  line 43 a.i == 4
FAIL: gcc.dg/guality/sra-1.c  -O3 -fomit-frame-pointer  line 21 a.i == 4
FAIL: gcc.dg/guality/sra-1.c  -O3 -fomit-frame-pointer  line 32 a[0] == 4
FAIL: gcc.dg/guality/sra-1.c  -O3 -fomit-frame-pointer  line 43 a.i == 4
FAIL: gcc.dg/guality/sra-1.c  -O3 -g  line 21 a.i == 4
FAIL: gcc.dg/guality/sra-1.c  -O3 -g  line 32 a[0] == 4
FAIL: gcc.dg/guality/sra-1.c  -O3 -g  line 43 a.i == 4
FAIL: gcc.dg/guality/sra-1.c  -Os  line 21 a.i == 4
FAIL: gcc.dg/guality/sra-1.c  -Os  line 32 a[0] == 4
FAIL: gcc.dg/guality/sra-1.c  -Os  line 43 a.i == 4
FAIL: gcc.dg/guality/sra-1.c  -O2 -flto -fno-use-linker-plugin -flto-partition=none  line 21 a.i == 4
FAIL: gcc.dg/guality/sra-1.c  -O2 -flto -fno-use-linker-plugin -flto-partition=none  line 32 a[0] == 4
FAIL: gcc.dg/guality/sra-1.c  -O2 -flto -fno-use-linker-plugin -flto-partition=none  line 43 a.i == 4
FAIL: gcc.dg/guality/sra-1.c  -O2 -flto -fuse-linker-plugin -fno-fat-lto-objects  line 21 a.i == 4
FAIL: gcc.dg/guality/sra-1.c  -O2 -flto -fuse-linker-plugin -fno-fat-lto-objects  line 32 a[0] == 4
FAIL: gcc.dg/guality/vla-2.c  -O2  line 25 sizeof (a) == 6 * sizeof (int)
FAIL: gcc.dg/guality/vla-2.c  -O3 -fomit-frame-pointer  line 25 sizeof (a) == 6 * sizeof (int)
FAIL: gcc.dg/guality/vla-2.c  -O3 -g  line 25 sizeof (a) == 6 * sizeof (int)
FAIL: gcc.dg/guality/vla-2.c  -Os  line 25 sizeof (a) == 6 * sizeof (int)
FAIL: gcc.dg/guality/vla-2.c  -O2 -flto -fno-use-linker-plugin -flto-partition=none  line 25 sizeof (a) == 6 * sizeof (int)
FAIL: gcc.dg/guality/vla-2.c  -O2 -flto -fuse-linker-plugin -fno-fat-lto-objects  line 25 sizeof (a) == 6 * sizeof (int)
FAIL: gcc.dg/vect/vect-cselim-2.c scan-tree-dump-times vect "vectorized 1 loops" 0
FAIL: gcc.dg/vect/bb-slp-pattern-1.c scan-tree-dump-times slp "vect_recog_widen_mult_pattern: detected" 8
FAIL: gcc.dg/vect/bb-slp-pattern-1.c scan-tree-dump-times slp "pattern recognized" 8
FAIL: gcc.dg/vect/vect-cselim-2.c -flto -ffat-lto-objects  scan-tree-dump-times vect "vectorized 1 loops" 0
FAIL: gcc.dg/vect/bb-slp-pattern-1.c -flto -ffat-lto-objects  scan-tree-dump-times slp "vect_recog_widen_mult_pattern: detected" 8
FAIL: gcc.dg/vect/bb-slp-pattern-1.c -flto -ffat-lto-objects  scan-tree-dump-times slp "pattern recognized" 8
FAIL: gcc.target/i386/pr49095.c scan-assembler-not test[lq]

		=== gcc Summary for unix/-m32 ===

# of expected passes		51234
# of unexpected failures	117
# of unexpected successes	28
# of expected failures		224
# of unsupported tests		787

		=== gcc Summary ===

# of expected passes		103804
# of unexpected failures	291
# of unexpected successes	61
# of expected failures		443
# of unsupported tests		1410
/export/users/nightly/gcc.svn/test-intel64corei7avx2/gcc-build-trunk/bld/gcc/xgcc  version 4.10.0 20140604 (experimental) [trunk revision 211211] (GCC) 

		=== gfortran tests ===


Running target unix
FAIL: gfortran.dg/wextra_1.f  -O   (test for warnings, line 4)
FAIL: gfortran.dg/vect/fast-math-mgrid-resid.f scan-tree-dump-times pcom "Executing predictive commoning without unrolling" 1
FAIL: gfortran.dg/vect/fast-math-mgrid-resid.f scan-tree-dump-times pcom "Predictive commoning failed: no suitable chains" 0

		=== gfortran Summary for unix ===

# of expected passes		44193
# of unexpected failures	1
# of expected failures		35
# of unsupported tests		39

Running target unix/-m32
FAIL: gfortran.dg/wextra_1.f  -O   (test for warnings, line 4)
FAIL: gfortran.dg/vect/fast-math-mgrid-resid.f scan-tree-dump-times pcom "Executing predictive commoning without unrolling" 2
FAIL: gfortran.dg/vect/fast-math-mgrid-resid.f scan-tree-dump-times pcom "Predictive commoning failed: no suitable chains" 0

		=== gfortran Summary for unix/-m32 ===

# of expected passes		43903
# of unexpected failures	1
# of expected failures		35
# of unsupported tests		180

		=== gfortran Summary ===

# of expected passes		88096
# of unexpected failures	2
# of expected failures		70
# of unsupported tests		219
/export/users/nightly/gcc.svn/test-intel64corei7avx2/gcc-build-trunk/bld/gcc/testsuite/gfortran/../../gfortran  version 4.10.0 20140604 (experimental) [trunk revision 211211] (GCC) 

		=== g++ tests ===


Running target unix
FAIL: g++.dg/guality/pr55665.C  -O2  line 23 p == 40
FAIL: g++.dg/guality/pr55665.C  -O3 -fomit-frame-pointer  line 23 p == 40
FAIL: g++.dg/guality/pr55665.C  -O3 -g  line 23 p == 40

		=== g++ Summary for unix ===

# of expected passes		65507
# of expected failures		421
# of unsupported tests		2601

Running target unix/-m32
FAIL: g++.dg/guality/pr55665.C  -O2  line 23 p == 40
FAIL: g++.dg/guality/pr55665.C  -O3 -fomit-frame-pointer  line 23 p == 40
FAIL: g++.dg/guality/pr55665.C  -O3 -g  line 23 p == 40

		=== g++ Summary for unix/-m32 ===

# of expected passes		65833
# of expected failures		421
# of unsupported tests		2482

		=== g++ Summary ===

# of expected passes		131340
# of expected failures		842
# of unsupported tests		5083
/export/users/nightly/gcc.svn/test-intel64corei7avx2/gcc-build-trunk/bld/gcc/testsuite/g++/../../xg++  version 4.10.0 20140604 (experimental) [trunk revision 211211] (GCC) 

		=== objc tests ===


Running target unix

		=== objc Summary for unix ===

# of expected passes		1304
# of expected failures		6

Running target unix/-m32

		=== objc Summary for unix/-m32 ===

# of expected passes		1304
# of expected failures		6

		=== objc Summary ===

# of expected passes		2608
# of expected failures		12
/export/users/nightly/gcc.svn/test-intel64corei7avx2/gcc-build-trunk/bld/gcc/xgcc  version 4.10.0 20140604 (experimental) [trunk revision 211211] (GCC) 

		=== boehm-gc tests ===


Running target unix/-m32

		=== boehm-gc Summary for unix/-m32 ===

# of expected passes		4

Running target unix

		=== boehm-gc Summary for unix ===

# of expected passes		4

		=== boehm-gc Summary ===

# of expected passes		24
# of unsupported tests		2
		=== libatomic tests ===


Running target unix/-m32

		=== libatomic Summary for unix/-m32 ===

# of expected passes		44
# of unsupported tests		5

Running target unix

		=== libatomic Summary for unix ===

# of expected passes		54

		=== libatomic Summary ===

# of expected passes		98
# of unsupported tests		5
		=== libffi tests ===


Running target unix/-m32

		=== libffi Summary for unix/-m32 ===

# of expected passes		24

Running target unix

		=== libffi Summary for unix ===

# of expected passes		24

		=== libffi Summary ===

# of expected passes		3638
# of unsupported tests		110
		=== libgomp tests ===


Running target unix/-m32

		=== libgomp Summary for unix/-m32 ===


Running target unix

		=== libgomp Summary for unix ===


		=== libgomp Summary ===

# of expected passes		5182
# of unsupported tests		34
		=== libitm tests ===


Running target unix/-m32

		=== libitm Summary for unix/-m32 ===

# of expected passes		4
# of expected failures		1
# of unsupported tests		1

Running target unix

		=== libitm Summary for unix ===

# of expected passes		4
# of expected failures		1
# of unsupported tests		1

		=== libitm Summary ===

# of expected passes		52
# of expected failures		6
# of unsupported tests		2
		=== libjava tests ===


Running target unix/-m32

		=== libjava Summary for unix/-m32 ===


Running target unix

		=== libjava Summary for unix ===


		=== libjava Summary ===

# of expected passes		5164
# of expected failures		8
		=== libstdc++ tests ===


Running target unix

		=== libstdc++ Summary for unix ===

# of expected passes		10094
# of expected failures		69
# of unsupported tests		227

Running target unix/-m32

		=== libstdc++ Summary for unix/-m32 ===

# of expected passes		10102
# of expected failures		69
# of unsupported tests		223

		=== libstdc++ Summary ===

# of expected passes		20196
# of expected failures		138
# of unsupported tests		450

Compiler version: 4.10.0 20140604 (experimental) [trunk revision 211211] (GCC) 
Platform: x86_64-unknown-linux-gnu
configure flags: --with-arch=core-avx2 --with-cpu=core-avx2 --prefix=/usr/local --enable-clocale=gnu --with-system-zlib --enable-shared --with-demangler-in-ld --enable-cloog-backend=isl --with-ppl-include=/opt/gnu/include --with-ppl-lib=/opt/gnu/lib64 --with-cloog-include=/opt/gnu/include --with-cloog-lib=/opt/gnu/lib64 --with-fpmath=sse --enable-languages=c,c++,fortran,java,lto,objc


Index Nav: [Date Index] [Subject Index] [Author Index] [Thread Index]
Message Nav: [Date Prev] [Date Next] [Thread Prev] [Thread Next]