This is the mail archive of the gcc-testresults@gcc.gnu.org mailing list for the GCC project.


Index Nav: [Date Index] [Subject Index] [Author Index] [Thread Index]
Message Nav: [Date Prev] [Date Next] [Thread Prev] [Thread Next]
Other format: [Raw text]

Results for 4.8.2 (Blastwave.org Inc. Tue Jun 3 02:22:33 UTC 2014) testsuite on sparc64-sun-solaris2.10


GCC 4.8.3 on Solaris 10 Sparc with languages c, c++, fortran, go, objc
-----------------------------------------------------------------------


** summary: results for 4.8.3 are poorer than for 4.8.2 on same environment.



Date of this testsuite result : 

gcc-spec_node002 $ date -u
Wed Jun 4 05:49:41 GMT 2014

Build system name and type : 

gcc-spec_node002 $ uname -a
SunOS node002 5.10 Generic_150400-01 sun4v sparc SUNW,T5240

gcc-spec_node002 $ cat /etc/release
 Oracle Solaris 10 8/11 s10s_u10wos_17b SPARC
 Copyright (c) 1983, 2011, Oracle and/or its affiliates. All rights reserved.
 Assembled 23 August 2011

gcc-spec_node002 $ psrinfo -pv
The physical processor has 64 virtual processors (0-63)
 UltraSPARC-T2+ (chipid 0, clock 1582 MHz)
The physical processor has 64 virtual processors (64-127)
 UltraSPARC-T2+ (chipid 1, clock 1582 MHz)



Bootstrap compiler used : 


gcc-spec_node002 $ which gcc
/usr/local/gcc4/bin/gcc
gcc-spec_node002 $ gcc --version
gcc (Blastwave.org Inc. Mon Oct 21 15:43:56 GMT 2013) 4.8.2
Copyright (C) 2013 Free Software Foundation, Inc.
This is free software; see the source for copying conditions. There is NO
warranty; not even for MERCHANTABILITY or FITNESS FOR A PARTICULAR PURPOSE.



Assembler and linker used :


gcc-spec_node002 $ which as
/usr/ccs/bin/as
gcc-spec_node002 $ which ld
/usr/ccs/bin/ld



Various GNU tools used or avail in the environment : 

gcc-spec_node002 $ autoconf --version 
autoconf (GNU Autoconf) 2.69
Copyright (C) 2012 Free Software Foundation, Inc.
License GPLv3+/Autoconf: GNU GPL version 3 or later
<http://gnu.org/licenses/gpl.html>, <http://gnu.org/licenses/exceptions.html>
This is free software: you are free to change and redistribute it.
There is NO WARRANTY, to the extent permitted by law.

Written by David J. MacKenzie and Akim Demaille.
gcc-spec_node002 $ automake --version 
automake (GNU automake) 1.13
Copyright (C) 2012 Free Software Foundation, Inc.
License GPLv2+: GNU GPL version 2 or later <http://gnu.org/licenses/gpl-2.0.html>
This is free software: you are free to change and redistribute it.
There is NO WARRANTY, to the extent permitted by law.

Written by Tom Tromey <tromey@redhat.com>
 and Alexandre Duret-Lutz <adl@gnu.org>.
gcc-spec_node002 $ bison --version
bison (GNU Bison) 2.6.5
Written by Robert Corbett and Richard Stallman.

Copyright (C) 2012 Free Software Foundation, Inc.
This is free software; see the source for copying conditions. There is NO
warranty; not even for MERCHANTABILITY or FITNESS FOR A PARTICULAR PURPOSE.
gcc-spec_node002 $ expect -v
expect version 5.45
gcc-spec_node002 $ flex --version
flex 2.5.37
gcc-spec_node002 $ gawk --version
GNU Awk 4.0.1
Copyright (C) 1989, 1991-2012 Free Software Foundation.

This program is free software; you can redistribute it and/or modify
it under the terms of the GNU General Public License as published by
the Free Software Foundation; either version 3 of the License, or
(at your option) any later version.

This program is distributed in the hope that it will be useful,
but WITHOUT ANY WARRANTY; without even the implied warranty of
MERCHANTABILITY or FITNESS FOR A PARTICULAR PURPOSE. See the
GNU General Public License for more details.

You should have received a copy of the GNU General Public License
along with this program. If not, see http://www.gnu.org/licenses/.
gcc-spec_node002 $ gm4 --version
m4 (GNU M4) 1.4.16
Copyright (C) 2011 Free Software Foundation, Inc.
License GPLv3+: GNU GPL version 3 or later <http://gnu.org/licenses/gpl.html>.
This is free software: you are free to change and redistribute it.
There is NO WARRANTY, to the extent permitted by law.

Written by Rene' Seindal.
gcc-spec_node002 $ gmake --version
GNU Make 3.82
Built for sparc-sun-solaris2.10
Copyright (C) 2010 Free Software Foundation, Inc.
License GPLv3+: GNU GPL version 3 or later <http://gnu.org/licenses/gpl.html>
This is free software: you are free to change and redistribute it.
There is NO WARRANTY, to the extent permitted by law.
gcc-spec_node002 $ gsed --version
GNU sed version 4.2.1
Copyright (C) 2009 Free Software Foundation, Inc.
This is free software; see the source for copying conditions. There is NO
warranty; not even for MERCHANTABILITY or FITNESS FOR A PARTICULAR PURPOSE,
to the extent permitted by law.

GNU sed home page: <http://www.gnu.org/software/sed/>.
General help using GNU software: <http://www.gnu.org/gethelp/>.
E-mail bug reports to: <bug-gnu-utils@gnu.org>.
Be sure to include the word ``sed'' somewhere in the ``Subject:'' field.
gcc-spec_node002 $ iconv --version
iconv (GNU libiconv 1.14)
Copyright (C) 2000-2011 Free Software Foundation, Inc.
License GPLv3+: GNU GPL version 3 or later <http://gnu.org/licenses/gpl.html>
This is free software: you are free to change and redistribute it.
There is NO WARRANTY, to the extent permitted by law.
Written by Bruno Haible.
gcc-spec_node002 $ libtool --version 
libtool (GNU libtool) 2.4.2
Written by Gordon Matzigkeit <gord@gnu.ai.mit.edu>, 1996

Copyright (C) 2011 Free Software Foundation, Inc.
This is free software; see the source for copying conditions. There is NO
warranty; not even for MERCHANTABILITY or FITNESS FOR A PARTICULAR PURPOSE.
gcc-spec_node002 $ makeinfo --version
makeinfo (GNU texinfo) 4.13

Copyright (C) 2008 Free Software Foundation, Inc.
License GPLv3+: GNU GPL version 3 or later <http://gnu.org/licenses/gpl.html>
This is free software: you are free to change and redistribute it.
There is NO WARRANTY, to the extent permitted by law.
gcc-spec_node002 $ msggrep --version 
msggrep (GNU gettext-tools) 0.18.1
Copyright (C) 2001-2010 Free Software Foundation, Inc.
License GPLv3+: GNU GPL version 3 or later <http://gnu.org/licenses/gpl.html>
This is free software: you are free to change and redistribute it.
There is NO WARRANTY, to the extent permitted by law.
Written by Bruno Haible.
gcc-spec_node002 $ pcregrep --version
pcregrep version 8.31 2012-07-06
gcc-spec_node002 $ runtest --version
WARNING: Couldn't find the global config file.
Expect version is 5.45
Tcl version is 8.5
Framework version is 1.5


GCC testsuite results :

gcc-spec_node002 $ ../gcc-4.8.3/contrib/test_summary
cat <<'EOF' |
LAST_UPDATED: Obtained from SVN: tags/gcc_4_8_2_release revision 203690

Native configuration is sparc64-sun-solaris2.10

 === g++ tests ===


Running target unix
FAIL: g++.dg/ext/visibility/fvisibility-inlines-hidden-2.C -std=gnu++98 scan-not-hidden 
FAIL: g++.dg/ext/visibility/fvisibility-inlines-hidden-2.C -std=gnu++11 scan-not-hidden 
FAIL: g++.dg/ext/visibility/fvisibility-inlines-hidden-3.C -std=gnu++98 scan-not-hidden 
FAIL: g++.dg/ext/visibility/fvisibility-inlines-hidden-3.C -std=gnu++98 scan-not-hidden 
FAIL: g++.dg/ext/visibility/fvisibility-inlines-hidden-3.C -std=gnu++11 scan-not-hidden 
FAIL: g++.dg/ext/visibility/fvisibility-inlines-hidden-3.C -std=gnu++11 scan-not-hidden 
FAIL: g++.dg/ext/visibility/fvisibility-inlines-hidden-4.C -std=gnu++98 scan-not-hidden 
FAIL: g++.dg/ext/visibility/fvisibility-inlines-hidden-4.C -std=gnu++98 scan-not-hidden 
FAIL: g++.dg/ext/visibility/fvisibility-inlines-hidden-4.C -std=gnu++11 scan-not-hidden 
FAIL: g++.dg/ext/visibility/fvisibility-inlines-hidden-4.C -std=gnu++11 scan-not-hidden 
FAIL: g++.dg/ext/visibility/fvisibility-override1.C -std=gnu++98 scan-not-hidden 
FAIL: g++.dg/ext/visibility/fvisibility-override1.C -std=gnu++11 scan-not-hidden 
FAIL: g++.dg/ext/visibility/fvisibility-override2.C -std=gnu++98 scan-not-hidden 
FAIL: g++.dg/ext/visibility/fvisibility-override2.C -std=gnu++11 scan-not-hidden 
FAIL: g++.dg/ext/visibility/guard1.C -std=gnu++98 scan-not-hidden 
FAIL: g++.dg/ext/visibility/guard1.C -std=gnu++11 scan-not-hidden 
FAIL: g++.dg/ext/visibility/ms-compat-1.C -std=gnu++98 scan-not-hidden 
FAIL: g++.dg/ext/visibility/ms-compat-1.C -std=gnu++98 scan-not-hidden 
FAIL: g++.dg/ext/visibility/ms-compat-1.C -std=gnu++98 scan-not-hidden 
FAIL: g++.dg/ext/visibility/ms-compat-1.C -std=gnu++11 scan-not-hidden 
FAIL: g++.dg/ext/visibility/ms-compat-1.C -std=gnu++11 scan-not-hidden 
FAIL: g++.dg/ext/visibility/ms-compat-1.C -std=gnu++11 scan-not-hidden 
FAIL: g++.dg/ext/visibility/namespace1.C -std=c++98 scan-not-hidden 
FAIL: g++.dg/ext/visibility/namespace1.C -std=c++11 scan-not-hidden 
FAIL: g++.dg/ext/visibility/new1.C -std=gnu++98 scan-not-hidden 
FAIL: g++.dg/ext/visibility/new1.C -std=gnu++11 scan-not-hidden 
FAIL: g++.dg/ext/visibility/template1.C -std=gnu++98 scan-not-hidden 
FAIL: g++.dg/ext/visibility/template1.C -std=gnu++98 scan-not-hidden 
FAIL: g++.dg/ext/visibility/template1.C -std=gnu++11 scan-not-hidden 
FAIL: g++.dg/ext/visibility/template1.C -std=gnu++11 scan-not-hidden 
FAIL: g++.dg/ext/visibility/template10.C -std=gnu++98 scan-not-hidden 
FAIL: g++.dg/ext/visibility/template10.C -std=gnu++11 scan-not-hidden 
FAIL: g++.dg/ext/visibility/template11.C -std=gnu++98 scan-not-hidden 
FAIL: g++.dg/ext/visibility/template11.C -std=gnu++11 scan-not-hidden 
FAIL: g++.dg/ext/visibility/template12.C -std=gnu++98 scan-not-hidden 
FAIL: g++.dg/ext/visibility/template12.C -std=gnu++11 scan-not-hidden 
FAIL: g++.dg/ext/visibility/template2.C -std=c++98 scan-not-hidden 
FAIL: g++.dg/ext/visibility/template2.C -std=c++98 scan-not-hidden 
FAIL: g++.dg/ext/visibility/template2.C -std=c++11 scan-not-hidden 
FAIL: g++.dg/ext/visibility/template2.C -std=c++11 scan-not-hidden 
FAIL: g++.dg/ext/visibility/template3.C -std=c++98 scan-not-hidden 
FAIL: g++.dg/ext/visibility/template3.C -std=c++98 scan-not-hidden 
FAIL: g++.dg/ext/visibility/template3.C -std=c++11 scan-not-hidden 
FAIL: g++.dg/ext/visibility/template3.C -std=c++11 scan-not-hidden 
FAIL: g++.dg/ext/visibility/template4.C -std=c++98 scan-not-hidden 
FAIL: g++.dg/ext/visibility/template4.C -std=c++98 scan-not-hidden 
FAIL: g++.dg/ext/visibility/template4.C -std=c++98 scan-not-hidden 
FAIL: g++.dg/ext/visibility/template4.C -std=c++98 scan-not-hidden 
FAIL: g++.dg/ext/visibility/template4.C -std=c++11 scan-not-hidden 
FAIL: g++.dg/ext/visibility/template4.C -std=c++11 scan-not-hidden 
FAIL: g++.dg/ext/visibility/template4.C -std=c++11 scan-not-hidden 
FAIL: g++.dg/ext/visibility/template4.C -std=c++11 scan-not-hidden 
FAIL: g++.dg/ext/visibility/template6.C -std=c++98 scan-not-hidden 
FAIL: g++.dg/ext/visibility/template6.C -std=c++11 scan-not-hidden 
FAIL: g++.dg/ext/visibility/template9.C -std=gnu++98 scan-not-hidden 
FAIL: g++.dg/ext/visibility/template9.C -std=gnu++11 scan-not-hidden 
FAIL: g++.dg/ext/visibility/typeinfo1.C -std=gnu++98 scan-not-hidden 
FAIL: g++.dg/ext/visibility/typeinfo1.C -std=gnu++98 scan-not-hidden 
FAIL: g++.dg/ext/visibility/typeinfo1.C -std=gnu++11 scan-not-hidden 
FAIL: g++.dg/ext/visibility/typeinfo1.C -std=gnu++11 scan-not-hidden 
FAIL: g++.dg/ext/visibility/typeinfo2.C -std=c++98 scan-not-hidden 
FAIL: g++.dg/ext/visibility/typeinfo2.C -std=c++11 scan-not-hidden 
FAIL: g++.dg/ext/visibility/typeinfo3.C -std=c++98 scan-not-hidden 
FAIL: g++.dg/ext/visibility/typeinfo3.C -std=c++98 scan-not-hidden 
FAIL: g++.dg/ext/visibility/typeinfo3.C -std=c++11 scan-not-hidden 
FAIL: g++.dg/ext/visibility/typeinfo3.C -std=c++11 scan-not-hidden 
FAIL: g++.dg/ext/visibility/warn3.C -std=c++98 scan-not-hidden 
FAIL: g++.dg/ext/visibility/warn3.C -std=c++11 scan-not-hidden 
FAIL: g++.dg/lto/20091219 cp_lto_20091219_0.o-cp_lto_20091219_0.o link, -O3 -flto
UNRESOLVED: g++.dg/lto/20091219 cp_lto_20091219_0.o-cp_lto_20091219_0.o execute -O3 -flto
FAIL: g++.old-deja/g++.mike/visibility-1.C -std=gnu++98 scan-not-hidden 
FAIL: g++.old-deja/g++.mike/visibility-1.C -std=gnu++11 scan-not-hidden 

 === g++ Summary ===

# of expected passes 51232
# of unexpected failures 71
# of expected failures 292
# of unresolved testcases 1
# of unsupported tests 1004
/usr/local/build/gcc-4.8.3_SunOS5.10_sparcv9.001/gcc/testsuite/g++/../../xg++ version 4.8.2 (Blastwave.org Inc. Tue Jun 3 02:22:33 UTC 2014) 

 === gcc tests ===


Running target unix
FAIL: gcc.c-torture/compile/limits-structnest.c -O2 (test for excess errors)
FAIL: gcc.c-torture/compile/limits-structnest.c -O3 -fomit-frame-pointer (test for excess errors)
FAIL: gcc.c-torture/compile/limits-structnest.c -O3 -g (test for excess errors)
FAIL: gcc.c-torture/compile/limits-structnest.c -Os (test for excess errors)
FAIL: gcc.c-torture/compile/limits-structnest.c -O2 -flto -flto-partition=none (test for excess errors)
FAIL: gcc.c-torture/compile/limits-structnest.c -O2 -flto (test for excess errors)
FAIL: gcc.c-torture/execute/builtins/stpcpy-chk.c compilation, -O2 -flto 
UNRESOLVED: gcc.c-torture/execute/builtins/stpcpy-chk.c execution, -O2 -flto 
FAIL: gcc.c-torture/execute/builtins/stpncpy-chk.c compilation, -O2 -flto (internal compiler error)
UNRESOLVED: gcc.c-torture/execute/builtins/stpncpy-chk.c execution, -O2 -flto 
FAIL: gcc.c-torture/unsorted/bug.c, -O2 
FAIL: gcc.c-torture/unsorted/bug.c, -O3 -fomit-frame-pointer 
FAIL: gcc.c-torture/unsorted/bug.c, -O3 -g 
FAIL: gcc.c-torture/unsorted/bug.c, -Os 
FAIL: gcc.c-torture/unsorted/bug.c, -Og -g 
FAIL: gcc.c-torture/unsorted/bug.c, -O2 -flto -flto-partition=none 
FAIL: gcc.c-torture/unsorted/bug.c, -O2 -flto 
FAIL: gcc.c-torture/unsorted/bugc.c, -O0 
FAIL: gcc.c-torture/unsorted/charmtst.c, -O3 -g 
FAIL: gcc.c-torture/unsorted/charmtst.c, -Os 
FAIL: gcc.c-torture/unsorted/charmtst.c, -Og -g 
FAIL: gcc.c-torture/unsorted/charmtst.c, -O2 -flto -flto-partition=none 
FAIL: gcc.c-torture/unsorted/charmtst.c, -O2 -flto 
FAIL: gcc.c-torture/unsorted/cmb.c, -O0 
FAIL: gcc.c-torture/unsorted/cmb.c, -O1 
FAIL: gcc.c-torture/unsorted/cmb.c, -O2 
FAIL: gcc.c-torture/unsorted/cmb.c, -O3 -fomit-frame-pointer 
FAIL: gcc.c-torture/unsorted/cmb.c, -O3 -g 
FAIL: gcc.c-torture/unsorted/cmb.c, -Os 
FAIL: gcc.c-torture/unsorted/conv_tst.c, -Os 
ERROR: tcl error sourcing /usr/local/build/gcc-4.8.2/gcc/testsuite/gcc.c-torture/unsorted/unsorted.exp.
ERROR: couldn't fork child process: not enough memory
FAIL: gcc.dg/visibility-d.c scan-not-hidden 
FAIL: gcc.dg/visibility-d.c scan-not-hidden 
FAIL: gcc.dg/visibility-d.c scan-not-hidden 
FAIL: gcc.dg/visibility-d.c scan-not-hidden 
FAIL: gcc.dg/visibility-d.c scan-not-hidden 
FAIL: gcc.dg/visibility-d.c scan-not-hidden 
FAIL: gcc.dg/visibility-d.c scan-not-hidden 
FAIL: gcc.dg/visibility-d.c scan-not-hidden 
FAIL: gcc.dg/visibility-d.c scan-not-hidden 
FAIL: gcc.dg/visibility-d.c scan-not-hidden 
FAIL: gcc.dg/visibility-d.c scan-not-hidden 
FAIL: gcc.dg/visibility-d.c scan-not-hidden 
FAIL: gcc.dg/visibility-d.c scan-not-hidden 
FAIL: gcc.dg/visibility-d.c scan-not-hidden 
FAIL: gcc.dg/visibility-d.c scan-not-hidden 
FAIL: gcc.dg/visibility-d.c scan-not-hidden 
FAIL: gcc.dg/visibility-d.c scan-not-hidden 
FAIL: gcc.dg/visibility-d.c scan-not-hidden 
FAIL: gcc.dg/visibility-d.c scan-not-hidden 
FAIL: gcc.dg/visibility-d.c scan-not-hidden 
FAIL: gcc.dg/visibility-d.c scan-not-hidden 
FAIL: gcc.dg/visibility-d.c scan-not-hidden 
FAIL: gcc.dg/visibility-d.c scan-not-hidden 
FAIL: gcc.dg/visibility-d.c scan-not-hidden 
FAIL: gcc.dg/visibility-d.c scan-not-hidden 
FAIL: gcc.dg/visibility-d.c scan-not-hidden 
FAIL: gcc.dg/visibility-d.c scan-not-hidden 
FAIL: gcc.dg/visibility-d.c scan-not-hidden 
FAIL: gcc.dg/visibility-d.c scan-not-hidden 
FAIL: gcc.dg/visibility-d.c scan-not-hidden 
FAIL: c-c++-common/torture/vshuf-v4si.c -O3 -fomit-frame-pointer (test for excess errors)
FAIL: c-c++-common/torture/vshuf-v4si.c -O3 -g (test for excess errors)
FAIL: c-c++-common/torture/vshuf-v4si.c -Os (test for excess errors)
FAIL: c-c++-common/torture/vshuf-v4si.c -O2 -flto -flto-partition=none (test for excess errors)
FAIL: gcc.dg/torture/20080716-1.c -Os execution test
FAIL: gcc.dg/torture/20080716-1.c -O2 -flto -flto-partition=none (test for excess errors)
FAIL: gcc.dg/torture/20080716-1.c -O2 -flto -flto-partition=none execution test
FAIL: gcc.dg/torture/20080716-1.c -O2 -flto (test for excess errors)
FAIL: gcc.dg/torture/20090618-1.c -O3 -g execution test
FAIL: gcc.dg/torture/20090618-1.c -Os (test for excess errors)
FAIL: gcc.dg/torture/20090618-1.c -Os execution test
FAIL: gcc.dg/torture/20090618-1.c -O2 -flto -flto-partition=none (test for excess errors)
FAIL: gcc.dg/torture/20090618-1.c -O2 -flto -flto-partition=none execution test
FAIL: gcc.dg/torture/20090618-1.c -O2 -flto (test for excess errors)
FAIL: gcc.dg/torture/20090618-1.c -O2 -flto execution test
FAIL: gcc.dg/torture/Wsizeof-pointer-memaccess1.c -O2 (test for excess errors)
FAIL: gcc.dg/torture/badshift.c -O0 execution test
FAIL: gcc.dg/torture/badshift.c -O1 (test for excess errors)
FAIL: gcc.dg/torture/badshift.c -O1 execution test
FAIL: gcc.dg/torture/badshift.c -O2 (test for excess errors)
FAIL: gcc.dg/torture/badshift.c -O3 -fomit-frame-pointer execution test
FAIL: gcc.dg/torture/badshift.c -O3 -g (test for excess errors)
FAIL: gcc.dg/torture/badshift.c -O3 -g execution test
FAIL: gcc.dg/torture/badshift.c -Os (test for excess errors)
FAIL: gcc.dg/torture/badshift.c -Os execution test
FAIL: gcc.dg/torture/badshift.c -O2 -flto -flto-partition=none (test for excess errors)
FAIL: gcc.dg/torture/badshift.c -O2 -flto -flto-partition=none execution test
FAIL: gcc.dg/torture/badshift.c -O2 -flto (test for excess errors)
FAIL: gcc.dg/torture/badshift.c -O2 -flto execution test
FAIL: gcc.dg/torture/builtin-attr-1.c -O0 (test for excess errors)
FAIL: gcc.dg/torture/builtin-attr-1.c -O1 (test for excess errors)
FAIL: gcc.dg/torture/builtin-attr-1.c -O2 -flto -flto-partition=none (test for excess errors)
FAIL: gcc.dg/torture/builtin-attr-1.c -O2 -flto (test for excess errors)
FAIL: gcc.dg/torture/builtin-complex-1.c -O0 (test for excess errors)
UNRESOLVED: gcc.dg/torture/builtin-complex-1.c -O0 compilation failed to produce executable
FAIL: gcc.dg/torture/builtin-complex-1.c -O1 (test for excess errors)
UNRESOLVED: gcc.dg/torture/builtin-complex-1.c -O1 compilation failed to produce executable
FAIL: gcc.dg/torture/builtin-complex-1.c -O2 (test for excess errors)
UNRESOLVED: gcc.dg/torture/builtin-complex-1.c -O2 compilation failed to produce executable
FAIL: gcc.dg/torture/builtin-convert-3.c -O2 -flto -flto-partition=none (test for excess errors)
FAIL: gcc.dg/vect/pr45847.c (test for excess errors)
FAIL: gcc.dg/vect/pr45902.c (test for excess errors)
UNRESOLVED: gcc.dg/vect/pr45902.c compilation failed to produce executable
FAIL: gcc.dg/vect/pr46009.c (test for excess errors)
UNRESOLVED: gcc.dg/vect/pr46009.c compilation failed to produce executable
FAIL: gcc.dg/vect/pr46049.c (test for excess errors)
FAIL: gcc.dg/vect/pr46052.c (test for excess errors)
FAIL: gcc.dg/vect/pr46126.c (test for excess errors)
FAIL: gcc.dg/vect/pr46663.c (test for excess errors)
FAIL: gcc.dg/vect/pr47001.c (test for excess errors)
FAIL: gcc.dg/vect/vect-105-big-array.c (test for excess errors)
UNRESOLVED: gcc.dg/vect/vect-105-big-array.c compilation failed to produce executable
ERROR: gcc.dg/vect/vect-115.c: error executing dg-final: couldn't fork child process: not enough memory
UNRESOLVED: gcc.dg/vect/vect-115.c: error executing dg-final: couldn't fork child process: not enough memory
FAIL: gcc.dg/vect/vect-116.c (test for excess errors)
UNRESOLVED: gcc.dg/vect/vect-116.c compilation failed to produce executable
FAIL: gcc.dg/vect/vect-117.c (test for excess errors)
UNRESOLVED: gcc.dg/vect/vect-117.c compilation failed to produce executable
UNRESOLVED: gcc.dg/vect/vect-117.c scan-tree-dump-times vect "vectorized 1 loops" 1
UNRESOLVED: gcc.dg/vect/vect-117.c scan-tree-dump-times vect "possible dependence between data-refs" 0

 === gcc Summary ===

# of expected passes 80102
# of unexpected failures 106
# of expected failures 312
# of unresolved testcases 13
# of unsupported tests 1609
/usr/local/build/gcc-4.8.3_SunOS5.10_sparcv9.001/gcc/xgcc version 4.8.2 (Blastwave.org Inc. Tue Jun 3 02:22:33 UTC 2014) 

 === gfortran tests ===


Running target unix
FAIL: gfortran.dg/write_0_pe_format.f90 -O1 execution test
FAIL: gfortran.dg/write_0_pe_format.f90 -O2 (test for excess errors)
FAIL: gfortran.dg/write_0_pe_format.f90 -O2 execution test
FAIL: gfortran.dg/write_0_pe_format.f90 -O3 -fomit-frame-pointer (test for excess errors)
FAIL: gfortran.dg/write_0_pe_format.f90 -O3 -fomit-frame-pointer execution test
FAIL: gfortran.dg/write_0_pe_format.f90 -O3 -fomit-frame-pointer -funroll-loops (test for excess errors)
FAIL: gfortran.dg/write_0_pe_format.f90 -O3 -fomit-frame-pointer -funroll-loops execution test
FAIL: gfortran.dg/write_0_pe_format.f90 -O3 -fomit-frame-pointer -funroll-all-loops -finline-functions (test for excess errors)
FAIL: gfortran.dg/write_0_pe_format.f90 -O3 -fomit-frame-pointer -funroll-all-loops -finline-functions execution test
FAIL: gfortran.dg/write_fmt_trim.f90 -O3 -fomit-frame-pointer -funroll-loops (test for excess errors)
UNRESOLVED: gfortran.dg/write_fmt_trim.f90 -O3 -fomit-frame-pointer -funroll-loops compilation failed to produce executable
FAIL: gfortran.dg/write_fmt_trim.f90 -O3 -fomit-frame-pointer -funroll-all-loops -finline-functions (test for excess errors)
UNRESOLVED: gfortran.dg/write_fmt_trim.f90 -O3 -fomit-frame-pointer -funroll-all-loops -finline-functions compilation failed to produce executable
FAIL: gfortran.dg/write_fmt_trim.f90 -Os (test for excess errors)
UNRESOLVED: gfortran.dg/write_fmt_trim.f90 -Os compilation failed to produce executable
FAIL: gfortran.dg/write_invalid_format.f90 -O (test for errors, line 7)
FAIL: gfortran.dg/write_invalid_format.f90 -O (test for excess errors)
FAIL: gfortran.dg/write_padding.f90 -O0 execution test
FAIL: gfortran.dg/write_padding.f90 -O1 (test for excess errors)
FAIL: gfortran.dg/write_padding.f90 -O1 execution test
FAIL: gfortran.dg/write_padding.f90 -O2 (test for excess errors)
FAIL: gfortran.dg/write_padding.f90 -O2 execution test
FAIL: gfortran.dg/write_padding.f90 -O3 -fomit-frame-pointer (test for excess errors)
FAIL: gfortran.dg/write_padding.f90 -O3 -fomit-frame-pointer execution test
FAIL: gfortran.dg/write_padding.f90 -O3 -fomit-frame-pointer -funroll-loops (test for excess errors)
FAIL: gfortran.dg/write_padding.f90 -O3 -fomit-frame-pointer -funroll-loops execution test
FAIL: gfortran.dg/write_padding.f90 -O3 -fomit-frame-pointer -funroll-all-loops -finline-functions (test for excess errors)
FAIL: gfortran.dg/write_padding.f90 -O3 -fomit-frame-pointer -funroll-all-loops -finline-functions execution test
FAIL: gfortran.dg/write_padding.f90 -O3 -g (test for excess errors)
FAIL: gfortran.dg/write_padding.f90 -O3 -g execution test
FAIL: gfortran.dg/write_zero_array.f90 -O3 -fomit-frame-pointer (test for excess errors)
UNRESOLVED: gfortran.dg/write_zero_array.f90 -O3 -fomit-frame-pointer compilation failed to produce executable
FAIL: gfortran.dg/write_zero_array.f90 -O3 -fomit-frame-pointer -funroll-loops (test for excess errors)
UNRESOLVED: gfortran.dg/write_zero_array.f90 -O3 -fomit-frame-pointer -funroll-loops compilation failed to produce executable
FAIL: gfortran.dg/write_zero_array.f90 -O3 -fomit-frame-pointer -funroll-all-loops -finline-functions (test for excess errors)
UNRESOLVED: gfortran.dg/write_zero_array.f90 -O3 -fomit-frame-pointer -funroll-all-loops -finline-functions compilation failed to produce executable
FAIL: gfortran.dg/write_zero_array.f90 -O3 -g (test for excess errors)
UNRESOLVED: gfortran.dg/write_zero_array.f90 -O3 -g compilation failed to produce executable
FAIL: gfortran.dg/write_zero_array.f90 -Os (test for excess errors)
UNRESOLVED: gfortran.dg/write_zero_array.f90 -Os compilation failed to produce executable
FAIL: gfortran.dg/wtruncate.f -O (test for excess errors)
FAIL: gfortran.dg/wtruncate.f90 -O (test for excess errors)
FAIL: gfortran.dg/wtruncate_fix.f -O (test for warnings, line 6)
FAIL: gfortran.dg/wtruncate_fix.f -O (test for warnings, line 8)
FAIL: gfortran.dg/wtruncate_fix.f -O (test for excess errors)
FAIL: gfortran.dg/g77/12002.f -O (test for excess errors)
FAIL: gfortran.dg/g77/19990313-2.f -O3 -fomit-frame-pointer -funroll-all-loops -finline-functions execution test
FAIL: gfortran.dg/g77/19990313-2.f -O3 -g (test for excess errors)
FAIL: gfortran.dg/g77/19990313-2.f -O3 -g execution test
FAIL: gfortran.dg/g77/19990313-2.f -Os (test for excess errors)
FAIL: gfortran.dg/g77/19990313-2.f -Os execution test
FAIL: gfortran.dg/g77/19990313-3.f -O0 (test for excess errors)
UNRESOLVED: gfortran.dg/g77/19990313-3.f -O0 compilation failed to produce executable
FAIL: gfortran.dg/g77/19990313-3.f -O1 (test for excess errors)
UNRESOLVED: gfortran.dg/g77/19990313-3.f -O1 compilation failed to produce executable
FAIL: gfortran.dg/g77/20000629-1.f -O (test for excess errors)
FAIL: gfortran.dg/g77/20000630-2.f -O (test for excess errors)
FAIL: gfortran.dg/g77/20010610.f -O0 (test for excess errors)
UNRESOLVED: gfortran.dg/g77/20010610.f -O0 compilation failed to produce executable
FAIL: gfortran.dg/g77/20010610.f -O1 (test for excess errors)
UNRESOLVED: gfortran.dg/g77/20010610.f -O1 compilation failed to produce executable
FAIL: gfortran.dg/g77/20010610.f -O2 (test for excess errors)
UNRESOLVED: gfortran.dg/g77/20010610.f -O2 compilation failed to produce executable
FAIL: gfortran.dg/g77/20010610.f -O3 -fomit-frame-pointer (test for excess errors)
UNRESOLVED: gfortran.dg/g77/20010610.f -O3 -fomit-frame-pointer compilation failed to produce executable
FAIL: gfortran.dg/g77/20010610.f -O3 -fomit-frame-pointer -funroll-loops (test for excess errors)
UNRESOLVED: gfortran.dg/g77/20010610.f -O3 -fomit-frame-pointer -funroll-loops compilation failed to produce executable
FAIL: gfortran.dg/g77/20010610.f -O3 -fomit-frame-pointer -funroll-all-loops -finline-functions (test for excess errors)
UNRESOLVED: gfortran.dg/g77/20010610.f -O3 -fomit-frame-pointer -funroll-all-loops -finline-functions compilation failed to produce executable

 === gfortran Summary ===

# of expected passes 43445
# of unexpected failures 53
# of expected failures 44
# of unresolved testcases 16
# of unsupported tests 114
/usr/local/build/gcc-4.8.3_SunOS5.10_sparcv9.001/gcc/testsuite/gfortran/../../gfortran version 4.8.2 (Blastwave.org Inc. Tue Jun 3 02:22:33 UTC 2014) 

 === go tests ===


Running target unix

 === go Summary ===

# of expected passes 5057
# of expected failures 1
# of untested testcases 6
/usr/local/build/gcc-4.8.3_SunOS5.10_sparcv9.001/gcc/testsuite/go/../../gccgo version 4.8.2 (Blastwave.org Inc. Tue Jun 3 02:22:33 UTC 2014) 

 === objc tests ===


Running target unix

 === objc Summary ===

# of expected passes 2994
# of unsupported tests 74
/usr/local/build/gcc-4.8.3_SunOS5.10_sparcv9.001/gcc/xgcc version 4.8.2 (Blastwave.org Inc. Tue Jun 3 02:22:33 UTC 2014) 

 === libatomic tests ===


Running target unix

 === libatomic Summary ===

# of expected passes 44
# of unsupported tests 5
 === libffi tests ===


Running target unix

 === libffi Summary ===

# of expected passes 1819
# of unsupported tests 55
 === libgo tests ===


Running target unix
FAIL: mime
FAIL: net
FAIL: runtime
FAIL: syscall
FAIL: encoding/hex
FAIL: encoding/pem
FAIL: encoding/xml
FAIL: exp/proxy
FAIL: go/doc
FAIL: go/parser
FAIL: log/syslog
FAIL: net/http
FAIL: net/http/cgi
FAIL: net/http/httptest
FAIL: net/http/httputil
FAIL: net/rpc
FAIL: net/smtp
FAIL: os/exec

 === libgo Summary for unix ===

# of expected passes 101
# of unexpected failures 18

Running target unix/-m32
FAIL: runtime
FAIL: text/template
FAIL: testing/quick

 === libgo Summary for unix/-m32 ===

# of expected passes 119
# of unexpected failures 3

 === libgo Summary ===

# of expected passes 220
# of unexpected failures 21
/usr/local/build/gcc-4.8.3_SunOS5.10_sparcv9.001/./gcc/gccgo version 4.8.2 (Blastwave.org Inc. Tue Jun 3 02:22:33 UTC 2014)

 === libgomp tests ===


Running target unix
FAIL: libgomp.c/sort-1.c execution test

 === libgomp Summary ===

# of expected passes 3000
# of unexpected failures 1
# of unsupported tests 3
 === libitm tests ===


Running target unix

 === libitm Summary ===

# of expected passes 26
# of expected failures 3
# of unsupported tests 1
 === libstdc++ tests ===


Running target unix
FAIL: 28_regex/traits/wchar_t/length.cc (test for excess errors)
UNRESOLVED: 28_regex/traits/wchar_t/length.cc compilation failed to produce executable
FAIL: 28_regex/traits/wchar_t/transform.cc (test for excess errors)
UNRESOLVED: 28_regex/traits/wchar_t/transform.cc compilation failed to produce executable
FAIL: 28_regex/traits/wchar_t/translate.cc (test for excess errors)
UNRESOLVED: 28_regex/traits/wchar_t/translate.cc compilation failed to produce executable
FAIL: 28_regex/traits/wchar_t/translate_nocase.cc (test for excess errors)
UNRESOLVED: 28_regex/traits/wchar_t/translate_nocase.cc compilation failed to produce executable
FAIL: 28_regex/traits/wchar_t/value.cc (test for excess errors)
UNRESOLVED: 28_regex/traits/wchar_t/value.cc compilation failed to produce executable
XPASS: ext/enc_filebuf/char/13598.cc execution test
FAIL: tr1/7_regular_expressions/basic_regex/assign/char/cstring.cc (test for excess errors)
FAIL: tr1/7_regular_expressions/basic_regex/assign/char/cstring_op.cc (test for excess errors)
FAIL: tr1/7_regular_expressions/basic_regex/assign/char/pstring.cc (test for excess errors)
FAIL: tr1/7_regular_expressions/basic_regex/assign/char/range.cc (test for excess errors)
FAIL: tr1/7_regular_expressions/basic_regex/assign/char/string.cc (test for excess errors)
FAIL: tr1/7_regular_expressions/basic_regex/assign/char/string_op.cc (test for excess errors)
FAIL: tr1/7_regular_expressions/basic_regex/assign/wchar_t/cstring.cc (test for excess errors)
FAIL: tr1/7_regular_expressions/basic_regex/assign/wchar_t/cstring_op.cc (test for excess errors)
FAIL: tr1/7_regular_expressions/basic_regex/assign/wchar_t/pstring.cc (test for excess errors)
FAIL: tr1/7_regular_expressions/basic_regex/assign/wchar_t/range.cc (test for excess errors)
FAIL: tr1/7_regular_expressions/regex/cons/char/c_string_grep.cc (test for excess errors)
FAIL: tr1/8_c_compatibility/complex/50880.cc (test for excess errors)
UNRESOLVED: tr1/8_c_compatibility/complex/50880.cc compilation failed to produce executable

 === libstdc++ Summary ===

# of expected passes 8299
# of unexpected failures 17
# of unexpected successes 1
# of expected failures 45
# of unresolved testcases 6
# of unsupported tests 588

Compiler version: 4.8.2 (Blastwave.org Inc. Tue Jun 3 02:22:33 UTC 2014) 
Platform: sparc64-sun-solaris2.10
configure flags: --prefix=/usr/local/gcc4 --build=sparc64-sun-solaris2.10 --without-gnu-as --without-gnu-ld --with-ld=/usr/ccs/bin/ld --disable-nls --enable-threads=posix --enable-shared --libdir=/usr/local/gcc4/lib --libexecdir=/usr/local/gcc4/lib --disable-ppl-version-check --disable-cloog-version-check --with-pkgversion='Blastwave.org Inc. Tue Jun 3 02:22:33 UTC 2014' --enable-languages=c,c++,fortran,go,objc --enable-bootstrap
EOF


-- --
http://pgp.mit.edu:11371/pks/lookup?op=vindex&search=0x1D936C72FA35B44B
+-------------------------+-----------------------------------+
| Dennis Clarke | Solaris and Linux and Open Source |
| dclarke@blastwave.org | Respect for open standards. |
+-------------------------+-----------------------------------+


Index Nav: [Date Index] [Subject Index] [Author Index] [Thread Index]
Message Nav: [Date Prev] [Date Next] [Thread Prev] [Thread Next]