This is the mail archive of the gcc-testresults@gcc.gnu.org mailing list for the GCC project.


Index Nav: [Date Index] [Subject Index] [Author Index] [Thread Index]
Message Nav: [Date Prev] [Date Next] [Thread Prev] [Thread Next]
Other format: [Raw text]

Results for 4.10.0 20140602 (Mon Jun 2 20:16:47 PDT 2014 build.sh rev=979 s=FCtrunk t=DGNOBOARD NLAe600 -V nightly_NLAe600) (GCC) testsuite on powerpc-unknown-linux-gnualtivec


Native configuration is powerpc-unknown-linux-gnualtivec

		=== gcc tests ===


Running target unix
FAIL: gcc.c-torture/compile/pr34856.c  -O2  (internal compiler error)
FAIL: gcc.c-torture/compile/pr34856.c  -O2  (test for excess errors)
FAIL: gcc.c-torture/compile/pr34856.c  -O3 -fomit-frame-pointer  (internal compiler error)
FAIL: gcc.c-torture/compile/pr34856.c  -O3 -fomit-frame-pointer  (test for excess errors)
FAIL: gcc.c-torture/compile/pr34856.c  -O3 -fomit-frame-pointer -funroll-loops  (internal compiler error)
FAIL: gcc.c-torture/compile/pr34856.c  -O3 -fomit-frame-pointer -funroll-loops  (test for excess errors)
FAIL: gcc.c-torture/compile/pr34856.c  -O3 -fomit-frame-pointer -funroll-all-loops -finline-functions  (internal compiler error)
FAIL: gcc.c-torture/compile/pr34856.c  -O3 -fomit-frame-pointer -funroll-all-loops -finline-functions  (test for excess errors)
FAIL: gcc.c-torture/compile/pr34856.c  -O3 -g  (internal compiler error)
FAIL: gcc.c-torture/compile/pr34856.c  -O3 -g  (test for excess errors)
FAIL: gcc.c-torture/compile/pr34856.c  -Os  (internal compiler error)
FAIL: gcc.c-torture/compile/pr34856.c  -Os  (test for excess errors)
FAIL: gcc.c-torture/compile/pr34856.c  -O2 -flto -fno-use-linker-plugin -flto-partition=none  (internal compiler error)
FAIL: gcc.c-torture/compile/pr34856.c  -O2 -flto -fno-use-linker-plugin -flto-partition=none  (test for excess errors)
FAIL: gcc.c-torture/compile/pr60655-2.c  -O3 -g  (test for excess errors)
FAIL: gcc.c-torture/execute/bswap-2.c execution,  -O0 
FAIL: gcc.c-torture/execute/bswap-2.c execution,  -O1 
FAIL: gcc.c-torture/execute/bswap-2.c execution,  -O2 
FAIL: gcc.c-torture/execute/bswap-2.c execution,  -O3 -fomit-frame-pointer 
FAIL: gcc.c-torture/execute/bswap-2.c execution,  -O3 -g 
FAIL: gcc.c-torture/execute/bswap-2.c execution,  -Os 
FAIL: gcc.c-torture/execute/bswap-2.c execution,  -Og -g 
FAIL: gcc.c-torture/execute/bswap-2.c execution,  -O2 -flto -fno-use-linker-plugin -flto-partition=none 
FAIL: gcc.c-torture/execute/bswap-2.c execution,  -O2 -flto -fuse-linker-plugin -fno-fat-lto-objects 
FAIL: c-c++-common/asan/asan-interface-1.c  -O0  execution test
FAIL: c-c++-common/asan/asan-interface-1.c  -O1  execution test
FAIL: c-c++-common/asan/asan-interface-1.c  -O2  execution test
FAIL: c-c++-common/asan/asan-interface-1.c  -O3 -fomit-frame-pointer  execution test
FAIL: c-c++-common/asan/asan-interface-1.c  -O3 -g  execution test
FAIL: c-c++-common/asan/asan-interface-1.c  -Os  execution test
FAIL: c-c++-common/asan/asan-interface-1.c  -O2 -flto -fno-use-linker-plugin -flto-partition=none  execution test
FAIL: c-c++-common/asan/asan-interface-1.c  -O2 -flto -fuse-linker-plugin -fno-fat-lto-objects  execution test
FAIL: c-c++-common/asan/clone-test-1.c  -O0  execution test
FAIL: c-c++-common/asan/clone-test-1.c  -O1  execution test
FAIL: c-c++-common/asan/clone-test-1.c  -O2  execution test
FAIL: c-c++-common/asan/clone-test-1.c  -O3 -fomit-frame-pointer  execution test
FAIL: c-c++-common/asan/clone-test-1.c  -O3 -fomit-frame-pointer -funroll-loops  execution test
FAIL: c-c++-common/asan/clone-test-1.c  -O3 -fomit-frame-pointer -funroll-all-loops -finline-functions  execution test
FAIL: c-c++-common/asan/clone-test-1.c  -O3 -g  execution test
FAIL: c-c++-common/asan/clone-test-1.c  -Os  execution test
FAIL: c-c++-common/asan/clone-test-1.c  -O2 -flto -fno-use-linker-plugin -flto-partition=none  execution test
FAIL: c-c++-common/asan/clone-test-1.c  -O2 -flto -fuse-linker-plugin -fno-fat-lto-objects  execution test
FAIL: c-c++-common/asan/global-overflow-1.c  -O0  output pattern test, is ==5612==ASan runtime does not come first in initial library list; you should either link runtime to your application or manually preload it with LD_PRELOAD.
FAIL: c-c++-common/asan/global-overflow-1.c  -O1  output pattern test, is ==5923==ASan runtime does not come first in initial library list; you should either link runtime to your application or manually preload it with LD_PRELOAD.
FAIL: c-c++-common/asan/global-overflow-1.c  -O2  output pattern test, is ==6234==ASan runtime does not come first in initial library list; you should either link runtime to your application or manually preload it with LD_PRELOAD.
FAIL: c-c++-common/asan/global-overflow-1.c  -O3 -fomit-frame-pointer  output pattern test, is ==6485==ASan runtime does not come first in initial library list; you should either link runtime to your application or manually preload it with LD_PRELOAD.
FAIL: c-c++-common/asan/global-overflow-1.c  -O3 -g  output pattern test, is ==6795==ASan runtime does not come first in initial library list; you should either link runtime to your application or manually preload it with LD_PRELOAD.
FAIL: c-c++-common/asan/global-overflow-1.c  -Os  output pattern test, is ==7093==ASan runtime does not come first in initial library list; you should either link runtime to your application or manually preload it with LD_PRELOAD.
FAIL: c-c++-common/asan/global-overflow-1.c  -O2 -flto -fno-use-linker-plugin -flto-partition=none  output pattern test, is ==7773==ASan runtime does not come first in initial library list; you should either link runtime to your application or manually preload it with LD_PRELOAD.
FAIL: c-c++-common/asan/global-overflow-1.c  -O2 -flto -fuse-linker-plugin -fno-fat-lto-objects  output pattern test, is ==8194==ASan runtime does not come first in initial library list; you should either link runtime to your application or manually preload it with LD_PRELOAD.
FAIL: c-c++-common/asan/heap-overflow-1.c  -O0  output pattern test, is ==8435==ASan runtime does not come first in initial library list; you should either link runtime to your application or manually preload it with LD_PRELOAD.
FAIL: c-c++-common/asan/heap-overflow-1.c  -O1  output pattern test, is ==8744==ASan runtime does not come first in initial library list; you should either link runtime to your application or manually preload it with LD_PRELOAD.
FAIL: c-c++-common/asan/heap-overflow-1.c  -O2  output pattern test, is ==9015==ASan runtime does not come first in initial library list; you should either link runtime to your application or manually preload it with LD_PRELOAD.
FAIL: c-c++-common/asan/heap-overflow-1.c  -O3 -fomit-frame-pointer  output pattern test, is ==9305==ASan runtime does not come first in initial library list; you should either link runtime to your application or manually preload it with LD_PRELOAD.
FAIL: c-c++-common/asan/heap-overflow-1.c  -O3 -g  output pattern test, is ==9596==ASan runtime does not come first in initial library list; you should either link runtime to your application or manually preload it with LD_PRELOAD.
FAIL: c-c++-common/asan/heap-overflow-1.c  -Os  output pattern test, is ==9922==ASan runtime does not come first in initial library list; you should either link runtime to your application or manually preload it with LD_PRELOAD.
FAIL: c-c++-common/asan/heap-overflow-1.c  -O2 -flto -fno-use-linker-plugin -flto-partition=none  output pattern test, is ==10505==ASan runtime does not come first in initial library list; you should either link runtime to your application or manually preload it with LD_PRELOAD.
FAIL: c-c++-common/asan/heap-overflow-1.c  -O2 -flto -fuse-linker-plugin -fno-fat-lto-objects  output pattern test, is ==10935==ASan runtime does not come first in initial library list; you should either link runtime to your application or manually preload it with LD_PRELOAD.
FAIL: c-c++-common/asan/memcmp-1.c  -O0  output pattern test, is ==11411==ASan runtime does not come first in initial library list; you should either link runtime to your application or manually preload it with LD_PRELOAD.
FAIL: c-c++-common/asan/memcmp-1.c  -O1  output pattern test, is ==11774==ASan runtime does not come first in initial library list; you should either link runtime to your application or manually preload it with LD_PRELOAD.
FAIL: c-c++-common/asan/memcmp-1.c  -O2  output pattern test, is ==12101==ASan runtime does not come first in initial library list; you should either link runtime to your application or manually preload it with LD_PRELOAD.
FAIL: c-c++-common/asan/memcmp-1.c  -O3 -fomit-frame-pointer  output pattern test, is ==12491==ASan runtime does not come first in initial library list; you should either link runtime to your application or manually preload it with LD_PRELOAD.
FAIL: c-c++-common/asan/memcmp-1.c  -O3 -g  output pattern test, is ==12748==ASan runtime does not come first in initial library list; you should either link runtime to your application or manually preload it with LD_PRELOAD.
FAIL: c-c++-common/asan/memcmp-1.c  -Os  output pattern test, is ==13007==ASan runtime does not come first in initial library list; you should either link runtime to your application or manually preload it with LD_PRELOAD.
FAIL: c-c++-common/asan/memcmp-1.c  -O2 -flto -fno-use-linker-plugin -flto-partition=none  output pattern test, is ==13637==ASan runtime does not come first in initial library list; you should either link runtime to your application or manually preload it with LD_PRELOAD.
FAIL: c-c++-common/asan/memcmp-1.c  -O2 -flto -fuse-linker-plugin -fno-fat-lto-objects  output pattern test, is ==14094==ASan runtime does not come first in initial library list; you should either link runtime to your application or manually preload it with LD_PRELOAD.
FAIL: c-c++-common/asan/misalign-1.c  -O0  output pattern test, is ==15444==ASan runtime does not come first in initial library list; you should either link runtime to your application or manually preload it with LD_PRELOAD.
FAIL: c-c++-common/asan/misalign-1.c  -O1  output pattern test, is ==15670==ASan runtime does not come first in initial library list; you should either link runtime to your application or manually preload it with LD_PRELOAD.
FAIL: c-c++-common/asan/misalign-1.c  -O2  output pattern test, is ==16043==ASan runtime does not come first in initial library list; you should either link runtime to your application or manually preload it with LD_PRELOAD.
FAIL: c-c++-common/asan/misalign-1.c  -O3 -fomit-frame-pointer  output pattern test, is ==16383==ASan runtime does not come first in initial library list; you should either link runtime to your application or manually preload it with LD_PRELOAD.
FAIL: c-c++-common/asan/misalign-1.c  -O3 -g  output pattern test, is ==16781==ASan runtime does not come first in initial library list; you should either link runtime to your application or manually preload it with LD_PRELOAD.
FAIL: c-c++-common/asan/misalign-1.c  -Os  output pattern test, is ==17095==ASan runtime does not come first in initial library list; you should either link runtime to your application or manually preload it with LD_PRELOAD.
FAIL: c-c++-common/asan/misalign-1.c  -O2 -flto -fno-use-linker-plugin -flto-partition=none  output pattern test, is ==17881==ASan runtime does not come first in initial library list; you should either link runtime to your application or manually preload it with LD_PRELOAD.
FAIL: c-c++-common/asan/misalign-1.c  -O2 -flto -fuse-linker-plugin -fno-fat-lto-objects  output pattern test, is ==18330==ASan runtime does not come first in initial library list; you should either link runtime to your application or manually preload it with LD_PRELOAD.
FAIL: c-c++-common/asan/misalign-2.c  -O0  output pattern test, is ==18686==ASan runtime does not come first in initial library list; you should either link runtime to your application or manually preload it with LD_PRELOAD.
FAIL: c-c++-common/asan/misalign-2.c  -O1  output pattern test, is ==19163==ASan runtime does not come first in initial library list; you should either link runtime to your application or manually preload it with LD_PRELOAD.
FAIL: c-c++-common/asan/misalign-2.c  -O2  output pattern test, is ==19587==ASan runtime does not come first in initial library list; you should either link runtime to your application or manually preload it with LD_PRELOAD.
FAIL: c-c++-common/asan/misalign-2.c  -O3 -fomit-frame-pointer  output pattern test, is ==19987==ASan runtime does not come first in initial library list; you should either link runtime to your application or manually preload it with LD_PRELOAD.
FAIL: c-c++-common/asan/misalign-2.c  -O3 -g  output pattern test, is ==20449==ASan runtime does not come first in initial library list; you should either link runtime to your application or manually preload it with LD_PRELOAD.
FAIL: c-c++-common/asan/misalign-2.c  -Os  output pattern test, is ==20944==ASan runtime does not come first in initial library list; you should either link runtime to your application or manually preload it with LD_PRELOAD.
FAIL: c-c++-common/asan/misalign-2.c  -O2 -flto -fno-use-linker-plugin -flto-partition=none  output pattern test, is ==21737==ASan runtime does not come first in initial library list; you should either link runtime to your application or manually preload it with LD_PRELOAD.
FAIL: c-c++-common/asan/misalign-2.c  -O2 -flto -fuse-linker-plugin -fno-fat-lto-objects  output pattern test, is ==22234==ASan runtime does not come first in initial library list; you should either link runtime to your application or manually preload it with LD_PRELOAD.
FAIL: c-c++-common/asan/null-deref-1.c  -O0  output pattern test, is ==30905==ASan runtime does not come first in initial library list; you should either link runtime to your application or manually preload it with LD_PRELOAD.
FAIL: c-c++-common/asan/null-deref-1.c  -O1  output pattern test, is ==31181==ASan runtime does not come first in initial library list; you should either link runtime to your application or manually preload it with LD_PRELOAD.
FAIL: c-c++-common/asan/null-deref-1.c  -O2  output pattern test, is ==31502==ASan runtime does not come first in initial library list; you should either link runtime to your application or manually preload it with LD_PRELOAD.
FAIL: c-c++-common/asan/null-deref-1.c  -O3 -fomit-frame-pointer  output pattern test, is ==31752==ASan runtime does not come first in initial library list; you should either link runtime to your application or manually preload it with LD_PRELOAD.
FAIL: c-c++-common/asan/null-deref-1.c  -O3 -g  output pattern test, is ==32035==ASan runtime does not come first in initial library list; you should either link runtime to your application or manually preload it with LD_PRELOAD.
FAIL: c-c++-common/asan/null-deref-1.c  -Os  output pattern test, is ==32353==ASan runtime does not come first in initial library list; you should either link runtime to your application or manually preload it with LD_PRELOAD.
FAIL: c-c++-common/asan/null-deref-1.c  -O2 -flto -fno-use-linker-plugin -flto-partition=none  output pattern test, is ==512==ASan runtime does not come first in initial library list; you should either link runtime to your application or manually preload it with LD_PRELOAD.
FAIL: c-c++-common/asan/null-deref-1.c  -O2 -flto -fuse-linker-plugin -fno-fat-lto-objects  output pattern test, is ==1048==ASan runtime does not come first in initial library list; you should either link runtime to your application or manually preload it with LD_PRELOAD.
FAIL: c-c++-common/asan/pr59063-1.c  -O0  execution test
FAIL: c-c++-common/asan/pr59063-1.c  -O1  execution test
FAIL: c-c++-common/asan/pr59063-1.c  -O2  execution test
FAIL: c-c++-common/asan/pr59063-1.c  -O3 -fomit-frame-pointer  execution test
FAIL: c-c++-common/asan/pr59063-1.c  -O3 -g  execution test
FAIL: c-c++-common/asan/pr59063-1.c  -Os  execution test
FAIL: c-c++-common/asan/pr59063-1.c  -O2 -flto -fno-use-linker-plugin -flto-partition=none  execution test
FAIL: c-c++-common/asan/pr59063-1.c  -O2 -flto -fuse-linker-plugin -fno-fat-lto-objects  execution test
FAIL: c-c++-common/asan/rlimit-mmap-test-1.c  -O0  output pattern test, is ==9853==ASan runtime does not come first in initial library list; you should either link runtime to your application or manually preload it with LD_PRELOAD.
FAIL: c-c++-common/asan/sanity-check-pure-c-1.c  -O0  output pattern test, is ==10178==ASan runtime does not come first in initial library list; you should either link runtime to your application or manually preload it with LD_PRELOAD.
FAIL: c-c++-common/asan/sanity-check-pure-c-1.c  -O1  output pattern test, is ==10464==ASan runtime does not come first in initial library list; you should either link runtime to your application or manually preload it with LD_PRELOAD.
FAIL: c-c++-common/asan/sanity-check-pure-c-1.c  -O2  output pattern test, is ==10751==ASan runtime does not come first in initial library list; you should either link runtime to your application or manually preload it with LD_PRELOAD.
FAIL: c-c++-common/asan/sanity-check-pure-c-1.c  -O3 -fomit-frame-pointer  output pattern test, is ==11011==ASan runtime does not come first in initial library list; you should either link runtime to your application or manually preload it with LD_PRELOAD.
FAIL: c-c++-common/asan/sanity-check-pure-c-1.c  -O3 -g  output pattern test, is ==11395==ASan runtime does not come first in initial library list; you should either link runtime to your application or manually preload it with LD_PRELOAD.
FAIL: c-c++-common/asan/sanity-check-pure-c-1.c  -Os  output pattern test, is ==11699==ASan runtime does not come first in initial library list; you should either link runtime to your application or manually preload it with LD_PRELOAD.
FAIL: c-c++-common/asan/sanity-check-pure-c-1.c  -O2 -flto -fno-use-linker-plugin -flto-partition=none  output pattern test, is ==12307==ASan runtime does not come first in initial library list; you should either link runtime to your application or manually preload it with LD_PRELOAD.
FAIL: c-c++-common/asan/sanity-check-pure-c-1.c  -O2 -flto -fuse-linker-plugin -fno-fat-lto-objects  output pattern test, is ==12725==ASan runtime does not come first in initial library list; you should either link runtime to your application or manually preload it with LD_PRELOAD.
FAIL: c-c++-common/asan/stack-overflow-1.c  -O0  output pattern test, is ==16422==ASan runtime does not come first in initial library list; you should either link runtime to your application or manually preload it with LD_PRELOAD.
FAIL: c-c++-common/asan/stack-overflow-1.c  -O1  output pattern test, is ==16685==ASan runtime does not come first in initial library list; you should either link runtime to your application or manually preload it with LD_PRELOAD.
FAIL: c-c++-common/asan/stack-overflow-1.c  -O2  output pattern test, is ==16964==ASan runtime does not come first in initial library list; you should either link runtime to your application or manually preload it with LD_PRELOAD.
FAIL: c-c++-common/asan/stack-overflow-1.c  -O3 -fomit-frame-pointer  output pattern test, is ==17227==ASan runtime does not come first in initial library list; you should either link runtime to your application or manually preload it with LD_PRELOAD.
FAIL: c-c++-common/asan/stack-overflow-1.c  -O3 -g  output pattern test, is ==17428==ASan runtime does not come first in initial library list; you should either link runtime to your application or manually preload it with LD_PRELOAD.
FAIL: c-c++-common/asan/stack-overflow-1.c  -Os  output pattern test, is ==17673==ASan runtime does not come first in initial library list; you should either link runtime to your application or manually preload it with LD_PRELOAD.
FAIL: c-c++-common/asan/stack-overflow-1.c  -O2 -flto -fno-use-linker-plugin -flto-partition=none  output pattern test, is ==18160==ASan runtime does not come first in initial library list; you should either link runtime to your application or manually preload it with LD_PRELOAD.
FAIL: c-c++-common/asan/stack-overflow-1.c  -O2 -flto -fuse-linker-plugin -fno-fat-lto-objects  output pattern test, is ==18560==ASan runtime does not come first in initial library list; you should either link runtime to your application or manually preload it with LD_PRELOAD.
FAIL: c-c++-common/asan/strip-path-prefix-1.c  -O2  output pattern test, is ==18859==ASan runtime does not come first in initial library list; you should either link runtime to your application or manually preload it with LD_PRELOAD.
FAIL: c-c++-common/asan/strip-path-prefix-1.c  -O2 -flto -fno-use-linker-plugin -flto-partition=none  output pattern test, is ==19441==ASan runtime does not come first in initial library list; you should either link runtime to your application or manually preload it with LD_PRELOAD.
FAIL: c-c++-common/asan/strip-path-prefix-1.c  -O2 -flto -fuse-linker-plugin -fno-fat-lto-objects  output pattern test, is ==19858==ASan runtime does not come first in initial library list; you should either link runtime to your application or manually preload it with LD_PRELOAD.
FAIL: c-c++-common/asan/strncpy-overflow-1.c  -O0  output pattern test, is ==20079==ASan runtime does not come first in initial library list; you should either link runtime to your application or manually preload it with LD_PRELOAD.
FAIL: c-c++-common/asan/strncpy-overflow-1.c  -O1  output pattern test, is ==20394==ASan runtime does not come first in initial library list; you should either link runtime to your application or manually preload it with LD_PRELOAD.
FAIL: c-c++-common/asan/strncpy-overflow-1.c  -O2  output pattern test, is ==20758==ASan runtime does not come first in initial library list; you should either link runtime to your application or manually preload it with LD_PRELOAD.
FAIL: c-c++-common/asan/strncpy-overflow-1.c  -O3 -fomit-frame-pointer  output pattern test, is ==20979==ASan runtime does not come first in initial library list; you should either link runtime to your application or manually preload it with LD_PRELOAD.
FAIL: c-c++-common/asan/strncpy-overflow-1.c  -O3 -g  output pattern test, is ==21311==ASan runtime does not come first in initial library list; you should either link runtime to your application or manually preload it with LD_PRELOAD.
FAIL: c-c++-common/asan/strncpy-overflow-1.c  -Os  output pattern test, is ==21564==ASan runtime does not come first in initial library list; you should either link runtime to your application or manually preload it with LD_PRELOAD.
FAIL: c-c++-common/asan/strncpy-overflow-1.c  -O2 -flto -fno-use-linker-plugin -flto-partition=none  output pattern test, is ==22094==ASan runtime does not come first in initial library list; you should either link runtime to your application or manually preload it with LD_PRELOAD.
FAIL: c-c++-common/asan/strncpy-overflow-1.c  -O2 -flto -fuse-linker-plugin -fno-fat-lto-objects  output pattern test, is ==22351==ASan runtime does not come first in initial library list; you should either link runtime to your application or manually preload it with LD_PRELOAD.
FAIL: c-c++-common/asan/swapcontext-test-1.c  -O0  execution test
FAIL: c-c++-common/asan/swapcontext-test-1.c  -O1  execution test
FAIL: c-c++-common/asan/swapcontext-test-1.c  -O2  execution test
FAIL: c-c++-common/asan/swapcontext-test-1.c  -O3 -fomit-frame-pointer  execution test
FAIL: c-c++-common/asan/swapcontext-test-1.c  -O3 -fomit-frame-pointer -funroll-loops  execution test
FAIL: c-c++-common/asan/swapcontext-test-1.c  -O3 -fomit-frame-pointer -funroll-all-loops -finline-functions  execution test
FAIL: c-c++-common/asan/swapcontext-test-1.c  -O3 -g  execution test
FAIL: c-c++-common/asan/swapcontext-test-1.c  -Os  execution test
FAIL: c-c++-common/asan/swapcontext-test-1.c  -O2 -flto -fno-use-linker-plugin -flto-partition=none  execution test
FAIL: c-c++-common/asan/swapcontext-test-1.c  -O2 -flto -fuse-linker-plugin -fno-fat-lto-objects  execution test
FAIL: c-c++-common/asan/use-after-free-1.c  -O0  output pattern test, is ==26587==ASan runtime does not come first in initial library list; you should either link runtime to your application or manually preload it with LD_PRELOAD.
FAIL: c-c++-common/asan/use-after-free-1.c  -O1  output pattern test, is ==26877==ASan runtime does not come first in initial library list; you should either link runtime to your application or manually preload it with LD_PRELOAD.
FAIL: c-c++-common/asan/use-after-free-1.c  -O2  output pattern test, is ==27107==ASan runtime does not come first in initial library list; you should either link runtime to your application or manually preload it with LD_PRELOAD.
FAIL: c-c++-common/asan/use-after-free-1.c  -O3 -fomit-frame-pointer  output pattern test, is ==27414==ASan runtime does not come first in initial library list; you should either link runtime to your application or manually preload it with LD_PRELOAD.
FAIL: c-c++-common/asan/use-after-free-1.c  -O3 -g  output pattern test, is ==27719==ASan runtime does not come first in initial library list; you should either link runtime to your application or manually preload it with LD_PRELOAD.
FAIL: c-c++-common/asan/use-after-free-1.c  -Os  output pattern test, is ==27968==ASan runtime does not come first in initial library list; you should either link runtime to your application or manually preload it with LD_PRELOAD.
FAIL: c-c++-common/asan/use-after-free-1.c  -O2 -flto -fno-use-linker-plugin -flto-partition=none  output pattern test, is ==28664==ASan runtime does not come first in initial library list; you should either link runtime to your application or manually preload it with LD_PRELOAD.
FAIL: c-c++-common/asan/use-after-free-1.c  -O2 -flto -fuse-linker-plugin -fno-fat-lto-objects  output pattern test, is ==29124==ASan runtime does not come first in initial library list; you should either link runtime to your application or manually preload it with LD_PRELOAD.
FAIL: c-c++-common/asan/use-after-return-1.c  -O0  output pattern test, is ==29460==ASan runtime does not come first in initial library list; you should either link runtime to your application or manually preload it with LD_PRELOAD.
FAIL: c-c++-common/asan/use-after-return-1.c  -O1  output pattern test, is ==29781==ASan runtime does not come first in initial library list; you should either link runtime to your application or manually preload it with LD_PRELOAD.
FAIL: c-c++-common/asan/use-after-return-1.c  -O2  output pattern test, is ==30155==ASan runtime does not come first in initial library list; you should either link runtime to your application or manually preload it with LD_PRELOAD.
FAIL: c-c++-common/asan/use-after-return-1.c  -O3 -fomit-frame-pointer  output pattern test, is ==30530==ASan runtime does not come first in initial library list; you should either link runtime to your application or manually preload it with LD_PRELOAD.
FAIL: c-c++-common/asan/use-after-return-1.c  -O3 -g  output pattern test, is ==30906==ASan runtime does not come first in initial library list; you should either link runtime to your application or manually preload it with LD_PRELOAD.
FAIL: c-c++-common/asan/use-after-return-1.c  -Os  output pattern test, is ==31250==ASan runtime does not come first in initial library list; you should either link runtime to your application or manually preload it with LD_PRELOAD.
FAIL: c-c++-common/asan/use-after-return-1.c  -O2 -flto -fno-use-linker-plugin -flto-partition=none  output pattern test, is ==31905==ASan runtime does not come first in initial library list; you should either link runtime to your application or manually preload it with LD_PRELOAD.
FAIL: c-c++-common/asan/use-after-return-1.c  -O2 -flto -fuse-linker-plugin -fno-fat-lto-objects  output pattern test, is ==32380==ASan runtime does not come first in initial library list; you should either link runtime to your application or manually preload it with LD_PRELOAD.
FAIL: gcc.dg/asan/nosanitize-and-inline.c  -O0  execution test
FAIL: gcc.dg/asan/nosanitize-and-inline.c  -O1  execution test
FAIL: gcc.dg/asan/nosanitize-and-inline.c  -O2  execution test
FAIL: gcc.dg/asan/nosanitize-and-inline.c  -O3 -fomit-frame-pointer  execution test
FAIL: gcc.dg/asan/nosanitize-and-inline.c  -O3 -fomit-frame-pointer -funroll-loops  execution test
FAIL: gcc.dg/asan/nosanitize-and-inline.c  -O3 -fomit-frame-pointer -funroll-all-loops -finline-functions  execution test
FAIL: gcc.dg/asan/nosanitize-and-inline.c  -O3 -g  execution test
FAIL: gcc.dg/asan/nosanitize-and-inline.c  -Os  execution test
FAIL: gcc.dg/asan/nosanitize-and-inline.c  -O2 -flto -fno-use-linker-plugin -flto-partition=none  execution test
FAIL: gcc.dg/asan/nosanitize-and-inline.c  -O2 -flto -fuse-linker-plugin -fno-fat-lto-objects  execution test
FAIL: gcc.dg/atomic/c11-atomic-exec-5.c  -O0  execution test
FAIL: gcc.dg/atomic/c11-atomic-exec-5.c  -O1  execution test
FAIL: gcc.dg/atomic/c11-atomic-exec-5.c  -O2  execution test
FAIL: gcc.dg/atomic/c11-atomic-exec-5.c  -O3 -fomit-frame-pointer  execution test
FAIL: gcc.dg/atomic/c11-atomic-exec-5.c  -O3 -fomit-frame-pointer -funroll-loops  execution test
FAIL: gcc.dg/atomic/c11-atomic-exec-5.c  -O3 -fomit-frame-pointer -funroll-all-loops -finline-functions  execution test
FAIL: gcc.dg/atomic/c11-atomic-exec-5.c  -O3 -g  execution test
FAIL: gcc.dg/atomic/c11-atomic-exec-5.c  -Os  execution test
FAIL: gcc.dg/atomic/c11-atomic-exec-5.c  -O2 -flto -fno-use-linker-plugin -flto-partition=none  execution test
FAIL: gcc.dg/atomic/c11-atomic-exec-5.c  -O2 -flto -fuse-linker-plugin -fno-fat-lto-objects  execution test
FAIL: tmpdir-gcc.dg-struct-layout-1/t024 c_compat_x_tst.o-c_compat_y_tst.o execute 
FAIL: gcc.dg/20021014-1.c execution test
FAIL: gcc.dg/and-1.c scan-assembler-not nand
FAIL: gcc.dg/binop-xor1.c scan-tree-dump-times optimized "\\\\^" 1
FAIL: gcc.dg/nest.c execution test
FAIL: gcc.dg/nested-func-4.c execution test
FAIL: gcc.dg/pr32450.c execution test
FAIL: gcc.dg/pr34856.c (internal compiler error)
FAIL: gcc.dg/pr34856.c (test for excess errors)
FAIL: gcc.dg/pr43643.c execution test
FAIL: gcc.dg/pr46728-9.c (test for excess errors)
UNRESOLVED: gcc.dg/pr46728-9.c compilation failed to produce executable
FAIL: gcc.dg/noncompile/920507-1.c  -O1  (internal compiler error)
FAIL: gcc.dg/noncompile/920507-1.c  -O1  (test for excess errors)
FAIL: gcc.dg/noncompile/920507-1.c  -O2  (internal compiler error)
FAIL: gcc.dg/noncompile/920507-1.c  -O2  (test for excess errors)
FAIL: gcc.dg/noncompile/920507-1.c  -O3 -fomit-frame-pointer  (internal compiler error)
FAIL: gcc.dg/noncompile/920507-1.c  -O3 -fomit-frame-pointer  (test for excess errors)
FAIL: gcc.dg/noncompile/920507-1.c  -O3 -g  (internal compiler error)
FAIL: gcc.dg/noncompile/920507-1.c  -O3 -g  (test for excess errors)
FAIL: gcc.dg/noncompile/920507-1.c  -Os  (internal compiler error)
FAIL: gcc.dg/noncompile/920507-1.c  -Os  (test for excess errors)
FAIL: gcc.dg/noncompile/920507-1.c  -O2 -flto -fno-use-linker-plugin -flto-partition=none  (internal compiler error)
FAIL: gcc.dg/noncompile/920507-1.c  -O2 -flto -fno-use-linker-plugin -flto-partition=none  (test for excess errors)
FAIL: gcc.dg/noncompile/920507-1.c  -O2 -flto -fuse-linker-plugin -fno-fat-lto-objects  (internal compiler error)
FAIL: gcc.dg/noncompile/920507-1.c  -O2 -flto -fuse-linker-plugin -fno-fat-lto-objects  (test for excess errors)
FAIL: gcc.dg/torture/pr41094.c  -O0  (test for excess errors)
UNRESOLVED: gcc.dg/torture/pr41094.c  -O0  compilation failed to produce executable
FAIL: gcc.dg/tree-ssa/loop-19.c scan-tree-dump-times optimized "MEM.(base: &|symbol: )a," 2
FAIL: gcc.dg/tree-ssa/loop-19.c scan-tree-dump-times optimized "MEM.(base: &|symbol: )c," 2
FAIL: gcc.dg/tree-ssa/sra-12.c scan-tree-dump-times release_ssa "l;" 0
FAIL: gcc.dg/tree-ssa/ssa-dom-thread-4.c scan-tree-dump-times dom1 "Threaded" 3
FAIL: gcc.dg/tree-ssa/vrp47.c scan-tree-dump-times vrp1 "[xy][^ ]* !=" 0
FAIL: gcc.dg/vect/costmodel/ppc/costmodel-bb-slp-9a.c scan-tree-dump-times slp "basic block vectorized using SLP" 1
FAIL: gcc.dg/vect/pr37539.c (test for excess errors)
UNRESOLVED: gcc.dg/vect/pr37539.c compilation failed to produce executable
FAIL: gcc.dg/vect/pr59651.c (test for excess errors)
UNRESOLVED: gcc.dg/vect/pr59651.c compilation failed to produce executable
FAIL: gcc.dg/vect/pr37539.c -flto -ffat-lto-objects (test for excess errors)
UNRESOLVED: gcc.dg/vect/pr37539.c -flto -ffat-lto-objects compilation failed to produce executable
FAIL: gcc.dg/vect/pr59651.c -flto -ffat-lto-objects (test for excess errors)
UNRESOLVED: gcc.dg/vect/pr59651.c -flto -ffat-lto-objects compilation failed to produce executable
FAIL: gcc.dg/vect/no-vfa-vect-depend-2.c scan-tree-dump-times vect "vectorized 1 loops" 1
FAIL: gcc.dg/vect/no-vfa-vect-depend-3.c scan-tree-dump-times vect "vectorized 1 loops" 4
FAIL: gcc.dg/vmx/extract-vsx-be-order.c  -O0  (test for excess errors)
UNRESOLVED: gcc.dg/vmx/extract-vsx-be-order.c  -O0  compilation failed to produce executable
FAIL: gcc.dg/vmx/extract-vsx.c  -O0  (test for excess errors)
UNRESOLVED: gcc.dg/vmx/extract-vsx.c  -O0  compilation failed to produce executable
FAIL: gcc.dg/vmx/gcc-bug-5.c  -O3 -g  (internal compiler error)
FAIL: gcc.dg/vmx/gcc-bug-5.c  -O3 -g  (test for excess errors)
FAIL: gcc.dg/vmx/gcc-bug-6.c  -O3 -g  (internal compiler error)
FAIL: gcc.dg/vmx/gcc-bug-6.c  -O3 -g  (test for excess errors)
FAIL: gcc.dg/vmx/ld-vsx-be-order.c  -O0  (test for excess errors)
UNRESOLVED: gcc.dg/vmx/ld-vsx-be-order.c  -O0  compilation failed to produce executable
FAIL: gcc.dg/vmx/ld-vsx.c  -O0  (test for excess errors)
UNRESOLVED: gcc.dg/vmx/ld-vsx.c  -O0  compilation failed to produce executable
FAIL: gcc.dg/vmx/ldl-vsx-be-order.c  -O0  (test for excess errors)
UNRESOLVED: gcc.dg/vmx/ldl-vsx-be-order.c  -O0  compilation failed to produce executable
FAIL: gcc.dg/vmx/ldl-vsx.c  -O0  (test for excess errors)
UNRESOLVED: gcc.dg/vmx/ldl-vsx.c  -O0  compilation failed to produce executable
FAIL: gcc.dg/vmx/merge-vsx-be-order.c  -O0  (test for excess errors)
UNRESOLVED: gcc.dg/vmx/merge-vsx-be-order.c  -O0  compilation failed to produce executable
FAIL: gcc.dg/vmx/merge-vsx-be-order.c  -O1  (test for excess errors)
UNRESOLVED: gcc.dg/vmx/merge-vsx-be-order.c  -O1  compilation failed to produce executable
FAIL: gcc.dg/vmx/merge-vsx-be-order.c  -Os  (test for excess errors)
UNRESOLVED: gcc.dg/vmx/merge-vsx-be-order.c  -Os  compilation failed to produce executable
FAIL: gcc.dg/vmx/merge-vsx.c  -O0  (test for excess errors)
UNRESOLVED: gcc.dg/vmx/merge-vsx.c  -O0  compilation failed to produce executable
FAIL: gcc.dg/vmx/merge-vsx.c  -O1  (test for excess errors)
UNRESOLVED: gcc.dg/vmx/merge-vsx.c  -O1  compilation failed to produce executable
FAIL: gcc.dg/vmx/merge-vsx.c  -Os  (test for excess errors)
UNRESOLVED: gcc.dg/vmx/merge-vsx.c  -Os  compilation failed to produce executable
FAIL: gcc.dg/vmx/splat-vsx-be-order.c  -O0  (test for excess errors)
UNRESOLVED: gcc.dg/vmx/splat-vsx-be-order.c  -O0  compilation failed to produce executable
FAIL: gcc.dg/vmx/splat-vsx-be-order.c  -O1  (test for excess errors)
UNRESOLVED: gcc.dg/vmx/splat-vsx-be-order.c  -O1  compilation failed to produce executable
FAIL: gcc.dg/vmx/splat-vsx.c  -O0  (test for excess errors)
UNRESOLVED: gcc.dg/vmx/splat-vsx.c  -O0  compilation failed to produce executable
FAIL: gcc.dg/vmx/splat-vsx.c  -O1  (test for excess errors)
UNRESOLVED: gcc.dg/vmx/splat-vsx.c  -O1  compilation failed to produce executable
FAIL: gcc.dg/vmx/st-vsx-be-order.c  -O0  (test for excess errors)
UNRESOLVED: gcc.dg/vmx/st-vsx-be-order.c  -O0  compilation failed to produce executable
FAIL: gcc.dg/vmx/st-vsx.c  -O0  (test for excess errors)
UNRESOLVED: gcc.dg/vmx/st-vsx.c  -O0  compilation failed to produce executable
FAIL: gcc.dg/vmx/stl-vsx-be-order.c  -O0  (test for excess errors)
UNRESOLVED: gcc.dg/vmx/stl-vsx-be-order.c  -O0  compilation failed to produce executable
FAIL: gcc.dg/vmx/stl-vsx.c  -O0  (test for excess errors)
UNRESOLVED: gcc.dg/vmx/stl-vsx.c  -O0  compilation failed to produce executable
FAIL: gcc.dg/vmx/varargs-7.c  -O3 -g  (internal compiler error)
FAIL: gcc.dg/vmx/varargs-7.c  -O3 -g  (test for excess errors)
UNRESOLVED: gcc.dg/vmx/varargs-7.c  -O3 -g  compilation failed to produce executable
FAIL: gcc.target/powerpc/405-dlmzb-strlen-1.c scan-assembler dlmzb\\\\. 
FAIL: gcc.target/powerpc/440-dlmzb-strlen-1.c scan-assembler dlmzb\\\\. 
FAIL: gcc.target/powerpc/dfp-builtin-1.c (test for excess errors)
UNRESOLVED: gcc.target/powerpc/dfp-builtin-1.c scan-assembler-times ddedpd  4
UNRESOLVED: gcc.target/powerpc/dfp-builtin-1.c scan-assembler-times denbcd  2
UNRESOLVED: gcc.target/powerpc/dfp-builtin-1.c scan-assembler-times dxex  1
UNRESOLVED: gcc.target/powerpc/dfp-builtin-1.c scan-assembler-times diex  1
UNRESOLVED: gcc.target/powerpc/dfp-builtin-1.c scan-assembler-times dscli  2
UNRESOLVED: gcc.target/powerpc/dfp-builtin-1.c scan-assembler-times dscri  2
UNRESOLVED: gcc.target/powerpc/dfp-builtin-1.c scan-assembler-not bl __builtin
UNRESOLVED: gcc.target/powerpc/dfp-builtin-1.c scan-assembler-not dctqpq
UNRESOLVED: gcc.target/powerpc/dfp-builtin-1.c scan-assembler-not drdpq
UNRESOLVED: gcc.target/powerpc/dfp-builtin-1.c scan-assembler-not stfd
UNRESOLVED: gcc.target/powerpc/dfp-builtin-1.c scan-assembler-not lfd
FAIL: gcc.target/powerpc/dfp-builtin-2.c (test for excess errors)
UNRESOLVED: gcc.target/powerpc/dfp-builtin-2.c scan-assembler-times ddedpdq  4
UNRESOLVED: gcc.target/powerpc/dfp-builtin-2.c scan-assembler-times denbcdq  2
UNRESOLVED: gcc.target/powerpc/dfp-builtin-2.c scan-assembler-times dxexq  1
UNRESOLVED: gcc.target/powerpc/dfp-builtin-2.c scan-assembler-times diexq  1
UNRESOLVED: gcc.target/powerpc/dfp-builtin-2.c scan-assembler-times dscliq  2
UNRESOLVED: gcc.target/powerpc/dfp-builtin-2.c scan-assembler-times dscriq  2
UNRESOLVED: gcc.target/powerpc/dfp-builtin-2.c scan-assembler-not bl __builtin
UNRESOLVED: gcc.target/powerpc/dfp-builtin-2.c scan-assembler-not dctqpq
UNRESOLVED: gcc.target/powerpc/dfp-builtin-2.c scan-assembler-not drdpq
UNRESOLVED: gcc.target/powerpc/dfp-builtin-2.c scan-assembler-not stfd
UNRESOLVED: gcc.target/powerpc/dfp-builtin-2.c scan-assembler-not lfd
FAIL: gcc.target/powerpc/dfp-dd-2.c (test for excess errors)
UNRESOLVED: gcc.target/powerpc/dfp-dd-2.c scan-assembler-times fneg 1
UNRESOLVED: gcc.target/powerpc/dfp-dd-2.c scan-assembler-times fabs 1
UNRESOLVED: gcc.target/powerpc/dfp-dd-2.c scan-assembler-times fnabs 1
UNRESOLVED: gcc.target/powerpc/dfp-dd-2.c scan-assembler-times fmr 0
FAIL: gcc.target/powerpc/dfp-dd.c (test for excess errors)
UNRESOLVED: gcc.target/powerpc/dfp-dd.c scan-assembler dadd
UNRESOLVED: gcc.target/powerpc/dfp-dd.c scan-assembler ddiv
UNRESOLVED: gcc.target/powerpc/dfp-dd.c scan-assembler dmul
UNRESOLVED: gcc.target/powerpc/dfp-dd.c scan-assembler dsub
UNRESOLVED: gcc.target/powerpc/dfp-dd.c scan-assembler-times dcmpu 6
UNRESOLVED: gcc.target/powerpc/dfp-dd.c scan-assembler-times dctfix 2
UNRESOLVED: gcc.target/powerpc/dfp-dd.c scan-assembler-times drintn 2
UNRESOLVED: gcc.target/powerpc/dfp-dd.c scan-assembler-times dcffixq 2
FAIL: gcc.target/powerpc/dfp-td-2.c (test for excess errors)
UNRESOLVED: gcc.target/powerpc/dfp-td-2.c scan-assembler-times fneg 1
UNRESOLVED: gcc.target/powerpc/dfp-td-2.c scan-assembler-times fabs 1
UNRESOLVED: gcc.target/powerpc/dfp-td-2.c scan-assembler-times fnabs 1
UNRESOLVED: gcc.target/powerpc/dfp-td-2.c scan-assembler-times fmr 0
FAIL: gcc.target/powerpc/dfp-td-3.c (test for excess errors)
UNRESOLVED: gcc.target/powerpc/dfp-td-3.c scan-assembler-times fneg 1
UNRESOLVED: gcc.target/powerpc/dfp-td-3.c scan-assembler-times fabs 1
UNRESOLVED: gcc.target/powerpc/dfp-td-3.c scan-assembler-times fnabs 1
UNRESOLVED: gcc.target/powerpc/dfp-td-3.c scan-assembler-times fmr 3
FAIL: gcc.target/powerpc/dfp-td.c (test for excess errors)
UNRESOLVED: gcc.target/powerpc/dfp-td.c scan-assembler daddq
UNRESOLVED: gcc.target/powerpc/dfp-td.c scan-assembler ddivq
UNRESOLVED: gcc.target/powerpc/dfp-td.c scan-assembler dmulq
UNRESOLVED: gcc.target/powerpc/dfp-td.c scan-assembler dsubq
UNRESOLVED: gcc.target/powerpc/dfp-td.c scan-assembler-times dcmpuq 6
UNRESOLVED: gcc.target/powerpc/dfp-td.c scan-assembler-times dctfixq 2
UNRESOLVED: gcc.target/powerpc/dfp-td.c scan-assembler-times drintnq 2
UNRESOLVED: gcc.target/powerpc/dfp-td.c scan-assembler-times dcffixq 2
FAIL: gcc.target/powerpc/pr39902-2.c (test for excess errors)
UNRESOLVED: gcc.target/powerpc/pr39902-2.c scan-assembler-not fneg
FAIL: gcc.target/powerpc/pr48857.c scan-assembler-not ld
FAIL: gcc.target/powerpc/pr53199.c scan-assembler-times lwbrx 6
FAIL: gcc.target/powerpc/pr53199.c scan-assembler-times stwbrx 6

		=== gcc Summary ===

# of expected passes		94995
# of unexpected failures	249
# of expected failures		216
# of unresolved testcases	78
# of unsupported tests		1734
/home/local/nightly/build/opt/freescale/NLAe600/obj_gcc/gcc/xgcc  version 4.10.0 20140602 (Mon Jun 2 20:16:47 PDT 2014         build.sh rev=979 s=FCtrunk t=DGNOBOARD NLAe600 -V nightly_NLAe600) (GCC) 

		=== gfortran tests ===


Running target unix
FAIL: gfortran.dg/allocatable_function_1.f90  -O0   scan-tree-dump-times original "free" 10
FAIL: gfortran.dg/allocatable_function_1.f90  -O1   scan-tree-dump-times original "free" 10
FAIL: gfortran.dg/allocatable_function_1.f90  -O2   scan-tree-dump-times original "free" 10
FAIL: gfortran.dg/allocatable_function_1.f90  -O3 -fomit-frame-pointer   scan-tree-dump-times original "free" 10
FAIL: gfortran.dg/allocatable_function_1.f90  -O3 -fomit-frame-pointer -funroll-loops   scan-tree-dump-times original "free" 10
FAIL: gfortran.dg/allocatable_function_1.f90  -O3 -fomit-frame-pointer -funroll-all-loops -finline-functions   scan-tree-dump-times original "free" 10
FAIL: gfortran.dg/allocatable_function_1.f90  -O3 -g   scan-tree-dump-times original "free" 10
FAIL: gfortran.dg/allocatable_function_1.f90  -Os   scan-tree-dump-times original "free" 10
FAIL: gfortran.dg/bessel_6.f90  -O0  execution test
FAIL: gfortran.dg/bessel_6.f90  -O1  execution test
FAIL: gfortran.dg/bessel_6.f90  -O2  execution test
FAIL: gfortran.dg/bessel_6.f90  -O3 -fomit-frame-pointer  execution test
FAIL: gfortran.dg/bessel_6.f90  -O3 -fomit-frame-pointer -funroll-loops  execution test
FAIL: gfortran.dg/bessel_6.f90  -O3 -fomit-frame-pointer -funroll-all-loops -finline-functions  execution test
FAIL: gfortran.dg/bessel_6.f90  -O3 -g  execution test
FAIL: gfortran.dg/bessel_6.f90  -Os  execution test
FAIL: gfortran.dg/bind_c_array_params_2.f90  -O   scan-assembler-times call[^\\n\\r]*myBindC 1
FAIL: gfortran.dg/minlocval_3.f90  -O3 -fomit-frame-pointer -funroll-loops  (internal compiler error)
FAIL: gfortran.dg/minlocval_3.f90  -O3 -fomit-frame-pointer -funroll-loops  (test for excess errors)
UNRESOLVED: gfortran.dg/minlocval_3.f90  -O3 -fomit-frame-pointer -funroll-loops  compilation failed to produce executable
FAIL: gfortran.dg/minlocval_3.f90  -O3 -fomit-frame-pointer -funroll-all-loops -finline-functions  (internal compiler error)
FAIL: gfortran.dg/minlocval_3.f90  -O3 -fomit-frame-pointer -funroll-all-loops -finline-functions  (test for excess errors)
UNRESOLVED: gfortran.dg/minlocval_3.f90  -O3 -fomit-frame-pointer -funroll-all-loops -finline-functions  compilation failed to produce executable
XPASS: gfortran.dg/nint_2.f90  -O0  execution test
FAIL: gfortran.dg/wextra_1.f  -O   (test for warnings, line 4)

		=== gfortran Summary ===

# of expected passes		45440
# of unexpected failures	22
# of unexpected successes	1
# of expected failures		76
# of unresolved testcases	2
# of unsupported tests		249
/home/local/nightly/build/opt/freescale/NLAe600/obj_gcc/gcc/testsuite/gfortran/../../gfortran  version 4.10.0 20140602 (Mon Jun 2 20:16:47 PDT 2014         build.sh rev=979 s=FCtrunk t=DGNOBOARD NLAe600 -V nightly_NLAe600) (GCC) 

		=== g++ tests ===


Running target unix
FAIL: c-c++-common/asan/asan-interface-1.c  -O0  execution test
FAIL: c-c++-common/asan/asan-interface-1.c  -O1  execution test
FAIL: c-c++-common/asan/asan-interface-1.c  -O2  execution test
FAIL: c-c++-common/asan/asan-interface-1.c  -O3 -fomit-frame-pointer  execution test
FAIL: c-c++-common/asan/asan-interface-1.c  -O3 -g  execution test
FAIL: c-c++-common/asan/asan-interface-1.c  -Os  execution test
FAIL: c-c++-common/asan/asan-interface-1.c  -O2 -flto -fno-use-linker-plugin -flto-partition=none  execution test
FAIL: c-c++-common/asan/asan-interface-1.c  -O2 -flto -fuse-linker-plugin -fno-fat-lto-objects  execution test
FAIL: c-c++-common/asan/clone-test-1.c  -O0  execution test
FAIL: c-c++-common/asan/clone-test-1.c  -O1  execution test
FAIL: c-c++-common/asan/clone-test-1.c  -O2  execution test
FAIL: c-c++-common/asan/clone-test-1.c  -O3 -fomit-frame-pointer  execution test
FAIL: c-c++-common/asan/clone-test-1.c  -O3 -fomit-frame-pointer -funroll-loops  execution test
FAIL: c-c++-common/asan/clone-test-1.c  -O3 -fomit-frame-pointer -funroll-all-loops -finline-functions  execution test
FAIL: c-c++-common/asan/clone-test-1.c  -O3 -g  execution test
FAIL: c-c++-common/asan/clone-test-1.c  -Os  execution test
FAIL: c-c++-common/asan/clone-test-1.c  -O2 -flto -fno-use-linker-plugin -flto-partition=none  execution test
FAIL: c-c++-common/asan/clone-test-1.c  -O2 -flto -fuse-linker-plugin -fno-fat-lto-objects  execution test
FAIL: c-c++-common/asan/global-overflow-1.c  -O0  output pattern test, is ==4477==ASan runtime does not come first in initial library list; you should either link runtime to your application or manually preload it with LD_PRELOAD.
FAIL: c-c++-common/asan/global-overflow-1.c  -O1  output pattern test, is ==4796==ASan runtime does not come first in initial library list; you should either link runtime to your application or manually preload it with LD_PRELOAD.
FAIL: c-c++-common/asan/global-overflow-1.c  -O2  output pattern test, is ==5058==ASan runtime does not come first in initial library list; you should either link runtime to your application or manually preload it with LD_PRELOAD.
FAIL: c-c++-common/asan/global-overflow-1.c  -O3 -fomit-frame-pointer  output pattern test, is ==5434==ASan runtime does not come first in initial library list; you should either link runtime to your application or manually preload it with LD_PRELOAD.
FAIL: c-c++-common/asan/global-overflow-1.c  -O3 -g  output pattern test, is ==5751==ASan runtime does not come first in initial library list; you should either link runtime to your application or manually preload it with LD_PRELOAD.
FAIL: c-c++-common/asan/global-overflow-1.c  -Os  output pattern test, is ==6101==ASan runtime does not come first in initial library list; you should either link runtime to your application or manually preload it with LD_PRELOAD.
FAIL: c-c++-common/asan/global-overflow-1.c  -O2 -flto -fno-use-linker-plugin -flto-partition=none  output pattern test, is ==6751==ASan runtime does not come first in initial library list; you should either link runtime to your application or manually preload it with LD_PRELOAD.
FAIL: c-c++-common/asan/global-overflow-1.c  -O2 -flto -fuse-linker-plugin -fno-fat-lto-objects  output pattern test, is ==7214==ASan runtime does not come first in initial library list; you should either link runtime to your application or manually preload it with LD_PRELOAD.
FAIL: c-c++-common/asan/heap-overflow-1.c  -O0  output pattern test, is ==7510==ASan runtime does not come first in initial library list; you should either link runtime to your application or manually preload it with LD_PRELOAD.
FAIL: c-c++-common/asan/heap-overflow-1.c  -O1  output pattern test, is ==7830==ASan runtime does not come first in initial library list; you should either link runtime to your application or manually preload it with LD_PRELOAD.
FAIL: c-c++-common/asan/heap-overflow-1.c  -O2  output pattern test, is ==8108==ASan runtime does not come first in initial library list; you should either link runtime to your application or manually preload it with LD_PRELOAD.
FAIL: c-c++-common/asan/heap-overflow-1.c  -O3 -fomit-frame-pointer  output pattern test, is ==8379==ASan runtime does not come first in initial library list; you should either link runtime to your application or manually preload it with LD_PRELOAD.
FAIL: c-c++-common/asan/heap-overflow-1.c  -O3 -g  output pattern test, is ==8662==ASan runtime does not come first in initial library list; you should either link runtime to your application or manually preload it with LD_PRELOAD.
FAIL: c-c++-common/asan/heap-overflow-1.c  -Os  output pattern test, is ==8958==ASan runtime does not come first in initial library list; you should either link runtime to your application or manually preload it with LD_PRELOAD.
FAIL: c-c++-common/asan/heap-overflow-1.c  -O2 -flto -fno-use-linker-plugin -flto-partition=none  output pattern test, is ==9637==ASan runtime does not come first in initial library list; you should either link runtime to your application or manually preload it with LD_PRELOAD.
FAIL: c-c++-common/asan/heap-overflow-1.c  -O2 -flto -fuse-linker-plugin -fno-fat-lto-objects  output pattern test, is ==10047==ASan runtime does not come first in initial library list; you should either link runtime to your application or manually preload it with LD_PRELOAD.
FAIL: c-c++-common/asan/memcmp-1.c  -O0  output pattern test, is ==10513==ASan runtime does not come first in initial library list; you should either link runtime to your application or manually preload it with LD_PRELOAD.
FAIL: c-c++-common/asan/memcmp-1.c  -O1  output pattern test, is ==10889==ASan runtime does not come first in initial library list; you should either link runtime to your application or manually preload it with LD_PRELOAD.
FAIL: c-c++-common/asan/memcmp-1.c  -O2  output pattern test, is ==11293==ASan runtime does not come first in initial library list; you should either link runtime to your application or manually preload it with LD_PRELOAD.
FAIL: c-c++-common/asan/memcmp-1.c  -O3 -fomit-frame-pointer  output pattern test, is ==11641==ASan runtime does not come first in initial library list; you should either link runtime to your application or manually preload it with LD_PRELOAD.
FAIL: c-c++-common/asan/memcmp-1.c  -O3 -g  output pattern test, is ==12019==ASan runtime does not come first in initial library list; you should either link runtime to your application or manually preload it with LD_PRELOAD.
FAIL: c-c++-common/asan/memcmp-1.c  -Os  output pattern test, is ==12472==ASan runtime does not come first in initial library list; you should either link runtime to your application or manually preload it with LD_PRELOAD.
FAIL: c-c++-common/asan/memcmp-1.c  -O2 -flto -fno-use-linker-plugin -flto-partition=none  output pattern test, is ==13041==ASan runtime does not come first in initial library list; you should either link runtime to your application or manually preload it with LD_PRELOAD.
FAIL: c-c++-common/asan/memcmp-1.c  -O2 -flto -fuse-linker-plugin -fno-fat-lto-objects  output pattern test, is ==13534==ASan runtime does not come first in initial library list; you should either link runtime to your application or manually preload it with LD_PRELOAD.
FAIL: c-c++-common/asan/misalign-1.c  -O0  output pattern test, is ==14865==ASan runtime does not come first in initial library list; you should either link runtime to your application or manually preload it with LD_PRELOAD.
FAIL: c-c++-common/asan/misalign-1.c  -O1  output pattern test, is ==15246==ASan runtime does not come first in initial library list; you should either link runtime to your application or manually preload it with LD_PRELOAD.
FAIL: c-c++-common/asan/misalign-1.c  -O2  output pattern test, is ==15669==ASan runtime does not come first in initial library list; you should either link runtime to your application or manually preload it with LD_PRELOAD.
FAIL: c-c++-common/asan/misalign-1.c  -O3 -fomit-frame-pointer  output pattern test, is ==16031==ASan runtime does not come first in initial library list; you should either link runtime to your application or manually preload it with LD_PRELOAD.
FAIL: c-c++-common/asan/misalign-1.c  -O3 -g  output pattern test, is ==16399==ASan runtime does not come first in initial library list; you should either link runtime to your application or manually preload it with LD_PRELOAD.
FAIL: c-c++-common/asan/misalign-1.c  -Os  output pattern test, is ==16797==ASan runtime does not come first in initial library list; you should either link runtime to your application or manually preload it with LD_PRELOAD.
FAIL: c-c++-common/asan/misalign-1.c  -O2 -flto -fno-use-linker-plugin -flto-partition=none  output pattern test, is ==17665==ASan runtime does not come first in initial library list; you should either link runtime to your application or manually preload it with LD_PRELOAD.
FAIL: c-c++-common/asan/misalign-1.c  -O2 -flto -fuse-linker-plugin -fno-fat-lto-objects  output pattern test, is ==18223==ASan runtime does not come first in initial library list; you should either link runtime to your application or manually preload it with LD_PRELOAD.
FAIL: c-c++-common/asan/misalign-2.c  -O0  output pattern test, is ==18698==ASan runtime does not come first in initial library list; you should either link runtime to your application or manually preload it with LD_PRELOAD.
FAIL: c-c++-common/asan/misalign-2.c  -O1  output pattern test, is ==19166==ASan runtime does not come first in initial library list; you should either link runtime to your application or manually preload it with LD_PRELOAD.
FAIL: c-c++-common/asan/misalign-2.c  -O2  output pattern test, is ==19574==ASan runtime does not come first in initial library list; you should either link runtime to your application or manually preload it with LD_PRELOAD.
FAIL: c-c++-common/asan/misalign-2.c  -O3 -fomit-frame-pointer  output pattern test, is ==19966==ASan runtime does not come first in initial library list; you should either link runtime to your application or manually preload it with LD_PRELOAD.
FAIL: c-c++-common/asan/misalign-2.c  -O3 -g  output pattern test, is ==20408==ASan runtime does not come first in initial library list; you should either link runtime to your application or manually preload it with LD_PRELOAD.
FAIL: c-c++-common/asan/misalign-2.c  -Os  output pattern test, is ==20820==ASan runtime does not come first in initial library list; you should either link runtime to your application or manually preload it with LD_PRELOAD.
FAIL: c-c++-common/asan/misalign-2.c  -O2 -flto -fno-use-linker-plugin -flto-partition=none  output pattern test, is ==21785==ASan runtime does not come first in initial library list; you should either link runtime to your application or manually preload it with LD_PRELOAD.
FAIL: c-c++-common/asan/misalign-2.c  -O2 -flto -fuse-linker-plugin -fno-fat-lto-objects  output pattern test, is ==22411==ASan runtime does not come first in initial library list; you should either link runtime to your application or manually preload it with LD_PRELOAD.
FAIL: c-c++-common/asan/null-deref-1.c  -O0  output pattern test, is ==31637==ASan runtime does not come first in initial library list; you should either link runtime to your application or manually preload it with LD_PRELOAD.
FAIL: c-c++-common/asan/null-deref-1.c  -O1  output pattern test, is ==31890==ASan runtime does not come first in initial library list; you should either link runtime to your application or manually preload it with LD_PRELOAD.
FAIL: c-c++-common/asan/null-deref-1.c  -O2  output pattern test, is ==32179==ASan runtime does not come first in initial library list; you should either link runtime to your application or manually preload it with LD_PRELOAD.
FAIL: c-c++-common/asan/null-deref-1.c  -O3 -fomit-frame-pointer  output pattern test, is ==32506==ASan runtime does not come first in initial library list; you should either link runtime to your application or manually preload it with LD_PRELOAD.
FAIL: c-c++-common/asan/null-deref-1.c  -O3 -g  output pattern test, is ==319==ASan runtime does not come first in initial library list; you should either link runtime to your application or manually preload it with LD_PRELOAD.
FAIL: c-c++-common/asan/null-deref-1.c  -Os  output pattern test, is ==654==ASan runtime does not come first in initial library list; you should either link runtime to your application or manually preload it with LD_PRELOAD.
FAIL: c-c++-common/asan/null-deref-1.c  -O2 -flto -fno-use-linker-plugin -flto-partition=none  output pattern test, is ==1439==ASan runtime does not come first in initial library list; you should either link runtime to your application or manually preload it with LD_PRELOAD.
FAIL: c-c++-common/asan/null-deref-1.c  -O2 -flto -fuse-linker-plugin -fno-fat-lto-objects  output pattern test, is ==1883==ASan runtime does not come first in initial library list; you should either link runtime to your application or manually preload it with LD_PRELOAD.
FAIL: c-c++-common/asan/pr59063-1.c  -O0  execution test
FAIL: c-c++-common/asan/pr59063-1.c  -O1  execution test
FAIL: c-c++-common/asan/pr59063-1.c  -O2  execution test
FAIL: c-c++-common/asan/pr59063-1.c  -O3 -fomit-frame-pointer  execution test
FAIL: c-c++-common/asan/pr59063-1.c  -O3 -g  execution test
FAIL: c-c++-common/asan/pr59063-1.c  -Os  execution test
FAIL: c-c++-common/asan/pr59063-1.c  -O2 -flto -fno-use-linker-plugin -flto-partition=none  execution test
FAIL: c-c++-common/asan/pr59063-1.c  -O2 -flto -fuse-linker-plugin -fno-fat-lto-objects  execution test
FAIL: c-c++-common/asan/rlimit-mmap-test-1.c  -O0  output pattern test, is ==11554==ASan runtime does not come first in initial library list; you should either link runtime to your application or manually preload it with LD_PRELOAD.
FAIL: c-c++-common/asan/sanity-check-pure-c-1.c  -O0  output pattern test, is ==11854==ASan runtime does not come first in initial library list; you should either link runtime to your application or manually preload it with LD_PRELOAD.
FAIL: c-c++-common/asan/sanity-check-pure-c-1.c  -O1  output pattern test, is ==12217==ASan runtime does not come first in initial library list; you should either link runtime to your application or manually preload it with LD_PRELOAD.
FAIL: c-c++-common/asan/sanity-check-pure-c-1.c  -O2  output pattern test, is ==12571==ASan runtime does not come first in initial library list; you should either link runtime to your application or manually preload it with LD_PRELOAD.
FAIL: c-c++-common/asan/sanity-check-pure-c-1.c  -O3 -fomit-frame-pointer  output pattern test, is ==12896==ASan runtime does not come first in initial library list; you should either link runtime to your application or manually preload it with LD_PRELOAD.
FAIL: c-c++-common/asan/sanity-check-pure-c-1.c  -O3 -g  output pattern test, is ==13208==ASan runtime does not come first in initial library list; you should either link runtime to your application or manually preload it with LD_PRELOAD.
FAIL: c-c++-common/asan/sanity-check-pure-c-1.c  -Os  output pattern test, is ==13502==ASan runtime does not come first in initial library list; you should either link runtime to your application or manually preload it with LD_PRELOAD.
FAIL: c-c++-common/asan/sanity-check-pure-c-1.c  -O2 -flto -fno-use-linker-plugin -flto-partition=none  output pattern test, is ==14089==ASan runtime does not come first in initial library list; you should either link runtime to your application or manually preload it with LD_PRELOAD.
FAIL: c-c++-common/asan/sanity-check-pure-c-1.c  -O2 -flto -fuse-linker-plugin -fno-fat-lto-objects  output pattern test, is ==14491==ASan runtime does not come first in initial library list; you should either link runtime to your application or manually preload it with LD_PRELOAD.
FAIL: c-c++-common/asan/stack-overflow-1.c  -O0  output pattern test, is ==18042==ASan runtime does not come first in initial library list; you should either link runtime to your application or manually preload it with LD_PRELOAD.
FAIL: c-c++-common/asan/stack-overflow-1.c  -O1  output pattern test, is ==18332==ASan runtime does not come first in initial library list; you should either link runtime to your application or manually preload it with LD_PRELOAD.
FAIL: c-c++-common/asan/stack-overflow-1.c  -O2  output pattern test, is ==18595==ASan runtime does not come first in initial library list; you should either link runtime to your application or manually preload it with LD_PRELOAD.
FAIL: c-c++-common/asan/stack-overflow-1.c  -O3 -fomit-frame-pointer  output pattern test, is ==18892==ASan runtime does not come first in initial library list; you should either link runtime to your application or manually preload it with LD_PRELOAD.
FAIL: c-c++-common/asan/stack-overflow-1.c  -O3 -g  output pattern test, is ==19151==ASan runtime does not come first in initial library list; you should either link runtime to your application or manually preload it with LD_PRELOAD.
FAIL: c-c++-common/asan/stack-overflow-1.c  -Os  output pattern test, is ==19390==ASan runtime does not come first in initial library list; you should either link runtime to your application or manually preload it with LD_PRELOAD.
FAIL: c-c++-common/asan/stack-overflow-1.c  -O2 -flto -fno-use-linker-plugin -flto-partition=none  output pattern test, is ==19978==ASan runtime does not come first in initial library list; you should either link runtime to your application or manually preload it with LD_PRELOAD.
FAIL: c-c++-common/asan/stack-overflow-1.c  -O2 -flto -fuse-linker-plugin -fno-fat-lto-objects  output pattern test, is ==20321==ASan runtime does not come first in initial library list; you should either link runtime to your application or manually preload it with LD_PRELOAD.
FAIL: c-c++-common/asan/strip-path-prefix-1.c  -O2  output pattern test, is ==20615==ASan runtime does not come first in initial library list; you should either link runtime to your application or manually preload it with LD_PRELOAD.
FAIL: c-c++-common/asan/strip-path-prefix-1.c  -O2 -flto -fno-use-linker-plugin -flto-partition=none  output pattern test, is ==21166==ASan runtime does not come first in initial library list; you should either link runtime to your application or manually preload it with LD_PRELOAD.
FAIL: c-c++-common/asan/strip-path-prefix-1.c  -O2 -flto -fuse-linker-plugin -fno-fat-lto-objects  output pattern test, is ==21515==ASan runtime does not come first in initial library list; you should either link runtime to your application or manually preload it with LD_PRELOAD.
FAIL: c-c++-common/asan/strncpy-overflow-1.c  -O0  output pattern test, is ==21815==ASan runtime does not come first in initial library list; you should either link runtime to your application or manually preload it with LD_PRELOAD.
FAIL: c-c++-common/asan/strncpy-overflow-1.c  -O1  output pattern test, is ==22060==ASan runtime does not come first in initial library list; you should either link runtime to your application or manually preload it with LD_PRELOAD.
FAIL: c-c++-common/asan/strncpy-overflow-1.c  -O2  output pattern test, is ==22258==ASan runtime does not come first in initial library list; you should either link runtime to your application or manually preload it with LD_PRELOAD.
FAIL: c-c++-common/asan/strncpy-overflow-1.c  -O3 -fomit-frame-pointer  output pattern test, is ==22529==ASan runtime does not come first in initial library list; you should either link runtime to your application or manually preload it with LD_PRELOAD.
FAIL: c-c++-common/asan/strncpy-overflow-1.c  -O3 -g  output pattern test, is ==22738==ASan runtime does not come first in initial library list; you should either link runtime to your application or manually preload it with LD_PRELOAD.
FAIL: c-c++-common/asan/strncpy-overflow-1.c  -Os  output pattern test, is ==23071==ASan runtime does not come first in initial library list; you should either link runtime to your application or manually preload it with LD_PRELOAD.
FAIL: c-c++-common/asan/strncpy-overflow-1.c  -O2 -flto -fno-use-linker-plugin -flto-partition=none  output pattern test, is ==23703==ASan runtime does not come first in initial library list; you should either link runtime to your application or manually preload it with LD_PRELOAD.
FAIL: c-c++-common/asan/strncpy-overflow-1.c  -O2 -flto -fuse-linker-plugin -fno-fat-lto-objects  output pattern test, is ==24131==ASan runtime does not come first in initial library list; you should either link runtime to your application or manually preload it with LD_PRELOAD.
FAIL: c-c++-common/asan/swapcontext-test-1.c  -O0  execution test
FAIL: c-c++-common/asan/swapcontext-test-1.c  -O1  execution test
FAIL: c-c++-common/asan/swapcontext-test-1.c  -O2  execution test
FAIL: c-c++-common/asan/swapcontext-test-1.c  -O3 -fomit-frame-pointer  execution test
FAIL: c-c++-common/asan/swapcontext-test-1.c  -O3 -fomit-frame-pointer -funroll-loops  execution test
FAIL: c-c++-common/asan/swapcontext-test-1.c  -O3 -fomit-frame-pointer -funroll-all-loops -finline-functions  execution test
FAIL: c-c++-common/asan/swapcontext-test-1.c  -O3 -g  execution test
FAIL: c-c++-common/asan/swapcontext-test-1.c  -Os  execution test
FAIL: c-c++-common/asan/swapcontext-test-1.c  -O2 -flto -fno-use-linker-plugin -flto-partition=none  execution test
FAIL: c-c++-common/asan/swapcontext-test-1.c  -O2 -flto -fuse-linker-plugin -fno-fat-lto-objects  execution test
FAIL: c-c++-common/asan/use-after-free-1.c  -O0  output pattern test, is ==28839==ASan runtime does not come first in initial library list; you should either link runtime to your application or manually preload it with LD_PRELOAD.
FAIL: c-c++-common/asan/use-after-free-1.c  -O1  output pattern test, is ==29205==ASan runtime does not come first in initial library list; you should either link runtime to your application or manually preload it with LD_PRELOAD.
FAIL: c-c++-common/asan/use-after-free-1.c  -O2  output pattern test, is ==29534==ASan runtime does not come first in initial library list; you should either link runtime to your application or manually preload it with LD_PRELOAD.
FAIL: c-c++-common/asan/use-after-free-1.c  -O3 -fomit-frame-pointer  output pattern test, is ==29930==ASan runtime does not come first in initial library list; you should either link runtime to your application or manually preload it with LD_PRELOAD.
FAIL: c-c++-common/asan/use-after-free-1.c  -O3 -g  output pattern test, is ==30284==ASan runtime does not come first in initial library list; you should either link runtime to your application or manually preload it with LD_PRELOAD.
FAIL: c-c++-common/asan/use-after-free-1.c  -Os  output pattern test, is ==30610==ASan runtime does not come first in initial library list; you should either link runtime to your application or manually preload it with LD_PRELOAD.
FAIL: c-c++-common/asan/use-after-free-1.c  -O2 -flto -fno-use-linker-plugin -flto-partition=none  output pattern test, is ==31184==ASan runtime does not come first in initial library list; you should either link runtime to your application or manually preload it with LD_PRELOAD.
FAIL: c-c++-common/asan/use-after-free-1.c  -O2 -flto -fuse-linker-plugin -fno-fat-lto-objects  output pattern test, is ==31549==ASan runtime does not come first in initial library list; you should either link runtime to your application or manually preload it with LD_PRELOAD.
FAIL: c-c++-common/asan/use-after-return-1.c  -O0  output pattern test, is ==31875==ASan runtime does not come first in initial library list; you should either link runtime to your application or manually preload it with LD_PRELOAD.
FAIL: c-c++-common/asan/use-after-return-1.c  -O1  output pattern test, is ==32134==ASan runtime does not come first in initial library list; you should either link runtime to your application or manually preload it with LD_PRELOAD.
FAIL: c-c++-common/asan/use-after-return-1.c  -O2  output pattern test, is ==32492==ASan runtime does not come first in initial library list; you should either link runtime to your application or manually preload it with LD_PRELOAD.
FAIL: c-c++-common/asan/use-after-return-1.c  -O3 -fomit-frame-pointer  output pattern test, is ==421==ASan runtime does not come first in initial library list; you should either link runtime to your application or manually preload it with LD_PRELOAD.
FAIL: c-c++-common/asan/use-after-return-1.c  -O3 -g  output pattern test, is ==766==ASan runtime does not come first in initial library list; you should either link runtime to your application or manually preload it with LD_PRELOAD.
FAIL: c-c++-common/asan/use-after-return-1.c  -Os  output pattern test, is ==1163==ASan runtime does not come first in initial library list; you should either link runtime to your application or manually preload it with LD_PRELOAD.
FAIL: c-c++-common/asan/use-after-return-1.c  -O2 -flto -fno-use-linker-plugin -flto-partition=none  output pattern test, is ==1966==ASan runtime does not come first in initial library list; you should either link runtime to your application or manually preload it with LD_PRELOAD.
FAIL: c-c++-common/asan/use-after-return-1.c  -O2 -flto -fuse-linker-plugin -fno-fat-lto-objects  output pattern test, is ==2529==ASan runtime does not come first in initial library list; you should either link runtime to your application or manually preload it with LD_PRELOAD.
FAIL: g++.dg/asan/deep-stack-uaf-1.C  -O0  output pattern test, is ==3300==ASan runtime does not come first in initial library list; you should either link runtime to your application or manually preload it with LD_PRELOAD.
FAIL: g++.dg/asan/deep-stack-uaf-1.C  -O1  output pattern test, is ==4386==ASan runtime does not come first in initial library list; you should either link runtime to your application or manually preload it with LD_PRELOAD.
FAIL: g++.dg/asan/deep-stack-uaf-1.C  -O2  output pattern test, is ==5810==ASan runtime does not come first in initial library list; you should either link runtime to your application or manually preload it with LD_PRELOAD.
FAIL: g++.dg/asan/deep-stack-uaf-1.C  -O3 -fomit-frame-pointer  output pattern test, is ==7356==ASan runtime does not come first in initial library list; you should either link runtime to your application or manually preload it with LD_PRELOAD.
FAIL: g++.dg/asan/deep-stack-uaf-1.C  -O3 -g  output pattern test, is ==8664==ASan runtime does not come first in initial library list; you should either link runtime to your application or manually preload it with LD_PRELOAD.
FAIL: g++.dg/asan/deep-stack-uaf-1.C  -Os  output pattern test, is ==9897==ASan runtime does not come first in initial library list; you should either link runtime to your application or manually preload it with LD_PRELOAD.
FAIL: g++.dg/asan/deep-tail-call-1.C  -O0  output pattern test, is ==10190==ASan runtime does not come first in initial library list; you should either link runtime to your application or manually preload it with LD_PRELOAD.
FAIL: g++.dg/asan/deep-tail-call-1.C  -O1  output pattern test, is ==10456==ASan runtime does not come first in initial library list; you should either link runtime to your application or manually preload it with LD_PRELOAD.
FAIL: g++.dg/asan/deep-tail-call-1.C  -O2  output pattern test, is ==10719==ASan runtime does not come first in initial library list; you should either link runtime to your application or manually preload it with LD_PRELOAD.
FAIL: g++.dg/asan/deep-tail-call-1.C  -O3 -fomit-frame-pointer  output pattern test, is ==11242==ASan runtime does not come first in initial library list; you should either link runtime to your application or manually preload it with LD_PRELOAD.
FAIL: g++.dg/asan/deep-tail-call-1.C  -O3 -g  output pattern test, is ==11526==ASan runtime does not come first in initial library list; you should either link runtime to your application or manually preload it with LD_PRELOAD.
FAIL: g++.dg/asan/deep-tail-call-1.C  -Os  output pattern test, is ==11810==ASan runtime does not come first in initial library list; you should either link runtime to your application or manually preload it with LD_PRELOAD.
FAIL: g++.dg/asan/deep-tail-call-1.C  -O2 -flto -fno-use-linker-plugin -flto-partition=none  output pattern test, is ==12365==ASan runtime does not come first in initial library list; you should either link runtime to your application or manually preload it with LD_PRELOAD.
FAIL: g++.dg/asan/deep-tail-call-1.C  -O2 -flto -fuse-linker-plugin -fno-fat-lto-objects  output pattern test, is ==12813==ASan runtime does not come first in initial library list; you should either link runtime to your application or manually preload it with LD_PRELOAD.
FAIL: g++.dg/asan/default-options-1.C  -O0  execution test
FAIL: g++.dg/asan/default-options-1.C  -O1  execution test
FAIL: g++.dg/asan/default-options-1.C  -O2  execution test
FAIL: g++.dg/asan/default-options-1.C  -O3 -fomit-frame-pointer  execution test
FAIL: g++.dg/asan/default-options-1.C  -O3 -g  execution test
FAIL: g++.dg/asan/default-options-1.C  -Os  execution test
FAIL: g++.dg/asan/default-options-1.C  -O2 -flto -fno-use-linker-plugin -flto-partition=none  execution test
FAIL: g++.dg/asan/default-options-1.C  -O2 -flto -fuse-linker-plugin -fno-fat-lto-objects  execution test
FAIL: g++.dg/asan/interception-failure-test-1.C  -O0  execution test
FAIL: g++.dg/asan/interception-failure-test-1.C  -O1  execution test
FAIL: g++.dg/asan/interception-failure-test-1.C  -O2  execution test
FAIL: g++.dg/asan/interception-failure-test-1.C  -O3 -fomit-frame-pointer  execution test
FAIL: g++.dg/asan/interception-failure-test-1.C  -O3 -g  execution test
FAIL: g++.dg/asan/interception-failure-test-1.C  -Os  execution test
FAIL: g++.dg/asan/interception-failure-test-1.C  -O2 -flto -fno-use-linker-plugin -flto-partition=none  execution test
FAIL: g++.dg/asan/interception-failure-test-1.C  -O2 -flto -fuse-linker-plugin -fno-fat-lto-objects  execution test
FAIL: g++.dg/asan/interception-malloc-test-1.C  -O0  output pattern test, is ==25355==ASan runtime does not come first in initial library list; you should either link runtime to your application or manually preload it with LD_PRELOAD.
FAIL: g++.dg/asan/interception-malloc-test-1.C  -O1  output pattern test, is ==25719==ASan runtime does not come first in initial library list; you should either link runtime to your application or manually preload it with LD_PRELOAD.
FAIL: g++.dg/asan/interception-malloc-test-1.C  -O2  output pattern test, is ==26076==ASan runtime does not come first in initial library list; you should either link runtime to your application or manually preload it with LD_PRELOAD.
FAIL: g++.dg/asan/interception-malloc-test-1.C  -O3 -fomit-frame-pointer  output pattern test, is ==26399==ASan runtime does not come first in initial library list; you should either link runtime to your application or manually preload it with LD_PRELOAD.
FAIL: g++.dg/asan/interception-malloc-test-1.C  -O3 -g  output pattern test, is ==26720==ASan runtime does not come first in initial library list; you should either link runtime to your application or manually preload it with LD_PRELOAD.
FAIL: g++.dg/asan/interception-malloc-test-1.C  -Os  output pattern test, is ==27055==ASan runtime does not come first in initial library list; you should either link runtime to your application or manually preload it with LD_PRELOAD.
FAIL: g++.dg/asan/interception-malloc-test-1.C  -O2 -flto -fno-use-linker-plugin -flto-partition=none  output pattern test, is ==27692==ASan runtime does not come first in initial library list; you should either link runtime to your application or manually preload it with LD_PRELOAD.
FAIL: g++.dg/asan/interception-malloc-test-1.C  -O2 -flto -fuse-linker-plugin -fno-fat-lto-objects  output pattern test, is ==28143==ASan runtime does not come first in initial library list; you should either link runtime to your application or manually preload it with LD_PRELOAD.
FAIL: g++.dg/asan/interception-test-1.C  -O0  output pattern test, is ==28449==ASan runtime does not come first in initial library list; you should either link runtime to your application or manually preload it with LD_PRELOAD.
FAIL: g++.dg/asan/interception-test-1.C  -O1  output pattern test, is ==28753==ASan runtime does not come first in initial library list; you should either link runtime to your application or manually preload it with LD_PRELOAD.
FAIL: g++.dg/asan/interception-test-1.C  -O2  output pattern test, is ==29038==ASan runtime does not come first in initial library list; you should either link runtime to your application or manually preload it with LD_PRELOAD.
FAIL: g++.dg/asan/interception-test-1.C  -O3 -fomit-frame-pointer  output pattern test, is ==29331==ASan runtime does not come first in initial library list; you should either link runtime to your application or manually preload it with LD_PRELOAD.
FAIL: g++.dg/asan/interception-test-1.C  -O3 -g  output pattern test, is ==29650==ASan runtime does not come first in initial library list; you should either link runtime to your application or manually preload it with LD_PRELOAD.
FAIL: g++.dg/asan/interception-test-1.C  -Os  output pattern test, is ==29955==ASan runtime does not come first in initial library list; you should either link runtime to your application or manually preload it with LD_PRELOAD.
FAIL: g++.dg/asan/interception-test-1.C  -O2 -flto -fno-use-linker-plugin -flto-partition=none  output pattern test, is ==30564==ASan runtime does not come first in initial library list; you should either link runtime to your application or manually preload it with LD_PRELOAD.
FAIL: g++.dg/asan/interception-test-1.C  -O2 -flto -fuse-linker-plugin -fno-fat-lto-objects  output pattern test, is ==30996==ASan runtime does not come first in initial library list; you should either link runtime to your application or manually preload it with LD_PRELOAD.
FAIL: g++.dg/asan/large-func-test-1.C  -O0  output pattern test, is ==31299==ASan runtime does not come first in initial library list; you should either link runtime to your application or manually preload it with LD_PRELOAD.
FAIL: g++.dg/asan/large-func-test-1.C  -O1  output pattern test, is ==31659==ASan runtime does not come first in initial library list; you should either link runtime to your application or manually preload it with LD_PRELOAD.
FAIL: g++.dg/asan/large-func-test-1.C  -O2  output pattern test, is ==31951==ASan runtime does not come first in initial library list; you should either link runtime to your application or manually preload it with LD_PRELOAD.
FAIL: g++.dg/asan/large-func-test-1.C  -O3 -fomit-frame-pointer  output pattern test, is ==32355==ASan runtime does not come first in initial library list; you should either link runtime to your application or manually preload it with LD_PRELOAD.
FAIL: g++.dg/asan/large-func-test-1.C  -O3 -g  output pattern test, is ==323==ASan runtime does not come first in initial library list; you should either link runtime to your application or manually preload it with LD_PRELOAD.
FAIL: g++.dg/asan/large-func-test-1.C  -Os  output pattern test, is ==750==ASan runtime does not come first in initial library list; you should either link runtime to your application or manually preload it with LD_PRELOAD.
FAIL: g++.dg/asan/large-func-test-1.C  -O2 -flto -fno-use-linker-plugin -flto-partition=none  output pattern test, is ==1809==ASan runtime does not come first in initial library list; you should either link runtime to your application or manually preload it with LD_PRELOAD.
FAIL: g++.dg/asan/large-func-test-1.C  -O2 -flto -fuse-linker-plugin -fno-fat-lto-objects  output pattern test, is ==2419==ASan runtime does not come first in initial library list; you should either link runtime to your application or manually preload it with LD_PRELOAD.
FAIL: g++.dg/asan/pr55617.C  -O0  execution test
FAIL: g++.dg/asan/pr55617.C  -O1  execution test
FAIL: g++.dg/asan/pr55617.C  -O2  execution test
FAIL: g++.dg/asan/pr55617.C  -O3 -fomit-frame-pointer  execution test
FAIL: g++.dg/asan/pr55617.C  -O3 -g  execution test
FAIL: g++.dg/asan/pr55617.C  -Os  execution test
FAIL: g++.dg/asan/pr55617.C  -O2 -flto -fno-use-linker-plugin -flto-partition=none  execution test
FAIL: g++.dg/asan/pr55617.C  -O2 -flto -fuse-linker-plugin -fno-fat-lto-objects  execution test
FAIL: g++.old-deja/g++.law/profile1.C -std=gnu++98 execution test
FAIL: g++.old-deja/g++.law/profile1.C -std=gnu++11 execution test
FAIL: g++.old-deja/g++.law/profile1.C -std=gnu++1y execution test

		=== g++ Summary ===

# of expected passes		79860
# of unexpected failures	193
# of expected failures		440
# of unsupported tests		3230
/home/local/nightly/build/opt/freescale/NLAe600/obj_gcc/gcc/testsuite/g++/../../xg++  version 4.10.0 20140602 (Mon Jun 2 20:16:47 PDT 2014         build.sh rev=979 s=FCtrunk t=DGNOBOARD NLAe600 -V nightly_NLAe600) (GCC) 

		=== objc tests ===


Running target unix

		=== objc Summary ===

# of expected passes		3010
# of unsupported tests		74
/home/local/nightly/build/opt/freescale/NLAe600/obj_gcc/gcc/xgcc  version 4.10.0 20140602 (Mon Jun 2 20:16:47 PDT 2014         build.sh rev=979 s=FCtrunk t=DGNOBOARD NLAe600 -V nightly_NLAe600) (GCC) 

		=== boehm-gc tests ===


Running target unix

		=== boehm-gc Summary ===

# of expected passes		12
# of unsupported tests		1
		=== libatomic tests ===


Running target unix

		=== libatomic Summary ===

# of expected passes		44
# of unsupported tests		5
		=== libffi tests ===


Running target unix

		=== libffi Summary ===

# of expected passes		1819
# of unsupported tests		55
		=== libgomp tests ===


Running target unix

		=== libgomp Summary ===

# of expected passes		2638
# of unsupported tests		18
		=== libitm tests ===


Running target unix

		=== libitm Summary ===

# of expected passes		26
# of expected failures		3
# of unsupported tests		1
		=== libjava tests ===


Running target unix
FAIL: libjava.jar/TestClosureGC.jar execution - gij test
FAIL: getstacktrace run
XPASS: sourcelocation -O3 -findirect-dispatch output - source compiled test

		=== libjava Summary ===

# of expected passes		2579
# of unexpected failures	2
# of unexpected successes	1
# of expected failures		3
# of untested testcases		2
		=== libstdc++ tests ===


Running target unix

		=== libstdc++ Summary ===

# of expected passes		9724
# of expected failures		69
# of unsupported tests		266

Compiler version: 4.10.0 20140602 (Mon Jun 2 20:16:47 PDT 2014 build.sh rev=979 s=FCtrunk t=DGNOBOARD NLAe600 -V nightly_NLAe600) (GCC) 
Platform: powerpc-unknown-linux-gnualtivec
configure flags: --prefix=/local/nightly/build//opt/freescale/gcc-4.10.x-Ne600-linuxaltivec/ppc64-linux --target=powerpc-unknown-linux-gnualtivec --build=powerpc-unknown-linux-gnualtivec --enable-checking --disable-decimal-float --enable-interfaces=c,c++ --with-cpu=7450 --enable-altivec --enable-tls --enable-build-with-cxx --with-mpfr=/local/nightly/build//opt/freescale/NLAe600/linux_host_libs/usr --with-mpc=/local/nightly/build//opt/freescale/NLAe600/linux_host_libs/usr --with-ppl=/local/nightly/build//opt/freescale/NLAe600/linux_host_libs/usr --with-isl=/local/nightly/build//opt/freescale/NLAe600/linux_host_libs/usr --with-cloog=/local/nightly/build//opt/freescale/NLAe600/linux_host_libs/usr --enable-cloog-backend=isl


Index Nav: [Date Index] [Subject Index] [Author Index] [Thread Index]
Message Nav: [Date Prev] [Date Next] [Thread Prev] [Thread Next]