This is the mail archive of the gcc-testresults@gcc.gnu.org mailing list for the GCC project.


Index Nav: [Date Index] [Subject Index] [Author Index] [Thread Index]
Message Nav: [Date Prev] [Date Next] [Thread Prev] [Thread Next]
Other format: [Raw text]

Results for 4.10.0 20140601 (experimental) [trunk revision 211112] (GCC) testsuite on powerpc-ibm-aix7.1.0.0


LAST_UPDATED: Sun Jun  1 14:44:14 UTC 2014 (revision 211112)

Native configuration is powerpc-ibm-aix7.1.0.0

		=== g++ tests ===


Running target unix
XPASS: g++.dg/debug/pr56294.C -gxcoff1 (test for excess errors)
XPASS: g++.dg/debug/pr56294.C -gxcoff (test for excess errors)
XPASS: g++.dg/debug/pr56294.C -gxcoff3 (test for excess errors)
XPASS: g++.dg/debug/pr56294.C -gxcoff+1 (test for excess errors)
XPASS: g++.dg/debug/pr56294.C -gxcoff+ (test for excess errors)
XPASS: g++.dg/debug/pr56294.C -gxcoff+3 (test for excess errors)
XPASS: g++.dg/debug/pr56819.C -gxcoff1 (test for excess errors)
XPASS: g++.dg/debug/pr56819.C -gxcoff (test for excess errors)
XPASS: g++.dg/debug/pr56819.C -gxcoff3 (test for excess errors)
XPASS: g++.dg/debug/pr56819.C -gxcoff+1 (test for excess errors)
XPASS: g++.dg/debug/pr56819.C -gxcoff+ (test for excess errors)
XPASS: g++.dg/debug/pr56819.C -gxcoff+3 (test for excess errors)
FAIL: g++.dg/abi/anon1.C -std=c++98  scan-assembler-not globl
FAIL: g++.dg/abi/anon1.C -std=c++11  scan-assembler-not globl
FAIL: g++.dg/abi/anon1.C -std=c++1y  scan-assembler-not globl
FAIL: g++.dg/abi/covariant4.C -std=c++98 execution test
FAIL: g++.dg/abi/covariant4.C -std=c++11 execution test
FAIL: g++.dg/abi/covariant4.C -std=c++1y execution test
FAIL: g++.dg/abi/thunk5.C -std=c++98  scan-assembler weak.*ZTv
FAIL: g++.dg/abi/thunk5.C -std=c++11  scan-assembler weak.*ZTv
FAIL: g++.dg/abi/thunk5.C -std=c++1y  scan-assembler weak.*ZTv
FAIL: g++.dg/abi/vcall1.C -std=gnu++98 execution test
FAIL: g++.dg/abi/vcall1.C -std=gnu++11 execution test
FAIL: g++.dg/abi/vcall1.C -std=gnu++1y execution test
FAIL: g++.dg/abi/vtt1.C -std=c++98  scan-assembler _ZTT1B
FAIL: g++.dg/abi/vtt1.C -std=c++11  scan-assembler _ZTT1B
FAIL: g++.dg/abi/vtt1.C -std=c++1y  scan-assembler _ZTT1B
FAIL: g++.dg/cpp/ucn-1.C -std=gnu++11 (test for excess errors)
FAIL: g++.dg/cpp/ucn-1.C -std=gnu++1y (test for excess errors)
FAIL: g++.dg/cpp1y/auto-fn24.C -std=gnu++1y (internal compiler error)
FAIL: g++.dg/cpp1y/auto-fn24.C -std=gnu++1y (test for excess errors)
FAIL: g++.dg/cpp1y/pr58708.C -std=c++1y (test for excess errors)
WARNING: g++.dg/cpp1y/pr58708.C -std=c++1y compilation failed to produce executable
FAIL: g++.dg/ext/alignof2.C -std=c++98 execution test
FAIL: g++.dg/ext/alignof2.C -std=c++11 execution test
FAIL: g++.dg/ext/alignof2.C -std=c++1y execution test
FAIL: g++.dg/ext/visibility/anon1.C -std=c++98  scan-assembler-not globl.*_ZN.*1fEv
FAIL: g++.dg/ext/visibility/anon1.C -std=c++11  scan-assembler-not globl.*_ZN.*1fEv
FAIL: g++.dg/ext/visibility/anon1.C -std=c++1y  scan-assembler-not globl.*_ZN.*1fEv
FAIL: g++.dg/ext/visibility/anon2.C -std=c++98  scan-assembler-not globl.*_Z1fv
FAIL: g++.dg/ext/visibility/anon2.C -std=c++11  scan-assembler-not globl.*_Z1fv
FAIL: g++.dg/ext/visibility/anon2.C -std=c++1y  scan-assembler-not globl.*_Z1fv
FAIL: g++.dg/inherit/covariant1.C -std=c++98 execution test
FAIL: g++.dg/inherit/covariant1.C -std=c++11 execution test
FAIL: g++.dg/inherit/covariant1.C -std=c++1y execution test
FAIL: g++.dg/inherit/covariant17.C -std=c++98 execution test
FAIL: g++.dg/inherit/covariant17.C -std=c++11 execution test
FAIL: g++.dg/inherit/covariant17.C -std=c++1y execution test
FAIL: g++.dg/inherit/covariant18.C -std=c++98 execution test
FAIL: g++.dg/inherit/covariant18.C -std=c++11 execution test
FAIL: g++.dg/inherit/covariant18.C -std=c++1y execution test
FAIL: g++.dg/inherit/covariant2.C -std=c++98 execution test
FAIL: g++.dg/inherit/covariant2.C -std=c++11 execution test
FAIL: g++.dg/inherit/covariant2.C -std=c++1y execution test
FAIL: g++.dg/inherit/covariant3.C -std=c++98 execution test
FAIL: g++.dg/inherit/covariant3.C -std=c++11 execution test
FAIL: g++.dg/inherit/covariant3.C -std=c++1y execution test
FAIL: g++.dg/inherit/covariant4.C -std=c++98 execution test
FAIL: g++.dg/inherit/covariant4.C -std=c++11 execution test
FAIL: g++.dg/inherit/covariant4.C -std=c++1y execution test
FAIL: g++.dg/inherit/thunk7.C -std=c++98 execution test
FAIL: g++.dg/inherit/thunk7.C -std=c++11 execution test
FAIL: g++.dg/inherit/thunk7.C -std=c++1y execution test
FAIL: g++.dg/init/delete2.C -std=c++98 execution test
FAIL: g++.dg/init/delete2.C -std=c++11 execution test
FAIL: g++.dg/init/delete2.C -std=c++1y execution test
FAIL: g++.dg/init/new40.C execution test
FAIL: g++.dg/init/ref15.C -std=c++98 execution test
FAIL: g++.dg/init/ref15.C -std=c++11 execution test
FAIL: g++.dg/init/ref15.C -std=c++1y execution test
FAIL: g++.dg/ipa/devirt-10.C -std=gnu++98  scan-ipa-dump-times inline "Discovered a virtual call to a known target" 1
FAIL: g++.dg/ipa/devirt-10.C -std=gnu++98  scan-ipa-dump-times cp "Discovered a virtual call to a known target" 1
FAIL: g++.dg/ipa/devirt-10.C -std=gnu++11  scan-ipa-dump-times inline "Discovered a virtual call to a known target" 1
FAIL: g++.dg/ipa/devirt-10.C -std=gnu++11  scan-ipa-dump-times cp "Discovered a virtual call to a known target" 1
FAIL: g++.dg/ipa/devirt-10.C -std=gnu++1y  scan-ipa-dump-times inline "Discovered a virtual call to a known target" 1
FAIL: g++.dg/ipa/devirt-10.C -std=gnu++1y  scan-ipa-dump-times cp "Discovered a virtual call to a known target" 1
FAIL: g++.dg/ipa/devirt-15.C -std=gnu++98  scan-ipa-dump devirt "speculatively devirtualizing call"
FAIL: g++.dg/ipa/devirt-15.C -std=gnu++98  scan-tree-dump optimized "== foo"
FAIL: g++.dg/ipa/devirt-15.C -std=gnu++11  scan-ipa-dump devirt "speculatively devirtualizing call"
FAIL: g++.dg/ipa/devirt-15.C -std=gnu++11  scan-tree-dump optimized "== foo"
FAIL: g++.dg/ipa/devirt-15.C -std=gnu++1y  scan-ipa-dump devirt "speculatively devirtualizing call"
FAIL: g++.dg/ipa/devirt-15.C -std=gnu++1y  scan-tree-dump optimized "== foo"
FAIL: g++.dg/ipa/devirt-21.C -std=gnu++98 (internal compiler error)
FAIL: g++.dg/ipa/devirt-21.C -std=gnu++98 (test for excess errors)
WARNING: g++.dg/ipa/devirt-21.C -std=gnu++98 compilation failed to produce executable
UNRESOLVED: g++.dg/ipa/devirt-21.C -std=gnu++98  scan-ipa-dump cp "Discovered a virtual call to"
FAIL: g++.dg/ipa/devirt-21.C -std=gnu++11 (internal compiler error)
FAIL: g++.dg/ipa/devirt-21.C -std=gnu++11 (test for excess errors)
WARNING: g++.dg/ipa/devirt-21.C -std=gnu++11 compilation failed to produce executable
UNRESOLVED: g++.dg/ipa/devirt-21.C -std=gnu++11  scan-ipa-dump cp "Discovered a virtual call to"
FAIL: g++.dg/ipa/devirt-21.C -std=gnu++1y (internal compiler error)
FAIL: g++.dg/ipa/devirt-21.C -std=gnu++1y (test for excess errors)
WARNING: g++.dg/ipa/devirt-21.C -std=gnu++1y compilation failed to produce executable
UNRESOLVED: g++.dg/ipa/devirt-21.C -std=gnu++1y  scan-ipa-dump cp "Discovered a virtual call to"
FAIL: g++.dg/ipa/devirt-23.C -std=gnu++98 (internal compiler error)
FAIL: g++.dg/ipa/devirt-23.C -std=gnu++98 (test for excess errors)
WARNING: g++.dg/ipa/devirt-23.C -std=gnu++98 compilation failed to produce executable
UNRESOLVED: g++.dg/ipa/devirt-23.C -std=gnu++98  scan-ipa-dump cp "Discovered a virtual call to"
FAIL: g++.dg/ipa/devirt-23.C -std=gnu++11 (internal compiler error)
FAIL: g++.dg/ipa/devirt-23.C -std=gnu++11 (test for excess errors)
WARNING: g++.dg/ipa/devirt-23.C -std=gnu++11 compilation failed to produce executable
UNRESOLVED: g++.dg/ipa/devirt-23.C -std=gnu++11  scan-ipa-dump cp "Discovered a virtual call to"
FAIL: g++.dg/ipa/devirt-23.C -std=gnu++1y (internal compiler error)
FAIL: g++.dg/ipa/devirt-23.C -std=gnu++1y (test for excess errors)
WARNING: g++.dg/ipa/devirt-23.C -std=gnu++1y compilation failed to produce executable
UNRESOLVED: g++.dg/ipa/devirt-23.C -std=gnu++1y  scan-ipa-dump cp "Discovered a virtual call to"
FAIL: g++.dg/ipa/devirt-26.C -std=gnu++98 (internal compiler error)
FAIL: g++.dg/ipa/devirt-26.C -std=gnu++98 (test for excess errors)
UNRESOLVED: g++.dg/ipa/devirt-26.C -std=gnu++98  scan-ipa-dump devirt "speculatively devirtualizing"
FAIL: g++.dg/ipa/devirt-26.C -std=gnu++11 (internal compiler error)
FAIL: g++.dg/ipa/devirt-26.C -std=gnu++11 (test for excess errors)
UNRESOLVED: g++.dg/ipa/devirt-26.C -std=gnu++11  scan-ipa-dump devirt "speculatively devirtualizing"
FAIL: g++.dg/ipa/devirt-26.C -std=gnu++1y (internal compiler error)
FAIL: g++.dg/ipa/devirt-26.C -std=gnu++1y (test for excess errors)
UNRESOLVED: g++.dg/ipa/devirt-26.C -std=gnu++1y  scan-ipa-dump devirt "speculatively devirtualizing"
FAIL: g++.dg/ipa/pr46287-1.C -std=gnu++98 execution test
FAIL: g++.dg/ipa/pr46287-1.C -std=gnu++11 execution test
FAIL: g++.dg/ipa/pr46287-1.C -std=gnu++1y execution test
FAIL: g++.dg/ipa/pr61085.C -std=gnu++98 (internal compiler error)
FAIL: g++.dg/ipa/pr61085.C -std=gnu++98 (test for excess errors)
WARNING: g++.dg/ipa/pr61085.C -std=gnu++98 compilation failed to produce executable
FAIL: g++.dg/ipa/pr61085.C -std=gnu++11 (internal compiler error)
FAIL: g++.dg/ipa/pr61085.C -std=gnu++11 (test for excess errors)
WARNING: g++.dg/ipa/pr61085.C -std=gnu++11 compilation failed to produce executable
FAIL: g++.dg/ipa/pr61085.C -std=gnu++1y (internal compiler error)
FAIL: g++.dg/ipa/pr61085.C -std=gnu++1y (test for excess errors)
WARNING: g++.dg/ipa/pr61085.C -std=gnu++1y compilation failed to produce executable
FAIL: g++.dg/opt/anchor1.C -std=gnu++98 (internal compiler error)
FAIL: g++.dg/opt/anchor1.C -std=gnu++98 (test for excess errors)
WARNING: g++.dg/opt/anchor1.C -std=gnu++98 compilation failed to produce executable
FAIL: g++.dg/opt/anchor1.C -std=gnu++11 (internal compiler error)
FAIL: g++.dg/opt/anchor1.C -std=gnu++11 (test for excess errors)
WARNING: g++.dg/opt/anchor1.C -std=gnu++11 compilation failed to produce executable
FAIL: g++.dg/opt/anchor1.C -std=gnu++1y (internal compiler error)
FAIL: g++.dg/opt/anchor1.C -std=gnu++1y (test for excess errors)
WARNING: g++.dg/opt/anchor1.C -std=gnu++1y compilation failed to produce executable
FAIL: g++.dg/opt/pr47366.C -std=gnu++98 (internal compiler error)
FAIL: g++.dg/opt/pr47366.C -std=gnu++98 (test for excess errors)
FAIL: g++.dg/opt/pr60002.C -std=gnu++98 (test for excess errors)
FAIL: g++.dg/opt/pr60002.C -std=gnu++11 (test for excess errors)
FAIL: g++.dg/opt/pr60002.C -std=gnu++1y (test for excess errors)
FAIL: g++.dg/other/vthunk1.C -std=c++98 execution test
FAIL: g++.dg/other/vthunk1.C -std=c++11 execution test
FAIL: g++.dg/other/vthunk1.C -std=c++1y execution test
FAIL: g++.dg/template/linkage1.C -std=c++11  scan-assembler-not (weak|glob)[^\\n]*_Z3fooIXadL_ZL11static_funcvEEEvv
FAIL: g++.dg/template/linkage1.C -std=c++1y  scan-assembler-not (weak|glob)[^\\n]*_Z3fooIXadL_ZL11static_funcvEEEvv
FAIL: g++.dg/tree-ssa/pr45605.C -std=gnu++98  scan-tree-dump-times fre1 "D::Run \\\\(" 1
FAIL: g++.dg/tree-ssa/pr45605.C -std=gnu++11  scan-tree-dump-times fre1 "D::Run \\\\(" 1
FAIL: g++.dg/tree-ssa/pr45605.C -std=gnu++1y  scan-tree-dump-times fre1 "D::Run \\\\(" 1
FAIL: g++.dg/warn/pr31246.C -std=gnu++98 (test for excess errors)
FAIL: g++.dg/warn/pr31246.C -std=gnu++11 (test for excess errors)
FAIL: g++.dg/warn/pr31246.C -std=gnu++1y (test for excess errors)
FAIL: g++.dg/gomp/tls-5.C -std=c++11  scan-assembler-not \\\\.data
FAIL: g++.dg/gomp/tls-5.C -std=c++1y  scan-assembler-not \\\\.data
XPASS: g++.dg/tls/thread_local-order2.C -std=c++11 execution test
XPASS: g++.dg/tls/thread_local-order2.C -std=c++1y execution test
FAIL: g++.dg/tls/thread_local1.C -std=c++11  scan-assembler-not .comm
FAIL: g++.dg/tls/thread_local1.C -std=c++1y  scan-assembler-not .comm
FAIL: g++.dg/tls/thread_local3.C -std=gnu++11 execution test
FAIL: g++.dg/tls/thread_local3.C -std=gnu++1y execution test
FAIL: g++.dg/tls/thread_local3g.C -std=gnu++11 execution test
FAIL: g++.dg/tls/thread_local3g.C -std=gnu++1y execution test
FAIL: g++.dg/tls/thread_local4.C -std=gnu++11 execution test
FAIL: g++.dg/tls/thread_local4.C -std=gnu++1y execution test
FAIL: g++.dg/tls/thread_local4g.C -std=gnu++11 execution test
FAIL: g++.dg/tls/thread_local4g.C -std=gnu++1y execution test
FAIL: g++.dg/tls/thread_local5.C -std=gnu++11 execution test
FAIL: g++.dg/tls/thread_local5.C -std=gnu++1y execution test
FAIL: g++.dg/tls/thread_local5g.C -std=gnu++11 execution test
FAIL: g++.dg/tls/thread_local5g.C -std=gnu++1y execution test
FAIL: g++.dg/tls/thread_local7.C -std=c++11  scan-assembler-not \\\\.data
FAIL: g++.dg/tls/thread_local7.C -std=c++1y  scan-assembler-not \\\\.data
FAIL: g++.dg/tls/thread_local7g.C -std=c++11  scan-assembler-not \\\\.data
FAIL: g++.dg/tls/thread_local7g.C -std=c++1y  scan-assembler-not \\\\.data
FAIL: g++.dg/torture/covariant-1.C  -O0  execution test
FAIL: g++.dg/torture/covariant-1.C  -O2  (internal compiler error)
FAIL: g++.dg/torture/covariant-1.C  -O2  (test for excess errors)
WARNING: g++.dg/torture/covariant-1.C  -O2  compilation failed to produce executable
FAIL: g++.dg/torture/covariant-1.C  -O3 -fomit-frame-pointer  (internal compiler error)
FAIL: g++.dg/torture/covariant-1.C  -O3 -fomit-frame-pointer  (test for excess errors)
WARNING: g++.dg/torture/covariant-1.C  -O3 -fomit-frame-pointer  compilation failed to produce executable
FAIL: g++.dg/torture/covariant-1.C  -O3 -g  (internal compiler error)
FAIL: g++.dg/torture/covariant-1.C  -O3 -g  (test for excess errors)
WARNING: g++.dg/torture/covariant-1.C  -O3 -g  compilation failed to produce executable
FAIL: g++.dg/torture/covariant-1.C  -Os  (internal compiler error)
FAIL: g++.dg/torture/covariant-1.C  -Os  (test for excess errors)
WARNING: g++.dg/torture/covariant-1.C  -Os  compilation failed to produce executable
FAIL: g++.dg/torture/pr48661.C  -O0  execution test
FAIL: g++.dg/torture/pr48661.C  -O1  execution test
FAIL: g++.dg/torture/pr48661.C  -Os  execution test
FAIL: g++.dg/torture/pr58252.C  -O1  (internal compiler error)
FAIL: g++.dg/torture/pr58252.C  -O1  (test for excess errors)
FAIL: g++.dg/torture/pr58252.C  -O2  (internal compiler error)
FAIL: g++.dg/torture/pr58252.C  -O2  (test for excess errors)
FAIL: g++.dg/torture/pr58252.C  -O3 -fomit-frame-pointer  (internal compiler error)
FAIL: g++.dg/torture/pr58252.C  -O3 -fomit-frame-pointer  (test for excess errors)
FAIL: g++.dg/torture/pr58252.C  -O3 -fomit-frame-pointer -funroll-loops  (internal compiler error)
FAIL: g++.dg/torture/pr58252.C  -O3 -fomit-frame-pointer -funroll-loops  (test for excess errors)
FAIL: g++.dg/torture/pr58252.C  -O3 -fomit-frame-pointer -funroll-all-loops -finline-functions  (internal compiler error)
FAIL: g++.dg/torture/pr58252.C  -O3 -fomit-frame-pointer -funroll-all-loops -finline-functions  (test for excess errors)
FAIL: g++.dg/torture/pr58252.C  -O3 -g  (internal compiler error)
FAIL: g++.dg/torture/pr58252.C  -O3 -g  (test for excess errors)
FAIL: g++.dg/torture/pr58252.C  -Os  (internal compiler error)
FAIL: g++.dg/torture/pr58252.C  -Os  (test for excess errors)
FAIL: g++.dg/torture/pr58585.C  -O2  (internal compiler error)
FAIL: g++.dg/torture/pr58585.C  -O2  (test for excess errors)
FAIL: g++.dg/torture/pr58585.C  -O3 -fomit-frame-pointer  (internal compiler error)
FAIL: g++.dg/torture/pr58585.C  -O3 -fomit-frame-pointer  (test for excess errors)
FAIL: g++.dg/torture/pr58585.C  -O3 -g  (internal compiler error)
FAIL: g++.dg/torture/pr58585.C  -O3 -g  (test for excess errors)
FAIL: g++.dg/torture/pr58585.C  -Os  (internal compiler error)
FAIL: g++.dg/torture/pr58585.C  -Os  (test for excess errors)
FAIL: g++.dg/torture/pr59882.C  -Os  (internal compiler error)
FAIL: g++.dg/torture/pr59882.C  -Os  (test for excess errors)
FAIL: g++.dg/tree-prof/pr57451.C compilation,  -fprofile-use
UNRESOLVED: g++.dg/tree-prof/pr57451.C execution,    -fprofile-use
FAIL: g++.old-deja/g++.abi/vtable3a.C -std=c++98 execution test
FAIL: g++.old-deja/g++.abi/vtable3a.C -std=c++11 execution test
FAIL: g++.old-deja/g++.abi/vtable3a.C -std=c++1y execution test
FAIL: g++.old-deja/g++.abi/vtable3b.C -std=c++98 execution test
FAIL: g++.old-deja/g++.abi/vtable3b.C -std=c++11 execution test
FAIL: g++.old-deja/g++.abi/vtable3b.C -std=c++1y execution test
FAIL: g++.old-deja/g++.abi/vtable3c.C -std=c++98 execution test
FAIL: g++.old-deja/g++.abi/vtable3c.C -std=c++11 execution test
FAIL: g++.old-deja/g++.abi/vtable3c.C -std=c++1y execution test
FAIL: g++.old-deja/g++.abi/vtable3d.C -std=c++98 execution test
FAIL: g++.old-deja/g++.abi/vtable3d.C -std=c++11 execution test
FAIL: g++.old-deja/g++.abi/vtable3d.C -std=c++1y execution test
FAIL: g++.old-deja/g++.abi/vtable3e.C -std=c++98 execution test
FAIL: g++.old-deja/g++.abi/vtable3e.C -std=c++11 execution test
FAIL: g++.old-deja/g++.abi/vtable3e.C -std=c++1y execution test
FAIL: g++.old-deja/g++.abi/vtable3f.C -std=c++98 execution test
FAIL: g++.old-deja/g++.abi/vtable3f.C -std=c++11 execution test
FAIL: g++.old-deja/g++.abi/vtable3f.C -std=c++1y execution test
FAIL: g++.old-deja/g++.abi/vtable3g.C -std=c++98 execution test
FAIL: g++.old-deja/g++.abi/vtable3g.C -std=c++11 execution test
FAIL: g++.old-deja/g++.abi/vtable3g.C -std=c++1y execution test
FAIL: g++.old-deja/g++.abi/vtable3h.C -std=c++98 execution test
FAIL: g++.old-deja/g++.abi/vtable3h.C -std=c++11 execution test
FAIL: g++.old-deja/g++.abi/vtable3h.C -std=c++1y execution test
FAIL: g++.old-deja/g++.abi/vtable3i.C -std=c++98 execution test
FAIL: g++.old-deja/g++.abi/vtable3i.C -std=c++11 execution test
FAIL: g++.old-deja/g++.abi/vtable3i.C -std=c++1y execution test
FAIL: g++.old-deja/g++.abi/vtable3j.C -std=c++98 execution test
FAIL: g++.old-deja/g++.abi/vtable3j.C -std=c++11 execution test
FAIL: g++.old-deja/g++.abi/vtable3j.C -std=c++1y execution test
FAIL: g++.old-deja/g++.mike/dyncast5.C -std=c++98 execution test
FAIL: g++.old-deja/g++.mike/dyncast5.C -std=c++11 execution test
FAIL: g++.old-deja/g++.mike/dyncast5.C -std=c++1y execution test
FAIL: g++.old-deja/g++.mike/misc13.C -std=c++98 execution test
FAIL: g++.old-deja/g++.mike/misc13.C -std=c++11 execution test
FAIL: g++.old-deja/g++.mike/misc13.C -std=c++1y execution test
FAIL: g++.old-deja/g++.mike/net39.C -std=c++98 execution test
FAIL: g++.old-deja/g++.mike/net39.C -std=c++11 execution test
FAIL: g++.old-deja/g++.mike/net39.C -std=c++1y execution test
FAIL: g++.old-deja/g++.mike/p2960.C -std=c++98 execution test
FAIL: g++.old-deja/g++.mike/p2960.C -std=c++11 execution test
FAIL: g++.old-deja/g++.mike/p2960.C -std=c++1y execution test
FAIL: g++.old-deja/g++.mike/p3068.C -std=c++98 execution test
FAIL: g++.old-deja/g++.mike/p3068.C -std=c++11 execution test
FAIL: g++.old-deja/g++.mike/p3068.C -std=c++1y execution test
FAIL: g++.old-deja/g++.mike/p3708b.C -std=c++98 execution test
FAIL: g++.old-deja/g++.mike/p3708b.C -std=c++11 execution test
FAIL: g++.old-deja/g++.mike/p3708b.C -std=c++1y execution test
FAIL: g++.old-deja/g++.mike/p4246.C -std=c++98 execution test
FAIL: g++.old-deja/g++.mike/p4246.C -std=c++11 execution test
FAIL: g++.old-deja/g++.mike/p4246.C -std=c++1y execution test
FAIL: g++.old-deja/g++.mike/p4736b.C -std=c++98 execution test
FAIL: g++.old-deja/g++.mike/p4736b.C -std=c++11 execution test
FAIL: g++.old-deja/g++.mike/p4736b.C -std=c++1y execution test
FAIL: g++.old-deja/g++.mike/p4736c.C -std=c++98 execution test
FAIL: g++.old-deja/g++.mike/p4736c.C -std=c++11 execution test
FAIL: g++.old-deja/g++.mike/p4736c.C -std=c++1y execution test
FAIL: g++.old-deja/g++.mike/pmf2.C -std=c++98 execution test
FAIL: g++.old-deja/g++.mike/pmf2.C -std=c++11 execution test
FAIL: g++.old-deja/g++.mike/pmf2.C -std=c++1y execution test
FAIL: g++.old-deja/g++.mike/virt2.C -std=c++98 execution test
FAIL: g++.old-deja/g++.mike/virt2.C -std=c++11 execution test
FAIL: g++.old-deja/g++.mike/virt2.C -std=c++1y execution test
FAIL: g++.old-deja/g++.mike/virt5.C -std=c++98 execution test
FAIL: g++.old-deja/g++.mike/virt5.C -std=c++11 execution test
FAIL: g++.old-deja/g++.mike/virt5.C -std=c++1y execution test
FAIL: g++.old-deja/g++.oliva/thunk1.C -std=c++98 execution test
FAIL: g++.old-deja/g++.oliva/thunk1.C -std=c++11 execution test
FAIL: g++.old-deja/g++.oliva/thunk1.C -std=c++1y execution test
FAIL: g++.old-deja/g++.other/init18.C -std=c++98 execution test
FAIL: g++.old-deja/g++.other/init18.C -std=c++11 execution test
FAIL: g++.old-deja/g++.other/init18.C -std=c++1y execution test
FAIL: g++.old-deja/g++.other/init19.C -std=c++98 execution test
FAIL: g++.old-deja/g++.other/init19.C -std=c++11 execution test
FAIL: g++.old-deja/g++.other/init19.C -std=c++1y execution test
FAIL: g++.old-deja/g++.other/thunk1.C -std=c++98 execution test
FAIL: g++.old-deja/g++.other/thunk1.C -std=c++11 execution test
FAIL: g++.old-deja/g++.other/thunk1.C -std=c++1y execution test
FAIL: g++.old-deja/g++.pt/static11.C -std=c++98 execution test
FAIL: g++.old-deja/g++.pt/static11.C -std=c++11 execution test
FAIL: g++.old-deja/g++.pt/static11.C -std=c++1y execution test

		=== g++ Summary ===

# of expected passes		71790
# of unexpected failures	256
# of unexpected successes	14
# of expected failures		484
# of unresolved testcases	10
# of unsupported tests		3242
/tmp/20140601/gcc/testsuite/g++/../../xg++  version 4.10.0 20140601 (experimental) [trunk revision 211112] (GCC) 

		=== gcc tests ===


Running target unix
FAIL: gcc.c-torture/execute/bswap-2.c execution,  -O0 
FAIL: gcc.c-torture/execute/bswap-2.c execution,  -O1 
FAIL: gcc.c-torture/execute/bswap-2.c execution,  -O2 
FAIL: gcc.c-torture/execute/bswap-2.c execution,  -O3 -fomit-frame-pointer 
FAIL: gcc.c-torture/execute/bswap-2.c execution,  -O3 -g 
FAIL: gcc.c-torture/execute/bswap-2.c execution,  -Os 
FAIL: gcc.c-torture/execute/bswap-2.c execution,  -Og -g 
FAIL: gcc.dg/atomic/c11-atomic-exec-5.c  -O0  execution test
FAIL: gcc.dg/atomic/c11-atomic-exec-5.c  -O1  execution test
FAIL: gcc.dg/atomic/c11-atomic-exec-5.c  -O2  execution test
FAIL: gcc.dg/atomic/c11-atomic-exec-5.c  -O3 -fomit-frame-pointer  execution test
FAIL: gcc.dg/atomic/c11-atomic-exec-5.c  -O3 -fomit-frame-pointer -funroll-loops  execution test
FAIL: gcc.dg/atomic/c11-atomic-exec-5.c  -O3 -fomit-frame-pointer -funroll-all-loops -finline-functions  execution test
FAIL: gcc.dg/atomic/c11-atomic-exec-5.c  -O3 -g  execution test
FAIL: gcc.dg/atomic/c11-atomic-exec-5.c  -Os  execution test
FAIL: gcc.dg/cpp/assert4.c (test for excess errors)
FAIL: gcc.dg/cpp/trad/include.c (test for excess errors)
FAIL: gcc.dg/alias-7.c execution test
FAIL: gcc.dg/asm-names.c scan-assembler-not ____frob14
FAIL: gcc.dg/binop-xor1.c scan-tree-dump-times optimized "\\\\^" 1
FAIL: gcc.dg/noncompile/920507-1.c  -O1  (internal compiler error)
FAIL: gcc.dg/noncompile/920507-1.c  -O1  (test for excess errors)
FAIL: gcc.dg/noncompile/920507-1.c  -O2  (internal compiler error)
FAIL: gcc.dg/noncompile/920507-1.c  -O2  (test for excess errors)
FAIL: gcc.dg/noncompile/920507-1.c  -O3 -fomit-frame-pointer  (internal compiler error)
FAIL: gcc.dg/noncompile/920507-1.c  -O3 -fomit-frame-pointer  (test for excess errors)
FAIL: gcc.dg/noncompile/920507-1.c  -O3 -g  (internal compiler error)
FAIL: gcc.dg/noncompile/920507-1.c  -O3 -g  (test for excess errors)
FAIL: gcc.dg/noncompile/920507-1.c  -Os  (internal compiler error)
FAIL: gcc.dg/noncompile/920507-1.c  -Os  (test for excess errors)
XPASS: gcc.dg/torture/pr59166.c  -O0  (test for excess errors)
FAIL: gcc.dg/tree-ssa/loop-19.c scan-tree-dump-times optimized "MEM.(base: &|symbol: )a," 2
FAIL: gcc.dg/tree-ssa/loop-19.c scan-tree-dump-times optimized "MEM.(base: &|symbol: )c," 2
FAIL: gcc.dg/tree-ssa/sra-12.c scan-tree-dump-times release_ssa "l;" 0
FAIL: gcc.dg/tree-ssa/ssa-dom-thread-4.c scan-tree-dump-times dom1 "Threaded" 3
FAIL: gcc.dg/tree-ssa/vrp47.c scan-tree-dump-times vrp1 "[xy][^ ]* !=" 0
FAIL: gcc.dg/vect/costmodel/ppc/costmodel-bb-slp-9a.c scan-tree-dump-times slp "basic block vectorized using SLP" 1
FAIL: gcc.dg/vect/no-vfa-vect-depend-2.c scan-tree-dump-times vect "vectorized 1 loops" 1
FAIL: gcc.dg/vect/no-vfa-vect-depend-3.c scan-tree-dump-times vect "vectorized 1 loops" 4
FAIL: gcc.dg/vect/no-scevccp-outer-6-global.c scan-tree-dump-times vect "OUTER LOOP VECTORIZED." 1
FAIL: gcc.dg/vmx/ld-be-order.c  -O0  execution test
FAIL: gcc.dg/vmx/ld-vsx-be-order.c  -O0  execution test
FAIL: gcc.dg/vmx/ld-vsx.c  -O0  execution test
FAIL: gcc.dg/vmx/ld.c  -O0  execution test
FAIL: gcc.dg/vmx/lde-be-order.c  -O0  execution test
FAIL: gcc.dg/vmx/lde.c  -O0  execution test
FAIL: gcc.dg/vmx/ldl-be-order.c  -O0  execution test
FAIL: gcc.dg/vmx/ldl-vsx-be-order.c  -O0  execution test
FAIL: gcc.dg/vmx/ldl-vsx.c  -O0  execution test
FAIL: gcc.dg/vmx/ldl.c  -O0  execution test
FAIL: gcc.dg/vmx/st-be-order.c  -O0  execution test
FAIL: gcc.dg/vmx/st-vsx-be-order.c  -O0  execution test
FAIL: gcc.dg/vmx/st-vsx.c  -O0  execution test
FAIL: gcc.dg/vmx/st.c  -O0  execution test
FAIL: gcc.dg/vmx/ste-be-order.c  -O0  execution test
FAIL: gcc.dg/vmx/stl-be-order.c  -O0  execution test
FAIL: gcc.dg/vmx/stl-vsx-be-order.c  -O0  execution test
FAIL: gcc.dg/vmx/stl-vsx.c  -O0  execution test
FAIL: gcc.dg/vmx/stl.c  -O0  execution test
FAIL: gcc.dg/vmx/varargs-4.c  -O0  execution test
FAIL: gcc.dg/weak/weak-14.c execution test
FAIL: gcc.target/powerpc/pr53199.c scan-assembler-times lwbrx 6
FAIL: gcc.target/powerpc/pr53199.c scan-assembler-times stwbrx 6

		=== gcc Summary ===

# of expected passes		74055
# of unexpected failures	62
# of unexpected successes	1
# of expected failures		200
# of unsupported tests		1453
/tmp/20140601/gcc/xgcc  version 4.10.0 20140601 (experimental) [trunk revision 211112] (GCC) 

		=== gfortran tests ===


Running target unix
FAIL: gfortran.dg/bind_c_array_params_2.f90  -O   scan-assembler-times call[^\\n\\r]*myBindC 1
FAIL: gfortran.dg/wextra_1.f  -O   (test for warnings, line 4)

		=== gfortran Summary ===

# of expected passes		44654
# of unexpected failures	2
# of expected failures		55
# of unsupported tests		403
/tmp/20140601/gcc/testsuite/gfortran/../../gfortran  version 4.10.0 20140601 (experimental) [trunk revision 211112] (GCC) 

		=== objc tests ===


Running target unix
FAIL: objc.dg-struct-layout-encoding-1/t026_main.m execution test

		=== objc Summary ===

# of expected passes		2897
# of unexpected failures	1
# of expected failures		10
# of unsupported tests		65
/tmp/20140601/gcc/xgcc  version 4.10.0 20140601 (experimental) [trunk revision 211112] (GCC) 

		=== libatomic tests ===


Running target unix

		=== libatomic Summary ===

# of expected passes		44
# of unsupported tests		5
		=== libgomp tests ===


Running target unix
WARNING: program timed out.
FAIL: libgomp.c/cancel-taskgroup-1.c execution test
FAIL: libgomp.c/loop-6.c execution test
WARNING: program timed out.
FAIL: libgomp.c++/cancel-taskgroup-1.C execution test
FAIL: libgomp.fortran/omp_workshare1.f  -O  execution test
FAIL: libgomp.fortran/omp_workshare2.f  -O  execution test
FAIL: libgomp.fortran/recursion1.f90  -O0  execution test
FAIL: libgomp.fortran/recursion1.f90  -O1  execution test
WARNING: program timed out.
FAIL: libgomp.fortran/recursion1.f90  -O2  execution test
FAIL: libgomp.fortran/recursion1.f90  -O3 -fomit-frame-pointer  execution test
FAIL: libgomp.fortran/recursion1.f90  -O3 -fomit-frame-pointer -funroll-loops  execution test
FAIL: libgomp.fortran/recursion1.f90  -O3 -fomit-frame-pointer -funroll-all-loops -finline-functions  execution test
FAIL: libgomp.fortran/recursion1.f90  -O3 -g  execution test
WARNING: program timed out.
FAIL: libgomp.fortran/recursion1.f90  -Os  execution test

		=== libgomp Summary ===

# of expected passes		2572
# of unexpected failures	13
# of unsupported tests		20
		=== libstdc++ tests ===


Running target unix
FAIL: 18_support/50594.cc execution test
FAIL: 20_util/hash/chi2_q_document_words.cc execution test
FAIL: 20_util/make_signed/requirements/typedefs-1.cc (test for excess errors)
FAIL: 20_util/make_signed/requirements/typedefs-2.cc (test for excess errors)
FAIL: 20_util/shared_ptr/misc/io.cc execution test
FAIL: 21_strings/basic_string/cons/char/6.cc execution test
FAIL: 21_strings/basic_string/cons/wchar_t/6.cc execution test
FAIL: 21_strings/basic_string/inserters_extractors/char/1.cc execution test
FAIL: 21_strings/basic_string/inserters_extractors/char/10.cc execution test
FAIL: 21_strings/basic_string/inserters_extractors/char/11.cc execution test
FAIL: 21_strings/basic_string/inserters_extractors/char/28277.cc execution test
FAIL: 21_strings/basic_string/inserters_extractors/char/4.cc execution test
FAIL: 21_strings/basic_string/inserters_extractors/char/5.cc execution test
FAIL: 21_strings/basic_string/inserters_extractors/char/6.cc execution test
FAIL: 21_strings/basic_string/inserters_extractors/char/7.cc execution test
FAIL: 21_strings/basic_string/inserters_extractors/char/8.cc execution test
FAIL: 21_strings/basic_string/inserters_extractors/char/9.cc execution test
FAIL: 21_strings/basic_string/inserters_extractors/wchar_t/1.cc execution test
FAIL: 21_strings/basic_string/inserters_extractors/wchar_t/10.cc execution test
FAIL: 21_strings/basic_string/inserters_extractors/wchar_t/11.cc execution test
FAIL: 21_strings/basic_string/inserters_extractors/wchar_t/28277.cc execution test
FAIL: 21_strings/basic_string/inserters_extractors/wchar_t/4.cc execution test
FAIL: 21_strings/basic_string/inserters_extractors/wchar_t/5.cc execution test
FAIL: 21_strings/basic_string/inserters_extractors/wchar_t/6.cc execution test
FAIL: 21_strings/basic_string/inserters_extractors/wchar_t/7.cc execution test
FAIL: 21_strings/basic_string/inserters_extractors/wchar_t/8.cc execution test
FAIL: 21_strings/basic_string/inserters_extractors/wchar_t/9.cc execution test
FAIL: 22_locale/money_get/get/char/14.cc execution test
FAIL: 22_locale/money_get/get/char/19.cc execution test
FAIL: 22_locale/money_get/get/char/22131.cc execution test
FAIL: 22_locale/money_get/get/char/38399.cc execution test
FAIL: 22_locale/money_get/get/char/39168.cc execution test
FAIL: 22_locale/money_get/get/char/5.cc execution test
FAIL: 22_locale/money_get/get/char/6.cc execution test
FAIL: 22_locale/money_get/get/char/7.cc execution test
FAIL: 22_locale/money_get/get/char/8.cc execution test
FAIL: 22_locale/money_get/get/wchar_t/14.cc execution test
FAIL: 22_locale/money_get/get/wchar_t/19.cc execution test
FAIL: 22_locale/money_get/get/wchar_t/22131.cc execution test
FAIL: 22_locale/money_get/get/wchar_t/38399.cc execution test
FAIL: 22_locale/money_get/get/wchar_t/39168.cc execution test
FAIL: 22_locale/money_get/get/wchar_t/5.cc execution test
FAIL: 22_locale/money_get/get/wchar_t/6.cc execution test
FAIL: 22_locale/money_get/get/wchar_t/7.cc execution test
FAIL: 22_locale/money_get/get/wchar_t/8.cc execution test
FAIL: 22_locale/money_put/put/char/12971.cc execution test
FAIL: 22_locale/money_put/put/char/39168.cc execution test
FAIL: 22_locale/money_put/put/char/4.cc execution test
FAIL: 22_locale/money_put/put/char/5.cc execution test
FAIL: 22_locale/money_put/put/char/6.cc execution test
FAIL: 22_locale/money_put/put/wchar_t/12971.cc execution test
FAIL: 22_locale/money_put/put/wchar_t/39168.cc execution test
FAIL: 22_locale/money_put/put/wchar_t/4.cc execution test
FAIL: 22_locale/money_put/put/wchar_t/5.cc execution test
FAIL: 22_locale/money_put/put/wchar_t/6.cc execution test
FAIL: 22_locale/num_get/get/char/10.cc execution test
FAIL: 22_locale/num_get/get/char/11.cc execution test
FAIL: 22_locale/num_get/get/char/12.cc execution test
FAIL: 22_locale/num_get/get/char/13.cc execution test
FAIL: 22_locale/num_get/get/char/14.cc execution test
FAIL: 22_locale/num_get/get/char/15.cc execution test
FAIL: 22_locale/num_get/get/char/16.cc execution test
FAIL: 22_locale/num_get/get/char/2.cc execution test
FAIL: 22_locale/num_get/get/char/22131.cc execution test
FAIL: 22_locale/num_get/get/char/23953.cc execution test
FAIL: 22_locale/num_get/get/char/37958.cc execution test
FAIL: 22_locale/num_get/get/char/39168.cc execution test
FAIL: 22_locale/num_get/get/char/39802.cc execution test
FAIL: 22_locale/num_get/get/char/4.cc execution test
FAIL: 22_locale/num_get/get/char/7.cc execution test
FAIL: 22_locale/num_get/get/char/8.cc execution test
FAIL: 22_locale/num_get/get/wchar_t/10.cc execution test
FAIL: 22_locale/num_get/get/wchar_t/11.cc execution test
FAIL: 22_locale/num_get/get/wchar_t/12.cc execution test
FAIL: 22_locale/num_get/get/wchar_t/13.cc execution test
FAIL: 22_locale/num_get/get/wchar_t/14.cc execution test
FAIL: 22_locale/num_get/get/wchar_t/15.cc execution test
FAIL: 22_locale/num_get/get/wchar_t/16.cc execution test
FAIL: 22_locale/num_get/get/wchar_t/2.cc execution test
FAIL: 22_locale/num_get/get/wchar_t/22131.cc execution test
FAIL: 22_locale/num_get/get/wchar_t/23953.cc execution test
FAIL: 22_locale/num_get/get/wchar_t/37958.cc execution test
FAIL: 22_locale/num_get/get/wchar_t/39168.cc execution test
FAIL: 22_locale/num_get/get/wchar_t/39802.cc execution test
FAIL: 22_locale/num_get/get/wchar_t/4.cc execution test
FAIL: 22_locale/num_get/get/wchar_t/7.cc execution test
FAIL: 22_locale/num_get/get/wchar_t/8.cc execution test
FAIL: 22_locale/num_put/put/char/10.cc execution test
FAIL: 22_locale/num_put/put/char/11.cc execution test
FAIL: 22_locale/num_put/put/char/12.cc execution test
FAIL: 22_locale/num_put/put/char/14220.cc execution test
FAIL: 22_locale/num_put/put/char/15565.cc execution test
FAIL: 22_locale/num_put/put/char/2.cc execution test
FAIL: 22_locale/num_put/put/char/23953.cc execution test
FAIL: 22_locale/num_put/put/char/38196.cc execution test
FAIL: 22_locale/num_put/put/char/38210.cc execution test
FAIL: 22_locale/num_put/put/char/4.cc execution test
FAIL: 22_locale/num_put/put/char/6.cc execution test
FAIL: 22_locale/num_put/put/char/7.cc execution test
FAIL: 22_locale/num_put/put/char/8.cc execution test
FAIL: 22_locale/num_put/put/char/9.cc execution test
FAIL: 22_locale/num_put/put/wchar_t/10.cc execution test
FAIL: 22_locale/num_put/put/wchar_t/11.cc execution test
FAIL: 22_locale/num_put/put/wchar_t/12.cc execution test
FAIL: 22_locale/num_put/put/wchar_t/14220.cc execution test
FAIL: 22_locale/num_put/put/wchar_t/15565.cc execution test
FAIL: 22_locale/num_put/put/wchar_t/2.cc execution test
FAIL: 22_locale/num_put/put/wchar_t/23953.cc execution test
FAIL: 22_locale/num_put/put/wchar_t/38196.cc execution test
FAIL: 22_locale/num_put/put/wchar_t/38210.cc execution test
FAIL: 22_locale/num_put/put/wchar_t/4.cc execution test
FAIL: 22_locale/num_put/put/wchar_t/6.cc execution test
FAIL: 22_locale/num_put/put/wchar_t/7.cc execution test
FAIL: 22_locale/num_put/put/wchar_t/8.cc execution test
FAIL: 22_locale/num_put/put/wchar_t/9.cc execution test
FAIL: 22_locale/time_get/date_order/char/1.cc execution test
FAIL: 22_locale/time_get/date_order/wchar_t/1.cc execution test
FAIL: 22_locale/time_get/get_date/char/1.cc execution test
FAIL: 22_locale/time_get/get_date/char/12791.cc execution test
FAIL: 22_locale/time_get/get_date/char/3.cc execution test
FAIL: 22_locale/time_get/get_date/char/5.cc execution test
FAIL: 22_locale/time_get/get_date/wchar_t/1.cc execution test
FAIL: 22_locale/time_get/get_date/wchar_t/12791.cc execution test
FAIL: 22_locale/time_get/get_date/wchar_t/3.cc execution test
FAIL: 22_locale/time_get/get_date/wchar_t/5.cc execution test
FAIL: 22_locale/time_get/get_monthname/char/1.cc execution test
FAIL: 22_locale/time_get/get_monthname/char/3.cc execution test
FAIL: 22_locale/time_get/get_monthname/char/4.cc execution test
FAIL: 22_locale/time_get/get_monthname/char/5.cc execution test
FAIL: 22_locale/time_get/get_monthname/char/6.cc execution test
FAIL: 22_locale/time_get/get_monthname/wchar_t/1.cc execution test
FAIL: 22_locale/time_get/get_monthname/wchar_t/3.cc execution test
FAIL: 22_locale/time_get/get_monthname/wchar_t/4.cc execution test
FAIL: 22_locale/time_get/get_monthname/wchar_t/5.cc execution test
FAIL: 22_locale/time_get/get_monthname/wchar_t/6.cc execution test
FAIL: 22_locale/time_get/get_time/char/3.cc execution test
FAIL: 22_locale/time_get/get_time/char/5.cc execution test
FAIL: 22_locale/time_get/get_time/char/6.cc execution test
FAIL: 22_locale/time_get/get_time/wchar_t/3.cc execution test
FAIL: 22_locale/time_get/get_time/wchar_t/4.cc execution test
FAIL: 22_locale/time_get/get_time/wchar_t/5.cc execution test
FAIL: 22_locale/time_get/get_time/wchar_t/6.cc execution test
FAIL: 22_locale/time_get/get_weekday/char/1.cc execution test
FAIL: 22_locale/time_get/get_weekday/char/3.cc execution test
FAIL: 22_locale/time_get/get_weekday/char/5.cc execution test
FAIL: 22_locale/time_get/get_weekday/char/6.cc execution test
FAIL: 22_locale/time_get/get_weekday/wchar_t/1.cc execution test
FAIL: 22_locale/time_get/get_weekday/wchar_t/3.cc execution test
FAIL: 22_locale/time_get/get_weekday/wchar_t/5.cc execution test
FAIL: 22_locale/time_get/get_weekday/wchar_t/6.cc execution test
FAIL: 22_locale/time_get/get_year/char/1.cc execution test
FAIL: 22_locale/time_get/get_year/char/3.cc execution test
FAIL: 22_locale/time_get/get_year/char/5.cc execution test
FAIL: 22_locale/time_get/get_year/wchar_t/1.cc execution test
FAIL: 22_locale/time_get/get_year/wchar_t/3.cc execution test
FAIL: 22_locale/time_get/get_year/wchar_t/5.cc execution test
FAIL: 22_locale/time_put/put/char/1.cc execution test
FAIL: 22_locale/time_put/put/char/10.cc execution test
FAIL: 22_locale/time_put/put/char/5.cc execution test
FAIL: 22_locale/time_put/put/char/9.cc execution test
FAIL: 22_locale/time_put/put/wchar_t/1.cc execution test
FAIL: 22_locale/time_put/put/wchar_t/10.cc execution test
FAIL: 22_locale/time_put/put/wchar_t/5.cc execution test
FAIL: 22_locale/time_put/put/wchar_t/9.cc execution test
FAIL: 23_containers/bitset/input/1.cc execution test
FAIL: 23_containers/bitset/to_ulong/1.cc execution test
FAIL: 23_containers/set/modifiers/16728.cc execution test
FAIL: 23_containers/vector/profile/vector.cc execution test
FAIL: 24_iterators/istreambuf_iterator/2.cc execution test
FAIL: 24_iterators/istreambuf_iterator/2627.cc execution test
FAIL: 24_iterators/ostreambuf_iterator/2.cc execution test
FAIL: 25_algorithms/copy/streambuf_iterators/char/1.cc execution test
FAIL: 25_algorithms/copy/streambuf_iterators/char/2.cc execution test
FAIL: 25_algorithms/copy/streambuf_iterators/char/3.cc execution test
FAIL: 25_algorithms/copy/streambuf_iterators/char/4.cc execution test
FAIL: 25_algorithms/copy/streambuf_iterators/wchar_t/1.cc execution test
FAIL: 25_algorithms/copy/streambuf_iterators/wchar_t/2.cc execution test
FAIL: 25_algorithms/copy/streambuf_iterators/wchar_t/3.cc execution test
FAIL: 25_algorithms/copy/streambuf_iterators/wchar_t/4.cc execution test
FAIL: 25_algorithms/copy_n/50119.cc execution test
FAIL: 25_algorithms/find/istreambuf_iterators/char/2.cc execution test
FAIL: 25_algorithms/find/istreambuf_iterators/wchar_t/1.cc execution test
FAIL: 25_algorithms/unique_copy/26133.cc execution test
FAIL: 26_numerics/complex/inserters_extractors/char/1.cc execution test
FAIL: 26_numerics/complex/inserters_extractors/wchar_t/1.cc execution test
FAIL: 26_numerics/headers/cmath/c99_classification_macros_c.cc (test for excess errors)
FAIL: 26_numerics/random/bernoulli_distribution/operators/serialize.cc execution test
FAIL: 26_numerics/random/binomial_distribution/operators/serialize.cc execution test
FAIL: 26_numerics/random/cauchy_distribution/operators/serialize.cc execution test
FAIL: 26_numerics/random/chi_squared_distribution/operators/serialize.cc execution test
FAIL: 26_numerics/random/discard_block_engine/operators/serialize.cc execution test
FAIL: 26_numerics/random/discrete_distribution/operators/serialize.cc execution test
FAIL: 26_numerics/random/exponential_distribution/operators/serialize.cc execution test
FAIL: 26_numerics/random/extreme_value_distribution/operators/serialize.cc execution test
FAIL: 26_numerics/random/fisher_f_distribution/operators/serialize.cc execution test
FAIL: 26_numerics/random/gamma_distribution/operators/serialize.cc execution test
FAIL: 26_numerics/random/geometric_distribution/operators/serialize.cc execution test
FAIL: 26_numerics/random/independent_bits_engine/operators/serialize.cc execution test
FAIL: 26_numerics/random/linear_congruential_engine/operators/serialize.cc execution test
FAIL: 26_numerics/random/lognormal_distribution/operators/serialize.cc execution test
FAIL: 26_numerics/random/mersenne_twister_engine/operators/serialize.cc execution test
FAIL: 26_numerics/random/negative_binomial_distribution/operators/serialize.cc execution test
FAIL: 26_numerics/random/normal_distribution/operators/serialize.cc execution test
FAIL: 26_numerics/random/piecewise_constant_distribution/operators/serialize.cc execution test
FAIL: 26_numerics/random/piecewise_linear_distribution/operators/serialize.cc execution test
FAIL: 26_numerics/random/poisson_distribution/operators/serialize.cc execution test
FAIL: 26_numerics/random/shuffle_order_engine/operators/serialize.cc execution test
FAIL: 26_numerics/random/student_t_distribution/operators/serialize.cc execution test
FAIL: 26_numerics/random/subtract_with_carry_engine/operators/serialize.cc execution test
FAIL: 26_numerics/random/uniform_int_distribution/operators/serialize.cc execution test
FAIL: 26_numerics/random/uniform_real_distribution/operators/serialize.cc execution test
FAIL: 26_numerics/random/weibull_distribution/operators/serialize.cc execution test
FAIL: 27_io/basic_filebuf/close/char/2.cc execution test
FAIL: 27_io/basic_filebuf/close/char/4879.cc execution test
FAIL: 27_io/basic_filebuf/open/char/3.cc execution test
FAIL: 27_io/basic_filebuf/open/char/4.cc execution test
FAIL: 27_io/basic_filebuf/overflow/char/9169.cc execution test
FAIL: 27_io/basic_filebuf/seekoff/char/26777.cc execution test
FAIL: 27_io/basic_filebuf/underflow/wchar_t/11544-1.cc execution test
FAIL: 27_io/basic_filebuf/underflow/wchar_t/11544-2.cc execution test
FAIL: 27_io/basic_filebuf/underflow/wchar_t/9178.cc execution test
FAIL: 27_io/basic_fstream/rdbuf/char/2832.cc execution test
FAIL: 27_io/basic_ifstream/cons/char/1.cc execution test
FAIL: 27_io/basic_ifstream/open/char/1.cc execution test
FAIL: 27_io/basic_ifstream/rdbuf/char/2832.cc execution test
FAIL: 27_io/basic_istream/extractors_arithmetic/char/06.cc execution test
FAIL: 27_io/basic_istream/extractors_arithmetic/char/07.cc execution test
FAIL: 27_io/basic_istream/extractors_arithmetic/char/08.cc execution test
FAIL: 27_io/basic_istream/extractors_arithmetic/char/11.cc execution test
FAIL: 27_io/basic_istream/extractors_arithmetic/char/13.cc execution test
FAIL: 27_io/basic_istream/extractors_arithmetic/char/dr696.cc execution test
FAIL: 27_io/basic_istream/extractors_arithmetic/char/exceptions_badbit_throw.cc execution test
FAIL: 27_io/basic_istream/extractors_arithmetic/char/exceptions_failbit.cc execution test
FAIL: 27_io/basic_istream/extractors_arithmetic/char/exceptions_failbit_throw.cc execution test
FAIL: 27_io/basic_istream/extractors_arithmetic/wchar_t/06.cc execution test
FAIL: 27_io/basic_istream/extractors_arithmetic/wchar_t/07.cc execution test
FAIL: 27_io/basic_istream/extractors_arithmetic/wchar_t/08.cc execution test
FAIL: 27_io/basic_istream/extractors_arithmetic/wchar_t/11.cc execution test
FAIL: 27_io/basic_istream/extractors_arithmetic/wchar_t/13.cc execution test
FAIL: 27_io/basic_istream/extractors_arithmetic/wchar_t/dr696.cc execution test
FAIL: 27_io/basic_istream/extractors_arithmetic/wchar_t/exceptions_badbit_throw.cc execution test
FAIL: 27_io/basic_istream/extractors_arithmetic/wchar_t/exceptions_failbit.cc execution test
FAIL: 27_io/basic_istream/extractors_arithmetic/wchar_t/exceptions_failbit_throw.cc execution test
FAIL: 27_io/basic_istream/extractors_character/char/4.cc execution test
FAIL: 27_io/basic_istream/extractors_character/wchar_t/4.cc execution test
FAIL: 27_io/basic_istream/extractors_other/char/26181.cc execution test
FAIL: 27_io/basic_istream/extractors_other/char/3.cc execution test
FAIL: 27_io/basic_istream/extractors_other/char/9318-in.cc execution test
FAIL: 27_io/basic_istream/extractors_other/char/error_failbit.cc execution test
FAIL: 27_io/basic_istream/extractors_other/char/exceptions_badbit_throw.cc execution test
FAIL: 27_io/basic_istream/extractors_other/char/exceptions_failbit_throw.cc execution test
FAIL: 27_io/basic_istream/extractors_other/char/exceptions_null.cc execution test
FAIL: 27_io/basic_istream/extractors_other/wchar_t/26181.cc execution test
FAIL: 27_io/basic_istream/extractors_other/wchar_t/3.cc execution test
FAIL: 27_io/basic_istream/extractors_other/wchar_t/9318-in.cc execution test
FAIL: 27_io/basic_istream/extractors_other/wchar_t/error_failbit.cc execution test
FAIL: 27_io/basic_istream/extractors_other/wchar_t/exceptions_badbit_throw.cc execution test
FAIL: 27_io/basic_istream/extractors_other/wchar_t/exceptions_failbit_throw.cc execution test
FAIL: 27_io/basic_istream/extractors_other/wchar_t/exceptions_null.cc execution test
FAIL: 27_io/basic_istream/get/char/2.cc execution test
FAIL: 27_io/basic_istream/get/wchar_t/2.cc execution test
FAIL: 27_io/basic_istream/getline/char/5.cc execution test
FAIL: 27_io/basic_istream/getline/wchar_t/5.cc execution test
FAIL: 27_io/basic_istream/ignore/char/2.cc execution test
FAIL: 27_io/basic_istream/ignore/char/3.cc execution test
FAIL: 27_io/basic_istream/ignore/char/6360.cc execution test
FAIL: 27_io/basic_istream/ignore/wchar_t/2.cc execution test
FAIL: 27_io/basic_istream/ignore/wchar_t/3.cc execution test
FAIL: 27_io/basic_istream/ignore/wchar_t/6360.cc execution test
FAIL: 27_io/basic_istream/peek/char/12296.cc execution test
FAIL: 27_io/basic_istream/peek/char/6414.cc execution test
FAIL: 27_io/basic_istream/peek/wchar_t/12296.cc execution test
FAIL: 27_io/basic_istream/peek/wchar_t/6414.cc execution test
FAIL: 27_io/basic_istream/read/char/3.cc execution test
FAIL: 27_io/basic_istream/read/wchar_t/3.cc execution test
FAIL: 27_io/basic_istream/readsome/char/6746-1.cc execution test
FAIL: 27_io/basic_istream/readsome/char/6746-2.cc execution test
FAIL: 27_io/basic_istream/readsome/wchar_t/6746-1.cc execution test
FAIL: 27_io/basic_istream/seekg/char/2.cc execution test
FAIL: 27_io/basic_istream/seekg/char/26211.cc execution test
FAIL: 27_io/basic_istream/seekg/char/8348-1.cc execution test
FAIL: 27_io/basic_istream/seekg/char/8348-2.cc execution test
FAIL: 27_io/basic_istream/seekg/char/fstream.cc execution test
FAIL: 27_io/basic_istream/seekg/char/sstream.cc execution test
FAIL: 27_io/basic_istream/seekg/wchar_t/2.cc execution test
FAIL: 27_io/basic_istream/seekg/wchar_t/26211.cc execution test
FAIL: 27_io/basic_istream/seekg/wchar_t/8348-1.cc execution test
FAIL: 27_io/basic_istream/seekg/wchar_t/8348-2.cc execution test
FAIL: 27_io/basic_istream/seekg/wchar_t/fstream.cc execution test
FAIL: 27_io/basic_istream/seekg/wchar_t/sstream.cc execution test
FAIL: 27_io/basic_istream/sentry/char/2.cc execution test
FAIL: 27_io/basic_istream/sentry/wchar_t/2.cc execution test
FAIL: 27_io/basic_istream/tellg/char/1.cc execution test
FAIL: 27_io/basic_istream/tellg/char/2.cc execution test
FAIL: 27_io/basic_istream/tellg/char/26211.cc execution test
FAIL: 27_io/basic_istream/tellg/char/8348.cc execution test
FAIL: 27_io/basic_istream/tellg/char/fstream.cc execution test
FAIL: 27_io/basic_istream/tellg/char/sstream.cc execution test
FAIL: 27_io/basic_istream/tellg/wchar_t/1.cc execution test
FAIL: 27_io/basic_istream/tellg/wchar_t/2.cc execution test
FAIL: 27_io/basic_istream/tellg/wchar_t/26211.cc execution test
FAIL: 27_io/basic_istream/tellg/wchar_t/8348.cc execution test
FAIL: 27_io/basic_istream/tellg/wchar_t/fstream.cc execution test
FAIL: 27_io/basic_istream/tellg/wchar_t/sstream.cc execution test
FAIL: 27_io/basic_istream/ws/char/1.cc execution test
FAIL: 27_io/basic_istream/ws/wchar_t/1.cc execution test
FAIL: 27_io/basic_istringstream/rdbuf/char/2832.cc execution test
FAIL: 27_io/basic_istringstream/rdbuf/wchar_t/2832.cc execution test
FAIL: 27_io/basic_istringstream/str/char/1.cc execution test
FAIL: 27_io/basic_istringstream/str/wchar_t/1.cc execution test
FAIL: 27_io/basic_ofstream/cons/char/1.cc execution test
FAIL: 27_io/basic_ofstream/open/char/1.cc execution test
FAIL: 27_io/basic_ofstream/rdbuf/char/2832.cc execution test
FAIL: 27_io/basic_ostream/endl/char/1.cc execution test
FAIL: 27_io/basic_ostream/endl/wchar_t/1.cc execution test
FAIL: 27_io/basic_ostream/ends/char/1.cc execution test
FAIL: 27_io/basic_ostream/ends/char/2.cc execution test
FAIL: 27_io/basic_ostream/ends/wchar_t/1.cc execution test
FAIL: 27_io/basic_ostream/ends/wchar_t/2.cc execution test
FAIL: 27_io/basic_ostream/flush/char/1.cc execution test
FAIL: 27_io/basic_ostream/flush/wchar_t/1.cc execution test
FAIL: 27_io/basic_ostream/inserters_arithmetic/char/1.cc execution test
FAIL: 27_io/basic_ostream/inserters_arithmetic/char/4402.cc execution test
FAIL: 27_io/basic_ostream/inserters_arithmetic/char/5.cc execution test
FAIL: 27_io/basic_ostream/inserters_arithmetic/char/6.cc execution test
FAIL: 27_io/basic_ostream/inserters_arithmetic/char/7.cc execution test
FAIL: 27_io/basic_ostream/inserters_arithmetic/char/exceptions_badbit_throw.cc execution test
FAIL: 27_io/basic_ostream/inserters_arithmetic/char/exceptions_failbit_throw.cc execution test
FAIL: 27_io/basic_ostream/inserters_arithmetic/wchar_t/1.cc execution test
FAIL: 27_io/basic_ostream/inserters_arithmetic/wchar_t/4402.cc execution test
FAIL: 27_io/basic_ostream/inserters_arithmetic/wchar_t/5.cc execution test
FAIL: 27_io/basic_ostream/inserters_arithmetic/wchar_t/6.cc execution test
FAIL: 27_io/basic_ostream/inserters_arithmetic/wchar_t/7.cc execution test
FAIL: 27_io/basic_ostream/inserters_arithmetic/wchar_t/exceptions_badbit_throw.cc execution test
FAIL: 27_io/basic_ostream/inserters_arithmetic/wchar_t/exceptions_failbit_throw.cc execution test
FAIL: 27_io/basic_ostream/inserters_character/char/1.cc execution test
FAIL: 27_io/basic_ostream/inserters_character/char/11095-oa.cc execution test
FAIL: 27_io/basic_ostream/inserters_character/char/11095-ob.cc execution test
FAIL: 27_io/basic_ostream/inserters_character/char/11095-oc.cc execution test
FAIL: 27_io/basic_ostream/inserters_character/char/2.cc execution test
FAIL: 27_io/basic_ostream/inserters_character/char/28277-3.cc execution test
FAIL: 27_io/basic_ostream/inserters_character/char/28277-4.cc execution test
FAIL: 27_io/basic_ostream/inserters_character/char/3.cc execution test
FAIL: 27_io/basic_ostream/inserters_character/char/5.cc execution test
FAIL: 27_io/basic_ostream/inserters_character/char/6.cc execution test
FAIL: 27_io/basic_ostream/inserters_character/char/8.cc execution test
FAIL: 27_io/basic_ostream/inserters_character/wchar_t/1.cc execution test
FAIL: 27_io/basic_ostream/inserters_character/wchar_t/11095-od.cc execution test
FAIL: 27_io/basic_ostream/inserters_character/wchar_t/11095-oe.cc execution test
FAIL: 27_io/basic_ostream/inserters_character/wchar_t/11095-of.cc execution test
FAIL: 27_io/basic_ostream/inserters_character/wchar_t/2.cc execution test
FAIL: 27_io/basic_ostream/inserters_character/wchar_t/28277-1.cc execution test
FAIL: 27_io/basic_ostream/inserters_character/wchar_t/28277-2.cc execution test
FAIL: 27_io/basic_ostream/inserters_character/wchar_t/28277-3.cc execution test
FAIL: 27_io/basic_ostream/inserters_character/wchar_t/28277-4.cc execution test
FAIL: 27_io/basic_ostream/inserters_character/wchar_t/3.cc execution test
FAIL: 27_io/basic_ostream/inserters_character/wchar_t/4.cc execution test
FAIL: 27_io/basic_ostream/inserters_character/wchar_t/5.cc execution test
FAIL: 27_io/basic_ostream/inserters_character/wchar_t/6.cc execution test
FAIL: 27_io/basic_ostream/inserters_character/wchar_t/7.cc execution test
FAIL: 27_io/basic_ostream/inserters_character/wchar_t/8.cc execution test
FAIL: 27_io/basic_ostream/inserters_other/char/1.cc execution test
FAIL: 27_io/basic_ostream/inserters_other/char/2.cc execution test
FAIL: 27_io/basic_ostream/inserters_other/char/3.cc execution test
FAIL: 27_io/basic_ostream/inserters_other/char/4.cc execution test
FAIL: 27_io/basic_ostream/inserters_other/char/error_code.cc execution test
FAIL: 27_io/basic_ostream/inserters_other/char/error_failbit.cc execution test
FAIL: 27_io/basic_ostream/inserters_other/char/exceptions_badbit_throw.cc execution test
FAIL: 27_io/basic_ostream/inserters_other/char/exceptions_failbit_throw.cc execution test
FAIL: 27_io/basic_ostream/inserters_other/char/exceptions_null.cc execution test
FAIL: 27_io/basic_ostream/inserters_other/wchar_t/1.cc execution test
FAIL: 27_io/basic_ostream/inserters_other/wchar_t/2.cc execution test
FAIL: 27_io/basic_ostream/inserters_other/wchar_t/3.cc execution test
FAIL: 27_io/basic_ostream/inserters_other/wchar_t/4.cc execution test
FAIL: 27_io/basic_ostream/inserters_other/wchar_t/error_code.cc execution test
FAIL: 27_io/basic_ostream/inserters_other/wchar_t/error_failbit.cc execution test
FAIL: 27_io/basic_ostream/inserters_other/wchar_t/exceptions_badbit_throw.cc execution test
FAIL: 27_io/basic_ostream/inserters_other/wchar_t/exceptions_failbit_throw.cc execution test
FAIL: 27_io/basic_ostream/inserters_other/wchar_t/exceptions_null.cc execution test
FAIL: 27_io/basic_ostream/seekp/char/2346-fstream.cc execution test
FAIL: 27_io/basic_ostream/seekp/char/2346-sstream.cc execution test
FAIL: 27_io/basic_ostream/seekp/wchar_t/2346-fstream.cc execution test
FAIL: 27_io/basic_ostream/seekp/wchar_t/2346-sstream.cc execution test
FAIL: 27_io/basic_ostream/tellp/char/1.cc execution test
FAIL: 27_io/basic_ostream/tellp/char/2.cc execution test
FAIL: 27_io/basic_ostream/tellp/wchar_t/1.cc execution test
FAIL: 27_io/basic_ostream/tellp/wchar_t/2.cc execution test
FAIL: 27_io/basic_ostringstream/cons/char/3.cc execution test
FAIL: 27_io/basic_ostringstream/cons/wchar_t/3.cc execution test
FAIL: 27_io/basic_ostringstream/rdbuf/char/2832.cc execution test
FAIL: 27_io/basic_ostringstream/rdbuf/wchar_t/2832.cc execution test
FAIL: 27_io/basic_ostringstream/str/char/1.cc execution test
FAIL: 27_io/basic_ostringstream/str/wchar_t/1.cc execution test
FAIL: 27_io/basic_stringbuf/in_avail/char/21955.cc execution test
FAIL: 27_io/basic_stringbuf/str/char/3.cc execution test
FAIL: 27_io/basic_stringbuf/str/char/3955.cc execution test
FAIL: 27_io/basic_stringbuf/str/wchar_t/3.cc execution test
FAIL: 27_io/basic_stringbuf/str/wchar_t/3955.cc execution test
FAIL: 27_io/basic_stringstream/rdbuf/char/2832.cc execution test
FAIL: 27_io/basic_stringstream/rdbuf/wchar_t/2832.cc execution test
FAIL: 27_io/basic_stringstream/str/char/1.cc execution test
FAIL: 27_io/basic_stringstream/str/char/2.cc execution test
FAIL: 27_io/basic_stringstream/str/char/3.cc execution test
FAIL: 27_io/basic_stringstream/str/char/4.cc execution test
FAIL: 27_io/basic_stringstream/str/wchar_t/1.cc execution test
FAIL: 27_io/basic_stringstream/str/wchar_t/2.cc execution test
FAIL: 27_io/basic_stringstream/str/wchar_t/3.cc execution test
FAIL: 27_io/basic_stringstream/str/wchar_t/4.cc execution test
FAIL: 27_io/fpos/14320-5.cc execution test
FAIL: 27_io/ios_base/state/1.cc execution test
FAIL: 27_io/ios_base/storage/1.cc execution test
FAIL: 27_io/ios_base/storage/11584.cc execution test
FAIL: 27_io/manipulators/adjustfield/char/1.cc execution test
FAIL: 27_io/manipulators/adjustfield/wchar_t/1.cc execution test
FAIL: 27_io/manipulators/basefield/char/1.cc execution test
FAIL: 27_io/manipulators/basefield/wchar_t/1.cc execution test
FAIL: 27_io/manipulators/standard/char/1.cc execution test
FAIL: 27_io/manipulators/standard/char/2.cc execution test
FAIL: 27_io/manipulators/standard/char/quoted.cc execution test
FAIL: 27_io/manipulators/standard/wchar_t/1.cc execution test
FAIL: 27_io/manipulators/standard/wchar_t/2.cc execution test
FAIL: 27_io/manipulators/standard/wchar_t/quoted.cc execution test
FAIL: 27_io/objects/char/7.cc execution test
FAIL: 27_io/objects/wchar_t/7.cc execution test
FAIL: 27_io/rvalue_streams.cc execution test
FAIL: 28_regex/algorithms/regex_match/awk/cstring_01.cc execution test
FAIL: 28_regex/algorithms/regex_match/basic/string_range_00_03.cc execution test
FAIL: 28_regex/algorithms/regex_match/basic/string_range_01_03.cc execution test
FAIL: 28_regex/algorithms/regex_match/basic/string_range_02_03.cc execution test
FAIL: 28_regex/algorithms/regex_match/ecma/char/53622.cc execution test
FAIL: 28_regex/algorithms/regex_match/ecma/char/57173.cc execution test
FAIL: 28_regex/algorithms/regex_match/ecma/char/58576.cc execution test
FAIL: 28_regex/algorithms/regex_match/ecma/char/backref.cc execution test
FAIL: 28_regex/algorithms/regex_match/ecma/char/emptygroup.cc execution test
FAIL: 28_regex/algorithms/regex_match/ecma/char/hex.cc execution test
FAIL: 28_regex/algorithms/regex_match/ecma/wchar_t/hex.cc execution test
FAIL: 28_regex/algorithms/regex_match/extended/cstring_range.cc execution test
FAIL: 28_regex/algorithms/regex_match/extended/string_range_00_03.cc execution test
FAIL: 28_regex/algorithms/regex_match/extended/string_range_01_03.cc execution test
FAIL: 28_regex/algorithms/regex_match/extended/string_range_02_03.cc execution test
FAIL: 28_regex/algorithms/regex_replace/char/basic_replace.cc execution test
FAIL: 28_regex/basic_regex/ctors/basic/string_range_01_02_03.cc execution test
FAIL: 28_regex/basic_regex/ctors/extended/string_range_01_02_03.cc execution test
FAIL: 28_regex/basic_regex/multiple_quantifiers.cc execution test
FAIL: 28_regex/match_results/format.cc execution test
FAIL: 28_regex/traits/char/value.cc execution test
FAIL: 28_regex/traits/wchar_t/value.cc execution test
FAIL: experimental/string_view/inserters/char/1.cc execution test
FAIL: experimental/string_view/inserters/char/2.cc execution test
FAIL: experimental/string_view/inserters/char/3.cc execution test
FAIL: experimental/string_view/inserters/wchar_t/1.cc execution test
FAIL: experimental/string_view/inserters/wchar_t/2.cc execution test
FAIL: experimental/string_view/inserters/wchar_t/3.cc execution test
FAIL: ext/mt_allocator/check_new.cc execution test
FAIL: ext/pool_allocator/check_new.cc execution test
FAIL: ext/random/arcsine_distribution/operators/serialize.cc execution test
FAIL: ext/random/beta_distribution/operators/serialize.cc execution test
FAIL: ext/random/hoyt_distribution/operators/serialize.cc execution test
FAIL: ext/random/hypergeometric_distribution/operators/serialize.cc execution test
FAIL: ext/random/k_distribution/operators/serialize.cc execution test
FAIL: ext/random/nakagami_distribution/operators/serialize.cc execution test
FAIL: ext/random/normal_mv_distribution/operators/serialize.cc execution test
FAIL: ext/random/pareto_distribution/operators/serialize.cc execution test
FAIL: ext/random/rice_distribution/operators/serialize.cc execution test
FAIL: ext/random/triangular_distribution/operators/serialize.cc execution test
FAIL: ext/random/von_mises_distribution/operators/serialize.cc execution test
FAIL: ext/vstring/inserters_extractors/char/28277.cc execution test
FAIL: ext/vstring/inserters_extractors/wchar_t/28277.cc execution test
WARNING: program timed out.
FAIL: tr1/2_general_utilities/shared_ptr/misc/io.cc execution test
FAIL: tr1/5_numerical_facilities/random/discard_block/operators/serialize.cc execution test
FAIL: tr1/5_numerical_facilities/random/linear_congruential/operators/serialize.cc execution test
FAIL: tr1/5_numerical_facilities/random/mersenne_twister/operators/serialize.cc execution test
FAIL: tr1/5_numerical_facilities/random/subtract_with_carry/operators/serialize.cc execution test
FAIL: tr1/5_numerical_facilities/random/subtract_with_carry_01/operators/serialize.cc execution test
FAIL: tr1/5_numerical_facilities/random/xor_combine/operators/serialize.cc execution test
FAIL: tr1/7_regular_expressions/regex_traits/char/value.cc execution test
FAIL: tr1/7_regular_expressions/regex_traits/wchar_t/value.cc execution test

		=== libstdc++ Summary ===

# of expected passes		7988
# of unexpected failures	477
# of expected failures		68
# of unsupported tests		625

Compiler version: 4.10.0 20140601 (experimental) [trunk revision 211112] (GCC) 
Platform: powerpc-ibm-aix7.1.0.0
configure flags: --prefix=/gsa/yktgsa/home/e/d/edelsohn/install/powerpc-ibm-aix7.1.0.0-20140601 --disable-werror --enable-languages=c,c++,fortran,objc --with-gmp=/gsa/yktgsa/home/e/d/edelsohn/install --with-mpfr=/gsa/yktgsa/home/e/d/edelsohn/install --with-cloog=no --with-ppl=no --with-libiconv-prefix=/gsa/yktgsa/home/e/d/edelsohn/install --disable-libstdcxx-pch --enable-__cxa_atexit


Index Nav: [Date Index] [Subject Index] [Author Index] [Thread Index]
Message Nav: [Date Prev] [Date Next] [Thread Prev] [Thread Next]