This is the mail archive of the gcc-testresults@gcc.gnu.org mailing list for the GCC project.


Index Nav: [Date Index] [Subject Index] [Author Index] [Thread Index]
Message Nav: [Date Prev] [Date Next] [Thread Prev] [Thread Next]
Other format: [Raw text]

Results for 4.9.1 20140531 (prerelease) (GCC) testsuite on armv7l-unknown-linux-gnueabihf


Native configuration is armv7l-unknown-linux-gnueabihf

		=== libatomic tests ===


Running target unix

		=== libatomic Summary ===

# of expected passes		44
# of unsupported tests		5
		=== libgomp tests ===


Running target unix
WARNING: program timed out.
FAIL: libgomp.c/depend-3.c execution test
WARNING: program timed out.
FAIL: libgomp.graphite/force-parallel-7.c execution test

		=== libgomp Summary ===

# of expected passes		704
# of unexpected failures	2
# of unsupported tests		1
		=== libitm tests ===


Running target unix

		=== libitm Summary ===

# of expected passes		26
# of expected failures		3
# of unsupported tests		1
		=== libstdc++ tests ===


Running target unix

		=== libstdc++ Summary ===

# of expected passes		9047
# of expected failures		41
# of unsupported tests		556
		=== gcc tests ===


Running target unix
WARNING: program timed out.
FAIL: gcc.c-torture/compile/limits-structnest.c  -O2 -flto -fno-use-linker-plugin -flto-partition=none  (test for excess errors)
FAIL: gcc.dg/atomic/c11-atomic-exec-5.c  -O3 -fomit-frame-pointer  execution test
FAIL: gcc.dg/atomic/c11-atomic-exec-5.c  -O2 -flto -fno-use-linker-plugin -flto-partition=none  execution test
FAIL: gcc.dg/atomic/c11-atomic-exec-5.c  -O2 -flto -fuse-linker-plugin -fno-fat-lto-objects  execution test
FAIL: gcc.dg/tree-ssa/sra-12.c scan-tree-dump-times release_ssa "l;" 0
WARNING: program timed out.
FAIL: gcc.target/arm/pr58784.c (test for excess errors)

		=== gcc Summary ===

# of expected passes		97457
# of unexpected failures	6
# of expected failures		251
# of unsupported tests		1507
/opt/gcc-build/gcc/xgcc  version 4.9.1 20140531 (prerelease) (GCC) 

		=== g++ tests ===


Running target unix

		=== g++ Summary ===

# of expected passes		81654
# of expected failures		447
# of unsupported tests		3188
/opt/gcc-build/gcc/testsuite/g++/../../xg++  version 4.9.1 20140531 (prerelease) (GCC) 


Compiler version: 4.9.1 20140531 (prerelease) (GCC) 
Platform: armv7l-unknown-linux-gnueabihf
configure flags: --enable-languages=c,c++ --with-cpu=cortex-a8 --with-fpu=vfpv3 --with-float=hard
Build Logs: http://rcn-ee.homeip.net:81/dl/gcc/archive/20140531-23:20-gitf1d2ae0-gcc-4_9-branch-am335x-boneblack-512mb-1/


Index Nav: [Date Index] [Subject Index] [Author Index] [Thread Index]
Message Nav: [Date Prev] [Date Next] [Thread Prev] [Thread Next]