This is the mail archive of the
gcc-testresults@gcc.gnu.org
mailing list for the GCC project.
Results for 4.10.0 20140528 (experimental) (GCC) (build config: ubsan; languages: all; trunk revision 211035) testsuite on x86_64-unknown-linux-gnu
- From: Toon Moene <toon at moene dot org>
- To: gcc-testresults at gcc dot gnu dot org
- Date: Thu, 29 May 2014 02:20:58 +0200
- Subject: Results for 4.10.0 20140528 (experimental) (GCC) (build config: ubsan; languages: all; trunk revision 211035) testsuite on x86_64-unknown-linux-gnu
- Authentication-results: sourceware.org; auth=none
LAST_UPDATED: Wed May 28 22:45:22 UTC 2014 (revision 211035)
Native configuration is x86_64-unknown-linux-gnu
=== gcc tests ===
Running target unix
FAIL: gcc.c-torture/compile/pr42025-2.c -O0 (test for excess errors)
FAIL: gcc.c-torture/compile/pr42025-2.c -O1 (test for excess errors)
FAIL: gcc.c-torture/compile/pr42025-2.c -O2 (test for excess errors)
FAIL: gcc.c-torture/compile/pr42025-2.c -O3 -fomit-frame-pointer (test for excess errors)
FAIL: gcc.c-torture/compile/pr42025-2.c -O3 -g (test for excess errors)
FAIL: gcc.c-torture/compile/pr42025-2.c -Os (test for excess errors)
FAIL: gcc.c-torture/compile/pr42025-2.c -O2 -flto -fno-use-linker-plugin -flto-partition=none (test for excess errors)
FAIL: gcc.c-torture/compile/pr42025-2.c -O2 -flto -fuse-linker-plugin -fno-fat-lto-objects (test for excess errors)
FAIL: gcc.c-torture/compile/pr42049.c -O3 -fomit-frame-pointer -funroll-loops (test for excess errors)
FAIL: gcc.c-torture/compile/pr42049.c -O3 -fomit-frame-pointer -funroll-all-loops -finline-functions (test for excess errors)
FAIL: gcc.c-torture/compile/pr55569.c -O1 (test for excess errors)
FAIL: gcc.c-torture/compile/pr55569.c -Os (test for excess errors)
FAIL: gcc.c-torture/execute/20010129-1.c compilation, -O3 -fomit-frame-pointer -funroll-loops
UNRESOLVED: gcc.c-torture/execute/20010129-1.c execution, -O3 -fomit-frame-pointer -funroll-loops
FAIL: gcc.c-torture/execute/20010129-1.c compilation, -O3 -fomit-frame-pointer -funroll-all-loops -finline-functions
UNRESOLVED: gcc.c-torture/execute/20010129-1.c execution, -O3 -fomit-frame-pointer -funroll-all-loops -finline-functions
FAIL: gcc.c-torture/execute/20020508-1.c compilation, -O2 -flto -fno-use-linker-plugin -flto-partition=none
UNRESOLVED: gcc.c-torture/execute/20020508-1.c execution, -O2 -flto -fno-use-linker-plugin -flto-partition=none
FAIL: gcc.c-torture/execute/20020508-1.c compilation, -O2 -flto -fuse-linker-plugin -fno-fat-lto-objects
UNRESOLVED: gcc.c-torture/execute/20020508-1.c execution, -O2 -flto -fuse-linker-plugin -fno-fat-lto-objects
FAIL: gcc.c-torture/execute/20020508-3.c compilation, -O2 -flto -fno-use-linker-plugin -flto-partition=none
UNRESOLVED: gcc.c-torture/execute/20020508-3.c execution, -O2 -flto -fno-use-linker-plugin -flto-partition=none
FAIL: gcc.c-torture/execute/20020508-3.c compilation, -O2 -flto -fuse-linker-plugin -fno-fat-lto-objects
UNRESOLVED: gcc.c-torture/execute/20020508-3.c execution, -O2 -flto -fuse-linker-plugin -fno-fat-lto-objects
FAIL: gcc.c-torture/execute/20100416-1.c compilation, -O2 -flto -fno-use-linker-plugin -flto-partition=none
UNRESOLVED: gcc.c-torture/execute/20100416-1.c execution, -O2 -flto -fno-use-linker-plugin -flto-partition=none
FAIL: gcc.c-torture/execute/20100416-1.c compilation, -O2 -flto -fuse-linker-plugin -fno-fat-lto-objects
UNRESOLVED: gcc.c-torture/execute/20100416-1.c execution, -O2 -flto -fuse-linker-plugin -fno-fat-lto-objects
FAIL: gcc.c-torture/execute/941015-1.c compilation, -O2 -flto -fno-use-linker-plugin -flto-partition=none
UNRESOLVED: gcc.c-torture/execute/941015-1.c execution, -O2 -flto -fno-use-linker-plugin -flto-partition=none
FAIL: gcc.c-torture/execute/941015-1.c compilation, -O2 -flto -fuse-linker-plugin -fno-fat-lto-objects
UNRESOLVED: gcc.c-torture/execute/941015-1.c execution, -O2 -flto -fuse-linker-plugin -fno-fat-lto-objects
FAIL: gcc.c-torture/execute/991118-1.c compilation, -O2 -flto -fno-use-linker-plugin -flto-partition=none
UNRESOLVED: gcc.c-torture/execute/991118-1.c execution, -O2 -flto -fno-use-linker-plugin -flto-partition=none
FAIL: gcc.c-torture/execute/991118-1.c compilation, -O2 -flto -fuse-linker-plugin -fno-fat-lto-objects
UNRESOLVED: gcc.c-torture/execute/991118-1.c execution, -O2 -flto -fuse-linker-plugin -fno-fat-lto-objects
FAIL: gcc.c-torture/execute/ashldi-1.c compilation, -O2 -flto -fno-use-linker-plugin -flto-partition=none
UNRESOLVED: gcc.c-torture/execute/ashldi-1.c execution, -O2 -flto -fno-use-linker-plugin -flto-partition=none
FAIL: gcc.c-torture/execute/ashldi-1.c compilation, -O2 -flto -fuse-linker-plugin -fno-fat-lto-objects
UNRESOLVED: gcc.c-torture/execute/ashldi-1.c execution, -O2 -flto -fuse-linker-plugin -fno-fat-lto-objects
FAIL: gcc.c-torture/execute/ashrdi-1.c compilation, -O2 -flto -fno-use-linker-plugin -flto-partition=none
UNRESOLVED: gcc.c-torture/execute/ashrdi-1.c execution, -O2 -flto -fno-use-linker-plugin -flto-partition=none
FAIL: gcc.c-torture/execute/ashrdi-1.c compilation, -O2 -flto -fuse-linker-plugin -fno-fat-lto-objects
UNRESOLVED: gcc.c-torture/execute/ashrdi-1.c execution, -O2 -flto -fuse-linker-plugin -fno-fat-lto-objects
FAIL: gcc.c-torture/execute/builtin-bitops-1.c compilation, -O2 -flto -fno-use-linker-plugin -flto-partition=none
UNRESOLVED: gcc.c-torture/execute/builtin-bitops-1.c execution, -O2 -flto -fno-use-linker-plugin -flto-partition=none
FAIL: gcc.c-torture/execute/builtin-bitops-1.c compilation, -O2 -flto -fuse-linker-plugin -fno-fat-lto-objects
UNRESOLVED: gcc.c-torture/execute/builtin-bitops-1.c execution, -O2 -flto -fuse-linker-plugin -fno-fat-lto-objects
FAIL: gcc.c-torture/execute/loop-2e.c compilation, -O2
UNRESOLVED: gcc.c-torture/execute/loop-2e.c execution, -O2
FAIL: gcc.c-torture/execute/loop-2e.c compilation, -O2 -flto -fno-use-linker-plugin -flto-partition=none
UNRESOLVED: gcc.c-torture/execute/loop-2e.c execution, -O2 -flto -fno-use-linker-plugin -flto-partition=none
FAIL: gcc.c-torture/execute/loop-2e.c compilation, -O2 -flto -fuse-linker-plugin -fno-fat-lto-objects
UNRESOLVED: gcc.c-torture/execute/loop-2e.c execution, -O2 -flto -fuse-linker-plugin -fno-fat-lto-objects
FAIL: gcc.c-torture/execute/pr40386.c compilation, -O2 -flto -fno-use-linker-plugin -flto-partition=none
UNRESOLVED: gcc.c-torture/execute/pr40386.c execution, -O2 -flto -fno-use-linker-plugin -flto-partition=none
FAIL: gcc.c-torture/execute/pr40386.c compilation, -O2 -flto -fuse-linker-plugin -fno-fat-lto-objects
UNRESOLVED: gcc.c-torture/execute/pr40386.c execution, -O2 -flto -fuse-linker-plugin -fno-fat-lto-objects
FAIL: gcc.c-torture/execute/pr56866.c compilation, -O2 -flto -fno-use-linker-plugin -flto-partition=none
UNRESOLVED: gcc.c-torture/execute/pr56866.c execution, -O2 -flto -fno-use-linker-plugin -flto-partition=none
FAIL: gcc.c-torture/execute/pr56866.c compilation, -O2 -flto -fuse-linker-plugin -fno-fat-lto-objects
UNRESOLVED: gcc.c-torture/execute/pr56866.c execution, -O2 -flto -fuse-linker-plugin -fno-fat-lto-objects
FAIL: gcc.c-torture/unsorted/dump-noaddr.c, -O0 -dumpbase dump1/dump-noaddr.c -DMASK=1 -x c --param ggc-min-heapsize=1 -fdump-ipa-all -fdump-rtl-all -fdump-tree-all -fdump-noaddr
FAIL: gcc.c-torture/unsorted/dump-noaddr.c, -O0 -dumpbase dump2/dump-noaddr.c -DMASK=2 -x c -fdump-ipa-all -fdump-rtl-all -fdump-tree-all -fdump-noaddr
FAIL: gcc.c-torture/unsorted/dump-noaddr.c, -O1 -dumpbase dump1/dump-noaddr.c -DMASK=1 -x c --param ggc-min-heapsize=1 -fdump-ipa-all -fdump-rtl-all -fdump-tree-all -fdump-noaddr
FAIL: gcc.c-torture/unsorted/dump-noaddr.c, -O1 -dumpbase dump2/dump-noaddr.c -DMASK=2 -x c -fdump-ipa-all -fdump-rtl-all -fdump-tree-all -fdump-noaddr
FAIL: gcc.c-torture/unsorted/dump-noaddr.c, -O2 -dumpbase dump1/dump-noaddr.c -DMASK=1 -x c --param ggc-min-heapsize=1 -fdump-ipa-all -fdump-rtl-all -fdump-tree-all -fdump-noaddr
FAIL: gcc.c-torture/unsorted/dump-noaddr.c, -O2 -dumpbase dump2/dump-noaddr.c -DMASK=2 -x c -fdump-ipa-all -fdump-rtl-all -fdump-tree-all -fdump-noaddr
FAIL: gcc.c-torture/unsorted/dump-noaddr.c, -O3 -fomit-frame-pointer -dumpbase dump1/dump-noaddr.c -DMASK=1 -x c --param ggc-min-heapsize=1 -fdump-ipa-all -fdump-rtl-all -fdump-tree-all -fdump-noaddr
FAIL: gcc.c-torture/unsorted/dump-noaddr.c, -O3 -fomit-frame-pointer -dumpbase dump2/dump-noaddr.c -DMASK=2 -x c -fdump-ipa-all -fdump-rtl-all -fdump-tree-all -fdump-noaddr
FAIL: gcc.c-torture/unsorted/dump-noaddr.c, -O3 -fomit-frame-pointer -funroll-loops -dumpbase dump1/dump-noaddr.c -DMASK=1 -x c --param ggc-min-heapsize=1 -fdump-ipa-all -fdump-rtl-all -fdump-tree-all -fdump-noaddr
FAIL: gcc.c-torture/unsorted/dump-noaddr.c, -O3 -fomit-frame-pointer -funroll-loops -dumpbase dump2/dump-noaddr.c -DMASK=2 -x c -fdump-ipa-all -fdump-rtl-all -fdump-tree-all -fdump-noaddr
FAIL: gcc.c-torture/unsorted/dump-noaddr.c, -O3 -fomit-frame-pointer -funroll-all-loops -finline-functions -dumpbase dump1/dump-noaddr.c -DMASK=1 -x c --param ggc-min-heapsize=1 -fdump-ipa-all -fdump-rtl-all -fdump-tree-all -fdump-noaddr
FAIL: gcc.c-torture/unsorted/dump-noaddr.c, -O3 -fomit-frame-pointer -funroll-all-loops -finline-functions -dumpbase dump2/dump-noaddr.c -DMASK=2 -x c -fdump-ipa-all -fdump-rtl-all -fdump-tree-all -fdump-noaddr
FAIL: gcc.c-torture/unsorted/dump-noaddr.c, -O3 -g -dumpbase dump1/dump-noaddr.c -DMASK=1 -x c --param ggc-min-heapsize=1 -fdump-ipa-all -fdump-rtl-all -fdump-tree-all -fdump-noaddr
FAIL: gcc.c-torture/unsorted/dump-noaddr.c, -O3 -g -dumpbase dump2/dump-noaddr.c -DMASK=2 -x c -fdump-ipa-all -fdump-rtl-all -fdump-tree-all -fdump-noaddr
FAIL: gcc.c-torture/unsorted/dump-noaddr.c, -Os -dumpbase dump1/dump-noaddr.c -DMASK=1 -x c --param ggc-min-heapsize=1 -fdump-ipa-all -fdump-rtl-all -fdump-tree-all -fdump-noaddr
FAIL: gcc.c-torture/unsorted/dump-noaddr.c, -Os -dumpbase dump2/dump-noaddr.c -DMASK=2 -x c -fdump-ipa-all -fdump-rtl-all -fdump-tree-all -fdump-noaddr
FAIL: gcc.c-torture/unsorted/dump-noaddr.c, -Og -g -dumpbase dump1/dump-noaddr.c -DMASK=1 -x c --param ggc-min-heapsize=1 -fdump-ipa-all -fdump-rtl-all -fdump-tree-all -fdump-noaddr
FAIL: gcc.c-torture/unsorted/dump-noaddr.c, -Og -g -dumpbase dump2/dump-noaddr.c -DMASK=2 -x c -fdump-ipa-all -fdump-rtl-all -fdump-tree-all -fdump-noaddr
FAIL: gcc.c-torture/unsorted/dump-noaddr.c, -O2 -flto -fno-use-linker-plugin -flto-partition=none -dumpbase dump1/dump-noaddr.c -DMASK=1 -x c --param ggc-min-heapsize=1 -fdump-ipa-all -fdump-rtl-all -fdump-tree-all -fdump-noaddr
FAIL: gcc.c-torture/unsorted/dump-noaddr.c, -O2 -flto -fno-use-linker-plugin -flto-partition=none -dumpbase dump2/dump-noaddr.c -DMASK=2 -x c -fdump-ipa-all -fdump-rtl-all -fdump-tree-all -fdump-noaddr
FAIL: gcc.c-torture/unsorted/dump-noaddr.c, -O2 -flto -fuse-linker-plugin -fno-fat-lto-objects -dumpbase dump1/dump-noaddr.c -DMASK=1 -x c --param ggc-min-heapsize=1 -fdump-ipa-all -fdump-rtl-all -fdump-tree-all -fdump-noaddr
FAIL: gcc.c-torture/unsorted/dump-noaddr.c, -O2 -flto -fuse-linker-plugin -fno-fat-lto-objects -dumpbase dump2/dump-noaddr.c -DMASK=2 -x c -fdump-ipa-all -fdump-rtl-all -fdump-tree-all -fdump-noaddr
FAIL: c-c++-common/asan/asan-interface-1.c -O0 execution test
FAIL: c-c++-common/asan/asan-interface-1.c -O1 execution test
FAIL: c-c++-common/asan/asan-interface-1.c -O2 execution test
FAIL: c-c++-common/asan/asan-interface-1.c -O3 -fomit-frame-pointer execution test
FAIL: c-c++-common/asan/asan-interface-1.c -O3 -g execution test
FAIL: c-c++-common/asan/asan-interface-1.c -Os execution test
FAIL: c-c++-common/asan/asan-interface-1.c -O2 -flto -fno-use-linker-plugin -flto-partition=none execution test
FAIL: c-c++-common/asan/asan-interface-1.c -O2 -flto -fuse-linker-plugin -fno-fat-lto-objects execution test
FAIL: c-c++-common/asan/clone-test-1.c -O0 execution test
FAIL: c-c++-common/asan/clone-test-1.c -O1 execution test
FAIL: c-c++-common/asan/clone-test-1.c -O2 execution test
FAIL: c-c++-common/asan/clone-test-1.c -O3 -fomit-frame-pointer execution test
FAIL: c-c++-common/asan/clone-test-1.c -O3 -fomit-frame-pointer -funroll-loops execution test
FAIL: c-c++-common/asan/clone-test-1.c -O3 -fomit-frame-pointer -funroll-all-loops -finline-functions execution test
FAIL: c-c++-common/asan/clone-test-1.c -O3 -g execution test
FAIL: c-c++-common/asan/clone-test-1.c -Os execution test
FAIL: c-c++-common/asan/clone-test-1.c -O2 -flto -fno-use-linker-plugin -flto-partition=none execution test
FAIL: c-c++-common/asan/clone-test-1.c -O2 -flto -fuse-linker-plugin -fno-fat-lto-objects execution test
FAIL: c-c++-common/asan/global-overflow-1.c -O0 output pattern test, is ==6279==ASan runtime does not come first in initial library list; you should either link runtime to your application or manually preload it with LD_PRELOAD.
FAIL: c-c++-common/asan/global-overflow-1.c -O1 output pattern test, is ==6460==ASan runtime does not come first in initial library list; you should either link runtime to your application or manually preload it with LD_PRELOAD.
FAIL: c-c++-common/asan/global-overflow-1.c -O2 output pattern test, is ==6634==ASan runtime does not come first in initial library list; you should either link runtime to your application or manually preload it with LD_PRELOAD.
FAIL: c-c++-common/asan/global-overflow-1.c -O3 -fomit-frame-pointer output pattern test, is ==6764==ASan runtime does not come first in initial library list; you should either link runtime to your application or manually preload it with LD_PRELOAD.
FAIL: c-c++-common/asan/global-overflow-1.c -O3 -g output pattern test, is ==6881==ASan runtime does not come first in initial library list; you should either link runtime to your application or manually preload it with LD_PRELOAD.
FAIL: c-c++-common/asan/global-overflow-1.c -Os output pattern test, is ==7018==ASan runtime does not come first in initial library list; you should either link runtime to your application or manually preload it with LD_PRELOAD.
FAIL: c-c++-common/asan/global-overflow-1.c -O2 -flto -fno-use-linker-plugin -flto-partition=none output pattern test, is ==7366==ASan runtime does not come first in initial library list; you should either link runtime to your application or manually preload it with LD_PRELOAD.
FAIL: c-c++-common/asan/global-overflow-1.c -O2 -flto -fuse-linker-plugin -fno-fat-lto-objects output pattern test, is ==7586==ASan runtime does not come first in initial library list; you should either link runtime to your application or manually preload it with LD_PRELOAD.
FAIL: c-c++-common/asan/heap-overflow-1.c -O0 output pattern test, is ==7700==ASan runtime does not come first in initial library list; you should either link runtime to your application or manually preload it with LD_PRELOAD.
FAIL: c-c++-common/asan/heap-overflow-1.c -O1 output pattern test, is ==7812==ASan runtime does not come first in initial library list; you should either link runtime to your application or manually preload it with LD_PRELOAD.
FAIL: c-c++-common/asan/heap-overflow-1.c -O2 output pattern test, is ==7943==ASan runtime does not come first in initial library list; you should either link runtime to your application or manually preload it with LD_PRELOAD.
FAIL: c-c++-common/asan/heap-overflow-1.c -O3 -fomit-frame-pointer output pattern test, is ==8105==ASan runtime does not come first in initial library list; you should either link runtime to your application or manually preload it with LD_PRELOAD.
FAIL: c-c++-common/asan/heap-overflow-1.c -O3 -g output pattern test, is ==8226==ASan runtime does not come first in initial library list; you should either link runtime to your application or manually preload it with LD_PRELOAD.
FAIL: c-c++-common/asan/heap-overflow-1.c -Os output pattern test, is ==8354==ASan runtime does not come first in initial library list; you should either link runtime to your application or manually preload it with LD_PRELOAD.
FAIL: c-c++-common/asan/heap-overflow-1.c -O2 -flto -fno-use-linker-plugin -flto-partition=none output pattern test, is ==8696==ASan runtime does not come first in initial library list; you should either link runtime to your application or manually preload it with LD_PRELOAD.
FAIL: c-c++-common/asan/heap-overflow-1.c -O2 -flto -fuse-linker-plugin -fno-fat-lto-objects output pattern test, is ==8858==ASan runtime does not come first in initial library list; you should either link runtime to your application or manually preload it with LD_PRELOAD.
FAIL: c-c++-common/asan/memcmp-1.c -O0 output pattern test, is ==9128==ASan runtime does not come first in initial library list; you should either link runtime to your application or manually preload it with LD_PRELOAD.
FAIL: c-c++-common/asan/memcmp-1.c -O1 output pattern test, is ==9222==ASan runtime does not come first in initial library list; you should either link runtime to your application or manually preload it with LD_PRELOAD.
FAIL: c-c++-common/asan/memcmp-1.c -O2 output pattern test, is ==9428==ASan runtime does not come first in initial library list; you should either link runtime to your application or manually preload it with LD_PRELOAD.
FAIL: c-c++-common/asan/memcmp-1.c -O3 -fomit-frame-pointer output pattern test, is ==9577==ASan runtime does not come first in initial library list; you should either link runtime to your application or manually preload it with LD_PRELOAD.
FAIL: c-c++-common/asan/memcmp-1.c -O3 -g output pattern test, is ==9797==ASan runtime does not come first in initial library list; you should either link runtime to your application or manually preload it with LD_PRELOAD.
FAIL: c-c++-common/asan/memcmp-1.c -Os output pattern test, is ==10011==ASan runtime does not come first in initial library list; you should either link runtime to your application or manually preload it with LD_PRELOAD.
FAIL: c-c++-common/asan/memcmp-1.c -O2 -flto -fno-use-linker-plugin -flto-partition=none output pattern test, is ==10352==ASan runtime does not come first in initial library list; you should either link runtime to your application or manually preload it with LD_PRELOAD.
FAIL: c-c++-common/asan/memcmp-1.c -O2 -flto -fuse-linker-plugin -fno-fat-lto-objects output pattern test, is ==10526==ASan runtime does not come first in initial library list; you should either link runtime to your application or manually preload it with LD_PRELOAD.
FAIL: c-c++-common/asan/null-deref-1.c -O0 output pattern test, is ==17338==ASan runtime does not come first in initial library list; you should either link runtime to your application or manually preload it with LD_PRELOAD.
FAIL: c-c++-common/asan/null-deref-1.c -O1 output pattern test, is ==17514==ASan runtime does not come first in initial library list; you should either link runtime to your application or manually preload it with LD_PRELOAD.
FAIL: c-c++-common/asan/null-deref-1.c -O2 output pattern test, is ==17639==ASan runtime does not come first in initial library list; you should either link runtime to your application or manually preload it with LD_PRELOAD.
FAIL: c-c++-common/asan/null-deref-1.c -O3 -fomit-frame-pointer output pattern test, is ==17838==ASan runtime does not come first in initial library list; you should either link runtime to your application or manually preload it with LD_PRELOAD.
FAIL: c-c++-common/asan/null-deref-1.c -O3 -g output pattern test, is ==18009==ASan runtime does not come first in initial library list; you should either link runtime to your application or manually preload it with LD_PRELOAD.
FAIL: c-c++-common/asan/null-deref-1.c -Os output pattern test, is ==18144==ASan runtime does not come first in initial library list; you should either link runtime to your application or manually preload it with LD_PRELOAD.
FAIL: c-c++-common/asan/null-deref-1.c -O2 -flto -fno-use-linker-plugin -flto-partition=none output pattern test, is ==18424==ASan runtime does not come first in initial library list; you should either link runtime to your application or manually preload it with LD_PRELOAD.
FAIL: c-c++-common/asan/null-deref-1.c -O2 -flto -fuse-linker-plugin -fno-fat-lto-objects output pattern test, is ==18664==ASan runtime does not come first in initial library list; you should either link runtime to your application or manually preload it with LD_PRELOAD.
FAIL: c-c++-common/asan/pr59063-1.c -O0 execution test
FAIL: c-c++-common/asan/pr59063-1.c -O1 execution test
FAIL: c-c++-common/asan/pr59063-1.c -O2 execution test
FAIL: c-c++-common/asan/pr59063-1.c -O3 -fomit-frame-pointer execution test
FAIL: c-c++-common/asan/pr59063-1.c -O3 -g execution test
FAIL: c-c++-common/asan/pr59063-1.c -Os execution test
FAIL: c-c++-common/asan/pr59063-1.c -O2 -flto -fno-use-linker-plugin -flto-partition=none execution test
FAIL: c-c++-common/asan/pr59063-1.c -O2 -flto -fuse-linker-plugin -fno-fat-lto-objects execution test
FAIL: c-c++-common/asan/rlimit-mmap-test-1.c -O0 output pattern test, is ==23716==ASan runtime does not come first in initial library list; you should either link runtime to your application or manually preload it with LD_PRELOAD.
FAIL: c-c++-common/asan/sanity-check-pure-c-1.c -O0 output pattern test, is ==23875==ASan runtime does not come first in initial library list; you should either link runtime to your application or manually preload it with LD_PRELOAD.
FAIL: c-c++-common/asan/sanity-check-pure-c-1.c -O1 output pattern test, is ==24051==ASan runtime does not come first in initial library list; you should either link runtime to your application or manually preload it with LD_PRELOAD.
FAIL: c-c++-common/asan/sanity-check-pure-c-1.c -O2 output pattern test, is ==24239==ASan runtime does not come first in initial library list; you should either link runtime to your application or manually preload it with LD_PRELOAD.
FAIL: c-c++-common/asan/sanity-check-pure-c-1.c -O3 -fomit-frame-pointer output pattern test, is ==24388==ASan runtime does not come first in initial library list; you should either link runtime to your application or manually preload it with LD_PRELOAD.
FAIL: c-c++-common/asan/sanity-check-pure-c-1.c -O3 -g output pattern test, is ==24522==ASan runtime does not come first in initial library list; you should either link runtime to your application or manually preload it with LD_PRELOAD.
FAIL: c-c++-common/asan/sanity-check-pure-c-1.c -Os output pattern test, is ==24662==ASan runtime does not come first in initial library list; you should either link runtime to your application or manually preload it with LD_PRELOAD.
FAIL: c-c++-common/asan/sanity-check-pure-c-1.c -O2 -flto -fno-use-linker-plugin -flto-partition=none output pattern test, is ==24894==ASan runtime does not come first in initial library list; you should either link runtime to your application or manually preload it with LD_PRELOAD.
FAIL: c-c++-common/asan/sanity-check-pure-c-1.c -O2 -flto -fuse-linker-plugin -fno-fat-lto-objects output pattern test, is ==25125==ASan runtime does not come first in initial library list; you should either link runtime to your application or manually preload it with LD_PRELOAD.
FAIL: c-c++-common/asan/stack-overflow-1.c -O0 output pattern test, is ==27545==ASan runtime does not come first in initial library list; you should either link runtime to your application or manually preload it with LD_PRELOAD.
FAIL: c-c++-common/asan/stack-overflow-1.c -O1 output pattern test, is ==27697==ASan runtime does not come first in initial library list; you should either link runtime to your application or manually preload it with LD_PRELOAD.
FAIL: c-c++-common/asan/stack-overflow-1.c -O2 output pattern test, is ==27829==ASan runtime does not come first in initial library list; you should either link runtime to your application or manually preload it with LD_PRELOAD.
FAIL: c-c++-common/asan/stack-overflow-1.c -O3 -fomit-frame-pointer output pattern test, is ==27932==ASan runtime does not come first in initial library list; you should either link runtime to your application or manually preload it with LD_PRELOAD.
FAIL: c-c++-common/asan/stack-overflow-1.c -O3 -g output pattern test, is ==28187==ASan runtime does not come first in initial library list; you should either link runtime to your application or manually preload it with LD_PRELOAD.
FAIL: c-c++-common/asan/stack-overflow-1.c -Os output pattern test, is ==28320==ASan runtime does not come first in initial library list; you should either link runtime to your application or manually preload it with LD_PRELOAD.
FAIL: c-c++-common/asan/stack-overflow-1.c -O2 -flto -fno-use-linker-plugin -flto-partition=none output pattern test, is ==28645==ASan runtime does not come first in initial library list; you should either link runtime to your application or manually preload it with LD_PRELOAD.
FAIL: c-c++-common/asan/stack-overflow-1.c -O2 -flto -fuse-linker-plugin -fno-fat-lto-objects output pattern test, is ==28836==ASan runtime does not come first in initial library list; you should either link runtime to your application or manually preload it with LD_PRELOAD.
FAIL: c-c++-common/asan/strip-path-prefix-1.c -O2 output pattern test, is ==28936==ASan runtime does not come first in initial library list; you should either link runtime to your application or manually preload it with LD_PRELOAD.
FAIL: c-c++-common/asan/strip-path-prefix-1.c -O2 -flto -fno-use-linker-plugin -flto-partition=none output pattern test, is ==29256==ASan runtime does not come first in initial library list; you should either link runtime to your application or manually preload it with LD_PRELOAD.
FAIL: c-c++-common/asan/strip-path-prefix-1.c -O2 -flto -fuse-linker-plugin -fno-fat-lto-objects output pattern test, is ==29491==ASan runtime does not come first in initial library list; you should either link runtime to your application or manually preload it with LD_PRELOAD.
FAIL: c-c++-common/asan/strncpy-overflow-1.c -O0 output pattern test, is ==29624==ASan runtime does not come first in initial library list; you should either link runtime to your application or manually preload it with LD_PRELOAD.
FAIL: c-c++-common/asan/strncpy-overflow-1.c -O1 output pattern test, is ==29800==ASan runtime does not come first in initial library list; you should either link runtime to your application or manually preload it with LD_PRELOAD.
FAIL: c-c++-common/asan/strncpy-overflow-1.c -O2 output pattern test, is ==30001==ASan runtime does not come first in initial library list; you should either link runtime to your application or manually preload it with LD_PRELOAD.
FAIL: c-c++-common/asan/strncpy-overflow-1.c -O3 -fomit-frame-pointer output pattern test, is ==30185==ASan runtime does not come first in initial library list; you should either link runtime to your application or manually preload it with LD_PRELOAD.
FAIL: c-c++-common/asan/strncpy-overflow-1.c -O3 -g output pattern test, is ==30389==ASan runtime does not come first in initial library list; you should either link runtime to your application or manually preload it with LD_PRELOAD.
FAIL: c-c++-common/asan/strncpy-overflow-1.c -Os output pattern test, is ==30569==ASan runtime does not come first in initial library list; you should either link runtime to your application or manually preload it with LD_PRELOAD.
FAIL: c-c++-common/asan/strncpy-overflow-1.c -O2 -flto -fno-use-linker-plugin -flto-partition=none output pattern test, is ==31063==ASan runtime does not come first in initial library list; you should either link runtime to your application or manually preload it with LD_PRELOAD.
FAIL: c-c++-common/asan/strncpy-overflow-1.c -O2 -flto -fuse-linker-plugin -fno-fat-lto-objects output pattern test, is ==31308==ASan runtime does not come first in initial library list; you should either link runtime to your application or manually preload it with LD_PRELOAD.
FAIL: c-c++-common/asan/swapcontext-test-1.c -O0 execution test
FAIL: c-c++-common/asan/swapcontext-test-1.c -O1 execution test
FAIL: c-c++-common/asan/swapcontext-test-1.c -O2 execution test
FAIL: c-c++-common/asan/swapcontext-test-1.c -O3 -fomit-frame-pointer execution test
FAIL: c-c++-common/asan/swapcontext-test-1.c -O3 -fomit-frame-pointer -funroll-loops execution test
FAIL: c-c++-common/asan/swapcontext-test-1.c -O3 -fomit-frame-pointer -funroll-all-loops -finline-functions execution test
FAIL: c-c++-common/asan/swapcontext-test-1.c -O3 -g execution test
FAIL: c-c++-common/asan/swapcontext-test-1.c -Os execution test
FAIL: c-c++-common/asan/swapcontext-test-1.c -O2 -flto -fno-use-linker-plugin -flto-partition=none execution test
FAIL: c-c++-common/asan/swapcontext-test-1.c -O2 -flto -fuse-linker-plugin -fno-fat-lto-objects execution test
FAIL: c-c++-common/asan/use-after-free-1.c -O0 output pattern test, is ==1312==ASan runtime does not come first in initial library list; you should either link runtime to your application or manually preload it with LD_PRELOAD.
FAIL: c-c++-common/asan/use-after-free-1.c -O1 output pattern test, is ==1442==ASan runtime does not come first in initial library list; you should either link runtime to your application or manually preload it with LD_PRELOAD.
FAIL: c-c++-common/asan/use-after-free-1.c -O2 output pattern test, is ==1541==ASan runtime does not come first in initial library list; you should either link runtime to your application or manually preload it with LD_PRELOAD.
FAIL: c-c++-common/asan/use-after-free-1.c -O3 -fomit-frame-pointer output pattern test, is ==1649==ASan runtime does not come first in initial library list; you should either link runtime to your application or manually preload it with LD_PRELOAD.
FAIL: c-c++-common/asan/use-after-free-1.c -O3 -g output pattern test, is ==1766==ASan runtime does not come first in initial library list; you should either link runtime to your application or manually preload it with LD_PRELOAD.
FAIL: c-c++-common/asan/use-after-free-1.c -Os output pattern test, is ==1870==ASan runtime does not come first in initial library list; you should either link runtime to your application or manually preload it with LD_PRELOAD.
FAIL: c-c++-common/asan/use-after-free-1.c -O2 -flto -fno-use-linker-plugin -flto-partition=none output pattern test, is ==2215==ASan runtime does not come first in initial library list; you should either link runtime to your application or manually preload it with LD_PRELOAD.
FAIL: c-c++-common/asan/use-after-free-1.c -O2 -flto -fuse-linker-plugin -fno-fat-lto-objects output pattern test, is ==2452==ASan runtime does not come first in initial library list; you should either link runtime to your application or manually preload it with LD_PRELOAD.
FAIL: c-c++-common/asan/use-after-return-1.c -O0 output pattern test, is ==2620==ASan runtime does not come first in initial library list; you should either link runtime to your application or manually preload it with LD_PRELOAD.
FAIL: c-c++-common/asan/use-after-return-1.c -O1 output pattern test, is ==2782==ASan runtime does not come first in initial library list; you should either link runtime to your application or manually preload it with LD_PRELOAD.
FAIL: c-c++-common/asan/use-after-return-1.c -O2 output pattern test, is ==2947==ASan runtime does not come first in initial library list; you should either link runtime to your application or manually preload it with LD_PRELOAD.
FAIL: c-c++-common/asan/use-after-return-1.c -O3 -fomit-frame-pointer output pattern test, is ==3202==ASan runtime does not come first in initial library list; you should either link runtime to your application or manually preload it with LD_PRELOAD.
FAIL: c-c++-common/asan/use-after-return-1.c -O3 -g output pattern test, is ==3349==ASan runtime does not come first in initial library list; you should either link runtime to your application or manually preload it with LD_PRELOAD.
FAIL: c-c++-common/asan/use-after-return-1.c -Os output pattern test, is ==3490==ASan runtime does not come first in initial library list; you should either link runtime to your application or manually preload it with LD_PRELOAD.
FAIL: c-c++-common/asan/use-after-return-1.c -O2 -flto -fno-use-linker-plugin -flto-partition=none output pattern test, is ==4065==ASan runtime does not come first in initial library list; you should either link runtime to your application or manually preload it with LD_PRELOAD.
FAIL: c-c++-common/asan/use-after-return-1.c -O2 -flto -fuse-linker-plugin -fno-fat-lto-objects output pattern test, is ==4373==ASan runtime does not come first in initial library list; you should either link runtime to your application or manually preload it with LD_PRELOAD.
FAIL: gcc.dg/asan/nosanitize-and-inline.c -O0 execution test
FAIL: gcc.dg/asan/nosanitize-and-inline.c -O1 execution test
FAIL: gcc.dg/asan/nosanitize-and-inline.c -O2 execution test
FAIL: gcc.dg/asan/nosanitize-and-inline.c -O3 -fomit-frame-pointer execution test
FAIL: gcc.dg/asan/nosanitize-and-inline.c -O3 -fomit-frame-pointer -funroll-loops execution test
FAIL: gcc.dg/asan/nosanitize-and-inline.c -O3 -fomit-frame-pointer -funroll-all-loops -finline-functions execution test
FAIL: gcc.dg/asan/nosanitize-and-inline.c -O3 -g execution test
FAIL: gcc.dg/asan/nosanitize-and-inline.c -Os execution test
FAIL: gcc.dg/asan/nosanitize-and-inline.c -O2 -flto -fno-use-linker-plugin -flto-partition=none execution test
FAIL: gcc.dg/asan/nosanitize-and-inline.c -O2 -flto -fuse-linker-plugin -fno-fat-lto-objects execution test
FAIL: gcc.dg/atomic/c11-atomic-exec-4.c -O2 -flto -fno-use-linker-plugin -flto-partition=none (test for excess errors)
FAIL: gcc.dg/atomic/c11-atomic-exec-4.c -O2 -flto -fuse-linker-plugin -fno-fat-lto-objects (test for excess errors)
FAIL: tmpdir-gcc.dg-struct-layout-1/t003 c_compat_x_tst.o compile
FAIL: tmpdir-gcc.dg-struct-layout-1/t003 c_compat_y_tst.o compile
FAIL: tmpdir-gcc.dg-struct-layout-1/t004 c_compat_x_tst.o compile
FAIL: tmpdir-gcc.dg-struct-layout-1/t004 c_compat_y_tst.o compile
FAIL: tmpdir-gcc.dg-struct-layout-1/t006 c_compat_x_tst.o compile
FAIL: tmpdir-gcc.dg-struct-layout-1/t006 c_compat_y_tst.o compile
FAIL: tmpdir-gcc.dg-struct-layout-1/t007 c_compat_x_tst.o compile
FAIL: tmpdir-gcc.dg-struct-layout-1/t007 c_compat_y_tst.o compile
FAIL: tmpdir-gcc.dg-struct-layout-1/t009 c_compat_x_tst.o compile
FAIL: tmpdir-gcc.dg-struct-layout-1/t009 c_compat_y_tst.o compile
FAIL: tmpdir-gcc.dg-struct-layout-1/t010 c_compat_x_tst.o compile
FAIL: tmpdir-gcc.dg-struct-layout-1/t010 c_compat_y_tst.o compile
FAIL: tmpdir-gcc.dg-struct-layout-1/t011 c_compat_x_tst.o compile
FAIL: tmpdir-gcc.dg-struct-layout-1/t011 c_compat_y_tst.o compile
FAIL: tmpdir-gcc.dg-struct-layout-1/t012 c_compat_x_tst.o compile
FAIL: tmpdir-gcc.dg-struct-layout-1/t012 c_compat_y_tst.o compile
FAIL: tmpdir-gcc.dg-struct-layout-1/t013 c_compat_x_tst.o compile
FAIL: tmpdir-gcc.dg-struct-layout-1/t013 c_compat_y_tst.o compile
FAIL: tmpdir-gcc.dg-struct-layout-1/t014 c_compat_x_tst.o compile
FAIL: tmpdir-gcc.dg-struct-layout-1/t014 c_compat_y_tst.o compile
FAIL: tmpdir-gcc.dg-struct-layout-1/t015 c_compat_x_tst.o compile
FAIL: tmpdir-gcc.dg-struct-layout-1/t015 c_compat_y_tst.o compile
FAIL: tmpdir-gcc.dg-struct-layout-1/t016 c_compat_x_tst.o compile
FAIL: tmpdir-gcc.dg-struct-layout-1/t016 c_compat_y_tst.o compile
FAIL: tmpdir-gcc.dg-struct-layout-1/t017 c_compat_x_tst.o compile
FAIL: tmpdir-gcc.dg-struct-layout-1/t017 c_compat_y_tst.o compile
FAIL: tmpdir-gcc.dg-struct-layout-1/t018 c_compat_x_tst.o compile
FAIL: tmpdir-gcc.dg-struct-layout-1/t018 c_compat_y_tst.o compile
FAIL: tmpdir-gcc.dg-struct-layout-1/t019 c_compat_x_tst.o compile
FAIL: tmpdir-gcc.dg-struct-layout-1/t019 c_compat_y_tst.o compile
FAIL: tmpdir-gcc.dg-struct-layout-1/t021 c_compat_x_tst.o compile
FAIL: tmpdir-gcc.dg-struct-layout-1/t021 c_compat_y_tst.o compile
FAIL: tmpdir-gcc.dg-struct-layout-1/t023 c_compat_x_tst.o compile
FAIL: tmpdir-gcc.dg-struct-layout-1/t023 c_compat_y_tst.o compile
FAIL: tmpdir-gcc.dg-struct-layout-1/t024 c_compat_x_tst.o compile
FAIL: tmpdir-gcc.dg-struct-layout-1/t024 c_compat_y_tst.o compile
FAIL: tmpdir-gcc.dg-struct-layout-1/t025 c_compat_x_tst.o compile
FAIL: tmpdir-gcc.dg-struct-layout-1/t025 c_compat_y_tst.o compile
FAIL: tmpdir-gcc.dg-struct-layout-1/t026 c_compat_x_tst.o compile
FAIL: tmpdir-gcc.dg-struct-layout-1/t026 c_compat_y_tst.o compile
FAIL: tmpdir-gcc.dg-struct-layout-1/t027 c_compat_x_tst.o compile
FAIL: tmpdir-gcc.dg-struct-layout-1/t027 c_compat_y_tst.o compile
FAIL: tmpdir-gcc.dg-struct-layout-1/t028 c_compat_x_tst.o compile
FAIL: tmpdir-gcc.dg-struct-layout-1/t028 c_compat_y_tst.o compile
FAIL: gcc.dg/graphite/pr60785.c (test for excess errors)
FAIL: gcc.dg/guality/csttest.c -O2 -flto -fno-use-linker-plugin -flto-partition=none (test for excess errors)
FAIL: gcc.dg/guality/csttest.c -O2 -flto -fuse-linker-plugin -fno-fat-lto-objects (test for excess errors)
XPASS: gcc.dg/guality/example.c -O0 execution test
XPASS: gcc.dg/guality/example.c -O1 execution test
XPASS: gcc.dg/guality/example.c -O2 execution test
XPASS: gcc.dg/guality/example.c -O2 -flto -fno-use-linker-plugin -flto-partition=none execution test
XPASS: gcc.dg/guality/guality.c -O0 execution test
XPASS: gcc.dg/guality/guality.c -O1 execution test
XPASS: gcc.dg/guality/guality.c -O2 execution test
XPASS: gcc.dg/guality/guality.c -O3 -fomit-frame-pointer execution test
XPASS: gcc.dg/guality/guality.c -O3 -g execution test
XPASS: gcc.dg/guality/guality.c -Os execution test
XPASS: gcc.dg/guality/guality.c -O2 -flto -fno-use-linker-plugin -flto-partition=none execution test
XPASS: gcc.dg/guality/guality.c -O2 -flto -fuse-linker-plugin -fno-fat-lto-objects execution test
XPASS: gcc.dg/guality/inline-params.c -O2 execution test
XPASS: gcc.dg/guality/inline-params.c -O3 -fomit-frame-pointer execution test
XPASS: gcc.dg/guality/inline-params.c -O3 -g execution test
XPASS: gcc.dg/guality/inline-params.c -Os execution test
XPASS: gcc.dg/guality/inline-params.c -O2 -flto -fno-use-linker-plugin -flto-partition=none execution test
FAIL: gcc.dg/guality/nrv-1.c -O2 -flto -fuse-linker-plugin -fno-fat-lto-objects line 20 a2.i[0] == 42
FAIL: gcc.dg/guality/pr36728-1.c -O1 line 16 arg7 == 30
FAIL: gcc.dg/guality/pr36728-1.c -O1 line 18 arg7 == 30
FAIL: gcc.dg/guality/pr36728-1.c -O2 line 16 arg7 == 30
FAIL: gcc.dg/guality/pr36728-1.c -O2 line 18 arg7 == 30
FAIL: gcc.dg/guality/pr36728-1.c -O3 -fomit-frame-pointer line 16 arg7 == 30
FAIL: gcc.dg/guality/pr36728-1.c -O3 -fomit-frame-pointer line 18 arg7 == 30
FAIL: gcc.dg/guality/pr36728-1.c -O3 -g line 16 arg7 == 30
FAIL: gcc.dg/guality/pr36728-1.c -O3 -g line 18 arg7 == 30
FAIL: gcc.dg/guality/pr36728-1.c -Os line 16 arg7 == 30
FAIL: gcc.dg/guality/pr36728-1.c -Os line 18 arg7 == 30
FAIL: gcc.dg/guality/pr36728-1.c -O2 -flto -fno-use-linker-plugin -flto-partition=none line 16 arg7 == 30
FAIL: gcc.dg/guality/pr36728-1.c -O2 -flto -fno-use-linker-plugin -flto-partition=none line 18 arg7 == 30
FAIL: gcc.dg/guality/pr36728-1.c -O2 -flto -fuse-linker-plugin -fno-fat-lto-objects line 16 arg7 == 30
FAIL: gcc.dg/guality/pr36728-1.c -O2 -flto -fuse-linker-plugin -fno-fat-lto-objects line 18 arg7 == 30
FAIL: gcc.dg/guality/pr36728-3.c -O1 line 14 arg7 == 30
FAIL: gcc.dg/guality/pr36728-3.c -O1 line 16 arg7 == 30
FAIL: gcc.dg/guality/pr36728-3.c -O2 line 14 arg7 == 30
FAIL: gcc.dg/guality/pr36728-3.c -O2 line 16 arg7 == 30
FAIL: gcc.dg/guality/pr36728-3.c -O3 -fomit-frame-pointer line 14 arg7 == 30
FAIL: gcc.dg/guality/pr36728-3.c -O3 -fomit-frame-pointer line 16 arg7 == 30
FAIL: gcc.dg/guality/pr36728-3.c -O3 -g line 14 arg7 == 30
FAIL: gcc.dg/guality/pr36728-3.c -O3 -g line 16 arg7 == 30
FAIL: gcc.dg/guality/pr36728-3.c -Os line 14 arg7 == 30
FAIL: gcc.dg/guality/pr36728-3.c -Os line 16 arg7 == 30
FAIL: gcc.dg/guality/pr36728-3.c -O2 -flto -fno-use-linker-plugin -flto-partition=none line 14 arg7 == 30
FAIL: gcc.dg/guality/pr36728-3.c -O2 -flto -fno-use-linker-plugin -flto-partition=none line 16 arg7 == 30
FAIL: gcc.dg/guality/pr36728-3.c -O2 -flto -fuse-linker-plugin -fno-fat-lto-objects line 14 arg7 == 30
FAIL: gcc.dg/guality/pr36728-3.c -O2 -flto -fuse-linker-plugin -fno-fat-lto-objects line 16 arg7 == 30
XPASS: gcc.dg/guality/pr41353-1.c -O0 line 28 j == 28 + 37
XPASS: gcc.dg/guality/pr41447-1.c -O0 execution test
XPASS: gcc.dg/guality/pr41447-1.c -O1 execution test
XPASS: gcc.dg/guality/pr41447-1.c -O2 execution test
XPASS: gcc.dg/guality/pr41447-1.c -O3 -fomit-frame-pointer execution test
XPASS: gcc.dg/guality/pr41447-1.c -O3 -g execution test
XPASS: gcc.dg/guality/pr41447-1.c -Os execution test
XPASS: gcc.dg/guality/pr41447-1.c -O2 -flto -fno-use-linker-plugin -flto-partition=none execution test
XPASS: gcc.dg/guality/pr41447-1.c -O2 -flto -fuse-linker-plugin -fno-fat-lto-objects execution test
XPASS: gcc.dg/guality/pr41616-1.c -O0 execution test
XPASS: gcc.dg/guality/pr41616-1.c -O1 execution test
XPASS: gcc.dg/guality/pr41616-1.c -O2 execution test
XPASS: gcc.dg/guality/pr41616-1.c -O3 -fomit-frame-pointer execution test
XPASS: gcc.dg/guality/pr41616-1.c -O3 -g execution test
XPASS: gcc.dg/guality/pr41616-1.c -Os execution test
XPASS: gcc.dg/guality/pr41616-1.c -O2 -flto -fno-use-linker-plugin -flto-partition=none execution test
FAIL: gcc.dg/guality/pr43051-1.c -O3 -fomit-frame-pointer -funroll-loops line 34 c == &a[0]
FAIL: gcc.dg/guality/pr43051-1.c -O3 -fomit-frame-pointer -funroll-all-loops -finline-functions line 34 c == &a[0]
FAIL: gcc.dg/guality/pr43479.c -O1 line 13 h == 9
FAIL: gcc.dg/guality/pr43479.c -O1 line 18 h == 9
FAIL: gcc.dg/guality/pr43479.c -O2 line 13 h == 9
FAIL: gcc.dg/guality/pr43479.c -O2 line 18 h == 9
FAIL: gcc.dg/guality/pr43479.c -O3 -fomit-frame-pointer line 13 h == 9
FAIL: gcc.dg/guality/pr43479.c -O3 -fomit-frame-pointer line 18 h == 9
FAIL: gcc.dg/guality/pr43479.c -O3 -g line 13 h == 9
FAIL: gcc.dg/guality/pr43479.c -O3 -g line 18 h == 9
FAIL: gcc.dg/guality/pr43479.c -Os line 13 h == 9
FAIL: gcc.dg/guality/pr43479.c -Os line 18 h == 9
FAIL: gcc.dg/guality/pr43479.c -O2 -flto -fno-use-linker-plugin -flto-partition=none line 13 h == 9
FAIL: gcc.dg/guality/pr43479.c -O2 -flto -fno-use-linker-plugin -flto-partition=none line 18 h == 9
FAIL: gcc.dg/guality/pr43479.c -O2 -flto -fuse-linker-plugin -fno-fat-lto-objects line 13 h == 9
FAIL: gcc.dg/guality/pr43479.c -O2 -flto -fuse-linker-plugin -fno-fat-lto-objects line 18 h == 9
FAIL: gcc.dg/guality/pr45882.c -O2 -flto -fuse-linker-plugin -fno-fat-lto-objects line 16 d == 112
FAIL: gcc.dg/guality/pr45882.c -O2 -flto -fuse-linker-plugin -fno-fat-lto-objects line 16 e == 142
FAIL: gcc.dg/guality/pr48437.c -O2 -flto -fno-use-linker-plugin -flto-partition=none line 14 i == 0
FAIL: gcc.dg/guality/pr48437.c -O2 -flto -fuse-linker-plugin -fno-fat-lto-objects line 14 i == 0
FAIL: gcc.dg/guality/pr49888.c -O1 line 18 !c == 1
FAIL: gcc.dg/guality/pr49888.c -O2 line 18 !c == 1
FAIL: gcc.dg/guality/pr49888.c -O3 -fomit-frame-pointer line 18 !c == 1
FAIL: gcc.dg/guality/pr49888.c -O3 -g line 18 !c == 1
FAIL: gcc.dg/guality/pr49888.c -Os line 18 !c == 1
FAIL: gcc.dg/guality/pr49888.c -O2 -flto -fno-use-linker-plugin -flto-partition=none line 18 !c == 1
FAIL: gcc.dg/guality/pr49888.c -O2 -flto -fuse-linker-plugin -fno-fat-lto-objects line 18 !c == 1
FAIL: gcc.dg/guality/pr54200.c -Os line 20 z == 3
FAIL: gcc.dg/guality/pr54519-1.c -O2 -flto -fno-use-linker-plugin -flto-partition=none line 20 y == 25
FAIL: gcc.dg/guality/pr54519-1.c -O2 -flto -fno-use-linker-plugin -flto-partition=none line 20 z == 6
FAIL: gcc.dg/guality/pr54519-1.c -O2 -flto -fno-use-linker-plugin -flto-partition=none line 23 y == 117
FAIL: gcc.dg/guality/pr54519-1.c -O2 -flto -fno-use-linker-plugin -flto-partition=none line 23 z == 8
FAIL: gcc.dg/guality/pr54519-2.c -O2 -flto -fno-use-linker-plugin -flto-partition=none line 17 y == 25
FAIL: gcc.dg/guality/pr54519-2.c -O2 -flto -fuse-linker-plugin -fno-fat-lto-objects line 17 y == 25
FAIL: gcc.dg/guality/pr54519-3.c -O2 -flto -fno-use-linker-plugin -flto-partition=none line 20 y == 25
FAIL: gcc.dg/guality/pr54519-3.c -O2 -flto -fno-use-linker-plugin -flto-partition=none line 20 z == 6
FAIL: gcc.dg/guality/pr54519-3.c -O2 -flto -fno-use-linker-plugin -flto-partition=none line 23 y == 117
FAIL: gcc.dg/guality/pr54519-3.c -O2 -flto -fno-use-linker-plugin -flto-partition=none line 23 z == 8
FAIL: gcc.dg/guality/pr54519-3.c -O2 -flto -fuse-linker-plugin -fno-fat-lto-objects line 20 y == 25
FAIL: gcc.dg/guality/pr54519-3.c -O2 -flto -fuse-linker-plugin -fno-fat-lto-objects line 20 z == 6
FAIL: gcc.dg/guality/pr54519-3.c -O2 -flto -fuse-linker-plugin -fno-fat-lto-objects line 23 y == 117
FAIL: gcc.dg/guality/pr54519-3.c -O2 -flto -fuse-linker-plugin -fno-fat-lto-objects line 23 z == 8
FAIL: gcc.dg/guality/pr54519-4.c -O2 -flto -fno-use-linker-plugin -flto-partition=none line 17 y == 25
FAIL: gcc.dg/guality/pr54519-4.c -O2 -flto -fuse-linker-plugin -fno-fat-lto-objects line 17 y == 25
FAIL: gcc.dg/guality/pr54519-5.c -O2 -flto -fno-use-linker-plugin -flto-partition=none line 17 y == 25
FAIL: gcc.dg/guality/pr54519-5.c -O2 -flto -fuse-linker-plugin -fno-fat-lto-objects line 17 y == 25
FAIL: gcc.dg/guality/pr54693-2.c -O3 -fomit-frame-pointer -funroll-loops line 21 i == v + 1
FAIL: gcc.dg/guality/pr54693-2.c -O3 -fomit-frame-pointer -funroll-all-loops -finline-functions line 21 i == v + 1
FAIL: gcc.dg/guality/pr54693-2.c -Os line 21 x == 10 - i
FAIL: gcc.dg/guality/pr54693-2.c -Os line 21 y == 20 - 2 * i
FAIL: gcc.dg/guality/sra-1.c -O2 line 43 a.j == 14
FAIL: gcc.dg/guality/sra-1.c -O3 -fomit-frame-pointer line 43 a.j == 14
FAIL: gcc.dg/guality/sra-1.c -O3 -g line 43 a.j == 14
FAIL: gcc.dg/guality/sra-1.c -Os line 43 a.j == 14
FAIL: gcc.dg/guality/sra-1.c -O2 -flto -fno-use-linker-plugin -flto-partition=none line 43 a.j == 14
FAIL: gcc.dg/guality/sra-1.c -O2 -flto -fuse-linker-plugin -fno-fat-lto-objects line 43 a.j == 14
FAIL: gcc.dg/guality/vla-1.c -O0 line 17 sizeof (a) == 6
FAIL: gcc.dg/guality/vla-1.c -O0 line 24 sizeof (a) == 17 * sizeof (short)
FAIL: gcc.dg/guality/vla-1.c -O1 line 17 sizeof (a) == 6
FAIL: gcc.dg/guality/vla-1.c -O1 line 24 sizeof (a) == 17 * sizeof (short)
FAIL: gcc.dg/guality/vla-1.c -O2 line 17 sizeof (a) == 6
FAIL: gcc.dg/guality/vla-1.c -O2 line 24 sizeof (a) == 17 * sizeof (short)
FAIL: gcc.dg/guality/vla-1.c -O3 -fomit-frame-pointer line 17 sizeof (a) == 6
FAIL: gcc.dg/guality/vla-1.c -O3 -fomit-frame-pointer line 24 sizeof (a) == 17 * sizeof (short)
FAIL: gcc.dg/guality/vla-1.c -O3 -g line 17 sizeof (a) == 6
FAIL: gcc.dg/guality/vla-1.c -O3 -g line 24 sizeof (a) == 17 * sizeof (short)
FAIL: gcc.dg/guality/vla-1.c -Os line 17 sizeof (a) == 6
FAIL: gcc.dg/guality/vla-1.c -Os line 24 sizeof (a) == 17 * sizeof (short)
FAIL: gcc.dg/guality/vla-1.c -O2 -flto -fno-use-linker-plugin -flto-partition=none line 17 sizeof (a) == 6
FAIL: gcc.dg/guality/vla-1.c -O2 -flto -fno-use-linker-plugin -flto-partition=none line 24 sizeof (a) == 17 * sizeof (short)
FAIL: gcc.dg/guality/vla-1.c -O2 -flto -fuse-linker-plugin -fno-fat-lto-objects line 17 sizeof (a) == 6
FAIL: gcc.dg/guality/vla-1.c -O2 -flto -fuse-linker-plugin -fno-fat-lto-objects line 24 sizeof (a) == 17 * sizeof (short)
FAIL: gcc.dg/guality/vla-2.c -O0 line 16 sizeof (a) == 5 * sizeof (int)
FAIL: gcc.dg/guality/vla-2.c -O0 line 25 sizeof (a) == 6 * sizeof (int)
FAIL: gcc.dg/guality/vla-2.c -O1 line 16 sizeof (a) == 5 * sizeof (int)
FAIL: gcc.dg/guality/vla-2.c -O1 line 25 sizeof (a) == 6 * sizeof (int)
FAIL: gcc.dg/guality/vla-2.c -O2 line 16 sizeof (a) == 5 * sizeof (int)
FAIL: gcc.dg/guality/vla-2.c -O2 line 25 sizeof (a) == 6 * sizeof (int)
FAIL: gcc.dg/guality/vla-2.c -O3 -fomit-frame-pointer line 16 sizeof (a) == 5 * sizeof (int)
FAIL: gcc.dg/guality/vla-2.c -O3 -fomit-frame-pointer line 25 sizeof (a) == 6 * sizeof (int)
FAIL: gcc.dg/guality/vla-2.c -O3 -g line 16 sizeof (a) == 5 * sizeof (int)
FAIL: gcc.dg/guality/vla-2.c -O3 -g line 25 sizeof (a) == 6 * sizeof (int)
FAIL: gcc.dg/guality/vla-2.c -Os line 16 sizeof (a) == 5 * sizeof (int)
FAIL: gcc.dg/guality/vla-2.c -Os line 25 sizeof (a) == 6 * sizeof (int)
FAIL: gcc.dg/guality/vla-2.c -O2 -flto -fno-use-linker-plugin -flto-partition=none line 16 sizeof (a) == 5 * sizeof (int)
FAIL: gcc.dg/guality/vla-2.c -O2 -flto -fno-use-linker-plugin -flto-partition=none line 25 sizeof (a) == 6 * sizeof (int)
FAIL: gcc.dg/guality/vla-2.c -O2 -flto -fuse-linker-plugin -fno-fat-lto-objects line 16 sizeof (a) == 5 * sizeof (int)
FAIL: gcc.dg/guality/vla-2.c -O2 -flto -fuse-linker-plugin -fno-fat-lto-objects line 25 sizeof (a) == 6 * sizeof (int)
FAIL: gcc.dg/plugin/selfassign.c compilation
FAIL: gcc.dg/plugin/ggcplug.c compilation
FAIL: gcc.dg/plugin/one_time_plugin.c compilation
FAIL: gcc.dg/plugin/start_unit_plugin.c compilation
FAIL: gcc.dg/plugin/finish_unit_plugin.c compilation
FAIL: gcc.dg/simulate-thread/atomic-load-int128.c -O2 -g (test for excess errors)
FAIL: gcc.dg/simulate-thread/atomic-load-int128.c -O3 -g (test for excess errors)
FAIL: c-c++-common/torture/vshuf-v16hi.c -O0 (internal compiler error)
FAIL: c-c++-common/torture/vshuf-v16hi.c -O0 (test for excess errors)
FAIL: c-c++-common/torture/vshuf-v16hi.c -O1 (internal compiler error)
FAIL: c-c++-common/torture/vshuf-v16hi.c -O1 (test for excess errors)
FAIL: c-c++-common/torture/vshuf-v16hi.c -O2 (internal compiler error)
FAIL: c-c++-common/torture/vshuf-v16hi.c -O2 (test for excess errors)
FAIL: c-c++-common/torture/vshuf-v16hi.c -O3 -fomit-frame-pointer (internal compiler error)
FAIL: c-c++-common/torture/vshuf-v16hi.c -O3 -fomit-frame-pointer (test for excess errors)
FAIL: c-c++-common/torture/vshuf-v16hi.c -O3 -g (internal compiler error)
FAIL: c-c++-common/torture/vshuf-v16hi.c -O3 -g (test for excess errors)
FAIL: c-c++-common/torture/vshuf-v16hi.c -Os (internal compiler error)
FAIL: c-c++-common/torture/vshuf-v16hi.c -Os (test for excess errors)
FAIL: c-c++-common/torture/vshuf-v16hi.c -O2 -flto -fno-use-linker-plugin -flto-partition=none (internal compiler error)
FAIL: c-c++-common/torture/vshuf-v16hi.c -O2 -flto -fno-use-linker-plugin -flto-partition=none (test for excess errors)
FAIL: gcc.dg/torture/fp-int-convert-float128-timode-2.c -O2 (test for excess errors)
FAIL: gcc.dg/torture/fp-int-convert-float128-timode-2.c -O3 -fomit-frame-pointer (test for excess errors)
FAIL: gcc.dg/torture/fp-int-convert-float128-timode-2.c -O3 -g (test for excess errors)
FAIL: gcc.dg/torture/fp-int-convert-float128-timode-2.c -Os (test for excess errors)
FAIL: gcc.dg/torture/fp-int-convert-float128-timode-2.c -O2 -flto -fno-use-linker-plugin -flto-partition=none (test for excess errors)
FAIL: gcc.dg/torture/fp-int-convert-float128-timode-2.c -O2 -flto -fuse-linker-plugin -fno-fat-lto-objects (test for excess errors)
FAIL: gcc.dg/torture/fp-int-convert-float128-timode-3.c -O2 (test for excess errors)
FAIL: gcc.dg/torture/fp-int-convert-float128-timode-3.c -O3 -fomit-frame-pointer (test for excess errors)
FAIL: gcc.dg/torture/fp-int-convert-float128-timode-3.c -O3 -g (test for excess errors)
FAIL: gcc.dg/torture/fp-int-convert-float128-timode-3.c -Os (test for excess errors)
FAIL: gcc.dg/torture/fp-int-convert-float128-timode-3.c -O2 -flto -fno-use-linker-plugin -flto-partition=none (test for excess errors)
FAIL: gcc.dg/torture/fp-int-convert-float128-timode-3.c -O2 -flto -fuse-linker-plugin -fno-fat-lto-objects (test for excess errors)
FAIL: gcc.dg/torture/fp-int-convert-float128-timode.c -Os (test for excess errors)
FAIL: gcc.dg/torture/fp-int-convert-float80-timode.c -Os (test for excess errors)
FAIL: gcc.dg/torture/fp-int-convert-float80-timode.c -O2 -flto -fno-use-linker-plugin -flto-partition=none (test for excess errors)
FAIL: gcc.dg/torture/fp-int-convert-float80-timode.c -O2 -flto -fuse-linker-plugin -fno-fat-lto-objects (test for excess errors)
FAIL: gcc.dg/torture/fp-int-convert-timode.c -Os (test for excess errors)
FAIL: gcc.dg/torture/fp-int-convert-timode.c -O2 -flto -fno-use-linker-plugin -flto-partition=none (test for excess errors)
FAIL: gcc.dg/torture/fp-int-convert-timode.c -O2 -flto -fuse-linker-plugin -fno-fat-lto-objects (test for excess errors)
FAIL: gcc.dg/torture/pr28045.c -O0 (test for excess errors)
FAIL: gcc.dg/torture/pr28045.c -O1 (test for excess errors)
FAIL: gcc.dg/torture/pr28045.c -Os (test for excess errors)
FAIL: gcc.dg/torture/pr28045.c -O2 -flto -fno-use-linker-plugin -flto-partition=none (test for excess errors)
FAIL: gcc.dg/torture/pr28045.c -O2 -flto -fuse-linker-plugin -fno-fat-lto-objects (test for excess errors)
FAIL: gcc.dg/torture/pr56420.c -O2 -flto -fno-use-linker-plugin -flto-partition=none (test for excess errors)
FAIL: gcc.dg/torture/pr56420.c -O2 -flto -fuse-linker-plugin -fno-fat-lto-objects (test for excess errors)
FAIL: gcc.dg/torture/pr60183.c -O3 -fomit-frame-pointer (test for excess errors)
FAIL: gcc.dg/torture/pr60183.c -O3 -fomit-frame-pointer -funroll-loops (test for excess errors)
FAIL: gcc.dg/torture/pr60183.c -O3 -fomit-frame-pointer -funroll-all-loops -finline-functions (test for excess errors)
FAIL: gcc.dg/torture/pr60183.c -O3 -g (test for excess errors)
FAIL: gcc.dg/torture/vec-cvt-1.c -O1 (test for excess errors)
FAIL: gcc.dg/torture/vec-cvt-1.c -O2 (test for excess errors)
FAIL: gcc.dg/torture/vec-cvt-1.c -O3 -fomit-frame-pointer (test for excess errors)
FAIL: gcc.dg/torture/vec-cvt-1.c -O3 -fomit-frame-pointer -funroll-loops (test for excess errors)
FAIL: gcc.dg/torture/vec-cvt-1.c -O3 -fomit-frame-pointer -funroll-all-loops -finline-functions (test for excess errors)
FAIL: gcc.dg/torture/vec-cvt-1.c -O3 -g (test for excess errors)
FAIL: gcc.dg/torture/vec-cvt-1.c -Os (test for excess errors)
FAIL: gcc.dg/torture/vec-cvt-1.c -O2 -flto -fno-use-linker-plugin -flto-partition=none (test for excess errors)
FAIL: gcc.dg/torture/vec-cvt-1.c -O2 -flto -fuse-linker-plugin -fno-fat-lto-objects (test for excess errors)
FAIL: gcc.dg/tree-ssa/cunroll-10.c scan-tree-dump-times cunroll "Forced statement unreachable" 2
FAIL: c-c++-common/ubsan/overflow-mul-3.c -O2 -flto -fno-use-linker-plugin -flto-partition=none (test for excess errors)
FAIL: c-c++-common/ubsan/overflow-mul-3.c -O2 -flto -fuse-linker-plugin -fno-fat-lto-objects (test for excess errors)
FAIL: c-c++-common/ubsan/overflow-mul-4.c -O2 -flto -fno-use-linker-plugin -flto-partition=none (test for excess errors)
FAIL: c-c++-common/ubsan/overflow-mul-4.c -O2 -flto -fuse-linker-plugin -fno-fat-lto-objects (test for excess errors)
FAIL: gcc.dg/vect/vect-cselim-2.c scan-tree-dump-times vect "vectorized 1 loops" 0
FAIL: gcc.dg/vect/bb-slp-pattern-1.c scan-tree-dump-times slp "vect_recog_widen_mult_pattern: detected" 8
FAIL: gcc.dg/vect/bb-slp-pattern-1.c scan-tree-dump-times slp "pattern recognized" 8
FAIL: gcc.dg/vect/vect-cselim-2.c -flto -ffat-lto-objects scan-tree-dump-times vect "vectorized 1 loops" 0
FAIL: gcc.dg/vect/bb-slp-pattern-1.c -flto -ffat-lto-objects scan-tree-dump-times slp "vect_recog_widen_mult_pattern: detected" 8
FAIL: gcc.dg/vect/bb-slp-pattern-1.c -flto -ffat-lto-objects scan-tree-dump-times slp "pattern recognized" 8
FAIL: gcc.dg/vect/no-tree-sra-bb-slp-pr50730.c scan-tree-dump-times slp "not vectorized: more than one data ref in stmt" 0
FAIL: gcc.target/i386/bmi2-mulx64-2.c (test for excess errors)
FAIL: gcc.target/i386/bmi2-mulx64-2a.c (test for excess errors)
FAIL: gcc.target/i386/pr20020-1.c (test for excess errors)
FAIL: gcc.target/i386/pr20020-2.c (test for excess errors)
FAIL: gcc.target/i386/xop-imul32widen-vector.c scan-assembler vpmacsdqh
FAIL: gcc.target/i386/xop-imul64-vector.c scan-assembler vpmulld
FAIL: gcc.target/i386/xop-imul64-vector.c scan-assembler vphadddq
FAIL: gcc.target/i386/xop-imul64-vector.c scan-assembler vpmacsdql
FAIL: gcc.target/i386/xop-rotate1-vector.c scan-assembler vprotd
FAIL: gcc.target/i386/xop-rotate2-vector.c scan-assembler vprot
FAIL: gcc.target/i386/xop-rotate3-vector.c scan-assembler vprotd
FAIL: gcc.target/i386/xop-shift1-vector.c scan-assembler vpshad
FAIL: gcc.target/i386/xop-shift2-vector.c scan-assembler vpshad
FAIL: gcc.target/i386/xop-shift3-vector.c scan-assembler vpshld
=== gcc Summary ===
# of expected passes 109324
# of unexpected failures 433
# of unexpected successes 33
# of expected failures 275
# of unresolved testcases 25
# of unsupported tests 1494
/scratch/toon/bd4990/gcc/xgcc version 4.10.0 20140528 (experimental) (GCC)
=== gfortran tests ===
Running target unix
FAIL: gfortran.dg/actual_array_constructor_2.f90 -O3 -fomit-frame-pointer -funroll-loops (test for excess errors)
FAIL: gfortran.dg/actual_array_constructor_2.f90 -O3 -fomit-frame-pointer -funroll-all-loops -finline-functions (test for excess errors)
FAIL: gfortran.dg/aliasing_dummy_1.f90 -O0 (test for excess errors)
FAIL: gfortran.dg/aliasing_dummy_1.f90 -O1 (test for excess errors)
FAIL: gfortran.dg/aliasing_dummy_1.f90 -O2 (test for excess errors)
FAIL: gfortran.dg/aliasing_dummy_1.f90 -O3 -fomit-frame-pointer (test for excess errors)
FAIL: gfortran.dg/aliasing_dummy_1.f90 -O3 -fomit-frame-pointer -funroll-loops (test for excess errors)
FAIL: gfortran.dg/aliasing_dummy_1.f90 -O3 -fomit-frame-pointer -funroll-all-loops -finline-functions (test for excess errors)
FAIL: gfortran.dg/aliasing_dummy_1.f90 -O3 -g (test for excess errors)
FAIL: gfortran.dg/aliasing_dummy_1.f90 -Os (test for excess errors)
FAIL: gfortran.dg/alloc_comp_assign_10.f90 -O3 -fomit-frame-pointer -funroll-loops (test for excess errors)
FAIL: gfortran.dg/alloc_comp_assign_10.f90 -O3 -fomit-frame-pointer -funroll-all-loops -finline-functions (test for excess errors)
FAIL: gfortran.dg/alloc_comp_assign_11.f90 -O0 (test for excess errors)
FAIL: gfortran.dg/alloc_comp_assign_11.f90 -O1 (test for excess errors)
FAIL: gfortran.dg/alloc_comp_assign_11.f90 -O2 (test for excess errors)
FAIL: gfortran.dg/alloc_comp_assign_11.f90 -O3 -fomit-frame-pointer (test for excess errors)
FAIL: gfortran.dg/alloc_comp_assign_11.f90 -O3 -fomit-frame-pointer -funroll-loops (test for excess errors)
FAIL: gfortran.dg/alloc_comp_assign_11.f90 -O3 -fomit-frame-pointer -funroll-all-loops -finline-functions (test for excess errors)
FAIL: gfortran.dg/alloc_comp_assign_11.f90 -O3 -g (test for excess errors)
FAIL: gfortran.dg/alloc_comp_assign_11.f90 -Os (test for excess errors)
FAIL: gfortran.dg/alloc_comp_assign_12.f03 -O3 -fomit-frame-pointer -funroll-loops (test for excess errors)
FAIL: gfortran.dg/alloc_comp_assign_12.f03 -O3 -fomit-frame-pointer -funroll-all-loops -finline-functions (test for excess errors)
FAIL: gfortran.dg/alloc_comp_assign_2.f90 -O0 (test for excess errors)
FAIL: gfortran.dg/alloc_comp_assign_2.f90 -O1 (test for excess errors)
FAIL: gfortran.dg/alloc_comp_assign_2.f90 -O2 (test for excess errors)
FAIL: gfortran.dg/alloc_comp_assign_2.f90 -O3 -fomit-frame-pointer (test for excess errors)
FAIL: gfortran.dg/alloc_comp_assign_2.f90 -O3 -fomit-frame-pointer -funroll-loops (test for excess errors)
FAIL: gfortran.dg/alloc_comp_assign_2.f90 -O3 -fomit-frame-pointer -funroll-all-loops -finline-functions (test for excess errors)
FAIL: gfortran.dg/alloc_comp_assign_2.f90 -O3 -g (test for excess errors)
FAIL: gfortran.dg/alloc_comp_assign_2.f90 -Os (test for excess errors)
FAIL: gfortran.dg/alloc_comp_assign_3.f90 -O0 (test for excess errors)
FAIL: gfortran.dg/alloc_comp_assign_3.f90 -O1 (test for excess errors)
FAIL: gfortran.dg/alloc_comp_assign_3.f90 -O2 (test for excess errors)
FAIL: gfortran.dg/alloc_comp_assign_3.f90 -O3 -fomit-frame-pointer (test for excess errors)
FAIL: gfortran.dg/alloc_comp_assign_3.f90 -O3 -fomit-frame-pointer -funroll-loops (test for excess errors)
FAIL: gfortran.dg/alloc_comp_assign_3.f90 -O3 -fomit-frame-pointer -funroll-all-loops -finline-functions (test for excess errors)
FAIL: gfortran.dg/alloc_comp_assign_3.f90 -O3 -g (test for excess errors)
FAIL: gfortran.dg/alloc_comp_assign_3.f90 -Os (test for excess errors)
FAIL: gfortran.dg/alloc_comp_assign_4.f90 -O0 (test for excess errors)
FAIL: gfortran.dg/alloc_comp_assign_4.f90 -O1 (test for excess errors)
FAIL: gfortran.dg/alloc_comp_assign_4.f90 -O2 (test for excess errors)
FAIL: gfortran.dg/alloc_comp_assign_4.f90 -O3 -fomit-frame-pointer (test for excess errors)
FAIL: gfortran.dg/alloc_comp_assign_4.f90 -O3 -fomit-frame-pointer -funroll-loops (test for excess errors)
FAIL: gfortran.dg/alloc_comp_assign_4.f90 -O3 -fomit-frame-pointer -funroll-all-loops -finline-functions (test for excess errors)
FAIL: gfortran.dg/alloc_comp_assign_4.f90 -O3 -g (test for excess errors)
FAIL: gfortran.dg/alloc_comp_assign_4.f90 -Os (test for excess errors)
FAIL: gfortran.dg/alloc_comp_assign_6.f90 -O3 -fomit-frame-pointer -funroll-loops (test for excess errors)
FAIL: gfortran.dg/alloc_comp_assign_6.f90 -O3 -fomit-frame-pointer -funroll-all-loops -finline-functions (test for excess errors)
FAIL: gfortran.dg/alloc_comp_assign_7.f90 -O0 (test for excess errors)
FAIL: gfortran.dg/alloc_comp_assign_7.f90 -O1 (test for excess errors)
FAIL: gfortran.dg/alloc_comp_assign_7.f90 -O2 (test for excess errors)
FAIL: gfortran.dg/alloc_comp_assign_7.f90 -O3 -fomit-frame-pointer (test for excess errors)
FAIL: gfortran.dg/alloc_comp_assign_7.f90 -O3 -fomit-frame-pointer -funroll-loops (test for excess errors)
FAIL: gfortran.dg/alloc_comp_assign_7.f90 -O3 -fomit-frame-pointer -funroll-all-loops -finline-functions (test for excess errors)
FAIL: gfortran.dg/alloc_comp_assign_7.f90 -O3 -g (test for excess errors)
FAIL: gfortran.dg/alloc_comp_assign_7.f90 -Os (test for excess errors)
FAIL: gfortran.dg/alloc_comp_auto_array_2.f90 -O3 -fomit-frame-pointer -funroll-loops (test for excess errors)
FAIL: gfortran.dg/alloc_comp_auto_array_2.f90 -O3 -fomit-frame-pointer -funroll-all-loops -finline-functions (test for excess errors)
FAIL: gfortran.dg/alloc_comp_basics_1.f90 -O3 -fomit-frame-pointer -funroll-loops (test for excess errors)
FAIL: gfortran.dg/alloc_comp_basics_1.f90 -O3 -fomit-frame-pointer -funroll-all-loops -finline-functions (test for excess errors)
FAIL: gfortran.dg/alloc_comp_constructor_1.f90 -O0 (test for excess errors)
FAIL: gfortran.dg/alloc_comp_constructor_1.f90 -O1 (test for excess errors)
FAIL: gfortran.dg/alloc_comp_constructor_1.f90 -O2 (test for excess errors)
FAIL: gfortran.dg/alloc_comp_constructor_1.f90 -O3 -fomit-frame-pointer (test for excess errors)
FAIL: gfortran.dg/alloc_comp_constructor_1.f90 -O3 -fomit-frame-pointer -funroll-loops (test for excess errors)
FAIL: gfortran.dg/alloc_comp_constructor_1.f90 -O3 -fomit-frame-pointer -funroll-all-loops -finline-functions (test for excess errors)
FAIL: gfortran.dg/alloc_comp_constructor_1.f90 -O3 -g (test for excess errors)
FAIL: gfortran.dg/alloc_comp_constructor_1.f90 -Os (test for excess errors)
FAIL: gfortran.dg/alloc_comp_constructor_2.f90 -O0 (test for excess errors)
FAIL: gfortran.dg/alloc_comp_constructor_2.f90 -O1 (test for excess errors)
FAIL: gfortran.dg/alloc_comp_constructor_2.f90 -O2 (test for excess errors)
FAIL: gfortran.dg/alloc_comp_constructor_2.f90 -O3 -fomit-frame-pointer (test for excess errors)
FAIL: gfortran.dg/alloc_comp_constructor_2.f90 -O3 -fomit-frame-pointer -funroll-loops (test for excess errors)
FAIL: gfortran.dg/alloc_comp_constructor_2.f90 -O3 -fomit-frame-pointer -funroll-all-loops -finline-functions (test for excess errors)
FAIL: gfortran.dg/alloc_comp_constructor_2.f90 -O3 -g (test for excess errors)
FAIL: gfortran.dg/alloc_comp_constructor_2.f90 -Os (test for excess errors)
FAIL: gfortran.dg/alloc_comp_default_init_1.f90 -O3 -fomit-frame-pointer -funroll-loops (test for excess errors)
FAIL: gfortran.dg/alloc_comp_default_init_1.f90 -O3 -fomit-frame-pointer -funroll-all-loops -finline-functions (test for excess errors)
FAIL: gfortran.dg/alloc_comp_initializer_1.f90 -O0 (test for excess errors)
FAIL: gfortran.dg/alloc_comp_initializer_1.f90 -O1 (test for excess errors)
FAIL: gfortran.dg/alloc_comp_initializer_1.f90 -O2 (test for excess errors)
FAIL: gfortran.dg/alloc_comp_initializer_1.f90 -O3 -fomit-frame-pointer (test for excess errors)
FAIL: gfortran.dg/alloc_comp_initializer_1.f90 -O3 -fomit-frame-pointer -funroll-loops (test for excess errors)
FAIL: gfortran.dg/alloc_comp_initializer_1.f90 -O3 -fomit-frame-pointer -funroll-all-loops -finline-functions (test for excess errors)
FAIL: gfortran.dg/alloc_comp_initializer_1.f90 -O3 -g (test for excess errors)
FAIL: gfortran.dg/alloc_comp_initializer_1.f90 -Os (test for excess errors)
FAIL: gfortran.dg/alloc_comp_result_1.f90 -O0 (test for excess errors)
FAIL: gfortran.dg/alloc_comp_result_1.f90 -O1 (test for excess errors)
FAIL: gfortran.dg/alloc_comp_result_1.f90 -O2 (test for excess errors)
FAIL: gfortran.dg/alloc_comp_result_1.f90 -O3 -fomit-frame-pointer (test for excess errors)
FAIL: gfortran.dg/alloc_comp_result_1.f90 -O3 -fomit-frame-pointer -funroll-loops (test for excess errors)
FAIL: gfortran.dg/alloc_comp_result_1.f90 -O3 -fomit-frame-pointer -funroll-all-loops -finline-functions (test for excess errors)
FAIL: gfortran.dg/alloc_comp_result_1.f90 -O3 -g (test for excess errors)
FAIL: gfortran.dg/alloc_comp_result_1.f90 -Os (test for excess errors)
FAIL: gfortran.dg/allocate_class_3.f90 -O0 (test for excess errors)
FAIL: gfortran.dg/allocate_class_3.f90 -O1 (test for excess errors)
FAIL: gfortran.dg/allocate_class_3.f90 -O2 (test for excess errors)
FAIL: gfortran.dg/allocate_class_3.f90 -O3 -fomit-frame-pointer (test for excess errors)
FAIL: gfortran.dg/allocate_class_3.f90 -O3 -fomit-frame-pointer -funroll-loops (test for excess errors)
FAIL: gfortran.dg/allocate_class_3.f90 -O3 -fomit-frame-pointer -funroll-all-loops -finline-functions (test for excess errors)
FAIL: gfortran.dg/allocate_class_3.f90 -O3 -g (test for excess errors)
FAIL: gfortran.dg/allocate_class_3.f90 -Os (test for excess errors)
FAIL: gfortran.dg/allocate_zerosize_2.f90 -O3 -fomit-frame-pointer -funroll-loops (test for excess errors)
FAIL: gfortran.dg/allocate_zerosize_2.f90 -O3 -fomit-frame-pointer -funroll-all-loops -finline-functions (test for excess errors)
FAIL: gfortran.dg/array_assignment_1.F90 -O3 -fomit-frame-pointer -funroll-loops (test for excess errors)
FAIL: gfortran.dg/array_assignment_1.F90 -O3 -fomit-frame-pointer -funroll-all-loops -finline-functions (test for excess errors)
FAIL: gfortran.dg/array_constructor_9.f90 -O3 -fomit-frame-pointer -funroll-loops (test for excess errors)
FAIL: gfortran.dg/array_constructor_9.f90 -O3 -fomit-frame-pointer -funroll-all-loops -finline-functions (test for excess errors)
FAIL: gfortran.dg/array_temporaries_3.f90 -O3 -fomit-frame-pointer -funroll-loops (test for excess errors)
FAIL: gfortran.dg/array_temporaries_3.f90 -O3 -fomit-frame-pointer -funroll-all-loops -finline-functions (test for excess errors)
FAIL: gfortran.dg/assumed_rank_1.f90 -O3 -fomit-frame-pointer -funroll-loops (test for excess errors)
FAIL: gfortran.dg/assumed_rank_1.f90 -O3 -fomit-frame-pointer -funroll-all-loops -finline-functions (test for excess errors)
FAIL: gfortran.dg/assumed_rank_2.f90 -O3 -fomit-frame-pointer -funroll-loops (test for excess errors)
FAIL: gfortran.dg/assumed_rank_2.f90 -O3 -fomit-frame-pointer -funroll-all-loops -finline-functions (test for excess errors)
FAIL: gfortran.dg/assumed_rank_bounds_1.f90 -O3 -fomit-frame-pointer -funroll-loops (test for excess errors)
FAIL: gfortran.dg/assumed_rank_bounds_1.f90 -O3 -fomit-frame-pointer -funroll-all-loops -finline-functions (test for excess errors)
FAIL: gfortran.dg/auto_char_dummy_array_1.f90 -O3 -fomit-frame-pointer -funroll-loops (test for excess errors)
FAIL: gfortran.dg/auto_char_dummy_array_1.f90 -O3 -fomit-frame-pointer -funroll-all-loops -finline-functions (test for excess errors)
FAIL: gfortran.dg/automatic_default_init_1.f90 -O3 -fomit-frame-pointer -funroll-loops (test for excess errors)
FAIL: gfortran.dg/automatic_default_init_1.f90 -O3 -fomit-frame-pointer -funroll-all-loops -finline-functions (test for excess errors)
FAIL: gfortran.dg/bounds_check_15.f90 -O3 -fomit-frame-pointer -funroll-loops (test for excess errors)
FAIL: gfortran.dg/bounds_check_15.f90 -O3 -fomit-frame-pointer -funroll-all-loops -finline-functions (test for excess errors)
FAIL: gfortran.dg/bounds_check_2.f -O3 -fomit-frame-pointer -funroll-loops (test for excess errors)
FAIL: gfortran.dg/bounds_check_2.f -O3 -fomit-frame-pointer -funroll-all-loops -finline-functions (test for excess errors)
FAIL: gfortran.dg/c_ptr_tests_16.f90 -O (test for excess errors)
FAIL: gfortran.dg/char_allocation_1.f90 -O3 -fomit-frame-pointer -funroll-loops (test for excess errors)
FAIL: gfortran.dg/char_allocation_1.f90 -O3 -fomit-frame-pointer -funroll-all-loops -finline-functions (test for excess errors)
FAIL: gfortran.dg/char_array_structure_constructor.f90 -O3 -fomit-frame-pointer -funroll-loops (test for excess errors)
FAIL: gfortran.dg/char_array_structure_constructor.f90 -O3 -fomit-frame-pointer -funroll-all-loops -finline-functions (test for excess errors)
FAIL: gfortran.dg/char_initialiser_actual.f90 -O3 -fomit-frame-pointer -funroll-loops (test for excess errors)
FAIL: gfortran.dg/char_initialiser_actual.f90 -O3 -fomit-frame-pointer -funroll-all-loops -finline-functions (test for excess errors)
FAIL: gfortran.dg/char_length_7.f90 -O3 -fomit-frame-pointer -funroll-loops (test for excess errors)
FAIL: gfortran.dg/char_length_7.f90 -O3 -fomit-frame-pointer -funroll-all-loops -finline-functions (test for excess errors)
FAIL: gfortran.dg/char_length_8.f90 -O3 -fomit-frame-pointer -funroll-loops (test for excess errors)
FAIL: gfortran.dg/char_length_8.f90 -O3 -fomit-frame-pointer -funroll-all-loops -finline-functions (test for excess errors)
FAIL: gfortran.dg/char_pointer_func.f90 -O3 -fomit-frame-pointer -funroll-loops (test for excess errors)
FAIL: gfortran.dg/char_pointer_func.f90 -O3 -fomit-frame-pointer -funroll-all-loops -finline-functions (test for excess errors)
FAIL: gfortran.dg/char_result_13.f90 -O3 -fomit-frame-pointer -funroll-loops (test for excess errors)
FAIL: gfortran.dg/char_result_13.f90 -O3 -fomit-frame-pointer -funroll-all-loops -finline-functions (test for excess errors)
FAIL: gfortran.dg/char_result_3.f90 -O3 -fomit-frame-pointer -funroll-loops (test for excess errors)
FAIL: gfortran.dg/char_result_3.f90 -O3 -fomit-frame-pointer -funroll-all-loops -finline-functions (test for excess errors)
FAIL: gfortran.dg/class_19.f03 -O3 -fomit-frame-pointer -funroll-loops (test for excess errors)
FAIL: gfortran.dg/class_19.f03 -O3 -fomit-frame-pointer -funroll-all-loops -finline-functions (test for excess errors)
FAIL: gfortran.dg/class_48.f90 -O0 (test for excess errors)
FAIL: gfortran.dg/class_48.f90 -O1 (test for excess errors)
FAIL: gfortran.dg/class_48.f90 -O2 (test for excess errors)
FAIL: gfortran.dg/class_48.f90 -O3 -fomit-frame-pointer (test for excess errors)
FAIL: gfortran.dg/class_48.f90 -O3 -fomit-frame-pointer -funroll-loops (test for excess errors)
FAIL: gfortran.dg/class_48.f90 -O3 -fomit-frame-pointer -funroll-all-loops -finline-functions (test for excess errors)
FAIL: gfortran.dg/class_48.f90 -O3 -g (test for excess errors)
FAIL: gfortran.dg/class_48.f90 -Os (test for excess errors)
FAIL: gfortran.dg/class_allocate_10.f03 -O3 -fomit-frame-pointer -funroll-loops (test for excess errors)
FAIL: gfortran.dg/class_allocate_10.f03 -O3 -fomit-frame-pointer -funroll-all-loops -finline-functions (test for excess errors)
FAIL: gfortran.dg/class_allocate_12.f90 -O3 -fomit-frame-pointer -funroll-loops (test for excess errors)
FAIL: gfortran.dg/class_allocate_12.f90 -O3 -fomit-frame-pointer -funroll-all-loops -finline-functions (test for excess errors)
FAIL: gfortran.dg/class_allocate_13.f90 -O3 -fomit-frame-pointer -funroll-loops (test for excess errors)
FAIL: gfortran.dg/class_allocate_13.f90 -O3 -fomit-frame-pointer -funroll-all-loops -finline-functions (test for excess errors)
FAIL: gfortran.dg/class_allocate_5.f90 -O3 -fomit-frame-pointer -funroll-loops (test for excess errors)
FAIL: gfortran.dg/class_allocate_5.f90 -O3 -fomit-frame-pointer -funroll-all-loops -finline-functions (test for excess errors)
FAIL: gfortran.dg/class_allocate_6.f03 -O3 -fomit-frame-pointer -funroll-loops (test for excess errors)
FAIL: gfortran.dg/class_allocate_6.f03 -O3 -fomit-frame-pointer -funroll-all-loops -finline-functions (test for excess errors)
FAIL: gfortran.dg/class_allocate_8.f03 -O3 -fomit-frame-pointer -funroll-loops (test for excess errors)
FAIL: gfortran.dg/class_allocate_8.f03 -O3 -fomit-frame-pointer -funroll-all-loops -finline-functions (test for excess errors)
FAIL: gfortran.dg/class_array_1.f03 -O0 (test for excess errors)
FAIL: gfortran.dg/class_array_1.f03 -O1 (test for excess errors)
FAIL: gfortran.dg/class_array_1.f03 -O2 (test for excess errors)
FAIL: gfortran.dg/class_array_1.f03 -O3 -fomit-frame-pointer (test for excess errors)
FAIL: gfortran.dg/class_array_1.f03 -O3 -fomit-frame-pointer -funroll-loops (test for excess errors)
FAIL: gfortran.dg/class_array_1.f03 -O3 -fomit-frame-pointer -funroll-all-loops -finline-functions (test for excess errors)
FAIL: gfortran.dg/class_array_1.f03 -O3 -g (test for excess errors)
FAIL: gfortran.dg/class_array_1.f03 -Os (test for excess errors)
FAIL: gfortran.dg/class_array_15.f03 -O0 (test for excess errors)
FAIL: gfortran.dg/class_array_15.f03 -O1 (test for excess errors)
FAIL: gfortran.dg/class_array_15.f03 -O2 (test for excess errors)
FAIL: gfortran.dg/class_array_15.f03 -O3 -fomit-frame-pointer (test for excess errors)
FAIL: gfortran.dg/class_array_15.f03 -O3 -fomit-frame-pointer -funroll-loops (test for excess errors)
FAIL: gfortran.dg/class_array_15.f03 -O3 -fomit-frame-pointer -funroll-all-loops -finline-functions (test for excess errors)
FAIL: gfortran.dg/class_array_15.f03 -O3 -g (test for excess errors)
FAIL: gfortran.dg/class_array_15.f03 -Os (test for excess errors)
FAIL: gfortran.dg/class_array_2.f03 -O0 (test for excess errors)
FAIL: gfortran.dg/class_array_2.f03 -O1 (test for excess errors)
FAIL: gfortran.dg/class_array_2.f03 -O2 (test for excess errors)
FAIL: gfortran.dg/class_array_2.f03 -O3 -fomit-frame-pointer (test for excess errors)
FAIL: gfortran.dg/class_array_2.f03 -O3 -fomit-frame-pointer -funroll-loops (test for excess errors)
FAIL: gfortran.dg/class_array_2.f03 -O3 -fomit-frame-pointer -funroll-all-loops -finline-functions (test for excess errors)
FAIL: gfortran.dg/class_array_2.f03 -O3 -g (test for excess errors)
FAIL: gfortran.dg/class_array_2.f03 -Os (test for excess errors)
FAIL: gfortran.dg/class_array_3.f03 -O0 (test for excess errors)
FAIL: gfortran.dg/class_array_3.f03 -O1 (test for excess errors)
FAIL: gfortran.dg/class_array_3.f03 -O2 (test for excess errors)
FAIL: gfortran.dg/class_array_3.f03 -O3 -fomit-frame-pointer (test for excess errors)
FAIL: gfortran.dg/class_array_3.f03 -O3 -fomit-frame-pointer -funroll-loops (test for excess errors)
FAIL: gfortran.dg/class_array_3.f03 -O3 -fomit-frame-pointer -funroll-all-loops -finline-functions (test for excess errors)
FAIL: gfortran.dg/class_array_3.f03 -O3 -g (test for excess errors)
FAIL: gfortran.dg/class_array_3.f03 -Os (test for excess errors)
FAIL: gfortran.dg/class_array_7.f03 -O3 -fomit-frame-pointer -funroll-loops (test for excess errors)
FAIL: gfortran.dg/class_array_7.f03 -O3 -fomit-frame-pointer -funroll-all-loops -finline-functions (test for excess errors)
FAIL: gfortran.dg/class_array_9.f03 -O0 (test for excess errors)
FAIL: gfortran.dg/class_array_9.f03 -O1 (test for excess errors)
FAIL: gfortran.dg/class_array_9.f03 -O2 (test for excess errors)
FAIL: gfortran.dg/class_array_9.f03 -O3 -fomit-frame-pointer (test for excess errors)
FAIL: gfortran.dg/class_array_9.f03 -O3 -fomit-frame-pointer -funroll-loops (test for excess errors)
FAIL: gfortran.dg/class_array_9.f03 -O3 -fomit-frame-pointer -funroll-all-loops -finline-functions (test for excess errors)
FAIL: gfortran.dg/class_array_9.f03 -O3 -g (test for excess errors)
FAIL: gfortran.dg/class_array_9.f03 -Os (test for excess errors)
FAIL: gfortran.dg/class_optional_1.f90 -O3 -fomit-frame-pointer -funroll-loops (test for excess errors)
FAIL: gfortran.dg/class_optional_1.f90 -O3 -fomit-frame-pointer -funroll-all-loops -finline-functions (test for excess errors)
FAIL: gfortran.dg/class_optional_2.f90 -O3 -fomit-frame-pointer -funroll-loops (test for excess errors)
FAIL: gfortran.dg/class_optional_2.f90 -O3 -fomit-frame-pointer -funroll-all-loops -finline-functions (test for excess errors)
FAIL: gfortran.dg/class_to_type_1.f03 -O0 (test for excess errors)
FAIL: gfortran.dg/class_to_type_1.f03 -O1 (test for excess errors)
FAIL: gfortran.dg/class_to_type_1.f03 -O2 (test for excess errors)
FAIL: gfortran.dg/class_to_type_1.f03 -O3 -fomit-frame-pointer (test for excess errors)
FAIL: gfortran.dg/class_to_type_1.f03 -O3 -fomit-frame-pointer -funroll-loops (test for excess errors)
FAIL: gfortran.dg/class_to_type_1.f03 -O3 -fomit-frame-pointer -funroll-all-loops -finline-functions (test for excess errors)
FAIL: gfortran.dg/class_to_type_1.f03 -O3 -g (test for excess errors)
FAIL: gfortran.dg/class_to_type_1.f03 -Os (test for excess errors)
FAIL: gfortran.dg/class_to_type_2.f90 -O3 -fomit-frame-pointer -funroll-loops (test for excess errors)
FAIL: gfortran.dg/class_to_type_2.f90 -O3 -fomit-frame-pointer -funroll-all-loops -finline-functions (test for excess errors)
FAIL: gfortran.dg/contiguous_1.f90 -O (test for excess errors)
FAIL: gfortran.dg/cshift_bounds_1.f90 -O3 -fomit-frame-pointer -funroll-loops (test for excess errors)
FAIL: gfortran.dg/cshift_bounds_1.f90 -O3 -fomit-frame-pointer -funroll-all-loops -finline-functions (test for excess errors)
FAIL: gfortran.dg/deferred_type_component_1.f90 -O0 (test for excess errors)
FAIL: gfortran.dg/deferred_type_component_1.f90 -O1 (test for excess errors)
FAIL: gfortran.dg/deferred_type_component_1.f90 -O2 (test for excess errors)
FAIL: gfortran.dg/deferred_type_component_1.f90 -O3 -fomit-frame-pointer (test for excess errors)
FAIL: gfortran.dg/deferred_type_component_1.f90 -O3 -fomit-frame-pointer -funroll-loops (test for excess errors)
FAIL: gfortran.dg/deferred_type_component_1.f90 -O3 -fomit-frame-pointer -funroll-all-loops -finline-functions (test for excess errors)
FAIL: gfortran.dg/deferred_type_component_1.f90 -O3 -g (test for excess errors)
FAIL: gfortran.dg/deferred_type_component_1.f90 -Os (test for excess errors)
FAIL: gfortran.dg/deferred_type_component_2.f90 -O0 (test for excess errors)
FAIL: gfortran.dg/deferred_type_component_2.f90 -O1 (test for excess errors)
FAIL: gfortran.dg/deferred_type_component_2.f90 -O2 (test for excess errors)
FAIL: gfortran.dg/deferred_type_component_2.f90 -O3 -fomit-frame-pointer (test for excess errors)
FAIL: gfortran.dg/deferred_type_component_2.f90 -O3 -fomit-frame-pointer -funroll-loops (test for excess errors)
FAIL: gfortran.dg/deferred_type_component_2.f90 -O3 -fomit-frame-pointer -funroll-all-loops -finline-functions (test for excess errors)
FAIL: gfortran.dg/deferred_type_component_2.f90 -O3 -g (test for excess errors)
FAIL: gfortran.dg/deferred_type_component_2.f90 -Os (test for excess errors)
FAIL: gfortran.dg/defined_assignment_11.f90 -O3 -fomit-frame-pointer -funroll-loops (test for excess errors)
FAIL: gfortran.dg/defined_assignment_11.f90 -O3 -fomit-frame-pointer -funroll-all-loops -finline-functions (test for excess errors)
FAIL: gfortran.dg/defined_assignment_2.f90 -O3 -fomit-frame-pointer -funroll-loops (test for excess errors)
FAIL: gfortran.dg/defined_assignment_2.f90 -O3 -fomit-frame-pointer -funroll-all-loops -finline-functions (test for excess errors)
FAIL: gfortran.dg/defined_assignment_3.f90 -O0 (test for excess errors)
FAIL: gfortran.dg/defined_assignment_3.f90 -O1 (test for excess errors)
FAIL: gfortran.dg/defined_assignment_3.f90 -O2 (test for excess errors)
FAIL: gfortran.dg/defined_assignment_3.f90 -O3 -fomit-frame-pointer (test for excess errors)
FAIL: gfortran.dg/defined_assignment_3.f90 -O3 -fomit-frame-pointer -funroll-loops (test for excess errors)
FAIL: gfortran.dg/defined_assignment_3.f90 -O3 -fomit-frame-pointer -funroll-all-loops -finline-functions (test for excess errors)
FAIL: gfortran.dg/defined_assignment_3.f90 -O3 -g (test for excess errors)
FAIL: gfortran.dg/defined_assignment_3.f90 -Os (test for excess errors)
FAIL: gfortran.dg/defined_assignment_5.f90 -O0 (test for excess errors)
FAIL: gfortran.dg/defined_assignment_5.f90 -O1 (test for excess errors)
FAIL: gfortran.dg/defined_assignment_5.f90 -O2 (test for excess errors)
FAIL: gfortran.dg/defined_assignment_5.f90 -O3 -fomit-frame-pointer (test for excess errors)
FAIL: gfortran.dg/defined_assignment_5.f90 -O3 -fomit-frame-pointer -funroll-loops (test for excess errors)
FAIL: gfortran.dg/defined_assignment_5.f90 -O3 -fomit-frame-pointer -funroll-all-loops -finline-functions (test for excess errors)
FAIL: gfortran.dg/defined_assignment_5.f90 -O3 -g (test for excess errors)
FAIL: gfortran.dg/defined_assignment_5.f90 -Os (test for excess errors)
FAIL: gfortran.dg/defined_assignment_9.f90 -O3 -fomit-frame-pointer -funroll-loops (test for excess errors)
FAIL: gfortran.dg/defined_assignment_9.f90 -O3 -fomit-frame-pointer -funroll-all-loops -finline-functions (test for excess errors)
FAIL: gfortran.dg/derived_comp_array_ref_1.f90 -O3 -fomit-frame-pointer -funroll-loops (test for excess errors)
FAIL: gfortran.dg/derived_comp_array_ref_1.f90 -O3 -fomit-frame-pointer -funroll-all-loops -finline-functions (test for excess errors)
FAIL: gfortran.dg/direct_io_10.f -O3 -fomit-frame-pointer -funroll-loops (test for excess errors)
FAIL: gfortran.dg/direct_io_10.f -O3 -fomit-frame-pointer -funroll-all-loops -finline-functions (test for excess errors)
FAIL: gfortran.dg/dummy_procedure_7.f90 -O3 -fomit-frame-pointer -funroll-loops (test for excess errors)
FAIL: gfortran.dg/dummy_procedure_7.f90 -O3 -fomit-frame-pointer -funroll-all-loops -finline-functions (test for excess errors)
FAIL: gfortran.dg/dynamic_dispatch_4.f03 -O3 -fomit-frame-pointer -funroll-loops (test for excess errors)
FAIL: gfortran.dg/dynamic_dispatch_4.f03 -O3 -fomit-frame-pointer -funroll-all-loops -finline-functions (test for excess errors)
FAIL: gfortran.dg/dynamic_dispatch_5.f03 -O3 -fomit-frame-pointer -funroll-loops (test for excess errors)
FAIL: gfortran.dg/dynamic_dispatch_5.f03 -O3 -fomit-frame-pointer -funroll-all-loops -finline-functions (test for excess errors)
FAIL: gfortran.dg/dynamic_dispatch_8.f03 -O3 -fomit-frame-pointer -funroll-loops (test for excess errors)
FAIL: gfortran.dg/dynamic_dispatch_8.f03 -O3 -fomit-frame-pointer -funroll-all-loops -finline-functions (test for excess errors)
FAIL: gfortran.dg/elemental_optional_args_5.f03 -O0 (test for excess errors)
FAIL: gfortran.dg/elemental_optional_args_5.f03 -O1 (test for excess errors)
FAIL: gfortran.dg/elemental_optional_args_5.f03 -O2 (test for excess errors)
FAIL: gfortran.dg/elemental_optional_args_5.f03 -O3 -fomit-frame-pointer (test for excess errors)
FAIL: gfortran.dg/elemental_optional_args_5.f03 -O3 -fomit-frame-pointer -funroll-loops (test for excess errors)
FAIL: gfortran.dg/elemental_optional_args_5.f03 -O3 -fomit-frame-pointer -funroll-all-loops -finline-functions (test for excess errors)
FAIL: gfortran.dg/elemental_optional_args_5.f03 -O3 -g (test for excess errors)
FAIL: gfortran.dg/elemental_optional_args_5.f03 -Os (test for excess errors)
FAIL: gfortran.dg/elemental_subroutine_10.f90 -O3 -fomit-frame-pointer -funroll-loops (test for excess errors)
FAIL: gfortran.dg/elemental_subroutine_10.f90 -O3 -fomit-frame-pointer -funroll-all-loops -finline-functions (test for excess errors)
FAIL: gfortran.dg/elemental_subroutine_2.f90 -O0 (test for excess errors)
FAIL: gfortran.dg/elemental_subroutine_2.f90 -O1 (test for excess errors)
FAIL: gfortran.dg/elemental_subroutine_2.f90 -O2 (test for excess errors)
FAIL: gfortran.dg/elemental_subroutine_2.f90 -O3 -fomit-frame-pointer (test for excess errors)
FAIL: gfortran.dg/elemental_subroutine_2.f90 -O3 -fomit-frame-pointer -funroll-loops (test for excess errors)
FAIL: gfortran.dg/elemental_subroutine_2.f90 -O3 -fomit-frame-pointer -funroll-all-loops -finline-functions (test for excess errors)
FAIL: gfortran.dg/elemental_subroutine_2.f90 -O3 -g (test for excess errors)
FAIL: gfortran.dg/elemental_subroutine_2.f90 -Os (test for excess errors)
FAIL: gfortran.dg/finalize_13.f90 -O3 -fomit-frame-pointer -funroll-loops (test for excess errors)
FAIL: gfortran.dg/finalize_13.f90 -O3 -fomit-frame-pointer -funroll-all-loops -finline-functions (test for excess errors)
FAIL: gfortran.dg/finalize_15.f90 -O3 -fomit-frame-pointer -funroll-loops (test for excess errors)
FAIL: gfortran.dg/finalize_15.f90 -O3 -fomit-frame-pointer -funroll-all-loops -finline-functions (test for excess errors)
FAIL: gfortran.dg/finalize_17.f90 -O3 -fomit-frame-pointer -funroll-loops (test for excess errors)
FAIL: gfortran.dg/finalize_17.f90 -O3 -fomit-frame-pointer -funroll-all-loops -finline-functions (test for excess errors)
FAIL: gfortran.dg/finalize_25.f90 -O3 -fomit-frame-pointer -funroll-loops (test for excess errors)
FAIL: gfortran.dg/finalize_25.f90 -O3 -fomit-frame-pointer -funroll-all-loops -finline-functions (test for excess errors)
FAIL: gfortran.dg/func_assign_3.f90 -O3 -fomit-frame-pointer -funroll-loops (test for excess errors)
FAIL: gfortran.dg/func_assign_3.f90 -O3 -fomit-frame-pointer -funroll-all-loops -finline-functions (test for excess errors)
FAIL: gfortran.dg/func_result_6.f90 -O3 -fomit-frame-pointer -funroll-loops (test for excess errors)
FAIL: gfortran.dg/func_result_6.f90 -O3 -fomit-frame-pointer -funroll-all-loops -finline-functions (test for excess errors)
FAIL: gfortran.dg/generic_15.f90 -O3 -fomit-frame-pointer -funroll-loops (test for excess errors)
FAIL: gfortran.dg/generic_15.f90 -O3 -fomit-frame-pointer -funroll-all-loops -finline-functions (test for excess errors)
FAIL: gfortran.dg/inline_sum_3.f90 -O3 -fomit-frame-pointer -funroll-loops (test for excess errors)
FAIL: gfortran.dg/inline_sum_3.f90 -O3 -fomit-frame-pointer -funroll-all-loops -finline-functions (test for excess errors)
FAIL: gfortran.dg/integer_exponentiation_2.f90 -O0 (test for excess errors)
FAIL: gfortran.dg/integer_exponentiation_2.f90 -O1 (test for excess errors)
FAIL: gfortran.dg/integer_exponentiation_2.f90 -O2 (test for excess errors)
FAIL: gfortran.dg/integer_exponentiation_2.f90 -O3 -fomit-frame-pointer (test for excess errors)
FAIL: gfortran.dg/integer_exponentiation_2.f90 -O3 -fomit-frame-pointer -funroll-loops (test for excess errors)
FAIL: gfortran.dg/integer_exponentiation_2.f90 -O3 -fomit-frame-pointer -funroll-all-loops -finline-functions (test for excess errors)
FAIL: gfortran.dg/integer_exponentiation_2.f90 -O3 -g (test for excess errors)
FAIL: gfortran.dg/integer_exponentiation_2.f90 -Os (test for excess errors)
FAIL: gfortran.dg/integer_exponentiation_3.F90 -O0 (test for excess errors)
FAIL: gfortran.dg/integer_exponentiation_3.F90 -O1 (test for excess errors)
FAIL: gfortran.dg/integer_exponentiation_3.F90 -O2 (test for excess errors)
FAIL: gfortran.dg/integer_exponentiation_3.F90 -O3 -fomit-frame-pointer (test for excess errors)
FAIL: gfortran.dg/integer_exponentiation_3.F90 -O3 -fomit-frame-pointer -funroll-loops (test for excess errors)
FAIL: gfortran.dg/integer_exponentiation_3.F90 -O3 -fomit-frame-pointer -funroll-all-loops -finline-functions (test for excess errors)
FAIL: gfortran.dg/integer_exponentiation_3.F90 -O3 -g (test for excess errors)
FAIL: gfortran.dg/integer_exponentiation_3.F90 -Os (test for excess errors)
FAIL: gfortran.dg/integer_exponentiation_5.F90 -O0 (test for excess errors)
FAIL: gfortran.dg/integer_exponentiation_5.F90 -O1 (test for excess errors)
FAIL: gfortran.dg/integer_exponentiation_5.F90 -O2 (test for excess errors)
FAIL: gfortran.dg/integer_exponentiation_5.F90 -O3 -fomit-frame-pointer (test for excess errors)
FAIL: gfortran.dg/integer_exponentiation_5.F90 -O3 -fomit-frame-pointer -funroll-loops (test for excess errors)
FAIL: gfortran.dg/integer_exponentiation_5.F90 -O3 -fomit-frame-pointer -funroll-all-loops -finline-functions (test for excess errors)
FAIL: gfortran.dg/integer_exponentiation_5.F90 -O3 -g (test for excess errors)
FAIL: gfortran.dg/integer_exponentiation_5.F90 -Os (test for excess errors)
FAIL: gfortran.dg/intent_out_2.f90 -O3 -fomit-frame-pointer -funroll-loops (test for excess errors)
FAIL: gfortran.dg/intent_out_2.f90 -O3 -fomit-frame-pointer -funroll-all-loops -finline-functions (test for excess errors)
FAIL: gfortran.dg/interface_12.f90 -O3 -fomit-frame-pointer -funroll-loops (test for excess errors)
FAIL: gfortran.dg/interface_12.f90 -O3 -fomit-frame-pointer -funroll-all-loops -finline-functions (test for excess errors)
FAIL: gfortran.dg/internal_pack_10.f90 -O3 -fomit-frame-pointer -funroll-loops (test for excess errors)
FAIL: gfortran.dg/internal_pack_10.f90 -O3 -fomit-frame-pointer -funroll-all-loops -finline-functions (test for excess errors)
FAIL: gfortran.dg/intrinsic_ifunction_1.f90 -O3 -fomit-frame-pointer -funroll-loops (test for excess errors)
FAIL: gfortran.dg/intrinsic_ifunction_1.f90 -O3 -fomit-frame-pointer -funroll-all-loops -finline-functions (test for excess errors)
FAIL: gfortran.dg/intrinsic_product_1.f90 -O3 -fomit-frame-pointer -funroll-loops (test for excess errors)
FAIL: gfortran.dg/intrinsic_product_1.f90 -O3 -fomit-frame-pointer -funroll-all-loops -finline-functions (test for excess errors)
FAIL: gfortran.dg/intrinsic_unpack_1.f90 -O3 -fomit-frame-pointer -funroll-loops (test for excess errors)
FAIL: gfortran.dg/intrinsic_unpack_1.f90 -O3 -fomit-frame-pointer -funroll-all-loops -finline-functions (test for excess errors)
FAIL: gfortran.dg/intrinsic_unpack_2.f90 -O3 -fomit-frame-pointer -funroll-loops (test for excess errors)
FAIL: gfortran.dg/intrinsic_unpack_2.f90 -O3 -fomit-frame-pointer -funroll-all-loops -finline-functions (test for excess errors)
FAIL: gfortran.dg/intrinsic_unpack_3.f90 -O3 -fomit-frame-pointer -funroll-loops (test for excess errors)
FAIL: gfortran.dg/intrinsic_unpack_3.f90 -O3 -fomit-frame-pointer -funroll-all-loops -finline-functions (test for excess errors)
FAIL: gfortran.dg/mapping_1.f90 -O3 -fomit-frame-pointer -funroll-loops (test for excess errors)
FAIL: gfortran.dg/mapping_1.f90 -O3 -fomit-frame-pointer -funroll-all-loops -finline-functions (test for excess errors)
FAIL: gfortran.dg/matmul_1.f90 -O3 -fomit-frame-pointer -funroll-loops (test for excess errors)
FAIL: gfortran.dg/matmul_1.f90 -O3 -fomit-frame-pointer -funroll-all-loops -finline-functions (test for excess errors)
FAIL: gfortran.dg/matmul_5.f90 -O3 -fomit-frame-pointer -funroll-loops (test for excess errors)
FAIL: gfortran.dg/matmul_5.f90 -O3 -fomit-frame-pointer -funroll-all-loops -finline-functions (test for excess errors)
FAIL: gfortran.dg/maxlocval_1.f90 -O3 -fomit-frame-pointer -funroll-loops (test for excess errors)
FAIL: gfortran.dg/maxlocval_1.f90 -O3 -fomit-frame-pointer -funroll-all-loops -finline-functions (test for excess errors)
FAIL: gfortran.dg/minmaxloc_7.f90 -O3 -fomit-frame-pointer -funroll-loops (test for excess errors)
FAIL: gfortran.dg/minmaxloc_7.f90 -O3 -fomit-frame-pointer -funroll-all-loops -finline-functions (test for excess errors)
FAIL: gfortran.dg/module_read_2.f90 -O3 -fomit-frame-pointer -funroll-loops (test for excess errors)
FAIL: gfortran.dg/module_read_2.f90 -O3 -fomit-frame-pointer -funroll-all-loops -finline-functions (test for excess errors)
FAIL: gfortran.dg/move_alloc_13.f90 -O0 (test for excess errors)
FAIL: gfortran.dg/move_alloc_13.f90 -O1 (test for excess errors)
FAIL: gfortran.dg/move_alloc_13.f90 -O2 (test for excess errors)
FAIL: gfortran.dg/move_alloc_13.f90 -O3 -fomit-frame-pointer (test for excess errors)
FAIL: gfortran.dg/move_alloc_13.f90 -O3 -fomit-frame-pointer -funroll-loops (test for excess errors)
FAIL: gfortran.dg/move_alloc_13.f90 -O3 -fomit-frame-pointer -funroll-all-loops -finline-functions (test for excess errors)
FAIL: gfortran.dg/move_alloc_13.f90 -O3 -g (test for excess errors)
FAIL: gfortran.dg/move_alloc_13.f90 -Os (test for excess errors)
FAIL: gfortran.dg/mvbits_5.f90 -O3 -fomit-frame-pointer -funroll-loops (test for excess errors)
FAIL: gfortran.dg/mvbits_5.f90 -O3 -fomit-frame-pointer -funroll-all-loops -finline-functions (test for excess errors)
FAIL: gfortran.dg/mvbits_7.f90 -O0 (test for excess errors)
FAIL: gfortran.dg/mvbits_7.f90 -O1 (test for excess errors)
FAIL: gfortran.dg/mvbits_7.f90 -O2 (test for excess errors)
FAIL: gfortran.dg/mvbits_7.f90 -O3 -fomit-frame-pointer (test for excess errors)
FAIL: gfortran.dg/mvbits_7.f90 -O3 -fomit-frame-pointer -funroll-loops (test for excess errors)
FAIL: gfortran.dg/mvbits_7.f90 -O3 -fomit-frame-pointer -funroll-all-loops -finline-functions (test for excess errors)
FAIL: gfortran.dg/mvbits_7.f90 -O3 -g (test for excess errors)
FAIL: gfortran.dg/mvbits_7.f90 -Os (test for excess errors)
FAIL: gfortran.dg/namelist_70.f90 -O3 -fomit-frame-pointer -funroll-loops (test for excess errors)
FAIL: gfortran.dg/namelist_70.f90 -O3 -fomit-frame-pointer -funroll-all-loops -finline-functions (test for excess errors)
FAIL: gfortran.dg/nested_allocatables_1.f90 -O0 (test for excess errors)
FAIL: gfortran.dg/nested_allocatables_1.f90 -O1 (test for excess errors)
FAIL: gfortran.dg/nested_allocatables_1.f90 -O2 (test for excess errors)
FAIL: gfortran.dg/nested_allocatables_1.f90 -O3 -fomit-frame-pointer (test for excess errors)
FAIL: gfortran.dg/nested_allocatables_1.f90 -O3 -fomit-frame-pointer -funroll-loops (test for excess errors)
FAIL: gfortran.dg/nested_allocatables_1.f90 -O3 -fomit-frame-pointer -funroll-all-loops -finline-functions (test for excess errors)
FAIL: gfortran.dg/nested_allocatables_1.f90 -O3 -g (test for excess errors)
FAIL: gfortran.dg/nested_allocatables_1.f90 -Os (test for excess errors)
FAIL: gfortran.dg/no_range_check_1.f90 -O0 (test for excess errors)
FAIL: gfortran.dg/no_range_check_1.f90 -O1 (test for excess errors)
FAIL: gfortran.dg/no_range_check_1.f90 -O2 (test for excess errors)
FAIL: gfortran.dg/no_range_check_1.f90 -O3 -fomit-frame-pointer (test for excess errors)
FAIL: gfortran.dg/no_range_check_1.f90 -O3 -fomit-frame-pointer -funroll-loops (test for excess errors)
FAIL: gfortran.dg/no_range_check_1.f90 -O3 -fomit-frame-pointer -funroll-all-loops -finline-functions (test for excess errors)
FAIL: gfortran.dg/no_range_check_1.f90 -O3 -g (test for excess errors)
FAIL: gfortran.dg/no_range_check_1.f90 -Os (test for excess errors)
FAIL: gfortran.dg/optional_class_1.f90 -O0 (test for excess errors)
FAIL: gfortran.dg/optional_class_1.f90 -O1 (test for excess errors)
FAIL: gfortran.dg/optional_class_1.f90 -O2 (test for excess errors)
FAIL: gfortran.dg/optional_class_1.f90 -O3 -fomit-frame-pointer (test for excess errors)
FAIL: gfortran.dg/optional_class_1.f90 -O3 -fomit-frame-pointer -funroll-loops (test for excess errors)
FAIL: gfortran.dg/optional_class_1.f90 -O3 -fomit-frame-pointer -funroll-all-loops -finline-functions (test for excess errors)
FAIL: gfortran.dg/optional_class_1.f90 -O3 -g (test for excess errors)
FAIL: gfortran.dg/optional_class_1.f90 -Os (test for excess errors)
FAIL: gfortran.dg/optional_dim_3.f90 -O3 -fomit-frame-pointer -funroll-loops (test for excess errors)
FAIL: gfortran.dg/optional_dim_3.f90 -O3 -fomit-frame-pointer -funroll-all-loops -finline-functions (test for excess errors)
FAIL: gfortran.dg/pointer_remapping_5.f08 -O3 -fomit-frame-pointer -funroll-loops (test for excess errors)
FAIL: gfortran.dg/pointer_remapping_5.f08 -O3 -fomit-frame-pointer -funroll-all-loops -finline-functions (test for excess errors)
FAIL: gfortran.dg/pr15324.f90 -O3 -fomit-frame-pointer -funroll-loops (test for excess errors)
FAIL: gfortran.dg/pr15324.f90 -O3 -fomit-frame-pointer -funroll-all-loops -finline-functions (test for excess errors)
FAIL: gfortran.dg/pr43808.f90 -O0 (test for excess errors)
FAIL: gfortran.dg/pr43808.f90 -O1 (test for excess errors)
FAIL: gfortran.dg/pr43808.f90 -O2 (test for excess errors)
FAIL: gfortran.dg/pr43808.f90 -O3 -fomit-frame-pointer (test for excess errors)
FAIL: gfortran.dg/pr43808.f90 -O3 -fomit-frame-pointer -funroll-loops (test for excess errors)
FAIL: gfortran.dg/pr43808.f90 -O3 -fomit-frame-pointer -funroll-all-loops -finline-functions (test for excess errors)
FAIL: gfortran.dg/pr43808.f90 -O3 -g (test for excess errors)
FAIL: gfortran.dg/pr43808.f90 -Os (test for excess errors)
FAIL: gfortran.dg/pr46804.f90 -O0 (test for excess errors)
FAIL: gfortran.dg/pr46804.f90 -O1 (test for excess errors)
FAIL: gfortran.dg/pr46804.f90 -O2 (test for excess errors)
FAIL: gfortran.dg/pr46804.f90 -O3 -fomit-frame-pointer (test for excess errors)
FAIL: gfortran.dg/pr46804.f90 -O3 -fomit-frame-pointer -funroll-loops (test for excess errors)
FAIL: gfortran.dg/pr46804.f90 -O3 -fomit-frame-pointer -funroll-all-loops -finline-functions (test for excess errors)
FAIL: gfortran.dg/pr46804.f90 -O3 -g (test for excess errors)
FAIL: gfortran.dg/pr46804.f90 -Os (test for excess errors)
FAIL: gfortran.dg/product_init_expr.f03 -O3 -fomit-frame-pointer -funroll-loops (test for excess errors)
FAIL: gfortran.dg/product_init_expr.f03 -O3 -fomit-frame-pointer -funroll-all-loops -finline-functions (test for excess errors)
FAIL: gfortran.dg/random_4.f90 -O3 -fomit-frame-pointer -funroll-loops (test for excess errors)
FAIL: gfortran.dg/random_4.f90 -O3 -fomit-frame-pointer -funroll-all-loops -finline-functions (test for excess errors)
FAIL: gfortran.dg/random_7.f90 -O3 -fomit-frame-pointer -funroll-loops (test for excess errors)
FAIL: gfortran.dg/random_7.f90 -O3 -fomit-frame-pointer -funroll-all-loops -finline-functions (test for excess errors)
FAIL: gfortran.dg/realloc_on_assign_14.f90 -O (test for excess errors)
FAIL: gfortran.dg/realloc_on_assign_15.f90 -O3 -fomit-frame-pointer -funroll-loops (test for excess errors)
FAIL: gfortran.dg/realloc_on_assign_15.f90 -O3 -fomit-frame-pointer -funroll-all-loops -finline-functions (test for excess errors)
FAIL: gfortran.dg/realloc_on_assign_16.f90 -O0 (test for excess errors)
FAIL: gfortran.dg/realloc_on_assign_16.f90 -O1 (test for excess errors)
FAIL: gfortran.dg/realloc_on_assign_16.f90 -O2 (test for excess errors)
FAIL: gfortran.dg/realloc_on_assign_16.f90 -O3 -fomit-frame-pointer (test for excess errors)
FAIL: gfortran.dg/realloc_on_assign_16.f90 -O3 -fomit-frame-pointer -funroll-loops (test for excess errors)
FAIL: gfortran.dg/realloc_on_assign_16.f90 -O3 -fomit-frame-pointer -funroll-all-loops -finline-functions (test for excess errors)
FAIL: gfortran.dg/realloc_on_assign_16.f90 -O3 -g (test for excess errors)
FAIL: gfortran.dg/realloc_on_assign_16.f90 -Os (test for excess errors)
FAIL: gfortran.dg/realloc_on_assign_17.f90 -O0 (test for excess errors)
FAIL: gfortran.dg/realloc_on_assign_17.f90 -O1 (test for excess errors)
FAIL: gfortran.dg/realloc_on_assign_17.f90 -O2 (test for excess errors)
FAIL: gfortran.dg/realloc_on_assign_17.f90 -O3 -fomit-frame-pointer (test for excess errors)
FAIL: gfortran.dg/realloc_on_assign_17.f90 -O3 -fomit-frame-pointer -funroll-loops (test for excess errors)
FAIL: gfortran.dg/realloc_on_assign_17.f90 -O3 -fomit-frame-pointer -funroll-all-loops -finline-functions (test for excess errors)
FAIL: gfortran.dg/realloc_on_assign_17.f90 -O3 -g (test for excess errors)
FAIL: gfortran.dg/realloc_on_assign_17.f90 -Os (test for excess errors)
FAIL: gfortran.dg/realloc_on_assign_23.f90 -O0 (test for excess errors)
FAIL: gfortran.dg/realloc_on_assign_23.f90 -O1 (test for excess errors)
FAIL: gfortran.dg/realloc_on_assign_23.f90 -O2 (test for excess errors)
FAIL: gfortran.dg/realloc_on_assign_23.f90 -O3 -fomit-frame-pointer (test for excess errors)
FAIL: gfortran.dg/realloc_on_assign_23.f90 -O3 -fomit-frame-pointer -funroll-loops (test for excess errors)
FAIL: gfortran.dg/realloc_on_assign_23.f90 -O3 -fomit-frame-pointer -funroll-all-loops -finline-functions (test for excess errors)
FAIL: gfortran.dg/realloc_on_assign_23.f90 -O3 -g (test for excess errors)
FAIL: gfortran.dg/realloc_on_assign_23.f90 -Os (test for excess errors)
FAIL: gfortran.dg/realloc_on_assign_7.f03 -O3 -fomit-frame-pointer -funroll-loops (test for excess errors)
FAIL: gfortran.dg/realloc_on_assign_7.f03 -O3 -fomit-frame-pointer -funroll-all-loops -finline-functions (test for excess errors)
FAIL: gfortran.dg/reshape-alloc.f90 -O3 -fomit-frame-pointer -funroll-loops (test for excess errors)
FAIL: gfortran.dg/reshape-alloc.f90 -O3 -fomit-frame-pointer -funroll-all-loops -finline-functions (test for excess errors)
FAIL: gfortran.dg/reshape_order_1.f90 -O3 -fomit-frame-pointer -funroll-loops (test for excess errors)
FAIL: gfortran.dg/reshape_order_1.f90 -O3 -fomit-frame-pointer -funroll-all-loops -finline-functions (test for excess errors)
FAIL: gfortran.dg/reshape_order_2.f90 -O3 -fomit-frame-pointer -funroll-loops (test for excess errors)
FAIL: gfortran.dg/reshape_order_2.f90 -O3 -fomit-frame-pointer -funroll-all-loops -finline-functions (test for excess errors)
FAIL: gfortran.dg/reshape_order_3.f90 -O3 -fomit-frame-pointer -funroll-loops (test for excess errors)
FAIL: gfortran.dg/reshape_order_3.f90 -O3 -fomit-frame-pointer -funroll-all-loops -finline-functions (test for excess errors)
FAIL: gfortran.dg/reshape_order_4.f90 -O3 -fomit-frame-pointer -funroll-loops (test for excess errors)
FAIL: gfortran.dg/reshape_order_4.f90 -O3 -fomit-frame-pointer -funroll-all-loops -finline-functions (test for excess errors)
FAIL: gfortran.dg/result_in_spec_1.f90 -O3 -fomit-frame-pointer -funroll-loops (test for excess errors)
FAIL: gfortran.dg/result_in_spec_1.f90 -O3 -fomit-frame-pointer -funroll-all-loops -finline-functions (test for excess errors)
FAIL: gfortran.dg/ret_pointer_2.f90 -O3 -fomit-frame-pointer -funroll-loops (test for excess errors)
FAIL: gfortran.dg/ret_pointer_2.f90 -O3 -fomit-frame-pointer -funroll-all-loops -finline-functions (test for excess errors)
FAIL: gfortran.dg/select_type_19.f03 -O3 -fomit-frame-pointer -funroll-loops (test for excess errors)
FAIL: gfortran.dg/select_type_19.f03 -O3 -fomit-frame-pointer -funroll-all-loops -finline-functions (test for excess errors)
FAIL: gfortran.dg/select_type_26.f03 -O0 (test for excess errors)
FAIL: gfortran.dg/select_type_26.f03 -O1 (test for excess errors)
FAIL: gfortran.dg/select_type_26.f03 -O2 (test for excess errors)
FAIL: gfortran.dg/select_type_26.f03 -O3 -fomit-frame-pointer (test for excess errors)
FAIL: gfortran.dg/select_type_26.f03 -O3 -fomit-frame-pointer -funroll-loops (test for excess errors)
FAIL: gfortran.dg/select_type_26.f03 -O3 -fomit-frame-pointer -funroll-all-loops -finline-functions (test for excess errors)
FAIL: gfortran.dg/select_type_26.f03 -O3 -g (test for excess errors)
FAIL: gfortran.dg/select_type_26.f03 -Os (test for excess errors)
FAIL: gfortran.dg/select_type_27.f03 -O0 (test for excess errors)
FAIL: gfortran.dg/select_type_27.f03 -O1 (test for excess errors)
FAIL: gfortran.dg/select_type_27.f03 -O2 (test for excess errors)
FAIL: gfortran.dg/select_type_27.f03 -O3 -fomit-frame-pointer (test for excess errors)
FAIL: gfortran.dg/select_type_27.f03 -O3 -fomit-frame-pointer -funroll-loops (test for excess errors)
FAIL: gfortran.dg/select_type_27.f03 -O3 -fomit-frame-pointer -funroll-all-loops -finline-functions (test for excess errors)
FAIL: gfortran.dg/select_type_27.f03 -O3 -g (test for excess errors)
FAIL: gfortran.dg/select_type_27.f03 -Os (test for excess errors)
FAIL: gfortran.dg/shape_5.f90 -O3 -fomit-frame-pointer -funroll-loops (test for excess errors)
FAIL: gfortran.dg/shape_5.f90 -O3 -fomit-frame-pointer -funroll-all-loops -finline-functions (test for excess errors)
FAIL: gfortran.dg/shift-alloc.f90 -O3 -fomit-frame-pointer -funroll-loops (test for excess errors)
FAIL: gfortran.dg/shift-alloc.f90 -O3 -fomit-frame-pointer -funroll-all-loops -finline-functions (test for excess errors)
FAIL: gfortran.dg/subref_array_pointer_1.f90 -O0 (test for excess errors)
FAIL: gfortran.dg/subref_array_pointer_1.f90 -O1 (test for excess errors)
FAIL: gfortran.dg/subref_array_pointer_1.f90 -O2 (test for excess errors)
FAIL: gfortran.dg/subref_array_pointer_1.f90 -O3 -fomit-frame-pointer (test for excess errors)
FAIL: gfortran.dg/subref_array_pointer_1.f90 -O3 -fomit-frame-pointer -funroll-loops (test for excess errors)
FAIL: gfortran.dg/subref_array_pointer_1.f90 -O3 -fomit-frame-pointer -funroll-all-loops -finline-functions (test for excess errors)
FAIL: gfortran.dg/subref_array_pointer_1.f90 -O3 -g (test for excess errors)
FAIL: gfortran.dg/subref_array_pointer_1.f90 -Os (test for excess errors)
FAIL: gfortran.dg/sum_init_expr.f03 -O3 -fomit-frame-pointer -funroll-loops (test for excess errors)
FAIL: gfortran.dg/sum_init_expr.f03 -O3 -fomit-frame-pointer -funroll-all-loops -finline-functions (test for excess errors)
FAIL: gfortran.dg/transpose_intrinsic_func_call_1.f90 -O3 -fomit-frame-pointer -funroll-loops (test for excess errors)
FAIL: gfortran.dg/transpose_intrinsic_func_call_1.f90 -O3 -fomit-frame-pointer -funroll-all-loops -finline-functions (test for excess errors)
FAIL: gfortran.dg/type_to_class_1.f03 -O0 (test for excess errors)
FAIL: gfortran.dg/type_to_class_1.f03 -O1 (test for excess errors)
FAIL: gfortran.dg/type_to_class_1.f03 -O2 (test for excess errors)
FAIL: gfortran.dg/type_to_class_1.f03 -O3 -fomit-frame-pointer (test for excess errors)
FAIL: gfortran.dg/type_to_class_1.f03 -O3 -fomit-frame-pointer -funroll-loops (test for excess errors)
FAIL: gfortran.dg/type_to_class_1.f03 -O3 -fomit-frame-pointer -funroll-all-loops -finline-functions (test for excess errors)
FAIL: gfortran.dg/type_to_class_1.f03 -O3 -g (test for excess errors)
FAIL: gfortran.dg/type_to_class_1.f03 -Os (test for excess errors)
FAIL: gfortran.dg/typebound_assignment_5.f03 -O0 (test for excess errors)
FAIL: gfortran.dg/typebound_assignment_5.f03 -O1 (test for excess errors)
FAIL: gfortran.dg/typebound_assignment_5.f03 -O2 (test for excess errors)
FAIL: gfortran.dg/typebound_assignment_5.f03 -O3 -fomit-frame-pointer (test for excess errors)
FAIL: gfortran.dg/typebound_assignment_5.f03 -O3 -fomit-frame-pointer -funroll-loops (test for excess errors)
FAIL: gfortran.dg/typebound_assignment_5.f03 -O3 -fomit-frame-pointer -funroll-all-loops -finline-functions (test for excess errors)
FAIL: gfortran.dg/typebound_assignment_5.f03 -O3 -g (test for excess errors)
FAIL: gfortran.dg/typebound_assignment_5.f03 -Os (test for excess errors)
FAIL: gfortran.dg/typebound_assignment_6.f03 -O0 (test for excess errors)
FAIL: gfortran.dg/typebound_assignment_6.f03 -O1 (test for excess errors)
FAIL: gfortran.dg/typebound_assignment_6.f03 -O2 (test for excess errors)
FAIL: gfortran.dg/typebound_assignment_6.f03 -O3 -fomit-frame-pointer (test for excess errors)
FAIL: gfortran.dg/typebound_assignment_6.f03 -O3 -fomit-frame-pointer -funroll-loops (test for excess errors)
FAIL: gfortran.dg/typebound_assignment_6.f03 -O3 -g (test for excess errors)
FAIL: gfortran.dg/typebound_assignment_6.f03 -Os (test for excess errors)
FAIL: gfortran.dg/typebound_call_17.f03 -O3 -fomit-frame-pointer -funroll-loops (test for excess errors)
FAIL: gfortran.dg/typebound_call_17.f03 -O3 -fomit-frame-pointer -funroll-all-loops -finline-functions (test for excess errors)
FAIL: gfortran.dg/typebound_operator_12.f03 -O3 -fomit-frame-pointer -funroll-loops (test for excess errors)
FAIL: gfortran.dg/typebound_operator_12.f03 -O3 -fomit-frame-pointer -funroll-all-loops -finline-functions (test for excess errors)
FAIL: gfortran.dg/typebound_operator_13.f03 -O3 -fomit-frame-pointer -funroll-loops (test for excess errors)
FAIL: gfortran.dg/typebound_operator_13.f03 -O3 -fomit-frame-pointer -funroll-all-loops -finline-functions (test for excess errors)
FAIL: gfortran.dg/typebound_operator_9.f03 -O3 -fomit-frame-pointer -funroll-loops (test for excess errors)
FAIL: gfortran.dg/typebound_operator_9.f03 -O3 -fomit-frame-pointer -funroll-all-loops -finline-functions (test for excess errors)
FAIL: gfortran.dg/typebound_proc_20.f90 -O3 -fomit-frame-pointer -funroll-loops (test for excess errors)
FAIL: gfortran.dg/typebound_proc_20.f90 -O3 -fomit-frame-pointer -funroll-all-loops -finline-functions (test for excess errors)
FAIL: gfortran.dg/unlimited_polymorphic_1.f03 -O0 (test for excess errors)
FAIL: gfortran.dg/unlimited_polymorphic_1.f03 -O1 (test for excess errors)
FAIL: gfortran.dg/unlimited_polymorphic_1.f03 -O2 (test for excess errors)
FAIL: gfortran.dg/unlimited_polymorphic_1.f03 -O3 -fomit-frame-pointer (test for excess errors)
FAIL: gfortran.dg/unlimited_polymorphic_1.f03 -O3 -fomit-frame-pointer -funroll-loops (test for excess errors)
FAIL: gfortran.dg/unlimited_polymorphic_1.f03 -O3 -fomit-frame-pointer -funroll-all-loops -finline-functions (test for excess errors)
FAIL: gfortran.dg/unlimited_polymorphic_1.f03 -O3 -g (test for excess errors)
FAIL: gfortran.dg/unlimited_polymorphic_1.f03 -Os (test for excess errors)
FAIL: gfortran.dg/unlimited_polymorphic_16.f90 -O (test for excess errors)
FAIL: gfortran.dg/unlimited_polymorphic_5.f90 -O3 -fomit-frame-pointer -funroll-loops (test for excess errors)
FAIL: gfortran.dg/unlimited_polymorphic_5.f90 -O3 -fomit-frame-pointer -funroll-all-loops -finline-functions (test for excess errors)
FAIL: gfortran.dg/unpack_mask_1.f90 -O3 -fomit-frame-pointer -funroll-loops (test for excess errors)
FAIL: gfortran.dg/unpack_mask_1.f90 -O3 -fomit-frame-pointer -funroll-all-loops -finline-functions (test for excess errors)
FAIL: gfortran.dg/used_interface_ref.f90 -O3 -fomit-frame-pointer -funroll-loops (test for excess errors)
FAIL: gfortran.dg/used_interface_ref.f90 -O3 -fomit-frame-pointer -funroll-all-loops -finline-functions (test for excess errors)
FAIL: gfortran.dg/wextra_1.f -O (test for warnings, line 4)
FAIL: gfortran.dg/where_operator_assign_2.f90 -O (test for excess errors)
FAIL: gfortran.dg/where_operator_assign_3.f90 -O (test for excess errors)
FAIL: gfortran.dg/zero_sized_1.f90 -O3 -fomit-frame-pointer -funroll-loops (test for excess errors)
FAIL: gfortran.dg/zero_sized_1.f90 -O3 -fomit-frame-pointer -funroll-all-loops -finline-functions (test for excess errors)
FAIL: gfortran.dg/zero_sized_3.f90 -O3 -fomit-frame-pointer -funroll-loops (test for excess errors)
FAIL: gfortran.dg/zero_sized_3.f90 -O3 -fomit-frame-pointer -funroll-all-loops -finline-functions (test for excess errors)
FAIL: gfortran.dg/graphite/interchange-1.f -O (test for excess errors)
FAIL: gfortran.dg/graphite/interchange-2.f -O (test for excess errors)
FAIL: gfortran.dg/vect/fast-math-mgrid-resid.f scan-tree-dump-times pcom "Executing predictive commoning without unrolling" 1
FAIL: gfortran.dg/vect/fast-math-mgrid-resid.f scan-tree-dump-times pcom "Predictive commoning failed: no suitable chains" 0
FAIL: gfortran.fortran-torture/compile/pr33276.f90, -O2 -fomit-frame-pointer -finline-functions -funroll-loops
=== gfortran Summary ===
# of expected passes 45288
# of unexpected failures 567
# of expected failures 53
# of unsupported tests 72
/scratch/toon/bd4990/gcc/testsuite/gfortran/../../gfortran version 4.10.0 20140528 (experimental) (GCC)
=== g++ tests ===
Running target unix
FAIL: c-c++-common/asan/asan-interface-1.c -O0 execution test
FAIL: c-c++-common/asan/asan-interface-1.c -O1 execution test
FAIL: c-c++-common/asan/asan-interface-1.c -O2 execution test
FAIL: c-c++-common/asan/asan-interface-1.c -O3 -fomit-frame-pointer execution test
FAIL: c-c++-common/asan/asan-interface-1.c -O3 -g execution test
FAIL: c-c++-common/asan/asan-interface-1.c -Os execution test
FAIL: c-c++-common/asan/asan-interface-1.c -O2 -flto -fno-use-linker-plugin -flto-partition=none execution test
FAIL: c-c++-common/asan/asan-interface-1.c -O2 -flto -fuse-linker-plugin -fno-fat-lto-objects execution test
FAIL: c-c++-common/asan/attrib-1.c -O2 -flto -fno-use-linker-plugin -flto-partition=none (test for excess errors)
FAIL: c-c++-common/asan/attrib-1.c -O2 -flto -fuse-linker-plugin -fno-fat-lto-objects (test for excess errors)
FAIL: c-c++-common/asan/clone-test-1.c -O0 execution test
FAIL: c-c++-common/asan/clone-test-1.c -O1 execution test
FAIL: c-c++-common/asan/clone-test-1.c -O2 execution test
FAIL: c-c++-common/asan/clone-test-1.c -O3 -fomit-frame-pointer execution test
FAIL: c-c++-common/asan/clone-test-1.c -O3 -fomit-frame-pointer -funroll-loops execution test
FAIL: c-c++-common/asan/clone-test-1.c -O3 -fomit-frame-pointer -funroll-all-loops -finline-functions execution test
FAIL: c-c++-common/asan/clone-test-1.c -O3 -g execution test
FAIL: c-c++-common/asan/clone-test-1.c -Os execution test
FAIL: c-c++-common/asan/clone-test-1.c -O2 -flto -fno-use-linker-plugin -flto-partition=none (test for excess errors)
FAIL: c-c++-common/asan/clone-test-1.c -O2 -flto -fno-use-linker-plugin -flto-partition=none execution test
FAIL: c-c++-common/asan/clone-test-1.c -O2 -flto -fuse-linker-plugin -fno-fat-lto-objects execution test
FAIL: c-c++-common/asan/force-inline-opt0-1.c -O2 -flto -fno-use-linker-plugin -flto-partition=none (test for excess errors)
FAIL: c-c++-common/asan/force-inline-opt0-1.c -O2 -flto -fuse-linker-plugin -fno-fat-lto-objects (test for excess errors)
FAIL: c-c++-common/asan/global-overflow-1.c -O0 output pattern test, is ==6040==ASan runtime does not come first in initial library list; you should either link runtime to your application or manually preload it with LD_PRELOAD.
FAIL: c-c++-common/asan/global-overflow-1.c -O1 output pattern test, is ==6188==ASan runtime does not come first in initial library list; you should either link runtime to your application or manually preload it with LD_PRELOAD.
FAIL: c-c++-common/asan/global-overflow-1.c -O2 output pattern test, is ==6327==ASan runtime does not come first in initial library list; you should either link runtime to your application or manually preload it with LD_PRELOAD.
FAIL: c-c++-common/asan/global-overflow-1.c -O3 -fomit-frame-pointer output pattern test, is ==6537==ASan runtime does not come first in initial library list; you should either link runtime to your application or manually preload it with LD_PRELOAD.
FAIL: c-c++-common/asan/global-overflow-1.c -O3 -g output pattern test, is ==6715==ASan runtime does not come first in initial library list; you should either link runtime to your application or manually preload it with LD_PRELOAD.
FAIL: c-c++-common/asan/global-overflow-1.c -Os output pattern test, is ==6861==ASan runtime does not come first in initial library list; you should either link runtime to your application or manually preload it with LD_PRELOAD.
FAIL: c-c++-common/asan/global-overflow-1.c -O2 -flto -fno-use-linker-plugin -flto-partition=none (test for excess errors)
FAIL: c-c++-common/asan/global-overflow-1.c -O2 -flto -fno-use-linker-plugin -flto-partition=none output pattern test, is ==7133==ASan runtime does not come first in initial library list; you should either link runtime to your application or manually preload it with LD_PRELOAD.
FAIL: c-c++-common/asan/global-overflow-1.c -O2 -flto -fuse-linker-plugin -fno-fat-lto-objects output pattern test, is ==7331==ASan runtime does not come first in initial library list; you should either link runtime to your application or manually preload it with LD_PRELOAD.
FAIL: c-c++-common/asan/heap-overflow-1.c -O0 output pattern test, is ==7469==ASan runtime does not come first in initial library list; you should either link runtime to your application or manually preload it with LD_PRELOAD.
FAIL: c-c++-common/asan/heap-overflow-1.c -O1 output pattern test, is ==7601==ASan runtime does not come first in initial library list; you should either link runtime to your application or manually preload it with LD_PRELOAD.
FAIL: c-c++-common/asan/heap-overflow-1.c -O2 output pattern test, is ==7738==ASan runtime does not come first in initial library list; you should either link runtime to your application or manually preload it with LD_PRELOAD.
FAIL: c-c++-common/asan/heap-overflow-1.c -O3 -fomit-frame-pointer output pattern test, is ==7858==ASan runtime does not come first in initial library list; you should either link runtime to your application or manually preload it with LD_PRELOAD.
FAIL: c-c++-common/asan/heap-overflow-1.c -O3 -g output pattern test, is ==8001==ASan runtime does not come first in initial library list; you should either link runtime to your application or manually preload it with LD_PRELOAD.
FAIL: c-c++-common/asan/heap-overflow-1.c -Os output pattern test, is ==8108==ASan runtime does not come first in initial library list; you should either link runtime to your application or manually preload it with LD_PRELOAD.
FAIL: c-c++-common/asan/heap-overflow-1.c -O2 -flto -fno-use-linker-plugin -flto-partition=none output pattern test, is ==8355==ASan runtime does not come first in initial library list; you should either link runtime to your application or manually preload it with LD_PRELOAD.
FAIL: c-c++-common/asan/heap-overflow-1.c -O2 -flto -fuse-linker-plugin -fno-fat-lto-objects output pattern test, is ==8555==ASan runtime does not come first in initial library list; you should either link runtime to your application or manually preload it with LD_PRELOAD.
FAIL: c-c++-common/asan/memcmp-1.c -O0 output pattern test, is ==8807==ASan runtime does not come first in initial library list; you should either link runtime to your application or manually preload it with LD_PRELOAD.
FAIL: c-c++-common/asan/memcmp-1.c -O1 output pattern test, is ==8997==ASan runtime does not come first in initial library list; you should either link runtime to your application or manually preload it with LD_PRELOAD.
FAIL: c-c++-common/asan/memcmp-1.c -O2 output pattern test, is ==9155==ASan runtime does not come first in initial library list; you should either link runtime to your application or manually preload it with LD_PRELOAD.
FAIL: c-c++-common/asan/memcmp-1.c -O3 -fomit-frame-pointer output pattern test, is ==9395==ASan runtime does not come first in initial library list; you should either link runtime to your application or manually preload it with LD_PRELOAD.
FAIL: c-c++-common/asan/memcmp-1.c -O3 -g output pattern test, is ==9599==ASan runtime does not come first in initial library list; you should either link runtime to your application or manually preload it with LD_PRELOAD.
FAIL: c-c++-common/asan/memcmp-1.c -Os output pattern test, is ==9784==ASan runtime does not come first in initial library list; you should either link runtime to your application or manually preload it with LD_PRELOAD.
FAIL: c-c++-common/asan/memcmp-1.c -O2 -flto -fno-use-linker-plugin -flto-partition=none output pattern test, is ==10096==ASan runtime does not come first in initial library list; you should either link runtime to your application or manually preload it with LD_PRELOAD.
FAIL: c-c++-common/asan/memcmp-1.c -O2 -flto -fuse-linker-plugin -fno-fat-lto-objects output pattern test, is ==10264==ASan runtime does not come first in initial library list; you should either link runtime to your application or manually preload it with LD_PRELOAD.
FAIL: c-c++-common/asan/memcmp-2.c -O2 -flto -fno-use-linker-plugin -flto-partition=none (test for excess errors)
FAIL: c-c++-common/asan/no-asan-globals.c -O2 -flto -fno-use-linker-plugin -flto-partition=none (test for excess errors)
FAIL: c-c++-common/asan/no-asan-globals.c -O2 -flto -fuse-linker-plugin -fno-fat-lto-objects (test for excess errors)
FAIL: c-c++-common/asan/no-use-after-return.c -O2 -flto -fno-use-linker-plugin -flto-partition=none (test for excess errors)
FAIL: c-c++-common/asan/no-use-after-return.c -O2 -flto -fuse-linker-plugin -fno-fat-lto-objects (test for excess errors)
FAIL: c-c++-common/asan/null-deref-1.c -O0 output pattern test, is ==17047==ASan runtime does not come first in initial library list; you should either link runtime to your application or manually preload it with LD_PRELOAD.
FAIL: c-c++-common/asan/null-deref-1.c -O1 output pattern test, is ==17221==ASan runtime does not come first in initial library list; you should either link runtime to your application or manually preload it with LD_PRELOAD.
FAIL: c-c++-common/asan/null-deref-1.c -O2 output pattern test, is ==17362==ASan runtime does not come first in initial library list; you should either link runtime to your application or manually preload it with LD_PRELOAD.
FAIL: c-c++-common/asan/null-deref-1.c -O3 -fomit-frame-pointer output pattern test, is ==17513==ASan runtime does not come first in initial library list; you should either link runtime to your application or manually preload it with LD_PRELOAD.
FAIL: c-c++-common/asan/null-deref-1.c -O3 -g output pattern test, is ==17703==ASan runtime does not come first in initial library list; you should either link runtime to your application or manually preload it with LD_PRELOAD.
FAIL: c-c++-common/asan/null-deref-1.c -Os output pattern test, is ==17830==ASan runtime does not come first in initial library list; you should either link runtime to your application or manually preload it with LD_PRELOAD.
FAIL: c-c++-common/asan/null-deref-1.c -O2 -flto -fno-use-linker-plugin -flto-partition=none (test for excess errors)
FAIL: c-c++-common/asan/null-deref-1.c -O2 -flto -fno-use-linker-plugin -flto-partition=none output pattern test, is ==18219==ASan runtime does not come first in initial library list; you should either link runtime to your application or manually preload it with LD_PRELOAD.
FAIL: c-c++-common/asan/null-deref-1.c -O2 -flto -fuse-linker-plugin -fno-fat-lto-objects output pattern test, is ==18487==ASan runtime does not come first in initial library list; you should either link runtime to your application or manually preload it with LD_PRELOAD.
FAIL: c-c++-common/asan/pr56330.c -O2 -flto -fno-use-linker-plugin -flto-partition=none (test for excess errors)
FAIL: c-c++-common/asan/pr59029.c -O2 -flto -fno-use-linker-plugin -flto-partition=none (test for excess errors)
FAIL: c-c++-common/asan/pr59063-1.c -O0 execution test
FAIL: c-c++-common/asan/pr59063-1.c -O1 execution test
FAIL: c-c++-common/asan/pr59063-1.c -O2 execution test
FAIL: c-c++-common/asan/pr59063-1.c -O3 -fomit-frame-pointer execution test
FAIL: c-c++-common/asan/pr59063-1.c -O3 -g execution test
FAIL: c-c++-common/asan/pr59063-1.c -Os execution test
FAIL: c-c++-common/asan/pr59063-1.c -O2 -flto -fno-use-linker-plugin -flto-partition=none execution test
FAIL: c-c++-common/asan/pr59063-1.c -O2 -flto -fuse-linker-plugin -fno-fat-lto-objects execution test
FAIL: c-c++-common/asan/rlimit-mmap-test-1.c -O0 output pattern test, is ==24102==ASan runtime does not come first in initial library list; you should either link runtime to your application or manually preload it with LD_PRELOAD.
FAIL: c-c++-common/asan/sanity-check-pure-c-1.c -O0 output pattern test, is ==24241==ASan runtime does not come first in initial library list; you should either link runtime to your application or manually preload it with LD_PRELOAD.
FAIL: c-c++-common/asan/sanity-check-pure-c-1.c -O1 output pattern test, is ==24414==ASan runtime does not come first in initial library list; you should either link runtime to your application or manually preload it with LD_PRELOAD.
FAIL: c-c++-common/asan/sanity-check-pure-c-1.c -O2 output pattern test, is ==24541==ASan runtime does not come first in initial library list; you should either link runtime to your application or manually preload it with LD_PRELOAD.
FAIL: c-c++-common/asan/sanity-check-pure-c-1.c -O3 -fomit-frame-pointer output pattern test, is ==24713==ASan runtime does not come first in initial library list; you should either link runtime to your application or manually preload it with LD_PRELOAD.
FAIL: c-c++-common/asan/sanity-check-pure-c-1.c -O3 -g output pattern test, is ==24840==ASan runtime does not come first in initial library list; you should either link runtime to your application or manually preload it with LD_PRELOAD.
FAIL: c-c++-common/asan/sanity-check-pure-c-1.c -Os output pattern test, is ==24991==ASan runtime does not come first in initial library list; you should either link runtime to your application or manually preload it with LD_PRELOAD.
FAIL: c-c++-common/asan/sanity-check-pure-c-1.c -O2 -flto -fno-use-linker-plugin -flto-partition=none output pattern test, is ==25291==ASan runtime does not come first in initial library list; you should either link runtime to your application or manually preload it with LD_PRELOAD.
FAIL: c-c++-common/asan/sanity-check-pure-c-1.c -O2 -flto -fuse-linker-plugin -fno-fat-lto-objects output pattern test, is ==25539==ASan runtime does not come first in initial library list; you should either link runtime to your application or manually preload it with LD_PRELOAD.
FAIL: c-c++-common/asan/stack-overflow-1.c -O0 output pattern test, is ==27785==ASan runtime does not come first in initial library list; you should either link runtime to your application or manually preload it with LD_PRELOAD.
FAIL: c-c++-common/asan/stack-overflow-1.c -O1 output pattern test, is ==27918==ASan runtime does not come first in initial library list; you should either link runtime to your application or manually preload it with LD_PRELOAD.
FAIL: c-c++-common/asan/stack-overflow-1.c -O2 output pattern test, is ==28108==ASan runtime does not come first in initial library list; you should either link runtime to your application or manually preload it with LD_PRELOAD.
FAIL: c-c++-common/asan/stack-overflow-1.c -O3 -fomit-frame-pointer output pattern test, is ==28280==ASan runtime does not come first in initial library list; you should either link runtime to your application or manually preload it with LD_PRELOAD.
FAIL: c-c++-common/asan/stack-overflow-1.c -O3 -g output pattern test, is ==28433==ASan runtime does not come first in initial library list; you should either link runtime to your application or manually preload it with LD_PRELOAD.
FAIL: c-c++-common/asan/stack-overflow-1.c -Os output pattern test, is ==28561==ASan runtime does not come first in initial library list; you should either link runtime to your application or manually preload it with LD_PRELOAD.
FAIL: c-c++-common/asan/stack-overflow-1.c -O2 -flto -fno-use-linker-plugin -flto-partition=none output pattern test, is ==28978==ASan runtime does not come first in initial library list; you should either link runtime to your application or manually preload it with LD_PRELOAD.
FAIL: c-c++-common/asan/stack-overflow-1.c -O2 -flto -fuse-linker-plugin -fno-fat-lto-objects output pattern test, is ==29200==ASan runtime does not come first in initial library list; you should either link runtime to your application or manually preload it with LD_PRELOAD.
FAIL: c-c++-common/asan/strip-path-prefix-1.c -O2 output pattern test, is ==29349==ASan runtime does not come first in initial library list; you should either link runtime to your application or manually preload it with LD_PRELOAD.
FAIL: c-c++-common/asan/strip-path-prefix-1.c -O2 -flto -fno-use-linker-plugin -flto-partition=none output pattern test, is ==29689==ASan runtime does not come first in initial library list; you should either link runtime to your application or manually preload it with LD_PRELOAD.
FAIL: c-c++-common/asan/strip-path-prefix-1.c -O2 -flto -fuse-linker-plugin -fno-fat-lto-objects output pattern test, is ==29856==ASan runtime does not come first in initial library list; you should either link runtime to your application or manually preload it with LD_PRELOAD.
FAIL: c-c++-common/asan/strncpy-overflow-1.c -O0 output pattern test, is ==30005==ASan runtime does not come first in initial library list; you should either link runtime to your application or manually preload it with LD_PRELOAD.
FAIL: c-c++-common/asan/strncpy-overflow-1.c -O1 output pattern test, is ==30155==ASan runtime does not come first in initial library list; you should either link runtime to your application or manually preload it with LD_PRELOAD.
FAIL: c-c++-common/asan/strncpy-overflow-1.c -O2 output pattern test, is ==30297==ASan runtime does not come first in initial library list; you should either link runtime to your application or manually preload it with LD_PRELOAD.
FAIL: c-c++-common/asan/strncpy-overflow-1.c -O3 -fomit-frame-pointer output pattern test, is ==30465==ASan runtime does not come first in initial library list; you should either link runtime to your application or manually preload it with LD_PRELOAD.
FAIL: c-c++-common/asan/strncpy-overflow-1.c -O3 -g output pattern test, is ==30684==ASan runtime does not come first in initial library list; you should either link runtime to your application or manually preload it with LD_PRELOAD.
FAIL: c-c++-common/asan/strncpy-overflow-1.c -Os output pattern test, is ==30858==ASan runtime does not come first in initial library list; you should either link runtime to your application or manually preload it with LD_PRELOAD.
FAIL: c-c++-common/asan/strncpy-overflow-1.c -O2 -flto -fno-use-linker-plugin -flto-partition=none output pattern test, is ==31199==ASan runtime does not come first in initial library list; you should either link runtime to your application or manually preload it with LD_PRELOAD.
FAIL: c-c++-common/asan/strncpy-overflow-1.c -O2 -flto -fuse-linker-plugin -fno-fat-lto-objects output pattern test, is ==31431==ASan runtime does not come first in initial library list; you should either link runtime to your application or manually preload it with LD_PRELOAD.
FAIL: c-c++-common/asan/swapcontext-test-1.c -O0 execution test
FAIL: c-c++-common/asan/swapcontext-test-1.c -O1 execution test
FAIL: c-c++-common/asan/swapcontext-test-1.c -O2 execution test
FAIL: c-c++-common/asan/swapcontext-test-1.c -O3 -fomit-frame-pointer execution test
FAIL: c-c++-common/asan/swapcontext-test-1.c -O3 -fomit-frame-pointer -funroll-loops execution test
FAIL: c-c++-common/asan/swapcontext-test-1.c -O3 -fomit-frame-pointer -funroll-all-loops -finline-functions execution test
FAIL: c-c++-common/asan/swapcontext-test-1.c -O3 -g execution test
FAIL: c-c++-common/asan/swapcontext-test-1.c -Os execution test
FAIL: c-c++-common/asan/swapcontext-test-1.c -O2 -flto -fno-use-linker-plugin -flto-partition=none (test for excess errors)
FAIL: c-c++-common/asan/swapcontext-test-1.c -O2 -flto -fno-use-linker-plugin -flto-partition=none execution test
FAIL: c-c++-common/asan/swapcontext-test-1.c -O2 -flto -fuse-linker-plugin -fno-fat-lto-objects (test for excess errors)
FAIL: c-c++-common/asan/swapcontext-test-1.c -O2 -flto -fuse-linker-plugin -fno-fat-lto-objects execution test
FAIL: c-c++-common/asan/use-after-free-1.c -O0 output pattern test, is ==1673==ASan runtime does not come first in initial library list; you should either link runtime to your application or manually preload it with LD_PRELOAD.
FAIL: c-c++-common/asan/use-after-free-1.c -O1 output pattern test, is ==1806==ASan runtime does not come first in initial library list; you should either link runtime to your application or manually preload it with LD_PRELOAD.
FAIL: c-c++-common/asan/use-after-free-1.c -O2 output pattern test, is ==1971==ASan runtime does not come first in initial library list; you should either link runtime to your application or manually preload it with LD_PRELOAD.
FAIL: c-c++-common/asan/use-after-free-1.c -O3 -fomit-frame-pointer output pattern test, is ==2132==ASan runtime does not come first in initial library list; you should either link runtime to your application or manually preload it with LD_PRELOAD.
FAIL: c-c++-common/asan/use-after-free-1.c -O3 -g output pattern test, is ==2340==ASan runtime does not come first in initial library list; you should either link runtime to your application or manually preload it with LD_PRELOAD.
FAIL: c-c++-common/asan/use-after-free-1.c -Os output pattern test, is ==2446==ASan runtime does not come first in initial library list; you should either link runtime to your application or manually preload it with LD_PRELOAD.
FAIL: c-c++-common/asan/use-after-free-1.c -O2 -flto -fno-use-linker-plugin -flto-partition=none output pattern test, is ==2757==ASan runtime does not come first in initial library list; you should either link runtime to your application or manually preload it with LD_PRELOAD.
FAIL: c-c++-common/asan/use-after-free-1.c -O2 -flto -fuse-linker-plugin -fno-fat-lto-objects output pattern test, is ==2921==ASan runtime does not come first in initial library list; you should either link runtime to your application or manually preload it with LD_PRELOAD.
FAIL: c-c++-common/asan/use-after-return-1.c -O0 output pattern test, is ==3174==ASan runtime does not come first in initial library list; you should either link runtime to your application or manually preload it with LD_PRELOAD.
FAIL: c-c++-common/asan/use-after-return-1.c -O1 output pattern test, is ==3369==ASan runtime does not come first in initial library list; you should either link runtime to your application or manually preload it with LD_PRELOAD.
FAIL: c-c++-common/asan/use-after-return-1.c -O2 output pattern test, is ==3553==ASan runtime does not come first in initial library list; you should either link runtime to your application or manually preload it with LD_PRELOAD.
FAIL: c-c++-common/asan/use-after-return-1.c -O3 -fomit-frame-pointer output pattern test, is ==3861==ASan runtime does not come first in initial library list; you should either link runtime to your application or manually preload it with LD_PRELOAD.
FAIL: c-c++-common/asan/use-after-return-1.c -O3 -g output pattern test, is ==4121==ASan runtime does not come first in initial library list; you should either link runtime to your application or manually preload it with LD_PRELOAD.
FAIL: c-c++-common/asan/use-after-return-1.c -Os output pattern test, is ==4338==ASan runtime does not come first in initial library list; you should either link runtime to your application or manually preload it with LD_PRELOAD.
FAIL: c-c++-common/asan/use-after-return-1.c -O2 -flto -fno-use-linker-plugin -flto-partition=none (test for excess errors)
FAIL: c-c++-common/asan/use-after-return-1.c -O2 -flto -fno-use-linker-plugin -flto-partition=none output pattern test, is ==4696==ASan runtime does not come first in initial library list; you should either link runtime to your application or manually preload it with LD_PRELOAD.
FAIL: c-c++-common/asan/use-after-return-1.c -O2 -flto -fuse-linker-plugin -fno-fat-lto-objects output pattern test, is ==4958==ASan runtime does not come first in initial library list; you should either link runtime to your application or manually preload it with LD_PRELOAD.
FAIL: g++.dg/asan/deep-stack-uaf-1.C -O0 output pattern test, is ==5318==ASan runtime does not come first in initial library list; you should either link runtime to your application or manually preload it with LD_PRELOAD.
FAIL: g++.dg/asan/deep-stack-uaf-1.C -O1 output pattern test, is ==5777==ASan runtime does not come first in initial library list; you should either link runtime to your application or manually preload it with LD_PRELOAD.
FAIL: g++.dg/asan/deep-stack-uaf-1.C -O2 output pattern test, is ==6330==ASan runtime does not come first in initial library list; you should either link runtime to your application or manually preload it with LD_PRELOAD.
FAIL: g++.dg/asan/deep-stack-uaf-1.C -O3 -fomit-frame-pointer output pattern test, is ==7054==ASan runtime does not come first in initial library list; you should either link runtime to your application or manually preload it with LD_PRELOAD.
FAIL: g++.dg/asan/deep-stack-uaf-1.C -O3 -g output pattern test, is ==7923==ASan runtime does not come first in initial library list; you should either link runtime to your application or manually preload it with LD_PRELOAD.
FAIL: g++.dg/asan/deep-stack-uaf-1.C -Os output pattern test, is ==8631==ASan runtime does not come first in initial library list; you should either link runtime to your application or manually preload it with LD_PRELOAD.
FAIL: g++.dg/asan/deep-tail-call-1.C -O0 output pattern test, is ==8801==ASan runtime does not come first in initial library list; you should either link runtime to your application or manually preload it with LD_PRELOAD.
FAIL: g++.dg/asan/deep-tail-call-1.C -O1 output pattern test, is ==8954==ASan runtime does not come first in initial library list; you should either link runtime to your application or manually preload it with LD_PRELOAD.
FAIL: g++.dg/asan/deep-tail-call-1.C -O2 output pattern test, is ==9117==ASan runtime does not come first in initial library list; you should either link runtime to your application or manually preload it with LD_PRELOAD.
FAIL: g++.dg/asan/deep-tail-call-1.C -O3 -fomit-frame-pointer output pattern test, is ==9259==ASan runtime does not come first in initial library list; you should either link runtime to your application or manually preload it with LD_PRELOAD.
FAIL: g++.dg/asan/deep-tail-call-1.C -O3 -g output pattern test, is ==9445==ASan runtime does not come first in initial library list; you should either link runtime to your application or manually preload it with LD_PRELOAD.
FAIL: g++.dg/asan/deep-tail-call-1.C -Os output pattern test, is ==9575==ASan runtime does not come first in initial library list; you should either link runtime to your application or manually preload it with LD_PRELOAD.
FAIL: g++.dg/asan/deep-tail-call-1.C -O2 -flto -fno-use-linker-plugin -flto-partition=none (test for excess errors)
FAIL: g++.dg/asan/deep-tail-call-1.C -O2 -flto -fno-use-linker-plugin -flto-partition=none output pattern test, is ==9953==ASan runtime does not come first in initial library list; you should either link runtime to your application or manually preload it with LD_PRELOAD.
FAIL: g++.dg/asan/deep-tail-call-1.C -O2 -flto -fuse-linker-plugin -fno-fat-lto-objects output pattern test, is ==10103==ASan runtime does not come first in initial library list; you should either link runtime to your application or manually preload it with LD_PRELOAD.
FAIL: g++.dg/asan/deep-thread-stack-1.C -O0 output pattern test, is ==10362==ASan runtime does not come first in initial library list; you should either link runtime to your application or manually preload it with LD_PRELOAD.
FAIL: g++.dg/asan/deep-thread-stack-1.C -O1 output pattern test, is ==10557==ASan runtime does not come first in initial library list; you should either link runtime to your application or manually preload it with LD_PRELOAD.
FAIL: g++.dg/asan/deep-thread-stack-1.C -O2 output pattern test, is ==10723==ASan runtime does not come first in initial library list; you should either link runtime to your application or manually preload it with LD_PRELOAD.
FAIL: g++.dg/asan/deep-thread-stack-1.C -O3 -fomit-frame-pointer output pattern test, is ==10838==ASan runtime does not come first in initial library list; you should either link runtime to your application or manually preload it with LD_PRELOAD.
FAIL: g++.dg/asan/deep-thread-stack-1.C -O3 -g output pattern test, is ==10989==ASan runtime does not come first in initial library list; you should either link runtime to your application or manually preload it with LD_PRELOAD.
FAIL: g++.dg/asan/deep-thread-stack-1.C -Os output pattern test, is ==11199==ASan runtime does not come first in initial library list; you should either link runtime to your application or manually preload it with LD_PRELOAD.
FAIL: g++.dg/asan/deep-thread-stack-1.C -O2 -flto -fno-use-linker-plugin -flto-partition=none (test for excess errors)
FAIL: g++.dg/asan/deep-thread-stack-1.C -O2 -flto -fno-use-linker-plugin -flto-partition=none output pattern test, is ==11525==ASan runtime does not come first in initial library list; you should either link runtime to your application or manually preload it with LD_PRELOAD.
FAIL: g++.dg/asan/deep-thread-stack-1.C -O2 -flto -fuse-linker-plugin -fno-fat-lto-objects output pattern test, is ==11810==ASan runtime does not come first in initial library list; you should either link runtime to your application or manually preload it with LD_PRELOAD.
FAIL: g++.dg/asan/default-options-1.C -O0 execution test
FAIL: g++.dg/asan/default-options-1.C -O1 execution test
FAIL: g++.dg/asan/default-options-1.C -O2 execution test
FAIL: g++.dg/asan/default-options-1.C -O3 -fomit-frame-pointer execution test
FAIL: g++.dg/asan/default-options-1.C -O3 -g execution test
FAIL: g++.dg/asan/default-options-1.C -Os execution test
FAIL: g++.dg/asan/default-options-1.C -O2 -flto -fno-use-linker-plugin -flto-partition=none execution test
FAIL: g++.dg/asan/default-options-1.C -O2 -flto -fuse-linker-plugin -fno-fat-lto-objects execution test
FAIL: g++.dg/asan/interception-failure-test-1.C -O0 execution test
FAIL: g++.dg/asan/interception-failure-test-1.C -O1 execution test
FAIL: g++.dg/asan/interception-failure-test-1.C -O2 execution test
FAIL: g++.dg/asan/interception-failure-test-1.C -O3 -fomit-frame-pointer execution test
FAIL: g++.dg/asan/interception-failure-test-1.C -O3 -g execution test
FAIL: g++.dg/asan/interception-failure-test-1.C -Os execution test
FAIL: g++.dg/asan/interception-failure-test-1.C -O2 -flto -fno-use-linker-plugin -flto-partition=none execution test
FAIL: g++.dg/asan/interception-failure-test-1.C -O2 -flto -fuse-linker-plugin -fno-fat-lto-objects execution test
FAIL: g++.dg/asan/interception-malloc-test-1.C -O0 output pattern test, is ==14894==ASan runtime does not come first in initial library list; you should either link runtime to your application or manually preload it with LD_PRELOAD.
FAIL: g++.dg/asan/interception-malloc-test-1.C -O1 output pattern test, is ==15038==ASan runtime does not come first in initial library list; you should either link runtime to your application or manually preload it with LD_PRELOAD.
FAIL: g++.dg/asan/interception-malloc-test-1.C -O2 output pattern test, is ==15129==ASan runtime does not come first in initial library list; you should either link runtime to your application or manually preload it with LD_PRELOAD.
FAIL: g++.dg/asan/interception-malloc-test-1.C -O3 -fomit-frame-pointer output pattern test, is ==15326==ASan runtime does not come first in initial library list; you should either link runtime to your application or manually preload it with LD_PRELOAD.
FAIL: g++.dg/asan/interception-malloc-test-1.C -O3 -g output pattern test, is ==15457==ASan runtime does not come first in initial library list; you should either link runtime to your application or manually preload it with LD_PRELOAD.
FAIL: g++.dg/asan/interception-malloc-test-1.C -Os output pattern test, is ==15618==ASan runtime does not come first in initial library list; you should either link runtime to your application or manually preload it with LD_PRELOAD.
FAIL: g++.dg/asan/interception-malloc-test-1.C -O2 -flto -fno-use-linker-plugin -flto-partition=none output pattern test, is ==15888==ASan runtime does not come first in initial library list; you should either link runtime to your application or manually preload it with LD_PRELOAD.
FAIL: g++.dg/asan/interception-malloc-test-1.C -O2 -flto -fuse-linker-plugin -fno-fat-lto-objects output pattern test, is ==16120==ASan runtime does not come first in initial library list; you should either link runtime to your application or manually preload it with LD_PRELOAD.
FAIL: g++.dg/asan/interception-test-1.C -O0 output pattern test, is ==16226==ASan runtime does not come first in initial library list; you should either link runtime to your application or manually preload it with LD_PRELOAD.
FAIL: g++.dg/asan/interception-test-1.C -O1 output pattern test, is ==16367==ASan runtime does not come first in initial library list; you should either link runtime to your application or manually preload it with LD_PRELOAD.
FAIL: g++.dg/asan/interception-test-1.C -O2 output pattern test, is ==16509==ASan runtime does not come first in initial library list; you should either link runtime to your application or manually preload it with LD_PRELOAD.
FAIL: g++.dg/asan/interception-test-1.C -O3 -fomit-frame-pointer output pattern test, is ==16743==ASan runtime does not come first in initial library list; you should either link runtime to your application or manually preload it with LD_PRELOAD.
FAIL: g++.dg/asan/interception-test-1.C -O3 -g output pattern test, is ==16893==ASan runtime does not come first in initial library list; you should either link runtime to your application or manually preload it with LD_PRELOAD.
FAIL: g++.dg/asan/interception-test-1.C -Os output pattern test, is ==17026==ASan runtime does not come first in initial library list; you should either link runtime to your application or manually preload it with LD_PRELOAD.
FAIL: g++.dg/asan/interception-test-1.C -O2 -flto -fno-use-linker-plugin -flto-partition=none output pattern test, is ==17365==ASan runtime does not come first in initial library list; you should either link runtime to your application or manually preload it with LD_PRELOAD.
FAIL: g++.dg/asan/interception-test-1.C -O2 -flto -fuse-linker-plugin -fno-fat-lto-objects output pattern test, is ==17575==ASan runtime does not come first in initial library list; you should either link runtime to your application or manually preload it with LD_PRELOAD.
FAIL: g++.dg/asan/large-func-test-1.C -O0 output pattern test, is ==17746==ASan runtime does not come first in initial library list; you should either link runtime to your application or manually preload it with LD_PRELOAD.
FAIL: g++.dg/asan/large-func-test-1.C -O1 output pattern test, is ==17907==ASan runtime does not come first in initial library list; you should either link runtime to your application or manually preload it with LD_PRELOAD.
FAIL: g++.dg/asan/large-func-test-1.C -O2 output pattern test, is ==18056==ASan runtime does not come first in initial library list; you should either link runtime to your application or manually preload it with LD_PRELOAD.
FAIL: g++.dg/asan/large-func-test-1.C -O3 -fomit-frame-pointer output pattern test, is ==18273==ASan runtime does not come first in initial library list; you should either link runtime to your application or manually preload it with LD_PRELOAD.
FAIL: g++.dg/asan/large-func-test-1.C -O3 -g output pattern test, is ==18486==ASan runtime does not come first in initial library list; you should either link runtime to your application or manually preload it with LD_PRELOAD.
FAIL: g++.dg/asan/large-func-test-1.C -Os output pattern test, is ==18753==ASan runtime does not come first in initial library list; you should either link runtime to your application or manually preload it with LD_PRELOAD.
FAIL: g++.dg/asan/large-func-test-1.C -O2 -flto -fno-use-linker-plugin -flto-partition=none (test for excess errors)
FAIL: g++.dg/asan/large-func-test-1.C -O2 -flto -fno-use-linker-plugin -flto-partition=none output pattern test, is ==19197==ASan runtime does not come first in initial library list; you should either link runtime to your application or manually preload it with LD_PRELOAD.
FAIL: g++.dg/asan/large-func-test-1.C -O2 -flto -fuse-linker-plugin -fno-fat-lto-objects output pattern test, is ==19451==ASan runtime does not come first in initial library list; you should either link runtime to your application or manually preload it with LD_PRELOAD.
FAIL: g++.dg/asan/pr55617.C -O0 execution test
FAIL: g++.dg/asan/pr55617.C -O1 execution test
FAIL: g++.dg/asan/pr55617.C -O2 execution test
FAIL: g++.dg/asan/pr55617.C -O3 -fomit-frame-pointer execution test
FAIL: g++.dg/asan/pr55617.C -O3 -g execution test
FAIL: g++.dg/asan/pr55617.C -Os execution test
FAIL: g++.dg/asan/pr55617.C -O2 -flto -fno-use-linker-plugin -flto-partition=none (test for excess errors)
FAIL: g++.dg/asan/pr55617.C -O2 -flto -fno-use-linker-plugin -flto-partition=none execution test
FAIL: g++.dg/asan/pr55617.C -O2 -flto -fuse-linker-plugin -fno-fat-lto-objects (test for excess errors)
FAIL: g++.dg/asan/pr55617.C -O2 -flto -fuse-linker-plugin -fno-fat-lto-objects execution test
FAIL: tmpdir-g++.dg-struct-layout-1/t003 cp_compat_x_tst.o compile
FAIL: tmpdir-g++.dg-struct-layout-1/t003 cp_compat_y_tst.o compile
FAIL: tmpdir-g++.dg-struct-layout-1/t006 cp_compat_x_tst.o compile
FAIL: tmpdir-g++.dg-struct-layout-1/t006 cp_compat_y_tst.o compile
FAIL: tmpdir-g++.dg-struct-layout-1/t007 cp_compat_x_tst.o compile
FAIL: tmpdir-g++.dg-struct-layout-1/t007 cp_compat_y_tst.o compile
FAIL: tmpdir-g++.dg-struct-layout-1/t009 cp_compat_x_tst.o compile
FAIL: tmpdir-g++.dg-struct-layout-1/t009 cp_compat_y_tst.o compile
FAIL: tmpdir-g++.dg-struct-layout-1/t011 cp_compat_x_tst.o compile
FAIL: tmpdir-g++.dg-struct-layout-1/t011 cp_compat_y_tst.o compile
FAIL: tmpdir-g++.dg-struct-layout-1/t015 cp_compat_x_tst.o compile
FAIL: tmpdir-g++.dg-struct-layout-1/t015 cp_compat_y_tst.o compile
FAIL: tmpdir-g++.dg-struct-layout-1/t016 cp_compat_x_tst.o compile
FAIL: tmpdir-g++.dg-struct-layout-1/t016 cp_compat_y_tst.o compile
FAIL: tmpdir-g++.dg-struct-layout-1/t018 cp_compat_x_tst.o compile
FAIL: tmpdir-g++.dg-struct-layout-1/t018 cp_compat_y_tst.o compile
FAIL: tmpdir-g++.dg-struct-layout-1/t019 cp_compat_x_tst.o compile
FAIL: tmpdir-g++.dg-struct-layout-1/t019 cp_compat_y_tst.o compile
FAIL: tmpdir-g++.dg-struct-layout-1/t020 cp_compat_x_tst.o compile
FAIL: tmpdir-g++.dg-struct-layout-1/t020 cp_compat_y_tst.o compile
FAIL: tmpdir-g++.dg-struct-layout-1/t021 cp_compat_x_tst.o compile
FAIL: tmpdir-g++.dg-struct-layout-1/t021 cp_compat_y_tst.o compile
FAIL: tmpdir-g++.dg-struct-layout-1/t023 cp_compat_x_tst.o compile
FAIL: tmpdir-g++.dg-struct-layout-1/t023 cp_compat_y_tst.o compile
FAIL: tmpdir-g++.dg-struct-layout-1/t024 cp_compat_x_tst.o compile
FAIL: tmpdir-g++.dg-struct-layout-1/t024 cp_compat_y_tst.o compile
FAIL: tmpdir-g++.dg-struct-layout-1/t025 cp_compat_x_tst.o compile
FAIL: tmpdir-g++.dg-struct-layout-1/t025 cp_compat_y_tst.o compile
FAIL: tmpdir-g++.dg-struct-layout-1/t026 cp_compat_x_tst.o compile
FAIL: tmpdir-g++.dg-struct-layout-1/t026 cp_compat_y_tst.o compile
FAIL: tmpdir-g++.dg-struct-layout-1/t027 cp_compat_x_tst.o compile
FAIL: tmpdir-g++.dg-struct-layout-1/t027 cp_compat_y_tst.o compile
FAIL: tmpdir-g++.dg-struct-layout-1/t029 cp_compat_x_tst.o compile
FAIL: tmpdir-g++.dg-struct-layout-1/t029 cp_compat_y_tst.o compile
FAIL: tmpdir-g++.dg-struct-layout-1/t030 cp_compat_x_tst.o compile
FAIL: tmpdir-g++.dg-struct-layout-1/t030 cp_compat_y_tst.o compile
FAIL: g++.dg/debug/pr47106.C -gdwarf-2 -g1 (test for excess errors)
FAIL: g++.dg/debug/pr47106.C -gdwarf-2 -g1 -O2 (test for excess errors)
FAIL: g++.dg/debug/pr47106.C -gdwarf-2 -g1 -O3 (test for excess errors)
FAIL: g++.dg/debug/pr47106.C -gdwarf-2 (test for excess errors)
FAIL: g++.dg/debug/pr47106.C -gdwarf-2 -O2 (test for excess errors)
FAIL: g++.dg/debug/pr47106.C -gdwarf-2 -O3 (test for excess errors)
FAIL: g++.dg/debug/pr47106.C -gdwarf-2 -g3 (test for excess errors)
FAIL: g++.dg/debug/pr47106.C -gdwarf-2 -g3 -O2 (test for excess errors)
FAIL: g++.dg/debug/pr47106.C -gdwarf-2 -g3 -O3 (test for excess errors)
FAIL: g++.dg/20090107-1.C -std=gnu++98 (test for excess errors)
FAIL: g++.dg/20090107-1.C -std=gnu++11 (test for excess errors)
FAIL: g++.dg/20090107-1.C -std=gnu++1y (test for excess errors)
FAIL: g++.dg/20090121-1.C -std=gnu++98 (test for excess errors)
FAIL: g++.dg/20090121-1.C -std=gnu++11 (test for excess errors)
FAIL: g++.dg/20090121-1.C -std=gnu++1y (test for excess errors)
FAIL: g++.dg/ext/mv14.C -std=gnu++98 execution test
FAIL: g++.dg/ext/mv14.C -std=gnu++11 execution test
FAIL: g++.dg/ext/mv14.C -std=gnu++1y execution test
FAIL: g++.dg/ext/mv15.C -std=gnu++98 execution test
FAIL: g++.dg/ext/mv15.C -std=gnu++11 execution test
FAIL: g++.dg/ext/mv15.C -std=gnu++1y execution test
FAIL: g++.dg/rtti/repo1.C -std=gnu++98 (test for excess errors)
FAIL: g++.dg/rtti/repo1.C -std=gnu++11 (test for excess errors)
FAIL: g++.dg/rtti/repo1.C -std=gnu++1y (test for excess errors)
FAIL: g++.dg/template/repo1.C -std=gnu++98 (test for excess errors)
FAIL: g++.dg/template/repo1.C -std=gnu++11 (test for excess errors)
FAIL: g++.dg/template/repo1.C -std=gnu++1y (test for excess errors)
FAIL: g++.dg/template/repo10.C -std=gnu++98 (test for excess errors)
FAIL: g++.dg/template/repo10.C -std=gnu++11 (test for excess errors)
FAIL: g++.dg/template/repo10.C -std=gnu++1y (test for excess errors)
FAIL: g++.dg/template/repo3.C -std=gnu++98 (test for excess errors)
FAIL: g++.dg/template/repo3.C -std=gnu++11 (test for excess errors)
FAIL: g++.dg/template/repo3.C -std=gnu++1y (test for excess errors)
FAIL: g++.dg/template/repo6.C -std=gnu++98 (test for excess errors)
FAIL: g++.dg/template/repo6.C -std=gnu++11 (test for excess errors)
FAIL: g++.dg/template/repo6.C -std=gnu++1y (test for excess errors)
FAIL: g++.dg/template/repo8.C -std=gnu++98 (test for excess errors)
FAIL: g++.dg/template/repo8.C -std=gnu++11 (test for excess errors)
FAIL: g++.dg/template/repo8.C -std=gnu++1y (test for excess errors)
FAIL: g++.dg/template/repo9.C -std=gnu++98 (test for excess errors)
FAIL: g++.dg/template/repo9.C -std=gnu++11 (test for excess errors)
FAIL: g++.dg/template/repo9.C -std=gnu++1y (test for excess errors)
FAIL: g++.dg/guality/pr55665.C -O2 line 23 p == 40
FAIL: g++.dg/guality/pr55665.C -O3 -fomit-frame-pointer line 23 p == 40
FAIL: g++.dg/guality/pr55665.C -O3 -g line 23 p == 40
FAIL: g++.dg/guality/pr55665.C -O2 -flto -fno-use-linker-plugin -flto-partition=none (test for excess errors)
FAIL: c-c++-common/guality/pr43141.c -O2 -flto -fno-use-linker-plugin -flto-partition=none (test for excess errors)
FAIL: c-c++-common/guality/pr43141.c -O2 -flto -fuse-linker-plugin -fno-fat-lto-objects (test for excess errors)
FAIL: g++.dg/lto/pr48508-1 cp_lto_pr48508-1_1.o assemble, -g -O2 -flto -flto-partition=none
FAIL: g++.dg/plugin/attribute_plugin.c compilation
FAIL: g++.dg/plugin/pragma_plugin.c compilation
FAIL: g++.dg/plugin/selfassign.c compilation
FAIL: g++.dg/plugin/dumb_plugin.c compilation
FAIL: g++.dg/plugin/header_plugin.c compilation
FAIL: g++.dg/plugin/decl_plugin.c compilation
FAIL: c-c++-common/torture/vshuf-v16hi.c -O0 (internal compiler error)
FAIL: c-c++-common/torture/vshuf-v16hi.c -O0 (test for excess errors)
FAIL: c-c++-common/torture/vshuf-v16hi.c -O1 (internal compiler error)
FAIL: c-c++-common/torture/vshuf-v16hi.c -O1 (test for excess errors)
FAIL: c-c++-common/torture/vshuf-v16hi.c -O2 (internal compiler error)
FAIL: c-c++-common/torture/vshuf-v16hi.c -O2 (test for excess errors)
FAIL: c-c++-common/torture/vshuf-v16hi.c -O3 -fomit-frame-pointer (internal compiler error)
FAIL: c-c++-common/torture/vshuf-v16hi.c -O3 -fomit-frame-pointer (test for excess errors)
FAIL: c-c++-common/torture/vshuf-v16hi.c -O3 -g (internal compiler error)
FAIL: c-c++-common/torture/vshuf-v16hi.c -O3 -g (test for excess errors)
FAIL: c-c++-common/torture/vshuf-v16hi.c -Os (internal compiler error)
FAIL: c-c++-common/torture/vshuf-v16hi.c -Os (test for excess errors)
FAIL: c-c++-common/torture/vshuf-v16hi.c -O2 -flto -fno-use-linker-plugin -flto-partition=none (internal compiler error)
FAIL: c-c++-common/torture/vshuf-v16hi.c -O2 -flto -fno-use-linker-plugin -flto-partition=none (test for excess errors)
FAIL: g++.dg/torture/pr34850.C -O2 -flto -fno-use-linker-plugin -flto-partition=none (test for excess errors)
FAIL: g++.dg/torture/pr34850.C -O2 -flto -fuse-linker-plugin -fno-fat-lto-objects (test for excess errors)
FAIL: g++.dg/torture/pr41273.C -O2 -flto -fno-use-linker-plugin -flto-partition=none (test for excess errors)
FAIL: g++.dg/torture/pr46111.C -O2 -flto -fno-use-linker-plugin -flto-partition=none (test for excess errors)
FAIL: g++.dg/torture/pr46111.C -O2 -flto -fuse-linker-plugin -fno-fat-lto-objects (test for excess errors)
FAIL: g++.dg/torture/pr49615.C -O2 -flto -fno-use-linker-plugin -flto-partition=none (test for excess errors)
FAIL: g++.dg/torture/pr49615.C -O2 -flto -fuse-linker-plugin -fno-fat-lto-objects (test for excess errors)
FAIL: g++.dg/torture/pr53085.C -O2 -flto -fno-use-linker-plugin -flto-partition=none (test for excess errors)
FAIL: g++.dg/torture/pr53752.C -O2 -flto -fno-use-linker-plugin -flto-partition=none (test for excess errors)
FAIL: g++.dg/torture/pr53752.C -O2 -flto -fuse-linker-plugin -fno-fat-lto-objects (test for excess errors)
FAIL: g++.dg/torture/pr56398.C -O2 -flto -fno-use-linker-plugin -flto-partition=none (test for excess errors)
FAIL: g++.dg/torture/pr58552.C -O2 -flto -fno-use-linker-plugin -flto-partition=none (test for excess errors)
FAIL: g++.dg/torture/pr58552.C -O2 -flto -fuse-linker-plugin -fno-fat-lto-objects (test for excess errors)
FAIL: c-c++-common/ubsan/overflow-mul-3.c -O2 -flto -fno-use-linker-plugin -flto-partition=none (test for excess errors)
FAIL: c-c++-common/ubsan/overflow-mul-3.c -O2 -flto -fuse-linker-plugin -fno-fat-lto-objects (test for excess errors)
FAIL: c-c++-common/ubsan/overflow-mul-4.c -O2 -flto -fno-use-linker-plugin -flto-partition=none (test for excess errors)
FAIL: c-c++-common/ubsan/overflow-mul-4.c -O2 -flto -fuse-linker-plugin -fno-fat-lto-objects (test for excess errors)
FAIL: g++.old-deja/g++.pt/instantiate4.C -std=gnu++98 (test for excess errors)
FAIL: g++.old-deja/g++.pt/instantiate4.C -std=gnu++11 (test for excess errors)
FAIL: g++.old-deja/g++.pt/instantiate4.C -std=gnu++1y (test for excess errors)
FAIL: g++.old-deja/g++.pt/instantiate6.C -std=gnu++98 (test for excess errors)
FAIL: g++.old-deja/g++.pt/instantiate6.C -std=gnu++11 (test for excess errors)
FAIL: g++.old-deja/g++.pt/instantiate6.C -std=gnu++1y (test for excess errors)
FAIL: g++.old-deja/g++.pt/repo1.C -std=gnu++98 (test for excess errors)
FAIL: g++.old-deja/g++.pt/repo1.C -std=gnu++11 (test for excess errors)
FAIL: g++.old-deja/g++.pt/repo1.C -std=gnu++1y (test for excess errors)
FAIL: g++.old-deja/g++.pt/repo2.C -std=gnu++98 (test for excess errors)
FAIL: g++.old-deja/g++.pt/repo2.C -std=gnu++11 (test for excess errors)
FAIL: g++.old-deja/g++.pt/repo2.C -std=gnu++1y (test for excess errors)
FAIL: g++.old-deja/g++.pt/repo3.C -std=gnu++98 (test for excess errors)
FAIL: g++.old-deja/g++.pt/repo3.C -std=gnu++11 (test for excess errors)
FAIL: g++.old-deja/g++.pt/repo3.C -std=gnu++1y (test for excess errors)
FAIL: g++.old-deja/g++.pt/repo4.C -std=gnu++98 (test for excess errors)
FAIL: g++.old-deja/g++.pt/repo4.C -std=gnu++11 (test for excess errors)
FAIL: g++.old-deja/g++.pt/repo4.C -std=gnu++1y (test for excess errors)
=== g++ Summary ===
# of expected passes 84590
# of unexpected failures 344
# of expected failures 440
# of unsupported tests 3064
/scratch/toon/bd4990/gcc/testsuite/g++/../../xg++ version 4.10.0 20140528 (experimental) (GCC)
=== objc tests ===
Running target unix
=== objc Summary ===
# of expected passes 3004
# of expected failures 6
# of unsupported tests 74
/scratch/toon/bd4990/gcc/xgcc version 4.10.0 20140528 (experimental) (GCC)
=== boehm-gc tests ===
Running target unix
=== boehm-gc Summary ===
# of expected passes 12
# of unsupported tests 1
=== libatomic tests ===
Running target unix
=== libatomic Summary ===
# of expected passes 54
=== libffi tests ===
Running target unix
=== libffi Summary ===
# of expected passes 1819
# of unsupported tests 55
=== libgomp tests ===
Running target unix
FAIL: libgomp.fortran/allocatable1.f90 -O3 -fomit-frame-pointer -funroll-loops (test for excess errors)
FAIL: libgomp.fortran/allocatable1.f90 -O3 -fomit-frame-pointer -funroll-all-loops -finline-functions (test for excess errors)
FAIL: libgomp.fortran/allocatable2.f90 -O3 -fomit-frame-pointer -funroll-loops (test for excess errors)
FAIL: libgomp.fortran/allocatable2.f90 -O3 -fomit-frame-pointer -funroll-all-loops -finline-functions (test for excess errors)
FAIL: libgomp.fortran/allocatable4.f90 -O3 -fomit-frame-pointer -funroll-loops (test for excess errors)
FAIL: libgomp.fortran/allocatable4.f90 -O3 -fomit-frame-pointer -funroll-all-loops -finline-functions (test for excess errors)
FAIL: libgomp.fortran/allocatable5.f90 -O3 -fomit-frame-pointer -funroll-loops (test for excess errors)
FAIL: libgomp.fortran/allocatable5.f90 -O3 -fomit-frame-pointer -funroll-all-loops -finline-functions (test for excess errors)
FAIL: libgomp.fortran/character2.f90 -O3 -fomit-frame-pointer -funroll-loops (test for excess errors)
FAIL: libgomp.fortran/character2.f90 -O3 -fomit-frame-pointer -funroll-all-loops -finline-functions (test for excess errors)
FAIL: libgomp.fortran/collapse3.f90 -O3 -fomit-frame-pointer -funroll-loops (test for excess errors)
FAIL: libgomp.fortran/collapse3.f90 -O3 -fomit-frame-pointer -funroll-all-loops -finline-functions (test for excess errors)
FAIL: libgomp.fortran/omp_parse4.f90 -O3 -fomit-frame-pointer -funroll-loops (test for excess errors)
FAIL: libgomp.fortran/omp_parse4.f90 -O3 -fomit-frame-pointer -funroll-all-loops -finline-functions (test for excess errors)
FAIL: libgomp.fortran/pointer1.f90 -O3 -fomit-frame-pointer -funroll-loops (test for excess errors)
FAIL: libgomp.fortran/pointer1.f90 -O3 -fomit-frame-pointer -funroll-all-loops -finline-functions (test for excess errors)
FAIL: libgomp.fortran/pointer2.f90 -O3 -fomit-frame-pointer -funroll-loops (test for excess errors)
FAIL: libgomp.fortran/pointer2.f90 -O3 -fomit-frame-pointer -funroll-all-loops -finline-functions (test for excess errors)
FAIL: libgomp.fortran/reduction6.f90 -O3 -fomit-frame-pointer -funroll-loops (test for excess errors)
FAIL: libgomp.fortran/reduction6.f90 -O3 -fomit-frame-pointer -funroll-all-loops -finline-functions (test for excess errors)
FAIL: libgomp.fortran/threadprivate2.f90 -O3 -fomit-frame-pointer -funroll-loops (test for excess errors)
FAIL: libgomp.fortran/threadprivate2.f90 -O3 -fomit-frame-pointer -funroll-all-loops -finline-functions (test for excess errors)
FAIL: libgomp.fortran/threadprivate3.f90 -O3 -fomit-frame-pointer -funroll-loops (test for excess errors)
FAIL: libgomp.fortran/threadprivate3.f90 -O3 -fomit-frame-pointer -funroll-all-loops -finline-functions (test for excess errors)
FAIL: libgomp.fortran/vla7.f90 -O3 -fomit-frame-pointer -funroll-loops (test for excess errors)
FAIL: libgomp.fortran/vla7.f90 -O3 -fomit-frame-pointer -funroll-all-loops -finline-functions (test for excess errors)
=== libgomp Summary ===
# of expected passes 2614
# of unexpected failures 26
# of unsupported tests 17
=== libitm tests ===
Running target unix
=== libitm Summary ===
# of expected passes 26
# of expected failures 3
# of unsupported tests 1
=== libjava tests ===
Running target unix
=== libjava Summary ===
# of expected passes 2582
# of expected failures 4
=== libstdc++ tests ===
Running target unix
=== libstdc++ Summary ===
# of expected passes 9346
# of expected failures 69
# of unsupported tests 537
Compiler version: 4.10.0 20140528 (experimental) (GCC)
Platform: x86_64-unknown-linux-gnu
configure flags: --prefix=/home/toon/compilers/install --with-gnu-as --with-gnu-ld --with-build-config=bootstrap-ubsan --enable-languages=all --disable-multilib --disable-nls --with-arch=core-avx2 --with-tune=core-avx2