This is the mail archive of the
gcc-testresults@gcc.gnu.org
mailing list for the GCC project.
Results for 4.9.1 20140523 (prerelease) [gcc-4_9-branch revision 210839] (GCC) testsuite on sparc-sun-solaris2.9
- From: Rainer Orth <ro at CeBiTec dot Uni-Bielefeld dot DE>
- To: gcc-testresults at gcc dot gnu dot org
- Date: Sat, 24 May 2014 15:17:02 +0200 (MEST)
- Subject: Results for 4.9.1 20140523 (prerelease) [gcc-4_9-branch revision 210839] (GCC) testsuite on sparc-sun-solaris2.9
- Authentication-results: sourceware.org; auth=none
LAST_UPDATED: Fri May 23 14:43:01 UTC 2014 (revision 210839)
=== acats tests ===
=== acats Summary ===
# of expected passes 2320
# of unexpected failures 0
Native configuration is sparc-sun-solaris2.9
=== g++ tests ===
Running target unix
=== g++ Summary for unix ===
# of expected passes 78979
# of expected failures 448
# of unsupported tests 3203
Running target unix/-m64
=== g++ Summary for unix/-m64 ===
# of expected passes 80829
# of expected failures 448
# of unsupported tests 3191
=== g++ Summary ===
# of expected passes 159808
# of expected failures 896
# of unsupported tests 6394
/var/gcc/regression/gcc-4.9-branch/9-gcc-gas/build/gcc/testsuite/g++/../../xg++ version 4.9.1 20140523 (prerelease) [gcc-4_9-branch revision 210839] (GCC)
=== gcc tests ===
Running target unix
WARNING: program timed out.
FAIL: gcc.dg/atomic/c11-atomic-exec-2.c -O3 -g (test for excess errors)
WARNING: gcc.dg/atomic/c11-atomic-exec-2.c -O3 -g compilation failed to produce executable
WARNING: program timed out.
FAIL: gcc.dg/atomic/c11-atomic-exec-2.c -O2 -flto -flto-partition=none (test for excess errors)
WARNING: program timed out.
FAIL: gcc.dg/atomic/c11-atomic-exec-2.c -O2 -flto (test for excess errors)
WARNING: program timed out.
FAIL: gcc.dg/atomic/c11-atomic-exec-3.c -O3 -g (test for excess errors)
WARNING: gcc.dg/atomic/c11-atomic-exec-3.c -O3 -g compilation failed to produce executable
WARNING: program timed out.
FAIL: gcc.dg/simulate-thread/atomic-other-int.c -O0 -g thread simulation test
FAIL: gcc.dg/simulate-thread/atomic-other-int.c -O2 -g thread simulation test
FAIL: gcc.dg/simulate-thread/atomic-other-int.c -O3 -g thread simulation test
FAIL: gcc.dg/simulate-thread/speculative-store-4.c -O0 -g thread simulation test
FAIL: gcc.dg/simulate-thread/speculative-store-4.c -O2 -g thread simulation test
FAIL: gcc.dg/simulate-thread/speculative-store-4.c -O3 -g thread simulation test
FAIL: gcc.dg/simulate-thread/speculative-store.c -O0 -g thread simulation test
=== gcc Summary for unix ===
# of expected passes 87622
# of unexpected failures 11
# of expected failures 322
# of unsupported tests 1856
Running target unix/-m64
WARNING: program timed out.
FAIL: gcc.dg/atomic/c11-atomic-exec-3.c -O3 -g (test for excess errors)
WARNING: gcc.dg/atomic/c11-atomic-exec-3.c -O3 -g compilation failed to produce executable
WARNING: program timed out.
=== gcc Summary for unix/-m64 ===
# of expected passes 88385
# of unexpected failures 1
# of expected failures 311
# of unsupported tests 1808
=== gcc Summary ===
# of expected passes 176007
# of unexpected failures 12
# of expected failures 633
# of unsupported tests 3664
/var/gcc/regression/gcc-4.9-branch/9-gcc-gas/build/gcc/xgcc version 4.9.1 20140523 (prerelease) [gcc-4_9-branch revision 210839] (GCC)
=== gfortran tests ===
Running target unix
FAIL: gfortran.dg/minlocval_3.f90 -O3 -g (test for excess errors)
WARNING: gfortran.dg/minlocval_3.f90 -O3 -g compilation failed to produce executable
WARNING: program timed out.
=== gfortran Summary for unix ===
# of expected passes 44867
# of unexpected failures 1
# of expected failures 54
# of unsupported tests 452
Running target unix/-m64
=== gfortran Summary for unix/-m64 ===
# of expected passes 45148
# of expected failures 54
# of unsupported tests 315
=== gfortran Summary ===
# of expected passes 90015
# of unexpected failures 1
# of expected failures 108
# of unsupported tests 767
/var/gcc/regression/gcc-4.9-branch/9-gcc-gas/build/gcc/testsuite/gfortran/../../gfortran version 4.9.1 20140523 (prerelease) [gcc-4_9-branch revision 210839] (GCC)
=== gnat tests ===
Running target unix
=== gnat Summary for unix ===
# of expected passes 1206
# of expected failures 18
# of unsupported tests 13
Running target unix/-m64
=== gnat Summary for unix/-m64 ===
# of expected passes 1206
# of expected failures 18
# of unsupported tests 13
=== gnat Summary ===
# of expected passes 2412
# of expected failures 36
# of unsupported tests 26
/var/gcc/regression/gcc-4.9-branch/9-gcc-gas/build/gcc/gnatmake version 4.9.1 20140523 (prerelease) [gcc-4_9-branch revision 210839]
=== go tests ===
Running target unix
FAIL: ./64bit-out.go compilation, -O0 -g -fno-var-tracking-assignments
FAIL: ./index0-out.go compilation, -O0 -g -fno-var-tracking-assignments
FAIL: go.test/test/cmplxdivide.go
FAIL: go.test/test/recover.go execution, -O2 -g
WARNING: program timed out.
WARNING: program timed out.
WARNING: program timed out.
=== go Summary for unix ===
# of expected passes 7362
# of unexpected failures 4
# of expected failures 1
# of untested testcases 12
# of unsupported tests 3
Running target unix/-m64
FAIL: ./64bit-out.go compilation, -O0 -g -fno-var-tracking-assignments
FAIL: ./index0-out.go compilation, -O0 -g -fno-var-tracking-assignments
FAIL: go.test/test/fixedbugs/issue4348.go -O (test for excess errors)
FAIL: go.test/test/fixedbugs/issue4909b.go execution
FAIL: go.test/test/recover.go execution, -O2 -g
WARNING: program timed out.
WARNING: program timed out.
=== go Summary for unix/-m64 ===
# of expected passes 6344
# of unexpected failures 5
# of expected failures 1
# of untested testcases 12
# of unsupported tests 3
=== go Summary ===
# of expected passes 13706
# of unexpected failures 9
# of expected failures 2
# of untested testcases 24
# of unsupported tests 6
/var/gcc/regression/gcc-4.9-branch/9-gcc-gas/build/gcc/testsuite/go/../../gccgo version 4.9.1 20140523 (prerelease) [gcc-4_9-branch revision 210839] (GCC)
=== obj-c++ tests ===
Running target unix
=== obj-c++ Summary for unix ===
# of expected passes 1449
# of expected failures 2
# of unsupported tests 86
Running target unix/-m64
=== obj-c++ Summary for unix/-m64 ===
# of expected passes 1441
# of expected failures 10
# of unsupported tests 86
=== obj-c++ Summary ===
# of expected passes 2890
# of expected failures 12
# of unsupported tests 172
/var/gcc/regression/gcc-4.9-branch/9-gcc-gas/build/gcc/testsuite/obj-c++/../../xg++ version 4.9.1 20140523 (prerelease) [gcc-4_9-branch revision 210839] (GCC)
=== objc tests ===
Running target unix
=== objc Summary for unix ===
# of expected passes 2994
# of unsupported tests 74
Running target unix/-m64
=== objc Summary for unix/-m64 ===
# of expected passes 2994
# of unsupported tests 74
=== objc Summary ===
# of expected passes 5988
# of unsupported tests 148
/var/gcc/regression/gcc-4.9-branch/9-gcc-gas/build/gcc/xgcc version 4.9.1 20140523 (prerelease) [gcc-4_9-branch revision 210839] (GCC)
=== boehm-gc tests ===
Running target unix
=== boehm-gc Summary for unix ===
# of expected passes 12
# of unsupported tests 1
Running target unix/-m64
=== boehm-gc Summary for unix/-m64 ===
# of expected passes 12
# of unsupported tests 1
=== boehm-gc Summary ===
# of expected passes 24
# of unsupported tests 2
=== libatomic tests ===
Running target unix
=== libatomic Summary for unix ===
# of expected passes 44
# of unsupported tests 5
Running target unix/-m64
=== libatomic Summary for unix/-m64 ===
# of expected passes 54
=== libatomic Summary ===
# of expected passes 98
# of unsupported tests 5
=== libffi tests ===
Running target unix
=== libffi Summary for unix ===
# of expected passes 1819
# of unsupported tests 55
Running target unix/-m64
=== libffi Summary for unix/-m64 ===
# of expected passes 1819
# of unsupported tests 55
=== libffi Summary ===
# of expected passes 3638
# of unsupported tests 110
=== libgo tests ===
Running target unix
FAIL: net
FAIL: runtime
FAIL: crypto/tls
FAIL: net/http
FAIL: runtime/pprof
FAIL: text/template
FAIL: testing/quick
=== libgo Summary for unix ===
# of expected passes 115
# of unexpected failures 7
Running target unix/-m64
FAIL: net
FAIL: runtime
FAIL: log/syslog
FAIL: runtime/pprof
FAIL: text/template
=== libgo Summary for unix/-m64 ===
# of expected passes 117
# of unexpected failures 5
=== libgo Summary ===
# of expected passes 232
# of unexpected failures 12
=== libgomp tests ===
Running target unix
=== libgomp Summary for unix ===
# of expected passes 2424
# of unsupported tests 3
Running target unix/-m64
=== libgomp Summary for unix/-m64 ===
# of expected passes 2424
# of unsupported tests 3
=== libgomp Summary ===
# of expected passes 4848
# of unsupported tests 6
=== libitm tests ===
Running target unix
=== libitm Summary for unix ===
# of expected passes 26
# of expected failures 3
# of unsupported tests 1
Running target unix/-m64
=== libitm Summary for unix/-m64 ===
# of expected passes 26
# of expected failures 3
# of unsupported tests 1
=== libitm Summary ===
# of expected passes 52
# of expected failures 6
# of unsupported tests 2
=== libjava tests ===
Running target unix
=== libjava Summary for unix ===
# of expected passes 2582
# of expected failures 4
Running target unix/-m64
=== libjava Summary for unix/-m64 ===
# of expected passes 2582
# of expected failures 4
=== libjava Summary ===
# of expected passes 5164
# of expected failures 8
=== libstdc++ tests ===
Running target unix
=== libstdc++ Summary for unix ===
# of expected passes 8271
# of expected failures 43
# of unsupported tests 941
Running target unix/-m64
=== libstdc++ Summary for unix/-m64 ===
# of expected passes 8271
# of expected failures 43
# of unsupported tests 941
=== libstdc++ Summary ===
# of expected passes 16542
# of expected failures 86
# of unsupported tests 1882
Compiler version: 4.9.1 20140523 (prerelease) [gcc-4_9-branch revision 210839] (GCC)
Platform: sparc-sun-solaris2.9
configure flags: --prefix=/vol/gcc --target=sparc-sun-solaris2.9 --enable-obsolete --enable-objc-gc --with-as=/vol/gcc/bin/gas-2.24 --with-gnu-as --with-gmp-include=/vol/gcc/include --with-gmp-lib=/vol/gcc/lib --with-mpfr-include=/vol/gcc/include --with-mpfr-lib=/vol/gcc/lib --with-mpc-include=/vol/gcc/include --with-mpc-lib=/vol/gcc/lib --enable-languages=all,ada,obj-c++,go --with-isl-include=/vol/gcc/include --with-isl-lib=/vol/gcc/lib --with-cloog-include=/vol/gcc/include --with-cloog-lib=/vol/gcc/lib --enable-cloog-backend=isl
BOOT_CFLAGS=-g -O2