This is the mail archive of the
gcc-testresults@gcc.gnu.org
mailing list for the GCC project.
Results for 4.10.0 20140516 (experimental) [branch fortran-dev revision 210518] (GCC) gfortran testsuite on x86_64-apple-darwin13.2.0
- From: dominiq at lps dot ens dot fr (Dominique Dhumieres)
- To: gcc-testresults at gcc dot gnu dot org
- Date: Wed, 21 May 2014 18:08:39 +0200
- Subject: Results for 4.10.0 20140516 (experimental) [branch fortran-dev revision 210518] (GCC) gfortran testsuite on x86_64-apple-darwin13.2.0
- Authentication-results: sourceware.org; auth=none
LAST_UPDATED: Updated to revision 210579.
Native configuration is x86_64-apple-darwin13.2.0
=== gfortran tests ===
Running target unix/-m32
FAIL: gfortran.dg/coarray_31.f90 -O scan-tree-dump original "a.y.x.data = D.[0-9]+.y.x.data;"
FAIL: gfortran.dg/coarray_31.f90 -O scan-tree-dump original "a.y.z._data.data = D.[0-9]+.y.z._data.data;"
FAIL: gfortran.dg/coarray_31.f90 -O scan-tree-dump original "a.y.d._data.data = D.[0-9]+.y.d._data.data;"
FAIL: gfortran.dg/coarray_lib_this_image_2.f90 -O scan-tree-dump-times original "bar \\\\(struct array1_real\\\\(kind=4\\\\) & restrict x, void \\\\* restrict caf_token.., integer\\\\(kind=[48]\\\\) caf_offset..\\\\)" 1
FAIL: gfortran.dg/coarray_lib_this_image_2.f90 -O scan-tree-dump-times original "mylbound = parm...dim\\\\[0\\\\].stride >= 0 && parm...dim\\\\[0\\\\].ubound >= parm...dim\\\\[0\\\\].lower_bound \\\\|\\\\| parm...dim\\\\[0\\\\].stride < 0 \\\\?[^\\n\\r]* parm...dim\\\\[0\\\\].lower_bound : 1;" 1
FAIL: gfortran.dg/coarray_lib_this_image_2.f90 -O scan-tree-dump-times original "bar \\\\(&parm.[0-9]+, caf_token.[0-9]+, \\\\(integer\\\\(kind=[48]\\\\)\\\\) parm.[0-9]+.data - \\\\(integer\\\\(kind=[48]\\\\)\\\\) x\\\\);" 1
FAIL: gfortran.dg/coarray_poly_4.f90 -O scan-tree-dump-times original "sub \\\\(\\\\(real\\\\(kind=4\\\\) \\\\*\\\\) var.x.data, var.x.token, 0\\\\);" 1
FAIL: gfortran.dg/coarray_poly_5.f90 -O scan-tree-dump-times original "x->_data->x.data = _gfortran_caf_register \\\\(4, 1, &x->_data->x.token, 0B, 0B, 0\\\\);" 1
FAIL: gfortran.dg/coarray_poly_6.f90 -O scan-tree-dump-times original "foo \\\\(&class.., y._data._data.token, \\\\(integer\\\\(kind=[48]\\\\)\\\\) class..._data.data - \\\\(integer\\\\(kind=[48]\\\\)\\\\) y._data._data.data\\\\);" 1
FAIL: gfortran.dg/coarray_poly_7.f90 -O scan-tree-dump-times original "foo \\\\(&class.., y._data._data.token, \\\\(integer\\\\(kind=[48]\\\\)\\\\) class..._data.data - \\\\(integer\\\\(kind=[48]\\\\)\\\\) y._data._data.data\\\\);" 1
FAIL: gfortran.dg/coarray_poly_8.f90 -O scan-tree-dump-times original "foo \\\\(&class.., y._data._data.token, \\\\(integer\\\\(kind=[48]\\\\)\\\\) class..._data.data - \\\\(integer\\\\(kind=[48]\\\\)\\\\) y._data._data.data\\\\);" 1
FAIL: gfortran.dg/finalize_10.f90 -O scan-tree-dump-times original "parm.[0-9]+.data = \\\\(void \\\\*\\\\) &\\\\(\\\\*aa.[0-9]+\\\\)\\\\[0\\\\];" 1
FAIL: gfortran.dg/finalize_10.f90 -O scan-tree-dump-times original "desc.[0-9]+.data = \\\\(void \\\\* restrict\\\\) bb;" 1
FAIL: gfortran.dg/finalize_18.f90 -O scan-tree-dump-times original "if \\\\(\\\\(struct t\\\\[0:\\\\] . restrict\\\\) y.bb.data != 0B\\\\)" 1
FAIL: gfortran.dg/finalize_18.f90 -O scan-tree-dump-times original "if \\\\(\\\\(struct t\\\\[0:\\\\] . restrict\\\\) y.dd._data.data != 0B\\\\)" 1
FAIL: gfortran.dg/finalize_18.f90 -O scan-tree-dump-times original "desc.[0-9]+.data = \\\\(void . restrict\\\\) y.aa;" 1
FAIL: gfortran.dg/finalize_18.f90 -O scan-tree-dump-times original "desc.[0-9]+.data = \\\\(void . restrict\\\\) y.cc._data;" 1
FAIL: gfortran.dg/iso-ts-29113_1.f90 -O0 (test for excess errors)
UNRESOLVED: gfortran.dg/iso-ts-29113_1.f90 -O0 compilation failed to produce executable
FAIL: gfortran.dg/iso-ts-29113_1.f90 -O1 (test for excess errors)
UNRESOLVED: gfortran.dg/iso-ts-29113_1.f90 -O1 compilation failed to produce executable
FAIL: gfortran.dg/iso-ts-29113_1.f90 -O2 (test for excess errors)
UNRESOLVED: gfortran.dg/iso-ts-29113_1.f90 -O2 compilation failed to produce executable
FAIL: gfortran.dg/iso-ts-29113_1.f90 -O3 -fomit-frame-pointer (test for excess errors)
UNRESOLVED: gfortran.dg/iso-ts-29113_1.f90 -O3 -fomit-frame-pointer compilation failed to produce executable
FAIL: gfortran.dg/iso-ts-29113_1.f90 -O3 -fomit-frame-pointer -funroll-loops (test for excess errors)
UNRESOLVED: gfortran.dg/iso-ts-29113_1.f90 -O3 -fomit-frame-pointer -funroll-loops compilation failed to produce executable
FAIL: gfortran.dg/iso-ts-29113_1.f90 -O3 -fomit-frame-pointer -funroll-all-loops -finline-functions (test for excess errors)
UNRESOLVED: gfortran.dg/iso-ts-29113_1.f90 -O3 -fomit-frame-pointer -funroll-all-loops -finline-functions compilation failed to produce executable
FAIL: gfortran.dg/iso-ts-29113_1.f90 -O3 -g (test for excess errors)
UNRESOLVED: gfortran.dg/iso-ts-29113_1.f90 -O3 -g compilation failed to produce executable
FAIL: gfortran.dg/iso-ts-29113_1.f90 -Os (test for excess errors)
UNRESOLVED: gfortran.dg/iso-ts-29113_1.f90 -Os compilation failed to produce executable
FAIL: gfortran.dg/iso-ts-29113_3.f90 -O0 (test for excess errors)
UNRESOLVED: gfortran.dg/iso-ts-29113_3.f90 -O0 compilation failed to produce executable
FAIL: gfortran.dg/iso-ts-29113_3.f90 -O1 (test for excess errors)
UNRESOLVED: gfortran.dg/iso-ts-29113_3.f90 -O1 compilation failed to produce executable
FAIL: gfortran.dg/iso-ts-29113_3.f90 -O2 (test for excess errors)
UNRESOLVED: gfortran.dg/iso-ts-29113_3.f90 -O2 compilation failed to produce executable
FAIL: gfortran.dg/iso-ts-29113_3.f90 -O3 -fomit-frame-pointer (test for excess errors)
UNRESOLVED: gfortran.dg/iso-ts-29113_3.f90 -O3 -fomit-frame-pointer compilation failed to produce executable
FAIL: gfortran.dg/iso-ts-29113_3.f90 -O3 -fomit-frame-pointer -funroll-loops (test for excess errors)
UNRESOLVED: gfortran.dg/iso-ts-29113_3.f90 -O3 -fomit-frame-pointer -funroll-loops compilation failed to produce executable
FAIL: gfortran.dg/iso-ts-29113_3.f90 -O3 -fomit-frame-pointer -funroll-all-loops -finline-functions (test for excess errors)
UNRESOLVED: gfortran.dg/iso-ts-29113_3.f90 -O3 -fomit-frame-pointer -funroll-all-loops -finline-functions compilation failed to produce executable
FAIL: gfortran.dg/iso-ts-29113_3.f90 -O3 -g (test for excess errors)
UNRESOLVED: gfortran.dg/iso-ts-29113_3.f90 -O3 -g compilation failed to produce executable
FAIL: gfortran.dg/iso-ts-29113_3.f90 -Os (test for excess errors)
UNRESOLVED: gfortran.dg/iso-ts-29113_3.f90 -Os compilation failed to produce executable
FAIL: gfortran.dg/mvbits_7.f90 -O0 execution test
FAIL: gfortran.dg/mvbits_7.f90 -O1 execution test
FAIL: gfortran.dg/mvbits_7.f90 -O2 execution test
FAIL: gfortran.dg/mvbits_7.f90 -O3 -fomit-frame-pointer execution test
FAIL: gfortran.dg/mvbits_7.f90 -O3 -fomit-frame-pointer -funroll-loops execution test
FAIL: gfortran.dg/mvbits_7.f90 -O3 -fomit-frame-pointer -funroll-all-loops -finline-functions execution test
FAIL: gfortran.dg/mvbits_7.f90 -O3 -g execution test
FAIL: gfortran.dg/mvbits_7.f90 -Os execution test
FAIL: gfortran.dg/realloc_on_assign_18.f90 -O scan-tree-dump original "y.data = \\\\(void . restrict\\\\) __builtin_malloc \\\\(1\\\\);"
FAIL: gfortran.dg/subref_array_pointer_2.f90 -O0 execution test
FAIL: gfortran.dg/subref_array_pointer_2.f90 -O1 execution test
FAIL: gfortran.dg/subref_array_pointer_2.f90 -O2 execution test
FAIL: gfortran.dg/subref_array_pointer_2.f90 -O3 -fomit-frame-pointer execution test
FAIL: gfortran.dg/subref_array_pointer_2.f90 -O3 -fomit-frame-pointer -funroll-loops execution test
FAIL: gfortran.dg/subref_array_pointer_2.f90 -O3 -fomit-frame-pointer -funroll-all-loops -finline-functions execution test
FAIL: gfortran.dg/subref_array_pointer_2.f90 -O3 -g execution test
FAIL: gfortran.dg/subref_array_pointer_2.f90 -Os execution test
FAIL: gfortran.dg/wextra_1.f -O (test for warnings, line 4)
=== gfortran Summary for unix/-m32 ===
# of expected passes 45466
# of unexpected failures 51
# of expected failures 52
# of unresolved testcases 16
# of unsupported tests 212
Running target unix/-m64
FAIL: gfortran.dg/coarray_31.f90 -O scan-tree-dump original "a.y.x.data = D.[0-9]+.y.x.data;"
FAIL: gfortran.dg/coarray_31.f90 -O scan-tree-dump original "a.y.z._data.data = D.[0-9]+.y.z._data.data;"
FAIL: gfortran.dg/coarray_31.f90 -O scan-tree-dump original "a.y.d._data.data = D.[0-9]+.y.d._data.data;"
FAIL: gfortran.dg/coarray_lib_this_image_2.f90 -O scan-tree-dump-times original "bar \\\\(struct array1_real\\\\(kind=4\\\\) & restrict x, void \\\\* restrict caf_token.., integer\\\\(kind=[48]\\\\) caf_offset..\\\\)" 1
FAIL: gfortran.dg/coarray_lib_this_image_2.f90 -O scan-tree-dump-times original "mylbound = parm...dim\\\\[0\\\\].stride >= 0 && parm...dim\\\\[0\\\\].ubound >= parm...dim\\\\[0\\\\].lower_bound \\\\|\\\\| parm...dim\\\\[0\\\\].stride < 0 \\\\?[^\\n\\r]* parm...dim\\\\[0\\\\].lower_bound : 1;" 1
FAIL: gfortran.dg/coarray_lib_this_image_2.f90 -O scan-tree-dump-times original "bar \\\\(&parm.[0-9]+, caf_token.[0-9]+, \\\\(integer\\\\(kind=[48]\\\\)\\\\) parm.[0-9]+.data - \\\\(integer\\\\(kind=[48]\\\\)\\\\) x\\\\);" 1
FAIL: gfortran.dg/coarray_poly_4.f90 -O scan-tree-dump-times original "sub \\\\(\\\\(real\\\\(kind=4\\\\) \\\\*\\\\) var.x.data, var.x.token, 0\\\\);" 1
FAIL: gfortran.dg/coarray_poly_5.f90 -O scan-tree-dump-times original "x->_data->x.data = _gfortran_caf_register \\\\(4, 1, &x->_data->x.token, 0B, 0B, 0\\\\);" 1
FAIL: gfortran.dg/coarray_poly_6.f90 -O scan-tree-dump-times original "foo \\\\(&class.., y._data._data.token, \\\\(integer\\\\(kind=[48]\\\\)\\\\) class..._data.data - \\\\(integer\\\\(kind=[48]\\\\)\\\\) y._data._data.data\\\\);" 1
FAIL: gfortran.dg/coarray_poly_7.f90 -O scan-tree-dump-times original "foo \\\\(&class.., y._data._data.token, \\\\(integer\\\\(kind=[48]\\\\)\\\\) class..._data.data - \\\\(integer\\\\(kind=[48]\\\\)\\\\) y._data._data.data\\\\);" 1
FAIL: gfortran.dg/coarray_poly_8.f90 -O scan-tree-dump-times original "foo \\\\(&class.., y._data._data.token, \\\\(integer\\\\(kind=[48]\\\\)\\\\) class..._data.data - \\\\(integer\\\\(kind=[48]\\\\)\\\\) y._data._data.data\\\\);" 1
FAIL: gfortran.dg/finalize_10.f90 -O scan-tree-dump-times original "parm.[0-9]+.data = \\\\(void \\\\*\\\\) &\\\\(\\\\*aa.[0-9]+\\\\)\\\\[0\\\\];" 1
FAIL: gfortran.dg/finalize_10.f90 -O scan-tree-dump-times original "desc.[0-9]+.data = \\\\(void \\\\* restrict\\\\) bb;" 1
FAIL: gfortran.dg/finalize_18.f90 -O scan-tree-dump-times original "if \\\\(\\\\(struct t\\\\[0:\\\\] . restrict\\\\) y.bb.data != 0B\\\\)" 1
FAIL: gfortran.dg/finalize_18.f90 -O scan-tree-dump-times original "if \\\\(\\\\(struct t\\\\[0:\\\\] . restrict\\\\) y.dd._data.data != 0B\\\\)" 1
FAIL: gfortran.dg/finalize_18.f90 -O scan-tree-dump-times original "desc.[0-9]+.data = \\\\(void . restrict\\\\) y.aa;" 1
FAIL: gfortran.dg/finalize_18.f90 -O scan-tree-dump-times original "desc.[0-9]+.data = \\\\(void . restrict\\\\) y.cc._data;" 1
FAIL: gfortran.dg/iso-ts-29113_1.f90 -O0 (test for excess errors)
UNRESOLVED: gfortran.dg/iso-ts-29113_1.f90 -O0 compilation failed to produce executable
FAIL: gfortran.dg/iso-ts-29113_1.f90 -O1 (test for excess errors)
UNRESOLVED: gfortran.dg/iso-ts-29113_1.f90 -O1 compilation failed to produce executable
FAIL: gfortran.dg/iso-ts-29113_1.f90 -O2 (test for excess errors)
UNRESOLVED: gfortran.dg/iso-ts-29113_1.f90 -O2 compilation failed to produce executable
FAIL: gfortran.dg/iso-ts-29113_1.f90 -O3 -fomit-frame-pointer (test for excess errors)
UNRESOLVED: gfortran.dg/iso-ts-29113_1.f90 -O3 -fomit-frame-pointer compilation failed to produce executable
FAIL: gfortran.dg/iso-ts-29113_1.f90 -O3 -fomit-frame-pointer -funroll-loops (test for excess errors)
UNRESOLVED: gfortran.dg/iso-ts-29113_1.f90 -O3 -fomit-frame-pointer -funroll-loops compilation failed to produce executable
FAIL: gfortran.dg/iso-ts-29113_1.f90 -O3 -fomit-frame-pointer -funroll-all-loops -finline-functions (test for excess errors)
UNRESOLVED: gfortran.dg/iso-ts-29113_1.f90 -O3 -fomit-frame-pointer -funroll-all-loops -finline-functions compilation failed to produce executable
FAIL: gfortran.dg/iso-ts-29113_1.f90 -O3 -g (test for excess errors)
UNRESOLVED: gfortran.dg/iso-ts-29113_1.f90 -O3 -g compilation failed to produce executable
FAIL: gfortran.dg/iso-ts-29113_1.f90 -Os (test for excess errors)
UNRESOLVED: gfortran.dg/iso-ts-29113_1.f90 -Os compilation failed to produce executable
FAIL: gfortran.dg/iso-ts-29113_3.f90 -O0 (test for excess errors)
UNRESOLVED: gfortran.dg/iso-ts-29113_3.f90 -O0 compilation failed to produce executable
FAIL: gfortran.dg/iso-ts-29113_3.f90 -O1 (test for excess errors)
UNRESOLVED: gfortran.dg/iso-ts-29113_3.f90 -O1 compilation failed to produce executable
FAIL: gfortran.dg/iso-ts-29113_3.f90 -O2 (test for excess errors)
UNRESOLVED: gfortran.dg/iso-ts-29113_3.f90 -O2 compilation failed to produce executable
FAIL: gfortran.dg/iso-ts-29113_3.f90 -O3 -fomit-frame-pointer (test for excess errors)
UNRESOLVED: gfortran.dg/iso-ts-29113_3.f90 -O3 -fomit-frame-pointer compilation failed to produce executable
FAIL: gfortran.dg/iso-ts-29113_3.f90 -O3 -fomit-frame-pointer -funroll-loops (test for excess errors)
UNRESOLVED: gfortran.dg/iso-ts-29113_3.f90 -O3 -fomit-frame-pointer -funroll-loops compilation failed to produce executable
FAIL: gfortran.dg/iso-ts-29113_3.f90 -O3 -fomit-frame-pointer -funroll-all-loops -finline-functions (test for excess errors)
UNRESOLVED: gfortran.dg/iso-ts-29113_3.f90 -O3 -fomit-frame-pointer -funroll-all-loops -finline-functions compilation failed to produce executable
FAIL: gfortran.dg/iso-ts-29113_3.f90 -O3 -g (test for excess errors)
UNRESOLVED: gfortran.dg/iso-ts-29113_3.f90 -O3 -g compilation failed to produce executable
FAIL: gfortran.dg/iso-ts-29113_3.f90 -Os (test for excess errors)
UNRESOLVED: gfortran.dg/iso-ts-29113_3.f90 -Os compilation failed to produce executable
FAIL: gfortran.dg/mvbits_7.f90 -O0 execution test
FAIL: gfortran.dg/mvbits_7.f90 -O1 execution test
FAIL: gfortran.dg/mvbits_7.f90 -O2 execution test
FAIL: gfortran.dg/mvbits_7.f90 -O3 -fomit-frame-pointer execution test
FAIL: gfortran.dg/mvbits_7.f90 -O3 -fomit-frame-pointer -funroll-loops execution test
FAIL: gfortran.dg/mvbits_7.f90 -O3 -fomit-frame-pointer -funroll-all-loops -finline-functions execution test
FAIL: gfortran.dg/mvbits_7.f90 -O3 -g execution test
FAIL: gfortran.dg/mvbits_7.f90 -Os execution test
FAIL: gfortran.dg/realloc_on_assign_18.f90 -O scan-tree-dump original "y.data = \\\\(void . restrict\\\\) __builtin_malloc \\\\(1\\\\);"
FAIL: gfortran.dg/subref_array_pointer_2.f90 -O0 execution test
FAIL: gfortran.dg/subref_array_pointer_2.f90 -O1 execution test
FAIL: gfortran.dg/subref_array_pointer_2.f90 -O2 execution test
FAIL: gfortran.dg/subref_array_pointer_2.f90 -O3 -fomit-frame-pointer execution test
FAIL: gfortran.dg/subref_array_pointer_2.f90 -O3 -fomit-frame-pointer -funroll-loops execution test
FAIL: gfortran.dg/subref_array_pointer_2.f90 -O3 -fomit-frame-pointer -funroll-all-loops -finline-functions execution test
FAIL: gfortran.dg/subref_array_pointer_2.f90 -O3 -g execution test
FAIL: gfortran.dg/subref_array_pointer_2.f90 -Os execution test
FAIL: gfortran.dg/unlimited_polymorphic_1.f03 -O0 execution test
FAIL: gfortran.dg/unlimited_polymorphic_1.f03 -O1 execution test
FAIL: gfortran.dg/unlimited_polymorphic_1.f03 -O2 execution test
FAIL: gfortran.dg/unlimited_polymorphic_1.f03 -O3 -fomit-frame-pointer execution test
FAIL: gfortran.dg/unlimited_polymorphic_1.f03 -O3 -fomit-frame-pointer -funroll-loops execution test
FAIL: gfortran.dg/unlimited_polymorphic_1.f03 -O3 -fomit-frame-pointer -funroll-all-loops -finline-functions execution test
FAIL: gfortran.dg/unlimited_polymorphic_1.f03 -O3 -g execution test
FAIL: gfortran.dg/unlimited_polymorphic_1.f03 -Os execution test
FAIL: gfortran.dg/unlimited_polymorphic_17.f90 -O0 execution test
FAIL: gfortran.dg/unlimited_polymorphic_17.f90 -O1 execution test
FAIL: gfortran.dg/unlimited_polymorphic_17.f90 -O2 execution test
FAIL: gfortran.dg/unlimited_polymorphic_17.f90 -O3 -fomit-frame-pointer execution test
FAIL: gfortran.dg/unlimited_polymorphic_17.f90 -O3 -fomit-frame-pointer -funroll-loops execution test
FAIL: gfortran.dg/unlimited_polymorphic_17.f90 -O3 -fomit-frame-pointer -funroll-all-loops -finline-functions execution test
FAIL: gfortran.dg/unlimited_polymorphic_17.f90 -O3 -g execution test
FAIL: gfortran.dg/unlimited_polymorphic_17.f90 -Os execution test
FAIL: gfortran.dg/wextra_1.f -O (test for warnings, line 4)
=== gfortran Summary for unix/-m64 ===
# of expected passes 45737
# of unexpected failures 67
# of expected failures 52
# of unresolved testcases 16
# of unsupported tests 74
=== gfortran Summary ===
# of expected passes 91203
# of unexpected failures 118
# of expected failures 104
# of unresolved testcases 32
# of unsupported tests 286
/opt/gcc/build_d/gcc/testsuite/gfortran/../../gfortran version 4.10.0 20140516 (experimental) [branch fortran-dev revision 210518] (GCC)
Compiler version: 4.10.0 20140516 (experimental) [branch fortran-dev revision 210518] (GCC) gfortran
Platform: x86_64-apple-darwin13.2.0
configure flags: --prefix=/opt/gcc/gcc4.10d --enable-languages=c,c++,fortran,lto --with-gmp=/opt/mp --with-system-zlib --with-isl=/opt/mp --enable-lto --enable-plugin --enable-checking=release