This is the mail archive of the
gcc-testresults@gcc.gnu.org
mailing list for the GCC project.
FW: Results for 4.10.0 20140506 (experimental) (GCC) testsuite on x86_64-unknown-linux-gnu
- From: "Pinski, Andrew" <Andrew dot Pinski at caviumnetworks dot com>
- To: "gcc-testresults at gcc dot gnu dot org" <gcc-testresults at gcc dot gnu dot org>
- Date: Wed, 7 May 2014 03:18:02 +0000
- Subject: FW: Results for 4.10.0 20140506 (experimental) (GCC) testsuite on x86_64-unknown-linux-gnu
- Authentication-results: sourceware.org; auth=none
- Authentication-results: spf=none (sender IP is ) smtp dot mailfrom=Andrew dot Pinski at caviumnetworks dot com;
- Auto-submitted: auto-generated
- References: <201405070317 dot s473HuhY004257 at blackduck dot caveonetworks dot com>
________________________________________
From: jenkins@blackduck.caveonetworks.com
Sent: Tuesday, May 06, 2014 8:17:56 PM (UTC-08:00) Pacific Time (US & Canada)
To: apinski@cavium.com
Subject: Results for 4.10.0 20140506 (experimental) (GCC) testsuite on x86_64-unknown-linux-gnu
Native configuration is x86_64-unknown-linux-gnu
=== gcc tests ===
Running target unix//-m32
FAIL: gcc.dg/cproj-fails-with-broken-glibc.c execution test
FAIL: gcc.dg/torture/tls/run-ld.c -O1 -pie -fpie execution test
FAIL: gcc.dg/torture/tls/run-ld.c -O2 -pie -fpie execution test
FAIL: gcc.dg/torture/tls/run-ld.c -O3 -fomit-frame-pointer -pie -fpie execution test
FAIL: gcc.dg/torture/tls/run-ld.c -O3 -g -pie -fpie execution test
FAIL: gcc.dg/torture/tls/run-ld.c -Os -pie -fpie execution test
FAIL: gcc.dg/torture/tls/run-ld.c -O1 -pie -fPIE execution test
FAIL: gcc.dg/torture/tls/run-ld.c -O2 -pie -fPIE execution test
FAIL: gcc.dg/torture/tls/run-ld.c -O3 -fomit-frame-pointer -pie -fPIE execution test
FAIL: gcc.dg/torture/tls/run-ld.c -O3 -g -pie -fPIE execution test
FAIL: gcc.dg/torture/tls/run-ld.c -Os -pie -fPIE execution test
=== gcc Summary for unix//-m32 ===
# of expected passes 103571
# of unexpected failures 11
# of expected failures 244
# of unsupported tests 1805
Running target unix//-m64
FAIL: gcc.dg/cproj-fails-with-broken-glibc.c execution test
FAIL: c-c++-common/tsan/atomic_stack.c -O0 output pattern test, is ==30841==WARNING: Program is run with unlimited stack size, which wouldn't work with ThreadSanitizer.
FAIL: c-c++-common/tsan/atomic_stack.c -O2 output pattern test, is ==31126==WARNING: Program is run with unlimited stack size, which wouldn't work with ThreadSanitizer.
FAIL: c-c++-common/tsan/fd_pipe_race.c -O0 output pattern test, is ==31226==WARNING: Program is run with unlimited stack size, which wouldn't work with ThreadSanitizer.
FAIL: c-c++-common/tsan/fd_pipe_race.c -O2 output pattern test, is ==31447==WARNING: Program is run with unlimited stack size, which wouldn't work with ThreadSanitizer.
FAIL: c-c++-common/tsan/free_race.c -O0 output pattern test, is ==31531==WARNING: Program is run with unlimited stack size, which wouldn't work with ThreadSanitizer.
FAIL: c-c++-common/tsan/free_race.c -O2 output pattern test, is ==31695==WARNING: Program is run with unlimited stack size, which wouldn't work with ThreadSanitizer.
FAIL: c-c++-common/tsan/free_race2.c -O0 output pattern test, is ==31785==WARNING: Program is run with unlimited stack size, which wouldn't work with ThreadSanitizer.
FAIL: c-c++-common/tsan/free_race2.c -O2 output pattern test, is ==31938==WARNING: Program is run with unlimited stack size, which wouldn't work with ThreadSanitizer.
FAIL: c-c++-common/tsan/mutexset1.c -O0 output pattern test, is ==32117==WARNING: Program is run with unlimited stack size, which wouldn't work with ThreadSanitizer.
FAIL: c-c++-common/tsan/mutexset1.c -O2 output pattern test, is ==32196==WARNING: Program is run with unlimited stack size, which wouldn't work with ThreadSanitizer.
FAIL: c-c++-common/tsan/race_on_barrier.c -O0 output pattern test, is ==32351==WARNING: Program is run with unlimited stack size, which wouldn't work with ThreadSanitizer.
FAIL: c-c++-common/tsan/race_on_barrier.c -O2 output pattern test, is ==32447==WARNING: Program is run with unlimited stack size, which wouldn't work with ThreadSanitizer.
FAIL: c-c++-common/tsan/race_on_barrier2.c -O0 output pattern test, is ==32537==WARNING: Program is run with unlimited stack size, which wouldn't work with ThreadSanitizer.
FAIL: c-c++-common/tsan/race_on_barrier2.c -O2 output pattern test, is ==32640==WARNING: Program is run with unlimited stack size, which wouldn't work with ThreadSanitizer.
FAIL: c-c++-common/tsan/race_on_mutex.c -O0 output pattern test, is ==304==WARNING: Program is run with unlimited stack size, which wouldn't work with ThreadSanitizer.
FAIL: c-c++-common/tsan/race_on_mutex.c -O2 output pattern test, is ==423==WARNING: Program is run with unlimited stack size, which wouldn't work with ThreadSanitizer.
FAIL: c-c++-common/tsan/race_on_mutex2.c -O0 output pattern test, is ==516==WARNING: Program is run with unlimited stack size, which wouldn't work with ThreadSanitizer.
FAIL: c-c++-common/tsan/race_on_mutex2.c -O2 output pattern test, is ==701==WARNING: Program is run with unlimited stack size, which wouldn't work with ThreadSanitizer.
FAIL: c-c++-common/tsan/simple_race.c -O0 output pattern test, is ==838==WARNING: Program is run with unlimited stack size, which wouldn't work with ThreadSanitizer.
FAIL: c-c++-common/tsan/simple_race.c -O2 output pattern test, is ==986==WARNING: Program is run with unlimited stack size, which wouldn't work with ThreadSanitizer.
FAIL: c-c++-common/tsan/simple_stack.c -O0 output pattern test, is ==1084==WARNING: Program is run with unlimited stack size, which wouldn't work with ThreadSanitizer.
FAIL: c-c++-common/tsan/simple_stack.c -O2 output pattern test, is ==1197==WARNING: Program is run with unlimited stack size, which wouldn't work with ThreadSanitizer.
FAIL: c-c++-common/tsan/thread_leak.c -O0 execution test
FAIL: c-c++-common/tsan/thread_leak.c -O2 execution test
FAIL: c-c++-common/tsan/thread_leak1.c -O0 output pattern test, is ==1849==WARNING: Program is run with unlimited stack size, which wouldn't work with ThreadSanitizer.
FAIL: c-c++-common/tsan/thread_leak1.c -O2 output pattern test, is ==2136==WARNING: Program is run with unlimited stack size, which wouldn't work with ThreadSanitizer.
FAIL: c-c++-common/tsan/thread_leak2.c -O0 output pattern test, is ==2268==WARNING: Program is run with unlimited stack size, which wouldn't work with ThreadSanitizer.
FAIL: c-c++-common/tsan/thread_leak2.c -O2 output pattern test, is ==2349==WARNING: Program is run with unlimited stack size, which wouldn't work with ThreadSanitizer.
FAIL: c-c++-common/tsan/tiny_race.c -O0 output pattern test, is ==2428==WARNING: Program is run with unlimited stack size, which wouldn't work with ThreadSanitizer.
FAIL: c-c++-common/tsan/tiny_race.c -O2 output pattern test, is ==2516==WARNING: Program is run with unlimited stack size, which wouldn't work with ThreadSanitizer.
FAIL: c-c++-common/tsan/tls_race.c -O0 output pattern test, is ==2633==WARNING: Program is run with unlimited stack size, which wouldn't work with ThreadSanitizer.
FAIL: c-c++-common/tsan/tls_race.c -O2 output pattern test, is ==2722==WARNING: Program is run with unlimited stack size, which wouldn't work with ThreadSanitizer.
FAIL: c-c++-common/tsan/write_in_reader_lock.c -O0 output pattern test, is ==2787==WARNING: Program is run with unlimited stack size, which wouldn't work with ThreadSanitizer.
FAIL: c-c++-common/tsan/write_in_reader_lock.c -O2 output pattern test, is ==2857==WARNING: Program is run with unlimited stack size, which wouldn't work with ThreadSanitizer.
FAIL: gcc.target/i386/pr56114.c (test for excess errors)
=== gcc Summary for unix//-m64 ===
# of expected passes 104199
# of unexpected failures 36
# of expected failures 247
# of unsupported tests 2056
=== gcc Summary ===
# of expected passes 207770
# of unexpected failures 47
# of expected failures 491
# of unsupported tests 3861
/var/lib/jenkins/workspace/GCCupstream/objdir/gcc/xgcc version 4.10.0 20140506 (experimental) (GCC)
=== gfortran tests ===
Running target unix//-m32
=== gfortran Summary for unix//-m32 ===
# of expected passes 45324
# of expected failures 38
# of unsupported tests 219
Running target unix//-m64
=== gfortran Summary for unix//-m64 ===
# of expected passes 45613
# of expected failures 38
# of unsupported tests 79
=== gfortran Summary ===
# of expected passes 90937
# of expected failures 76
# of unsupported tests 298
/var/lib/jenkins/workspace/GCCupstream/objdir/gcc/testsuite/gfortran/../../gfortran version 4.10.0 20140506 (experimental) (GCC)
=== g++ tests ===
Running target unix//-m32
FAIL: g++.dg/other/anon5.C -std=gnu++98 (test for excess errors)
FAIL: g++.dg/other/anon5.C -std=gnu++11 (test for excess errors)
FAIL: g++.dg/other/anon5.C -std=gnu++1y (test for excess errors)
FAIL: g++.dg/other/pr59492.C -std=gnu++98 (test for excess errors)
FAIL: g++.dg/other/pr59492.C -std=gnu++11 (test for excess errors)
FAIL: g++.dg/other/pr59492.C -std=gnu++1y (test for excess errors)
=== g++ Summary for unix//-m32 ===
# of expected passes 86317
# of unexpected failures 6
# of expected failures 443
# of unsupported tests 2723
Running target unix//-m64
FAIL: g++.dg/other/anon5.C -std=gnu++98 (test for excess errors)
FAIL: g++.dg/other/anon5.C -std=gnu++11 (test for excess errors)
FAIL: g++.dg/other/anon5.C -std=gnu++1y (test for excess errors)
FAIL: c-c++-common/tsan/atomic_stack.c -O0 output pattern test, is ==5307==WARNING: Program is run with unlimited stack size, which wouldn't work with ThreadSanitizer.
FAIL: c-c++-common/tsan/atomic_stack.c -O2 output pattern test, is ==5435==WARNING: Program is run with unlimited stack size, which wouldn't work with ThreadSanitizer.
FAIL: c-c++-common/tsan/fd_pipe_race.c -O0 output pattern test, is ==5596==WARNING: Program is run with unlimited stack size, which wouldn't work with ThreadSanitizer.
FAIL: c-c++-common/tsan/fd_pipe_race.c -O2 output pattern test, is ==5712==WARNING: Program is run with unlimited stack size, which wouldn't work with ThreadSanitizer.
FAIL: c-c++-common/tsan/free_race.c -O0 output pattern test, is ==5879==WARNING: Program is run with unlimited stack size, which wouldn't work with ThreadSanitizer.
FAIL: c-c++-common/tsan/free_race.c -O2 output pattern test, is ==5988==WARNING: Program is run with unlimited stack size, which wouldn't work with ThreadSanitizer.
FAIL: c-c++-common/tsan/free_race2.c -O0 output pattern test, is ==6125==WARNING: Program is run with unlimited stack size, which wouldn't work with ThreadSanitizer.
FAIL: c-c++-common/tsan/free_race2.c -O2 output pattern test, is ==6248==WARNING: Program is run with unlimited stack size, which wouldn't work with ThreadSanitizer.
FAIL: c-c++-common/tsan/mutexset1.c -O0 output pattern test, is ==6357==WARNING: Program is run with unlimited stack size, which wouldn't work with ThreadSanitizer.
FAIL: c-c++-common/tsan/mutexset1.c -O2 output pattern test, is ==6448==WARNING: Program is run with unlimited stack size, which wouldn't work with ThreadSanitizer.
FAIL: c-c++-common/tsan/race_on_barrier.c -O0 output pattern test, is ==6515==WARNING: Program is run with unlimited stack size, which wouldn't work with ThreadSanitizer.
FAIL: c-c++-common/tsan/race_on_barrier.c -O2 output pattern test, is ==6625==WARNING: Program is run with unlimited stack size, which wouldn't work with ThreadSanitizer.
FAIL: c-c++-common/tsan/race_on_barrier2.c -O0 output pattern test, is ==6697==WARNING: Program is run with unlimited stack size, which wouldn't work with ThreadSanitizer.
FAIL: c-c++-common/tsan/race_on_barrier2.c -O2 output pattern test, is ==6808==WARNING: Program is run with unlimited stack size, which wouldn't work with ThreadSanitizer.
FAIL: c-c++-common/tsan/race_on_mutex.c -O0 output pattern test, is ==6876==WARNING: Program is run with unlimited stack size, which wouldn't work with ThreadSanitizer.
FAIL: c-c++-common/tsan/race_on_mutex.c -O2 output pattern test, is ==6973==WARNING: Program is run with unlimited stack size, which wouldn't work with ThreadSanitizer.
FAIL: c-c++-common/tsan/race_on_mutex2.c -O0 output pattern test, is ==7036==WARNING: Program is run with unlimited stack size, which wouldn't work with ThreadSanitizer.
FAIL: c-c++-common/tsan/race_on_mutex2.c -O2 output pattern test, is ==7135==WARNING: Program is run with unlimited stack size, which wouldn't work with ThreadSanitizer.
FAIL: c-c++-common/tsan/simple_race.c -O0 output pattern test, is ==7193==WARNING: Program is run with unlimited stack size, which wouldn't work with ThreadSanitizer.
FAIL: c-c++-common/tsan/simple_race.c -O2 output pattern test, is ==7296==WARNING: Program is run with unlimited stack size, which wouldn't work with ThreadSanitizer.
FAIL: c-c++-common/tsan/simple_stack.c -O0 output pattern test, is ==7366==WARNING: Program is run with unlimited stack size, which wouldn't work with ThreadSanitizer.
FAIL: c-c++-common/tsan/simple_stack.c -O2 output pattern test, is ==7485==WARNING: Program is run with unlimited stack size, which wouldn't work with ThreadSanitizer.
FAIL: c-c++-common/tsan/thread_leak.c -O0 execution test
FAIL: c-c++-common/tsan/thread_leak.c -O2 execution test
FAIL: c-c++-common/tsan/thread_leak1.c -O0 output pattern test, is ==8070==WARNING: Program is run with unlimited stack size, which wouldn't work with ThreadSanitizer.
FAIL: c-c++-common/tsan/thread_leak1.c -O2 output pattern test, is ==8184==WARNING: Program is run with unlimited stack size, which wouldn't work with ThreadSanitizer.
FAIL: c-c++-common/tsan/thread_leak2.c -O0 output pattern test, is ==8321==WARNING: Program is run with unlimited stack size, which wouldn't work with ThreadSanitizer.
FAIL: c-c++-common/tsan/thread_leak2.c -O2 output pattern test, is ==8460==WARNING: Program is run with unlimited stack size, which wouldn't work with ThreadSanitizer.
FAIL: c-c++-common/tsan/tiny_race.c -O0 output pattern test, is ==8626==WARNING: Program is run with unlimited stack size, which wouldn't work with ThreadSanitizer.
FAIL: c-c++-common/tsan/tiny_race.c -O2 output pattern test, is ==8736==WARNING: Program is run with unlimited stack size, which wouldn't work with ThreadSanitizer.
FAIL: c-c++-common/tsan/tls_race.c -O0 output pattern test, is ==8863==WARNING: Program is run with unlimited stack size, which wouldn't work with ThreadSanitizer.
FAIL: c-c++-common/tsan/tls_race.c -O2 output pattern test, is ==8994==WARNING: Program is run with unlimited stack size, which wouldn't work with ThreadSanitizer.
FAIL: c-c++-common/tsan/write_in_reader_lock.c -O0 output pattern test, is ==9124==WARNING: Program is run with unlimited stack size, which wouldn't work with ThreadSanitizer.
FAIL: c-c++-common/tsan/write_in_reader_lock.c -O2 output pattern test, is ==9296==WARNING: Program is run with unlimited stack size, which wouldn't work with ThreadSanitizer.
FAIL: g++.dg/tsan/aligned_vs_unaligned_race.C -O0 execution test
FAIL: g++.dg/tsan/aligned_vs_unaligned_race.C -O2 execution test
FAIL: g++.dg/tsan/atomic_free.C -O0 output pattern test, is ==9678==WARNING: Program is run with unlimited stack size, which wouldn't work with ThreadSanitizer.
FAIL: g++.dg/tsan/atomic_free.C -O2 output pattern test, is ==9804==WARNING: Program is run with unlimited stack size, which wouldn't work with ThreadSanitizer.
FAIL: g++.dg/tsan/atomic_free2.C -O0 output pattern test, is ==9918==WARNING: Program is run with unlimited stack size, which wouldn't work with ThreadSanitizer.
FAIL: g++.dg/tsan/atomic_free2.C -O2 output pattern test, is ==10045==WARNING: Program is run with unlimited stack size, which wouldn't work with ThreadSanitizer.
FAIL: g++.dg/tsan/benign_race.C -O0 execution test
FAIL: g++.dg/tsan/benign_race.C -O2 execution test
FAIL: g++.dg/tsan/cond_race.C -O0 output pattern test, is ==10469==WARNING: Program is run with unlimited stack size, which wouldn't work with ThreadSanitizer.
FAIL: g++.dg/tsan/cond_race.C -O2 output pattern test, is ==10624==WARNING: Program is run with unlimited stack size, which wouldn't work with ThreadSanitizer.
FAIL: g++.dg/tsan/default_options.C -O0 execution test
FAIL: g++.dg/tsan/default_options.C -O2 execution test
FAIL: g++.dg/tsan/fd_close_norace.C -O0 execution test
FAIL: g++.dg/tsan/fd_close_norace.C -O2 execution test
FAIL: g++.dg/tsan/fd_close_norace2.C -O0 execution test
FAIL: g++.dg/tsan/fd_close_norace2.C -O2 execution test
=== g++ Summary for unix//-m64 ===
# of expected passes 87724
# of unexpected failures 53
# of expected failures 443
# of unsupported tests 2994
=== g++ Summary ===
# of expected passes 174041
# of unexpected failures 59
# of expected failures 886
# of unsupported tests 5717
/var/lib/jenkins/workspace/GCCupstream/objdir/gcc/testsuite/g++/../../xg++ version 4.10.0 20140506 (experimental) (GCC)
=== objc tests ===
Running target unix//-m32
=== objc Summary for unix//-m32 ===
# of expected passes 2988
# of expected failures 6
# of unsupported tests 74
Running target unix//-m64
=== objc Summary for unix//-m64 ===
# of expected passes 2988
# of expected failures 6
# of unsupported tests 74
=== objc Summary ===
# of expected passes 5976
# of expected failures 12
# of unsupported tests 148
/var/lib/jenkins/workspace/GCCupstream/objdir/gcc/xgcc version 4.10.0 20140506 (experimental) (GCC)
=== boehm-gc tests ===
Running target unix//-m32
=== boehm-gc Summary for unix//-m32 ===
# of expected passes 12
# of unsupported tests 1
Running target unix//-m64
=== boehm-gc Summary for unix//-m64 ===
# of expected passes 12
# of unsupported tests 1
=== boehm-gc Summary ===
# of expected passes 24
# of unsupported tests 2
=== libatomic tests ===
Running target unix//-m32
=== libatomic Summary for unix//-m32 ===
# of expected passes 44
# of unsupported tests 5
Running target unix//-m64
=== libatomic Summary for unix//-m64 ===
# of expected passes 54
=== libatomic Summary ===
# of expected passes 98
# of unsupported tests 5
=== libffi tests ===
Running target unix//-m32
=== libffi Summary for unix//-m32 ===
# of expected passes 1819
# of unsupported tests 55
Running target unix//-m64
=== libffi Summary for unix//-m64 ===
# of expected passes 1819
# of unsupported tests 55
=== libffi Summary ===
# of expected passes 3638
# of unsupported tests 110
=== libgomp tests ===
Running target unix//-m32
=== libgomp Summary for unix//-m32 ===
# of expected passes 2379
Running target unix//-m64
=== libgomp Summary for unix//-m64 ===
# of expected passes 2379
=== libgomp Summary ===
# of expected passes 4758
=== libitm tests ===
Running target unix//-m32
=== libitm Summary for unix//-m32 ===
# of expected passes 26
# of expected failures 3
# of unsupported tests 1
Running target unix//-m64
=== libitm Summary for unix//-m64 ===
# of expected passes 26
# of expected failures 3
# of unsupported tests 1
=== libitm Summary ===
# of expected passes 52
# of expected failures 6
# of unsupported tests 2
=== libjava tests ===
Running target unix//-m32
=== libjava Summary for unix//-m32 ===
# of expected passes 2582
# of expected failures 4
Running target unix//-m64
=== libjava Summary for unix//-m64 ===
# of expected passes 2582
# of expected failures 4
=== libjava Summary ===
# of expected passes 5164
# of expected failures 8
=== libstdc++ tests ===
Running target unix//-m32
=== libstdc++ Summary for unix//-m32 ===
# of expected passes 9309
# of expected failures 41
# of unsupported tests 529
Running target unix//-m64
=== libstdc++ Summary for unix//-m64 ===
# of expected passes 9301
# of expected failures 41
# of unsupported tests 533
=== libstdc++ Summary ===
# of expected passes 18610
# of expected failures 82
# of unsupported tests 1062
Compiler version: 4.10.0 20140506 (experimental) (GCC)
Platform: x86_64-unknown-linux-gnu
configure flags: --prefix=/var/lib/jenkins/workspace/GCCupstream/objdir/install