This is the mail archive of the
gcc-testresults@gcc.gnu.org
mailing list for the GCC project.
Results for 4.10.0 20140506 (experimental) [trunk revision 210124] (GCC) testsuite on i686-pc-linux-gnu
- From: ia32 at gnu-1 dot sc dot intel dot com (H.J. Lu (ia32))
- To: gcc-testresults at gcc dot gnu dot org
- Date: Tue, 06 May 2014 18:17:24 -0700
- Subject: Results for 4.10.0 20140506 (experimental) [trunk revision 210124] (GCC) testsuite on i686-pc-linux-gnu
- Authentication-results: sourceware.org; auth=none
Native configuration is i686-pc-linux-gnu
=== gcc tests ===
Running target unix
XPASS: gcc.dg/guality/example.c -O0 execution test
XPASS: gcc.dg/guality/example.c -O1 execution test
XPASS: gcc.dg/guality/guality.c -O0 execution test
XPASS: gcc.dg/guality/guality.c -O1 execution test
XPASS: gcc.dg/guality/guality.c -O2 execution test
XPASS: gcc.dg/guality/guality.c -O3 -fomit-frame-pointer execution test
XPASS: gcc.dg/guality/guality.c -O3 -g execution test
XPASS: gcc.dg/guality/guality.c -Os execution test
XPASS: gcc.dg/guality/guality.c -O2 -flto -fno-use-linker-plugin -flto-partition=none execution test
XPASS: gcc.dg/guality/guality.c -O2 -flto -fuse-linker-plugin -fno-fat-lto-objects execution test
XPASS: gcc.dg/guality/inline-params.c -O2 execution test
XPASS: gcc.dg/guality/inline-params.c -O3 -fomit-frame-pointer execution test
XPASS: gcc.dg/guality/inline-params.c -O3 -g execution test
XPASS: gcc.dg/guality/inline-params.c -Os execution test
XPASS: gcc.dg/guality/inline-params.c -O2 -flto -fno-use-linker-plugin -flto-partition=none execution test
XPASS: gcc.dg/guality/pr41353-1.c -O0 line 28 j == 28 + 37
XPASS: gcc.dg/guality/pr41353-1.c -Os line 28 j == 28 + 37
XPASS: gcc.dg/guality/pr41447-1.c -O0 execution test
XPASS: gcc.dg/guality/pr41447-1.c -O1 execution test
XPASS: gcc.dg/guality/pr41447-1.c -Os execution test
XPASS: gcc.dg/guality/pr41447-1.c -O2 -flto -fuse-linker-plugin -fno-fat-lto-objects execution test
XPASS: gcc.dg/guality/pr41616-1.c -O0 execution test
XPASS: gcc.dg/guality/pr41616-1.c -O1 execution test
XPASS: gcc.dg/guality/pr41616-1.c -O2 execution test
XPASS: gcc.dg/guality/pr41616-1.c -O3 -fomit-frame-pointer execution test
XPASS: gcc.dg/guality/pr41616-1.c -O3 -g execution test
XPASS: gcc.dg/guality/pr41616-1.c -Os execution test
XPASS: gcc.dg/guality/pr41616-1.c -O2 -flto -fno-use-linker-plugin -flto-partition=none execution test
FAIL: gcc.dg/guality/pr43479.c -O1 line 13 h == 9
FAIL: gcc.dg/guality/pr43479.c -O1 line 18 h == 9
FAIL: gcc.dg/guality/pr43479.c -O2 line 13 h == 9
FAIL: gcc.dg/guality/pr43479.c -O2 line 18 h == 9
FAIL: gcc.dg/guality/pr43479.c -O3 -fomit-frame-pointer line 13 h == 9
FAIL: gcc.dg/guality/pr43479.c -O3 -fomit-frame-pointer line 18 h == 9
FAIL: gcc.dg/guality/pr43479.c -O3 -g line 13 h == 9
FAIL: gcc.dg/guality/pr43479.c -O3 -g line 18 h == 9
FAIL: gcc.dg/guality/pr43479.c -Os line 13 h == 9
FAIL: gcc.dg/guality/pr43479.c -Os line 18 h == 9
FAIL: gcc.dg/guality/pr43479.c -O2 -flto -fno-use-linker-plugin -flto-partition=none line 13 h == 9
FAIL: gcc.dg/guality/pr43479.c -O2 -flto -fno-use-linker-plugin -flto-partition=none line 18 h == 9
FAIL: gcc.dg/guality/pr43479.c -O2 -flto -fuse-linker-plugin -fno-fat-lto-objects line 13 h == 9
FAIL: gcc.dg/guality/pr43479.c -O2 -flto -fuse-linker-plugin -fno-fat-lto-objects line 18 h == 9
FAIL: gcc.dg/guality/pr48437.c -O2 -flto -fno-use-linker-plugin -flto-partition=none line 14 i == 0
FAIL: gcc.dg/guality/pr48437.c -O2 -flto -fuse-linker-plugin -fno-fat-lto-objects line 14 i == 0
FAIL: gcc.dg/guality/pr54200.c -O2 -flto -fuse-linker-plugin -fno-fat-lto-objects line 20 z == 3
FAIL: gcc.dg/guality/pr54519-1.c -O2 line 20 y == 25
FAIL: gcc.dg/guality/pr54519-1.c -O2 line 20 z == 6
FAIL: gcc.dg/guality/pr54519-1.c -O2 line 23 y == 117
FAIL: gcc.dg/guality/pr54519-1.c -O2 line 23 z == 8
FAIL: gcc.dg/guality/pr54519-1.c -O3 -fomit-frame-pointer line 20 x == 36
FAIL: gcc.dg/guality/pr54519-1.c -O3 -fomit-frame-pointer line 20 y == 25
FAIL: gcc.dg/guality/pr54519-1.c -O3 -fomit-frame-pointer line 20 z == 6
FAIL: gcc.dg/guality/pr54519-1.c -O3 -g line 20 x == 36
FAIL: gcc.dg/guality/pr54519-1.c -O3 -g line 20 y == 25
FAIL: gcc.dg/guality/pr54519-1.c -O3 -g line 20 z == 6
FAIL: gcc.dg/guality/pr54519-1.c -O2 -flto -fno-use-linker-plugin -flto-partition=none line 20 y == 25
FAIL: gcc.dg/guality/pr54519-1.c -O2 -flto -fno-use-linker-plugin -flto-partition=none line 20 z == 6
FAIL: gcc.dg/guality/pr54519-1.c -O2 -flto -fno-use-linker-plugin -flto-partition=none line 23 y == 117
FAIL: gcc.dg/guality/pr54519-1.c -O2 -flto -fno-use-linker-plugin -flto-partition=none line 23 z == 8
FAIL: gcc.dg/guality/pr54519-2.c -O2 -flto -fno-use-linker-plugin -flto-partition=none line 17 y == 25
FAIL: gcc.dg/guality/pr54519-2.c -O2 -flto -fuse-linker-plugin -fno-fat-lto-objects line 17 y == 25
FAIL: gcc.dg/guality/pr54519-3.c -O2 line 20 x == 36
FAIL: gcc.dg/guality/pr54519-3.c -O2 line 20 y == 25
FAIL: gcc.dg/guality/pr54519-3.c -O2 line 20 z == 6
FAIL: gcc.dg/guality/pr54519-3.c -O2 line 23 x == 98
FAIL: gcc.dg/guality/pr54519-3.c -O2 line 23 y == 117
FAIL: gcc.dg/guality/pr54519-3.c -O2 line 23 z == 8
FAIL: gcc.dg/guality/pr54519-3.c -O3 -fomit-frame-pointer line 20 x == 36
FAIL: gcc.dg/guality/pr54519-3.c -O3 -fomit-frame-pointer line 20 y == 25
FAIL: gcc.dg/guality/pr54519-3.c -O3 -fomit-frame-pointer line 20 z == 6
FAIL: gcc.dg/guality/pr54519-3.c -O3 -fomit-frame-pointer line 23 x == 98
FAIL: gcc.dg/guality/pr54519-3.c -O3 -fomit-frame-pointer line 23 y == 117
FAIL: gcc.dg/guality/pr54519-3.c -O3 -fomit-frame-pointer line 23 z == 8
FAIL: gcc.dg/guality/pr54519-3.c -O3 -g line 20 x == 36
FAIL: gcc.dg/guality/pr54519-3.c -O3 -g line 20 y == 25
FAIL: gcc.dg/guality/pr54519-3.c -O3 -g line 20 z == 6
FAIL: gcc.dg/guality/pr54519-3.c -O3 -g line 23 x == 98
FAIL: gcc.dg/guality/pr54519-3.c -O3 -g line 23 y == 117
FAIL: gcc.dg/guality/pr54519-3.c -O3 -g line 23 z == 8
FAIL: gcc.dg/guality/pr54519-3.c -O2 -flto -fno-use-linker-plugin -flto-partition=none line 20 x == 36
FAIL: gcc.dg/guality/pr54519-3.c -O2 -flto -fno-use-linker-plugin -flto-partition=none line 20 y == 25
FAIL: gcc.dg/guality/pr54519-3.c -O2 -flto -fno-use-linker-plugin -flto-partition=none line 20 z == 6
FAIL: gcc.dg/guality/pr54519-3.c -O2 -flto -fno-use-linker-plugin -flto-partition=none line 23 x == 98
FAIL: gcc.dg/guality/pr54519-3.c -O2 -flto -fno-use-linker-plugin -flto-partition=none line 23 y == 117
FAIL: gcc.dg/guality/pr54519-3.c -O2 -flto -fno-use-linker-plugin -flto-partition=none line 23 z == 8
FAIL: gcc.dg/guality/pr54519-3.c -O2 -flto -fuse-linker-plugin -fno-fat-lto-objects line 20 y == 25
FAIL: gcc.dg/guality/pr54519-3.c -O2 -flto -fuse-linker-plugin -fno-fat-lto-objects line 20 z == 6
FAIL: gcc.dg/guality/pr54519-3.c -O2 -flto -fuse-linker-plugin -fno-fat-lto-objects line 23 y == 117
FAIL: gcc.dg/guality/pr54519-3.c -O2 -flto -fuse-linker-plugin -fno-fat-lto-objects line 23 z == 8
FAIL: gcc.dg/guality/pr54519-4.c -O2 -flto -fno-use-linker-plugin -flto-partition=none line 17 y == 25
FAIL: gcc.dg/guality/pr54519-4.c -O2 -flto -fuse-linker-plugin -fno-fat-lto-objects line 17 y == 25
FAIL: gcc.dg/guality/pr54519-5.c -O2 -flto -fno-use-linker-plugin -flto-partition=none line 17 y == 25
FAIL: gcc.dg/guality/pr54519-5.c -O2 -flto -fuse-linker-plugin -fno-fat-lto-objects line 17 y == 25
FAIL: gcc.dg/guality/pr54693-2.c -O3 -fomit-frame-pointer -funroll-loops line 21 i == v + 1
FAIL: gcc.dg/guality/pr54693-2.c -O3 -fomit-frame-pointer -funroll-all-loops -finline-functions line 21 i == v + 1
FAIL: gcc.dg/guality/pr54970.c -Os line 15 a[0] == 1
FAIL: gcc.dg/guality/pr54970.c -Os line 20 a[0] == 1
FAIL: gcc.dg/guality/pr54970.c -Os line 25 a[0] == 1
FAIL: gcc.dg/guality/pr54970.c -Os line 31 *p == 6
FAIL: gcc.dg/guality/pr54970.c -Os line 31 *q == 5
FAIL: gcc.dg/guality/pr54970.c -Os line 36 *p == 26
FAIL: gcc.dg/guality/pr54970.c -Os line 36 *q == 5
FAIL: gcc.dg/guality/pr54970.c -Os line 45 *p == 26
FAIL: gcc.dg/guality/pr54970.c -Os line 45 p[-1] == 25
FAIL: gcc.dg/guality/pr54970.c -Os line 45 p[-2] == 4
FAIL: gcc.dg/guality/pr54970.c -Os line 45 q[-1] == 4
FAIL: gcc.dg/guality/pr54970.c -Os line 45 q[1] == 26
FAIL: gcc.dg/guality/pr54970.c -Os line 45 *q == 25
FAIL: gcc.dg/guality/sra-1.c -O2 -flto -fuse-linker-plugin -fno-fat-lto-objects line 43 a.j == 14
FAIL: gcc.dg/lto/pr55113 c_lto_pr55113_0.o assemble, -flto -fshort-double -O0 (internal compiler error)
UNRESOLVED: gcc.dg/lto/pr55113 c_lto_pr55113_0.o-c_lto_pr55113_0.o link -flto -fshort-double -O0
UNRESOLVED: gcc.dg/lto/pr55113 c_lto_pr55113_0.o-c_lto_pr55113_0.o execute -flto -fshort-double -O0
=== gcc Summary ===
# of expected passes 107423
# of unexpected failures 82
# of unexpected successes 28
# of expected failures 264
# of unresolved testcases 2
# of unsupported tests 1390
/export/gnu/import/git/gcc-test-ia32/bld/gcc/xgcc version 4.10.0 20140506 (experimental) [trunk revision 210124] (GCC)
=== gfortran tests ===
Running target unix
=== gfortran Summary ===
# of expected passes 45336
# of expected failures 38
# of unsupported tests 207
/export/gnu/import/git/gcc-test-ia32/bld/gcc/testsuite/gfortran/../../gfortran version 4.10.0 20140506 (experimental) [trunk revision 210124] (GCC)
=== g++ tests ===
Running target unix
FAIL: g++.dg/warn/pr31246.C -std=gnu++98 (test for excess errors)
FAIL: g++.dg/warn/pr31246.C -std=gnu++11 (test for excess errors)
FAIL: g++.dg/warn/pr31246.C -std=gnu++1y (test for excess errors)
FAIL: g++.dg/guality/pr55665.C -O2 line 23 p == 40
FAIL: g++.dg/guality/pr55665.C -O3 -fomit-frame-pointer line 23 p == 40
FAIL: g++.dg/guality/pr55665.C -O3 -g line 23 p == 40
=== g++ Summary ===
# of expected passes 86464
# of unexpected failures 6
# of expected failures 443
# of unsupported tests 2756
/export/gnu/import/git/gcc-test-ia32/bld/gcc/testsuite/g++/../../xg++ version 4.10.0 20140506 (experimental) [trunk revision 210124] (GCC)
=== objc tests ===
Running target unix
=== objc Summary ===
# of expected passes 2988
# of expected failures 6
# of unsupported tests 74
/export/gnu/import/git/gcc-test-ia32/bld/gcc/xgcc version 4.10.0 20140506 (experimental) [trunk revision 210124] (GCC)
=== boehm-gc tests ===
Running target unix
=== boehm-gc Summary ===
# of expected passes 12
# of unsupported tests 1
=== libatomic tests ===
Running target unix
=== libatomic Summary ===
# of expected passes 44
# of unsupported tests 5
=== libffi tests ===
Running target unix
=== libffi Summary ===
# of expected passes 1819
# of unsupported tests 55
=== libgomp tests ===
Running target unix
=== libgomp Summary ===
# of expected passes 2379
=== libitm tests ===
Running target unix
=== libitm Summary ===
# of expected passes 26
# of expected failures 3
# of unsupported tests 1
=== libjava tests ===
Running target unix
=== libjava Summary ===
# of expected passes 2582
# of expected failures 4
=== libstdc++ tests ===
Running target unix
FAIL: 21_strings/basic_string/requirements/explicit_instantiation/debug.cc (test for excess errors)
FAIL: 21_strings/debug/shrink_to_fit.cc (test for excess errors)
UNRESOLVED: 21_strings/debug/shrink_to_fit.cc compilation failed to produce executable
FAIL: 23_containers/deque/debug/assign4_neg.cc (test for excess errors)
UNRESOLVED: 23_containers/deque/debug/assign4_neg.cc compilation failed to produce executable
FAIL: 23_containers/deque/debug/construct4_neg.cc (test for excess errors)
UNRESOLVED: 23_containers/deque/debug/construct4_neg.cc compilation failed to produce executable
FAIL: 23_containers/deque/debug/insert4_neg.cc (test for excess errors)
UNRESOLVED: 23_containers/deque/debug/insert4_neg.cc compilation failed to produce executable
FAIL: 23_containers/deque/debug/invalidation/1.cc (test for excess errors)
UNRESOLVED: 23_containers/deque/debug/invalidation/1.cc compilation failed to produce executable
FAIL: 23_containers/deque/debug/invalidation/2.cc (test for excess errors)
UNRESOLVED: 23_containers/deque/debug/invalidation/2.cc compilation failed to produce executable
FAIL: 23_containers/deque/debug/invalidation/3.cc (test for excess errors)
UNRESOLVED: 23_containers/deque/debug/invalidation/3.cc compilation failed to produce executable
FAIL: 23_containers/deque/debug/invalidation/4.cc (test for excess errors)
UNRESOLVED: 23_containers/deque/debug/invalidation/4.cc compilation failed to produce executable
FAIL: 23_containers/forward_list/debug/construct4_neg.cc (test for excess errors)
UNRESOLVED: 23_containers/forward_list/debug/construct4_neg.cc compilation failed to produce executable
FAIL: 23_containers/forward_list/debug/move_assign_neg.cc (test for excess errors)
UNRESOLVED: 23_containers/forward_list/debug/move_assign_neg.cc compilation failed to produce executable
FAIL: 23_containers/forward_list/debug/move_neg.cc (test for excess errors)
UNRESOLVED: 23_containers/forward_list/debug/move_neg.cc compilation failed to produce executable
FAIL: 23_containers/list/debug/assign4_neg.cc (test for excess errors)
UNRESOLVED: 23_containers/list/debug/assign4_neg.cc compilation failed to produce executable
FAIL: 23_containers/list/debug/construct4_neg.cc (test for excess errors)
UNRESOLVED: 23_containers/list/debug/construct4_neg.cc compilation failed to produce executable
FAIL: 23_containers/list/debug/insert4_neg.cc (test for excess errors)
UNRESOLVED: 23_containers/list/debug/insert4_neg.cc compilation failed to produce executable
FAIL: 23_containers/list/debug/invalidation/1.cc (test for excess errors)
UNRESOLVED: 23_containers/list/debug/invalidation/1.cc compilation failed to produce executable
FAIL: 23_containers/list/debug/invalidation/2.cc (test for excess errors)
UNRESOLVED: 23_containers/list/debug/invalidation/2.cc compilation failed to produce executable
FAIL: 23_containers/list/debug/invalidation/3.cc (test for excess errors)
UNRESOLVED: 23_containers/list/debug/invalidation/3.cc compilation failed to produce executable
FAIL: 23_containers/list/debug/invalidation/4.cc (test for excess errors)
UNRESOLVED: 23_containers/list/debug/invalidation/4.cc compilation failed to produce executable
FAIL: 23_containers/map/debug/construct4_neg.cc (test for excess errors)
UNRESOLVED: 23_containers/map/debug/construct4_neg.cc compilation failed to produce executable
FAIL: 23_containers/map/debug/construct5_neg.cc (test for excess errors)
UNRESOLVED: 23_containers/map/debug/construct5_neg.cc compilation failed to produce executable
FAIL: 23_containers/map/debug/insert4_neg.cc (test for excess errors)
UNRESOLVED: 23_containers/map/debug/insert4_neg.cc compilation failed to produce executable
FAIL: 23_containers/map/debug/invalidation/1.cc (test for excess errors)
UNRESOLVED: 23_containers/map/debug/invalidation/1.cc compilation failed to produce executable
FAIL: 23_containers/map/debug/invalidation/2.cc (test for excess errors)
UNRESOLVED: 23_containers/map/debug/invalidation/2.cc compilation failed to produce executable
FAIL: 23_containers/map/debug/move_assign_neg.cc (test for excess errors)
UNRESOLVED: 23_containers/map/debug/move_assign_neg.cc compilation failed to produce executable
FAIL: 23_containers/map/debug/move_neg.cc (test for excess errors)
UNRESOLVED: 23_containers/map/debug/move_neg.cc compilation failed to produce executable
FAIL: 23_containers/map/modifiers/insert/16813.cc (test for excess errors)
UNRESOLVED: 23_containers/map/modifiers/insert/16813.cc compilation failed to produce executable
FAIL: 23_containers/multimap/debug/construct4_neg.cc (test for excess errors)
UNRESOLVED: 23_containers/multimap/debug/construct4_neg.cc compilation failed to produce executable
FAIL: 23_containers/multimap/debug/construct5_neg.cc (test for excess errors)
UNRESOLVED: 23_containers/multimap/debug/construct5_neg.cc compilation failed to produce executable
FAIL: 23_containers/multimap/debug/insert4_neg.cc (test for excess errors)
UNRESOLVED: 23_containers/multimap/debug/insert4_neg.cc compilation failed to produce executable
FAIL: 23_containers/multimap/debug/invalidation/1.cc (test for excess errors)
UNRESOLVED: 23_containers/multimap/debug/invalidation/1.cc compilation failed to produce executable
FAIL: 23_containers/multimap/debug/invalidation/2.cc (test for excess errors)
UNRESOLVED: 23_containers/multimap/debug/invalidation/2.cc compilation failed to produce executable
FAIL: 23_containers/multimap/debug/move_assign_neg.cc (test for excess errors)
UNRESOLVED: 23_containers/multimap/debug/move_assign_neg.cc compilation failed to produce executable
FAIL: 23_containers/multimap/debug/move_neg.cc (test for excess errors)
UNRESOLVED: 23_containers/multimap/debug/move_neg.cc compilation failed to produce executable
FAIL: 23_containers/multiset/debug/construct4_neg.cc (test for excess errors)
UNRESOLVED: 23_containers/multiset/debug/construct4_neg.cc compilation failed to produce executable
FAIL: 23_containers/multiset/debug/construct5_neg.cc (test for excess errors)
UNRESOLVED: 23_containers/multiset/debug/construct5_neg.cc compilation failed to produce executable
FAIL: 23_containers/multiset/debug/insert4_neg.cc (test for excess errors)
UNRESOLVED: 23_containers/multiset/debug/insert4_neg.cc compilation failed to produce executable
FAIL: 23_containers/multiset/debug/invalidation/1.cc (test for excess errors)
UNRESOLVED: 23_containers/multiset/debug/invalidation/1.cc compilation failed to produce executable
FAIL: 23_containers/multiset/debug/invalidation/2.cc (test for excess errors)
UNRESOLVED: 23_containers/multiset/debug/invalidation/2.cc compilation failed to produce executable
FAIL: 23_containers/multiset/debug/move_assign_neg.cc (test for excess errors)
UNRESOLVED: 23_containers/multiset/debug/move_assign_neg.cc compilation failed to produce executable
FAIL: 23_containers/multiset/debug/move_neg.cc (test for excess errors)
UNRESOLVED: 23_containers/multiset/debug/move_neg.cc compilation failed to produce executable
FAIL: 23_containers/set/debug/construct4_neg.cc (test for excess errors)
UNRESOLVED: 23_containers/set/debug/construct4_neg.cc compilation failed to produce executable
FAIL: 23_containers/set/debug/construct5_neg.cc (test for excess errors)
UNRESOLVED: 23_containers/set/debug/construct5_neg.cc compilation failed to produce executable
FAIL: 23_containers/set/debug/insert4_neg.cc (test for excess errors)
UNRESOLVED: 23_containers/set/debug/insert4_neg.cc compilation failed to produce executable
FAIL: 23_containers/set/debug/invalidation/1.cc (test for excess errors)
UNRESOLVED: 23_containers/set/debug/invalidation/1.cc compilation failed to produce executable
FAIL: 23_containers/set/debug/invalidation/2.cc (test for excess errors)
UNRESOLVED: 23_containers/set/debug/invalidation/2.cc compilation failed to produce executable
FAIL: 23_containers/set/debug/move_assign_neg.cc (test for excess errors)
UNRESOLVED: 23_containers/set/debug/move_assign_neg.cc compilation failed to produce executable
FAIL: 23_containers/set/debug/move_neg.cc (test for excess errors)
UNRESOLVED: 23_containers/set/debug/move_neg.cc compilation failed to produce executable
FAIL: 23_containers/unordered_map/debug/construct4_neg.cc (test for excess errors)
UNRESOLVED: 23_containers/unordered_map/debug/construct4_neg.cc compilation failed to produce executable
FAIL: 23_containers/unordered_map/debug/construct5_neg.cc (test for excess errors)
UNRESOLVED: 23_containers/unordered_map/debug/construct5_neg.cc compilation failed to produce executable
FAIL: 23_containers/unordered_map/debug/insert4_neg.cc (test for excess errors)
UNRESOLVED: 23_containers/unordered_map/debug/insert4_neg.cc compilation failed to produce executable
FAIL: 23_containers/unordered_map/debug/move_assign_neg.cc (test for excess errors)
UNRESOLVED: 23_containers/unordered_map/debug/move_assign_neg.cc compilation failed to produce executable
FAIL: 23_containers/unordered_map/debug/move_neg.cc (test for excess errors)
UNRESOLVED: 23_containers/unordered_map/debug/move_neg.cc compilation failed to produce executable
FAIL: 23_containers/unordered_map/requirements/debug_container.cc (test for excess errors)
FAIL: 23_containers/unordered_multimap/debug/construct4_neg.cc (test for excess errors)
UNRESOLVED: 23_containers/unordered_multimap/debug/construct4_neg.cc compilation failed to produce executable
FAIL: 23_containers/unordered_multimap/debug/construct5_neg.cc (test for excess errors)
UNRESOLVED: 23_containers/unordered_multimap/debug/construct5_neg.cc compilation failed to produce executable
FAIL: 23_containers/unordered_multimap/debug/insert4_neg.cc (test for excess errors)
UNRESOLVED: 23_containers/unordered_multimap/debug/insert4_neg.cc compilation failed to produce executable
FAIL: 23_containers/unordered_multimap/debug/move_assign_neg.cc (test for excess errors)
UNRESOLVED: 23_containers/unordered_multimap/debug/move_assign_neg.cc compilation failed to produce executable
FAIL: 23_containers/unordered_multimap/debug/move_neg.cc (test for excess errors)
UNRESOLVED: 23_containers/unordered_multimap/debug/move_neg.cc compilation failed to produce executable
FAIL: 23_containers/unordered_multimap/requirements/debug.cc (test for excess errors)
FAIL: 23_containers/unordered_multiset/debug/construct4_neg.cc (test for excess errors)
UNRESOLVED: 23_containers/unordered_multiset/debug/construct4_neg.cc compilation failed to produce executable
FAIL: 23_containers/unordered_multiset/debug/construct5_neg.cc (test for excess errors)
UNRESOLVED: 23_containers/unordered_multiset/debug/construct5_neg.cc compilation failed to produce executable
FAIL: 23_containers/unordered_multiset/debug/insert4_neg.cc (test for excess errors)
UNRESOLVED: 23_containers/unordered_multiset/debug/insert4_neg.cc compilation failed to produce executable
FAIL: 23_containers/unordered_multiset/debug/move_assign_neg.cc (test for excess errors)
UNRESOLVED: 23_containers/unordered_multiset/debug/move_assign_neg.cc compilation failed to produce executable
FAIL: 23_containers/unordered_multiset/debug/move_neg.cc (test for excess errors)
UNRESOLVED: 23_containers/unordered_multiset/debug/move_neg.cc compilation failed to produce executable
FAIL: 23_containers/unordered_multiset/requirements/debug.cc (test for excess errors)
FAIL: 23_containers/unordered_set/debug/construct4_neg.cc (test for excess errors)
UNRESOLVED: 23_containers/unordered_set/debug/construct4_neg.cc compilation failed to produce executable
FAIL: 23_containers/unordered_set/debug/construct5_neg.cc (test for excess errors)
UNRESOLVED: 23_containers/unordered_set/debug/construct5_neg.cc compilation failed to produce executable
FAIL: 23_containers/unordered_set/debug/insert4_neg.cc (test for excess errors)
UNRESOLVED: 23_containers/unordered_set/debug/insert4_neg.cc compilation failed to produce executable
FAIL: 23_containers/unordered_set/debug/move_assign_neg.cc (test for excess errors)
UNRESOLVED: 23_containers/unordered_set/debug/move_assign_neg.cc compilation failed to produce executable
FAIL: 23_containers/unordered_set/debug/move_neg.cc (test for excess errors)
UNRESOLVED: 23_containers/unordered_set/debug/move_neg.cc compilation failed to produce executable
FAIL: 23_containers/unordered_set/requirements/debug_container.cc (test for excess errors)
FAIL: 23_containers/vector/26412-2.cc (test for excess errors)
FAIL: 23_containers/vector/debug/alloc_prop.cc (test for excess errors)
FAIL: 23_containers/vector/debug/assign4_neg.cc (test for excess errors)
UNRESOLVED: 23_containers/vector/debug/assign4_neg.cc compilation failed to produce executable
FAIL: 23_containers/vector/debug/construct4_neg.cc (test for excess errors)
UNRESOLVED: 23_containers/vector/debug/construct4_neg.cc compilation failed to produce executable
FAIL: 23_containers/vector/debug/insert4_neg.cc (test for excess errors)
UNRESOLVED: 23_containers/vector/debug/insert4_neg.cc compilation failed to produce executable
FAIL: 23_containers/vector/debug/insert6_neg.cc (test for excess errors)
UNRESOLVED: 23_containers/vector/debug/insert6_neg.cc compilation failed to produce executable
FAIL: 23_containers/vector/debug/invalidation/1.cc (test for excess errors)
UNRESOLVED: 23_containers/vector/debug/invalidation/1.cc compilation failed to produce executable
FAIL: 23_containers/vector/debug/invalidation/2.cc (test for excess errors)
UNRESOLVED: 23_containers/vector/debug/invalidation/2.cc compilation failed to produce executable
FAIL: 23_containers/vector/debug/invalidation/3.cc (test for excess errors)
UNRESOLVED: 23_containers/vector/debug/invalidation/3.cc compilation failed to produce executable
FAIL: 23_containers/vector/debug/invalidation/4.cc (test for excess errors)
UNRESOLVED: 23_containers/vector/debug/invalidation/4.cc compilation failed to produce executable
FAIL: 23_containers/vector/debug/move_assign_neg.cc (test for excess errors)
UNRESOLVED: 23_containers/vector/debug/move_assign_neg.cc compilation failed to produce executable
FAIL: 23_containers/vector/debug/move_neg.cc (test for excess errors)
UNRESOLVED: 23_containers/vector/debug/move_neg.cc compilation failed to produce executable
FAIL: ext/profile/mutex_extensions_neg.cc (test for excess errors)
UNRESOLVED: libstdc++-prettyprinters/debug.cc compilation failed to produce executable
=== libstdc++ Summary ===
# of expected passes 9957
# of unexpected failures 85
# of expected failures 13
# of unresolved testcases 78
# of unsupported tests 224
Compiler version: 4.10.0 20140506 (experimental) [trunk revision 210124] (GCC)
Platform: i686-pc-linux-gnu
configure flags: --prefix=/usr/4.10.0 --enable-clocale=gnu --with-system-zlib --enable-shared --with-demangler-in-ld i686-linux --with-fpmath=sse --enable-languages=c,c++,fortran,java,lto,objc