This is the mail archive of the gcc-testresults@gcc.gnu.org mailing list for the GCC project.


Index Nav: [Date Index] [Subject Index] [Author Index] [Thread Index]
Message Nav: [Date Prev] [Date Next] [Thread Prev] [Thread Next]
Other format: [Raw text]

Results for 4.9.0 (GCC) testsuite on i686-unknown-linux-gnu


-- Build environment ----------------------------------------------------------
Distro:	los.git rootfs=e60c native=e60c
Kernel:	Linux ambient 3.15.0-rc2-acer-los_e60c #1 SMP Sun Apr 27 04:55:51 EEST 2014 i686 GNU/Linux
CPU:	processor	: 0
	vendor_id	: GenuineIntel
	cpu family	: 6
	model		: 28
	model name	: Intel(R) Atom(TM) CPU N270   @ 1.60GHz
	stepping	: 2
	microcode	: 0x208
	cpu MHz		: 1066.000
	cache size	: 512 KB
	physical id	: 0
	siblings	: 2
	core id		: 0
	cpu cores	: 1
	apicid		: 0
	initial apicid	: 0
	fdiv_bug	: no
	f00f_bug	: no
	coma_bug	: no
	fpu		: yes
	fpu_exception	: yes
	cpuid level	: 10
	wp		: yes
	flags		: fpu vme de tsc msr pae mce cx8 apic sep mtrr pge mca cmov pat clflush dts acpi mmx fxsr sse sse2 ss ht tm pbe constant_tsc arch_perfmon pebs bts aperfmperf pni dtes64 monitor ds_cpl est tm2 ssse3 xtpr pdcm movbe lahf_lm dtherm
	bogomips	: 3192.01
	clflush size	: 64
	cache_alignment	: 64
	address sizes	: 32 bits physical, 32 bits virtual
	power management:
	processor	: 1
	vendor_id	: GenuineIntel
	cpu family	: 6
	model		: 28
	model name	: Intel(R) Atom(TM) CPU N270   @ 1.60GHz
	stepping	: 2
	microcode	: 0x208
	cpu MHz		: 800.000
	cache size	: 512 KB
	physical id	: 0
	siblings	: 2
	core id		: 0
	cpu cores	: 1
	apicid		: 1
	initial apicid	: 1
	fdiv_bug	: no
	f00f_bug	: no
	coma_bug	: no
	fpu		: yes
	fpu_exception	: yes
	cpuid level	: 10
	wp		: yes
	flags		: fpu vme de tsc msr pae mce cx8 apic sep mtrr pge mca cmov pat clflush dts acpi mmx fxsr sse sse2 ss ht tm pbe constant_tsc arch_perfmon pebs bts aperfmperf pni dtes64 monitor ds_cpl est tm2 ssse3 xtpr pdcm movbe lahf_lm dtherm
	bogomips	: 3192.01
	clflush size	: 64
	cache_alignment	: 64
	address sizes	: 32 bits physical, 32 bits virtual
	power management:
-- Time consumed --------------------------------------------------------------
Build:	real	262m25.043s
	user	485m53.490s
	sys	11m50.430s
Test:   real	503m40.892s
	user	784m35.530s
	sys	97m35.770s
-------------------------------------------------------------------------------
LAST_UPDATED: Obtained from SVN: tags/gcc_4_9_0_release revision 209612

Native configuration is i686-unknown-linux-gnu

		=== g++ tests ===


Running target unix
FAIL: c-c++-common/asan/pr59063-2.c  -O0  (test for excess errors)
UNRESOLVED: c-c++-common/asan/pr59063-2.c  -O0  compilation failed to produce executable
FAIL: c-c++-common/asan/pr59063-2.c  -O1  (test for excess errors)
UNRESOLVED: c-c++-common/asan/pr59063-2.c  -O1  compilation failed to produce executable
FAIL: c-c++-common/asan/pr59063-2.c  -O2  (test for excess errors)
UNRESOLVED: c-c++-common/asan/pr59063-2.c  -O2  compilation failed to produce executable
FAIL: c-c++-common/asan/pr59063-2.c  -O3 -fomit-frame-pointer  (test for excess errors)
UNRESOLVED: c-c++-common/asan/pr59063-2.c  -O3 -fomit-frame-pointer  compilation failed to produce executable
FAIL: c-c++-common/asan/pr59063-2.c  -O3 -g  (test for excess errors)
UNRESOLVED: c-c++-common/asan/pr59063-2.c  -O3 -g  compilation failed to produce executable
FAIL: c-c++-common/asan/pr59063-2.c  -Os  (test for excess errors)
UNRESOLVED: c-c++-common/asan/pr59063-2.c  -Os  compilation failed to produce executable
FAIL: c-c++-common/asan/pr59063-2.c  -O2 -flto -fno-use-linker-plugin -flto-partition=none  (test for excess errors)
UNRESOLVED: c-c++-common/asan/pr59063-2.c  -O2 -flto -fno-use-linker-plugin -flto-partition=none  compilation failed to produce executable
FAIL: c-c++-common/asan/pr59063-2.c  -O2 -flto -fuse-linker-plugin -fno-fat-lto-objects  (test for excess errors)
UNRESOLVED: c-c++-common/asan/pr59063-2.c  -O2 -flto -fuse-linker-plugin -fno-fat-lto-objects  compilation failed to produce executable
FAIL: g++.dg/asan/asan_test.C  -O2  AddressSanitizer_HugeMallocTest Ident((char*)malloc(size))[-1] = 0 output pattern test
WARNING: program timed out.
FAIL: g++.dg/cilk-plus/CK/fib-opr-overload.cc  -O1 -fcilkplus execution test
WARNING: program timed out.
FAIL: g++.dg/cilk-plus/CK/fib-opr-overload.cc  -O3 -fcilkplus execution test
WARNING: program timed out.
FAIL: g++.dg/cilk-plus/CK/fib-opr-overload.cc  -g -fcilkplus execution test
WARNING: program timed out.
FAIL: g++.dg/cilk-plus/CK/fib-opr-overload.cc  -g -O2 -fcilkplus execution test
FAIL: g++.dg/guality/pr55665.C  -O2  line 23 p == 40
FAIL: g++.dg/guality/pr55665.C  -O3 -fomit-frame-pointer  line 23 p == 40
FAIL: g++.dg/guality/pr55665.C  -O3 -g  line 23 p == 40
FAIL: g++.old-deja/g++.law/weak.C -std=gnu++98 (test for excess errors)
FAIL: g++.old-deja/g++.law/weak.C -std=gnu++11 (test for excess errors)
FAIL: g++.old-deja/g++.law/weak.C -std=gnu++1y (test for excess errors)

		=== g++ Summary ===

# of expected passes		86250
# of unexpected failures	19
# of expected failures		445
# of unresolved testcases	8
# of unsupported tests		2764
/mnt/work/gcctest/build/gcc/testsuite/g++/../../xg++  version 4.9.0 (GCC) 

		=== gcc tests ===


Running target unix
FAIL: gcc.c-torture/compile/pr37669-2.c  -O1  (test for excess errors)
FAIL: gcc.c-torture/compile/pr37669-2.c  -O2  (test for excess errors)
FAIL: gcc.c-torture/compile/pr37669-2.c  -Os  (test for excess errors)
FAIL: gcc.c-torture/compile/pr37669-2.c  -O2 -flto -fno-use-linker-plugin -flto-partition=none  (test for excess errors)
WARNING: program timed out.
WARNING: program timed out.
WARNING: program timed out.
WARNING: program timed out.
FAIL: c-c++-common/asan/pr59063-2.c  -O0  (test for excess errors)
UNRESOLVED: c-c++-common/asan/pr59063-2.c  -O0  compilation failed to produce executable
FAIL: c-c++-common/asan/pr59063-2.c  -O1  (test for excess errors)
UNRESOLVED: c-c++-common/asan/pr59063-2.c  -O1  compilation failed to produce executable
FAIL: c-c++-common/asan/pr59063-2.c  -O2  (test for excess errors)
UNRESOLVED: c-c++-common/asan/pr59063-2.c  -O2  compilation failed to produce executable
FAIL: c-c++-common/asan/pr59063-2.c  -O3 -fomit-frame-pointer  (test for excess errors)
UNRESOLVED: c-c++-common/asan/pr59063-2.c  -O3 -fomit-frame-pointer  compilation failed to produce executable
FAIL: c-c++-common/asan/pr59063-2.c  -O3 -g  (test for excess errors)
UNRESOLVED: c-c++-common/asan/pr59063-2.c  -O3 -g  compilation failed to produce executable
FAIL: c-c++-common/asan/pr59063-2.c  -Os  (test for excess errors)
UNRESOLVED: c-c++-common/asan/pr59063-2.c  -Os  compilation failed to produce executable
FAIL: c-c++-common/asan/pr59063-2.c  -O2 -flto -fno-use-linker-plugin -flto-partition=none  (test for excess errors)
UNRESOLVED: c-c++-common/asan/pr59063-2.c  -O2 -flto -fno-use-linker-plugin -flto-partition=none  compilation failed to produce executable
FAIL: c-c++-common/asan/pr59063-2.c  -O2 -flto -fuse-linker-plugin -fno-fat-lto-objects  (test for excess errors)
UNRESOLVED: c-c++-common/asan/pr59063-2.c  -O2 -flto -fuse-linker-plugin -fno-fat-lto-objects  compilation failed to produce executable
FAIL: gcc.dg/builtin-bswap-8.c scan-rtl-dump-not combine "bswapsi"
XPASS: gcc.dg/guality/example.c  -O0  execution test
XPASS: gcc.dg/guality/example.c  -O1  execution test
XPASS: gcc.dg/guality/guality.c  -O0  execution test
XPASS: gcc.dg/guality/guality.c  -O1  execution test
XPASS: gcc.dg/guality/guality.c  -O2  execution test
XPASS: gcc.dg/guality/guality.c  -O3 -fomit-frame-pointer  execution test
XPASS: gcc.dg/guality/guality.c  -O3 -g  execution test
XPASS: gcc.dg/guality/guality.c  -Os  execution test
XPASS: gcc.dg/guality/guality.c  -O2 -flto -fno-use-linker-plugin -flto-partition=none  execution test
XPASS: gcc.dg/guality/guality.c  -O2 -flto -fuse-linker-plugin -fno-fat-lto-objects  execution test
XPASS: gcc.dg/guality/inline-params.c  -O2  execution test
XPASS: gcc.dg/guality/inline-params.c  -O3 -fomit-frame-pointer  execution test
XPASS: gcc.dg/guality/inline-params.c  -O3 -g  execution test
XPASS: gcc.dg/guality/inline-params.c  -Os  execution test
XPASS: gcc.dg/guality/inline-params.c  -O2 -flto -fno-use-linker-plugin -flto-partition=none  execution test
XPASS: gcc.dg/guality/pr41353-1.c  -O0  line 28 j == 28 + 37
XPASS: gcc.dg/guality/pr41353-1.c  -O1  line 28 j == 28 + 37
XPASS: gcc.dg/guality/pr41353-1.c  -O2  line 28 j == 28 + 37
XPASS: gcc.dg/guality/pr41353-1.c  -O3 -fomit-frame-pointer  line 28 j == 28 + 37
XPASS: gcc.dg/guality/pr41353-1.c  -O3 -g  line 28 j == 28 + 37
XPASS: gcc.dg/guality/pr41353-1.c  -Os  line 28 j == 28 + 37
XPASS: gcc.dg/guality/pr41353-1.c  -O2 -flto -fno-use-linker-plugin -flto-partition=none  line 28 j == 28 + 37
XPASS: gcc.dg/guality/pr41353-1.c  -O2 -flto -fuse-linker-plugin -fno-fat-lto-objects  line 28 j == 28 + 37
XPASS: gcc.dg/guality/pr41447-1.c  -O0  execution test
XPASS: gcc.dg/guality/pr41447-1.c  -O1  execution test
XPASS: gcc.dg/guality/pr41447-1.c  -Os  execution test
XPASS: gcc.dg/guality/pr41447-1.c  -O2 -flto -fuse-linker-plugin -fno-fat-lto-objects  execution test
XPASS: gcc.dg/guality/pr41616-1.c  -O0  execution test
XPASS: gcc.dg/guality/pr41616-1.c  -O1  execution test
XPASS: gcc.dg/guality/pr41616-1.c  -O2  execution test
XPASS: gcc.dg/guality/pr41616-1.c  -O3 -fomit-frame-pointer  execution test
XPASS: gcc.dg/guality/pr41616-1.c  -O3 -g  execution test
XPASS: gcc.dg/guality/pr41616-1.c  -Os  execution test
XPASS: gcc.dg/guality/pr41616-1.c  -O2 -flto -fno-use-linker-plugin -flto-partition=none  execution test
FAIL: gcc.dg/guality/pr48437.c  -O2 -flto -fno-use-linker-plugin -flto-partition=none  line 14 i == 0
FAIL: gcc.dg/guality/pr48437.c  -O2 -flto -fuse-linker-plugin -fno-fat-lto-objects  line 14 i == 0
FAIL: gcc.dg/guality/pr54200.c  -O2 -flto -fuse-linker-plugin -fno-fat-lto-objects  line 20 z == 3
FAIL: gcc.dg/guality/pr54519-1.c  -O2  line 20 y == 25
FAIL: gcc.dg/guality/pr54519-1.c  -O2  line 20 z == 6
FAIL: gcc.dg/guality/pr54519-1.c  -O2  line 23 y == 117
FAIL: gcc.dg/guality/pr54519-1.c  -O2  line 23 z == 8
FAIL: gcc.dg/guality/pr54519-1.c  -O3 -fomit-frame-pointer  line 20 x == 36
FAIL: gcc.dg/guality/pr54519-1.c  -O3 -fomit-frame-pointer  line 20 y == 25
FAIL: gcc.dg/guality/pr54519-1.c  -O3 -fomit-frame-pointer  line 20 z == 6
FAIL: gcc.dg/guality/pr54519-1.c  -O3 -g  line 20 x == 36
FAIL: gcc.dg/guality/pr54519-1.c  -O3 -g  line 20 y == 25
FAIL: gcc.dg/guality/pr54519-1.c  -O3 -g  line 20 z == 6
FAIL: gcc.dg/guality/pr54519-1.c  -O2 -flto -fno-use-linker-plugin -flto-partition=none  line 20 y == 25
FAIL: gcc.dg/guality/pr54519-1.c  -O2 -flto -fno-use-linker-plugin -flto-partition=none  line 20 z == 6
FAIL: gcc.dg/guality/pr54519-1.c  -O2 -flto -fno-use-linker-plugin -flto-partition=none  line 23 y == 117
FAIL: gcc.dg/guality/pr54519-1.c  -O2 -flto -fno-use-linker-plugin -flto-partition=none  line 23 z == 8
FAIL: gcc.dg/guality/pr54519-2.c  -O2 -flto -fno-use-linker-plugin -flto-partition=none  line 17 y == 25
FAIL: gcc.dg/guality/pr54519-2.c  -O2 -flto -fuse-linker-plugin -fno-fat-lto-objects  line 17 y == 25
FAIL: gcc.dg/guality/pr54519-3.c  -O2  line 20 x == 36
FAIL: gcc.dg/guality/pr54519-3.c  -O2  line 20 y == 25
FAIL: gcc.dg/guality/pr54519-3.c  -O2  line 20 z == 6
FAIL: gcc.dg/guality/pr54519-3.c  -O2  line 23 x == 98
FAIL: gcc.dg/guality/pr54519-3.c  -O2  line 23 y == 117
FAIL: gcc.dg/guality/pr54519-3.c  -O2  line 23 z == 8
FAIL: gcc.dg/guality/pr54519-3.c  -O3 -fomit-frame-pointer  line 20 x == 36
FAIL: gcc.dg/guality/pr54519-3.c  -O3 -fomit-frame-pointer  line 20 y == 25
FAIL: gcc.dg/guality/pr54519-3.c  -O3 -fomit-frame-pointer  line 20 z == 6
FAIL: gcc.dg/guality/pr54519-3.c  -O3 -fomit-frame-pointer  line 23 x == 98
FAIL: gcc.dg/guality/pr54519-3.c  -O3 -fomit-frame-pointer  line 23 y == 117
FAIL: gcc.dg/guality/pr54519-3.c  -O3 -fomit-frame-pointer  line 23 z == 8
FAIL: gcc.dg/guality/pr54519-3.c  -O3 -g  line 20 x == 36
FAIL: gcc.dg/guality/pr54519-3.c  -O3 -g  line 20 y == 25
FAIL: gcc.dg/guality/pr54519-3.c  -O3 -g  line 20 z == 6
FAIL: gcc.dg/guality/pr54519-3.c  -O3 -g  line 23 x == 98
FAIL: gcc.dg/guality/pr54519-3.c  -O3 -g  line 23 y == 117
FAIL: gcc.dg/guality/pr54519-3.c  -O3 -g  line 23 z == 8
FAIL: gcc.dg/guality/pr54519-3.c  -O2 -flto -fno-use-linker-plugin -flto-partition=none  line 20 x == 36
FAIL: gcc.dg/guality/pr54519-3.c  -O2 -flto -fno-use-linker-plugin -flto-partition=none  line 20 y == 25
FAIL: gcc.dg/guality/pr54519-3.c  -O2 -flto -fno-use-linker-plugin -flto-partition=none  line 20 z == 6
FAIL: gcc.dg/guality/pr54519-3.c  -O2 -flto -fno-use-linker-plugin -flto-partition=none  line 23 x == 98
FAIL: gcc.dg/guality/pr54519-3.c  -O2 -flto -fno-use-linker-plugin -flto-partition=none  line 23 y == 117
FAIL: gcc.dg/guality/pr54519-3.c  -O2 -flto -fno-use-linker-plugin -flto-partition=none  line 23 z == 8
FAIL: gcc.dg/guality/pr54519-3.c  -O2 -flto -fuse-linker-plugin -fno-fat-lto-objects  line 20 y == 25
FAIL: gcc.dg/guality/pr54519-3.c  -O2 -flto -fuse-linker-plugin -fno-fat-lto-objects  line 20 z == 6
FAIL: gcc.dg/guality/pr54519-3.c  -O2 -flto -fuse-linker-plugin -fno-fat-lto-objects  line 23 y == 117
FAIL: gcc.dg/guality/pr54519-3.c  -O2 -flto -fuse-linker-plugin -fno-fat-lto-objects  line 23 z == 8
FAIL: gcc.dg/guality/pr54519-4.c  -O2 -flto -fno-use-linker-plugin -flto-partition=none  line 17 y == 25
FAIL: gcc.dg/guality/pr54519-4.c  -O2 -flto -fuse-linker-plugin -fno-fat-lto-objects  line 17 y == 25
FAIL: gcc.dg/guality/pr54519-5.c  -O2 -flto -fno-use-linker-plugin -flto-partition=none  line 17 y == 25
FAIL: gcc.dg/guality/pr54519-5.c  -O2 -flto -fuse-linker-plugin -fno-fat-lto-objects  line 17 y == 25
FAIL: gcc.dg/guality/pr54693-2.c  -O3 -fomit-frame-pointer -funroll-loops  line 21 i == v + 1
FAIL: gcc.dg/guality/pr54693-2.c  -O3 -fomit-frame-pointer -funroll-all-loops -finline-functions  line 21 i == v + 1
FAIL: gcc.dg/guality/pr54970.c  -Os  line 15 a[0] == 1
FAIL: gcc.dg/guality/pr54970.c  -Os  line 20 a[0] == 1
FAIL: gcc.dg/guality/pr54970.c  -Os  line 25 a[0] == 1
FAIL: gcc.dg/guality/pr54970.c  -Os  line 31 *p == 6
FAIL: gcc.dg/guality/pr54970.c  -Os  line 31 *q == 5
FAIL: gcc.dg/guality/pr54970.c  -Os  line 36 *p == 26
FAIL: gcc.dg/guality/pr54970.c  -Os  line 36 *q == 5
FAIL: gcc.dg/guality/pr54970.c  -Os  line 45 *p == 26
FAIL: gcc.dg/guality/pr54970.c  -Os  line 45 p[-1] == 25
FAIL: gcc.dg/guality/pr54970.c  -Os  line 45 p[-2] == 4
FAIL: gcc.dg/guality/pr54970.c  -Os  line 45 q[-1] == 4
FAIL: gcc.dg/guality/pr54970.c  -Os  line 45 q[1] == 26
FAIL: gcc.dg/guality/pr54970.c  -Os  line 45 *q == 25
FAIL: gcc.dg/guality/sra-1.c  -O2 -flto -fuse-linker-plugin -fno-fat-lto-objects  line 43 a.j == 14
FAIL: gcc.dg/guality/vla-1.c  -O0  line 17 sizeof (a) == 6
FAIL: gcc.dg/guality/vla-1.c  -O0  line 24 sizeof (a) == 17 * sizeof (short)
FAIL: gcc.dg/guality/vla-1.c  -O1  line 17 sizeof (a) == 6
FAIL: gcc.dg/guality/vla-1.c  -O1  line 24 sizeof (a) == 17 * sizeof (short)
FAIL: gcc.dg/guality/vla-1.c  -O2  line 17 sizeof (a) == 6
FAIL: gcc.dg/guality/vla-1.c  -O2  line 24 sizeof (a) == 17 * sizeof (short)
FAIL: gcc.dg/guality/vla-1.c  -O3 -fomit-frame-pointer  line 17 sizeof (a) == 6
FAIL: gcc.dg/guality/vla-1.c  -O3 -fomit-frame-pointer  line 24 sizeof (a) == 17 * sizeof (short)
FAIL: gcc.dg/guality/vla-1.c  -O3 -g  line 17 sizeof (a) == 6
FAIL: gcc.dg/guality/vla-1.c  -O3 -g  line 24 sizeof (a) == 17 * sizeof (short)
FAIL: gcc.dg/guality/vla-1.c  -Os  line 17 sizeof (a) == 6
FAIL: gcc.dg/guality/vla-1.c  -Os  line 24 sizeof (a) == 17 * sizeof (short)
FAIL: gcc.dg/guality/vla-1.c  -O2 -flto -fno-use-linker-plugin -flto-partition=none  line 17 sizeof (a) == 6
FAIL: gcc.dg/guality/vla-1.c  -O2 -flto -fno-use-linker-plugin -flto-partition=none  line 24 sizeof (a) == 17 * sizeof (short)
FAIL: gcc.dg/guality/vla-1.c  -O2 -flto -fuse-linker-plugin -fno-fat-lto-objects  line 17 sizeof (a) == 6
FAIL: gcc.dg/guality/vla-1.c  -O2 -flto -fuse-linker-plugin -fno-fat-lto-objects  line 24 sizeof (a) == 17 * sizeof (short)
FAIL: gcc.dg/guality/vla-2.c  -O0  line 16 sizeof (a) == 5 * sizeof (int)
FAIL: gcc.dg/guality/vla-2.c  -O0  line 25 sizeof (a) == 6 * sizeof (int)
FAIL: gcc.dg/guality/vla-2.c  -O1  line 16 sizeof (a) == 5 * sizeof (int)
FAIL: gcc.dg/guality/vla-2.c  -O1  line 25 sizeof (a) == 6 * sizeof (int)
FAIL: gcc.dg/guality/vla-2.c  -O2  line 16 sizeof (a) == 5 * sizeof (int)
FAIL: gcc.dg/guality/vla-2.c  -O2  line 25 sizeof (a) == 6 * sizeof (int)
FAIL: gcc.dg/guality/vla-2.c  -O3 -fomit-frame-pointer  line 16 sizeof (a) == 5 * sizeof (int)
FAIL: gcc.dg/guality/vla-2.c  -O3 -fomit-frame-pointer  line 25 sizeof (a) == 6 * sizeof (int)
FAIL: gcc.dg/guality/vla-2.c  -O3 -g  line 16 sizeof (a) == 5 * sizeof (int)
FAIL: gcc.dg/guality/vla-2.c  -O3 -g  line 25 sizeof (a) == 6 * sizeof (int)
FAIL: gcc.dg/guality/vla-2.c  -Os  line 16 sizeof (a) == 5 * sizeof (int)
FAIL: gcc.dg/guality/vla-2.c  -Os  line 25 sizeof (a) == 6 * sizeof (int)
FAIL: gcc.dg/guality/vla-2.c  -O2 -flto -fno-use-linker-plugin -flto-partition=none  line 16 sizeof (a) == 5 * sizeof (int)
FAIL: gcc.dg/guality/vla-2.c  -O2 -flto -fno-use-linker-plugin -flto-partition=none  line 25 sizeof (a) == 6 * sizeof (int)
FAIL: gcc.dg/guality/vla-2.c  -O2 -flto -fuse-linker-plugin -fno-fat-lto-objects  line 16 sizeof (a) == 5 * sizeof (int)
FAIL: gcc.dg/guality/vla-2.c  -O2 -flto -fuse-linker-plugin -fno-fat-lto-objects  line 25 sizeof (a) == 6 * sizeof (int)
FAIL: gcc.dg/lto/pr55113 c_lto_pr55113_0.o assemble,  -flto -fshort-double -O0  (internal compiler error)
UNRESOLVED: gcc.dg/lto/pr55113 c_lto_pr55113_0.o-c_lto_pr55113_0.o link  -flto -fshort-double -O0 
UNRESOLVED: gcc.dg/lto/pr55113 c_lto_pr55113_0.o-c_lto_pr55113_0.o execute  -flto -fshort-double -O0 

		=== gcc Summary ===

# of expected passes		107120
# of unexpected failures	113
# of unexpected successes	34
# of expected failures		262
# of unresolved testcases	10
# of unsupported tests		1343
/mnt/work/gcctest/build/gcc/xgcc  version 4.9.0 (GCC) 

		=== libatomic tests ===


Running target unix

		=== libatomic Summary ===

# of expected passes		44
# of unsupported tests		5
		=== libgomp tests ===


Running target unix

		=== libgomp Summary ===

# of expected passes		641
		=== libitm tests ===


Running target unix

		=== libitm Summary ===

# of expected passes		26
# of expected failures		3
# of unsupported tests		1
		=== libstdc++ tests ===


Running target unix

		=== libstdc++ Summary ===

# of expected passes		9303
# of expected failures		41
# of unsupported tests		529

Compiler version: 4.9.0 (GCC) 
Platform: i686-unknown-linux-gnu
configure flags: --with-arch=atom --disable-nls --enable-languages=c,c++ --host=i686-unknown-linux-gnu --build=i686-unknown-linux-gnu --target=i686-unknown-linux-gnu --with-system-zlib --with-sysroot=/ --disable-static --enable-shared


Index Nav: [Date Index] [Subject Index] [Author Index] [Thread Index]
Message Nav: [Date Prev] [Date Next] [Thread Prev] [Thread Next]