This is the mail archive of the gcc-testresults@gcc.gnu.org mailing list for the GCC project.


Index Nav: [Date Index] [Subject Index] [Author Index] [Thread Index]
Message Nav: [Date Prev] [Date Next] [Thread Prev] [Thread Next]
Other format: [Raw text]

Results for 4.9.0 (GCC) testsuite on x86_64-unknown-linux-gnu


-- Build environment ----------------------------------------------------------
Distro:	los.git rootfs=e60c native=e60c
Kernel:	Linux cooljazz 3.15.0-rc2-amd-los_e60c #1 SMP Sun Apr 27 04:56:51 EEST 2014 x86_64 GNU/Linux
CPU:	processor	: 0
	vendor_id	: AuthenticAMD
	cpu family	: 21
	model		: 2
	model name	: AMD FX(tm)-6350 Six-Core Processor
	stepping	: 0
	microcode	: 0x600081c
	cpu MHz		: 2500.000
	cache size	: 2048 KB
	physical id	: 0
	siblings	: 6
	core id		: 0
	cpu cores	: 3
	apicid		: 16
	initial apicid	: 0
	fpu		: yes
	fpu_exception	: yes
	cpuid level	: 13
	wp		: yes
	flags		: fpu vme de pse tsc msr pae mce cx8 apic sep mtrr pge mca cmov pat pse36 clflush mmx fxsr sse sse2 ht syscall nx mmxext fxsr_opt pdpe1gb rdtscp lm constant_tsc rep_good nopl nonstop_tsc extd_apicid aperfmperf pni pclmulqdq monitor ssse3 fma cx16 sse4_1 sse4_2 popcnt aes xsave avx f16c lahf_lm cmp_legacy svm extapic cr8_legacy abm sse4a misalignsse 3dnowprefetch osvw ibs xop skinit wdt lwp fma4 tce nodeid_msr tbm topoext perfctr_core perfctr_nb arat cpb hw_pstate npt lbrv svm_lock nrip_save tsc_scale vmcb_clean flushbyasid decodeassists pausefilter pfthreshold bmi1
	bogomips	: 7799.83
	TLB size	: 1536 4K pages
	clflush size	: 64
	cache_alignment	: 64
	address sizes	: 48 bits physical, 48 bits virtual
	power management: ts ttp tm 100mhzsteps hwpstate cpb eff_freq_ro
	processor	: 1
	vendor_id	: AuthenticAMD
	cpu family	: 21
	model		: 2
	model name	: AMD FX(tm)-6350 Six-Core Processor             
	stepping	: 0
	microcode	: 0x600081c
	cpu MHz		: 1400.000
	cache size	: 2048 KB
	physical id	: 0
	siblings	: 6
	core id		: 1
	cpu cores	: 3
	apicid		: 17
	initial apicid	: 1
	fpu		: yes
	fpu_exception	: yes
	cpuid level	: 13
	wp		: yes
	flags		: fpu vme de pse tsc msr pae mce cx8 apic sep mtrr pge mca cmov pat pse36 clflush mmx fxsr sse sse2 ht syscall nx mmxext fxsr_opt pdpe1gb rdtscp lm constant_tsc rep_good nopl nonstop_tsc extd_apicid aperfmperf pni pclmulqdq monitor ssse3 fma cx16 sse4_1 sse4_2 popcnt aes xsave avx f16c lahf_lm cmp_legacy svm extapic cr8_legacy abm sse4a misalignsse 3dnowprefetch osvw ibs xop skinit wdt lwp fma4 tce nodeid_msr tbm topoext perfctr_core perfctr_nb arat cpb hw_pstate npt lbrv svm_lock nrip_save tsc_scale vmcb_clean flushbyasid decodeassists pausefilter pfthreshold bmi1
	bogomips	: 7799.83
	TLB size	: 1536 4K pages
	clflush size	: 64
	cache_alignment	: 64
	address sizes	: 48 bits physical, 48 bits virtual
	power management: ts ttp tm 100mhzsteps hwpstate cpb eff_freq_ro
	processor	: 2
	vendor_id	: AuthenticAMD
	cpu family	: 21
	model		: 2
	model name	: AMD FX(tm)-6350 Six-Core Processor             
	stepping	: 0
	microcode	: 0x600081c
	cpu MHz		: 1400.000
	cache size	: 2048 KB
	physical id	: 0
	siblings	: 6
	core id		: 2
	cpu cores	: 3
	apicid		: 18
	initial apicid	: 2
	fpu		: yes
	fpu_exception	: yes
	cpuid level	: 13
	wp		: yes
	flags		: fpu vme de pse tsc msr pae mce cx8 apic sep mtrr pge mca cmov pat pse36 clflush mmx fxsr sse sse2 ht syscall nx mmxext fxsr_opt pdpe1gb rdtscp lm constant_tsc rep_good nopl nonstop_tsc extd_apicid aperfmperf pni pclmulqdq monitor ssse3 fma cx16 sse4_1 sse4_2 popcnt aes xsave avx f16c lahf_lm cmp_legacy svm extapic cr8_legacy abm sse4a misalignsse 3dnowprefetch osvw ibs xop skinit wdt lwp fma4 tce nodeid_msr tbm topoext perfctr_core perfctr_nb arat cpb hw_pstate npt lbrv svm_lock nrip_save tsc_scale vmcb_clean flushbyasid decodeassists pausefilter pfthreshold bmi1
	bogomips	: 7799.83
	TLB size	: 1536 4K pages
	clflush size	: 64
	cache_alignment	: 64
	address sizes	: 48 bits physical, 48 bits virtual
	power management: ts ttp tm 100mhzsteps hwpstate cpb eff_freq_ro
	processor	: 3
	vendor_id	: AuthenticAMD
	cpu family	: 21
	model		: 2
	model name	: AMD FX(tm)-6350 Six-Core Processor             
	stepping	: 0
	microcode	: 0x600081c
	cpu MHz		: 1400.000
	cache size	: 2048 KB
	physical id	: 0
	siblings	: 6
	core id		: 3
	cpu cores	: 3
	apicid		: 19
	initial apicid	: 3
	fpu		: yes
	fpu_exception	: yes
	cpuid level	: 13
	wp		: yes
	flags		: fpu vme de pse tsc msr pae mce cx8 apic sep mtrr pge mca cmov pat pse36 clflush mmx fxsr sse sse2 ht syscall nx mmxext fxsr_opt pdpe1gb rdtscp lm constant_tsc rep_good nopl nonstop_tsc extd_apicid aperfmperf pni pclmulqdq monitor ssse3 fma cx16 sse4_1 sse4_2 popcnt aes xsave avx f16c lahf_lm cmp_legacy svm extapic cr8_legacy abm sse4a misalignsse 3dnowprefetch osvw ibs xop skinit wdt lwp fma4 tce nodeid_msr tbm topoext perfctr_core perfctr_nb arat cpb hw_pstate npt lbrv svm_lock nrip_save tsc_scale vmcb_clean flushbyasid decodeassists pausefilter pfthreshold bmi1
	bogomips	: 7799.83
	TLB size	: 1536 4K pages
	clflush size	: 64
	cache_alignment	: 64
	address sizes	: 48 bits physical, 48 bits virtual
	power management: ts ttp tm 100mhzsteps hwpstate cpb eff_freq_ro
	processor	: 4
	vendor_id	: AuthenticAMD
	cpu family	: 21
	model		: 2
	model name	: AMD FX(tm)-6350 Six-Core Processor             
	stepping	: 0
	microcode	: 0x600081c
	cpu MHz		: 1400.000
	cache size	: 2048 KB
	physical id	: 0
	siblings	: 6
	core id		: 4
	cpu cores	: 3
	apicid		: 20
	initial apicid	: 4
	fpu		: yes
	fpu_exception	: yes
	cpuid level	: 13
	wp		: yes
	flags		: fpu vme de pse tsc msr pae mce cx8 apic sep mtrr pge mca cmov pat pse36 clflush mmx fxsr sse sse2 ht syscall nx mmxext fxsr_opt pdpe1gb rdtscp lm constant_tsc rep_good nopl nonstop_tsc extd_apicid aperfmperf pni pclmulqdq monitor ssse3 fma cx16 sse4_1 sse4_2 popcnt aes xsave avx f16c lahf_lm cmp_legacy svm extapic cr8_legacy abm sse4a misalignsse 3dnowprefetch osvw ibs xop skinit wdt lwp fma4 tce nodeid_msr tbm topoext perfctr_core perfctr_nb arat cpb hw_pstate npt lbrv svm_lock nrip_save tsc_scale vmcb_clean flushbyasid decodeassists pausefilter pfthreshold bmi1
	bogomips	: 7799.83
	TLB size	: 1536 4K pages
	clflush size	: 64
	cache_alignment	: 64
	address sizes	: 48 bits physical, 48 bits virtual
	power management: ts ttp tm 100mhzsteps hwpstate cpb eff_freq_ro
	processor	: 5
	vendor_id	: AuthenticAMD
	cpu family	: 21
	model		: 2
	model name	: AMD FX(tm)-6350 Six-Core Processor             
	stepping	: 0
	microcode	: 0x600081c
	cpu MHz		: 1400.000
	cache size	: 2048 KB
	physical id	: 0
	siblings	: 6
	core id		: 5
	cpu cores	: 3
	apicid		: 21
	initial apicid	: 5
	fpu		: yes
	fpu_exception	: yes
	cpuid level	: 13
	wp		: yes
	flags		: fpu vme de pse tsc msr pae mce cx8 apic sep mtrr pge mca cmov pat pse36 clflush mmx fxsr sse sse2 ht syscall nx mmxext fxsr_opt pdpe1gb rdtscp lm constant_tsc rep_good nopl nonstop_tsc extd_apicid aperfmperf pni pclmulqdq monitor ssse3 fma cx16 sse4_1 sse4_2 popcnt aes xsave avx f16c lahf_lm cmp_legacy svm extapic cr8_legacy abm sse4a misalignsse 3dnowprefetch osvw ibs xop skinit wdt lwp fma4 tce nodeid_msr tbm topoext perfctr_core perfctr_nb arat cpb hw_pstate npt lbrv svm_lock nrip_save tsc_scale vmcb_clean flushbyasid decodeassists pausefilter pfthreshold bmi1
	bogomips	: 7799.83
	TLB size	: 1536 4K pages
	clflush size	: 64
	cache_alignment	: 64
	address sizes	: 48 bits physical, 48 bits virtual
	power management: ts ttp tm 100mhzsteps hwpstate cpb eff_freq_ro
-- Time consumed --------------------------------------------------------------
Build:	real	20m27.079s
	user	72m44.370s
	sys	2m7.970s
Test:   real	35m50.675s
	user	130m10.790s
	sys	20m7.090s
-------------------------------------------------------------------------------
LAST_UPDATED: Obtained from SVN: tags/gcc_4_9_0_release revision 209612

Native configuration is x86_64-unknown-linux-gnu

		=== g++ tests ===


Running target unix
FAIL: c-c++-common/asan/pr59063-2.c  -O0  (test for excess errors)
UNRESOLVED: c-c++-common/asan/pr59063-2.c  -O0  compilation failed to produce executable
FAIL: c-c++-common/asan/pr59063-2.c  -O1  (test for excess errors)
UNRESOLVED: c-c++-common/asan/pr59063-2.c  -O1  compilation failed to produce executable
FAIL: c-c++-common/asan/pr59063-2.c  -O2  (test for excess errors)
UNRESOLVED: c-c++-common/asan/pr59063-2.c  -O2  compilation failed to produce executable
FAIL: c-c++-common/asan/pr59063-2.c  -O3 -fomit-frame-pointer  (test for excess errors)
UNRESOLVED: c-c++-common/asan/pr59063-2.c  -O3 -fomit-frame-pointer  compilation failed to produce executable
FAIL: c-c++-common/asan/pr59063-2.c  -O3 -g  (test for excess errors)
UNRESOLVED: c-c++-common/asan/pr59063-2.c  -O3 -g  compilation failed to produce executable
FAIL: c-c++-common/asan/pr59063-2.c  -Os  (test for excess errors)
UNRESOLVED: c-c++-common/asan/pr59063-2.c  -Os  compilation failed to produce executable
FAIL: c-c++-common/asan/pr59063-2.c  -O2 -flto -fno-use-linker-plugin -flto-partition=none  (test for excess errors)
UNRESOLVED: c-c++-common/asan/pr59063-2.c  -O2 -flto -fno-use-linker-plugin -flto-partition=none  compilation failed to produce executable
FAIL: c-c++-common/asan/pr59063-2.c  -O2 -flto -fuse-linker-plugin -fno-fat-lto-objects  (test for excess errors)
UNRESOLVED: c-c++-common/asan/pr59063-2.c  -O2 -flto -fuse-linker-plugin -fno-fat-lto-objects  compilation failed to produce executable
FAIL: g++.dg/guality/pr55665.C  -O2  line 23 p == 40
FAIL: g++.dg/guality/pr55665.C  -O3 -fomit-frame-pointer  line 23 p == 40
FAIL: g++.dg/guality/pr55665.C  -O3 -g  line 23 p == 40
FAIL: g++.old-deja/g++.law/weak.C -std=gnu++98 (test for excess errors)
FAIL: g++.old-deja/g++.law/weak.C -std=gnu++11 (test for excess errors)
FAIL: g++.old-deja/g++.law/weak.C -std=gnu++1y (test for excess errors)

		=== g++ Summary ===

# of expected passes		87724
# of unexpected failures	14
# of expected failures		445
# of unresolved testcases	8
# of unsupported tests		3021
/home/aaro/git/own/gcctest/build/gcc/testsuite/g++/../../xg++  version 4.9.0 (GCC) 

		=== gcc tests ===


Running target unix
FAIL: c-c++-common/asan/pr59063-2.c  -O0  (test for excess errors)
UNRESOLVED: c-c++-common/asan/pr59063-2.c  -O0  compilation failed to produce executable
FAIL: c-c++-common/asan/pr59063-2.c  -O1  (test for excess errors)
UNRESOLVED: c-c++-common/asan/pr59063-2.c  -O1  compilation failed to produce executable
FAIL: c-c++-common/asan/pr59063-2.c  -O2  (test for excess errors)
UNRESOLVED: c-c++-common/asan/pr59063-2.c  -O2  compilation failed to produce executable
FAIL: c-c++-common/asan/pr59063-2.c  -O3 -fomit-frame-pointer  (test for excess errors)
UNRESOLVED: c-c++-common/asan/pr59063-2.c  -O3 -fomit-frame-pointer  compilation failed to produce executable
FAIL: c-c++-common/asan/pr59063-2.c  -O3 -g  (test for excess errors)
UNRESOLVED: c-c++-common/asan/pr59063-2.c  -O3 -g  compilation failed to produce executable
FAIL: c-c++-common/asan/pr59063-2.c  -Os  (test for excess errors)
UNRESOLVED: c-c++-common/asan/pr59063-2.c  -Os  compilation failed to produce executable
FAIL: c-c++-common/asan/pr59063-2.c  -O2 -flto -fno-use-linker-plugin -flto-partition=none  (test for excess errors)
UNRESOLVED: c-c++-common/asan/pr59063-2.c  -O2 -flto -fno-use-linker-plugin -flto-partition=none  compilation failed to produce executable
FAIL: c-c++-common/asan/pr59063-2.c  -O2 -flto -fuse-linker-plugin -fno-fat-lto-objects  (test for excess errors)
UNRESOLVED: c-c++-common/asan/pr59063-2.c  -O2 -flto -fuse-linker-plugin -fno-fat-lto-objects  compilation failed to produce executable
XPASS: gcc.dg/guality/example.c  -O0  execution test
XPASS: gcc.dg/guality/example.c  -O1  execution test
XPASS: gcc.dg/guality/example.c  -O2  execution test
XPASS: gcc.dg/guality/example.c  -O2 -flto -fno-use-linker-plugin -flto-partition=none  execution test
XPASS: gcc.dg/guality/guality.c  -O0  execution test
XPASS: gcc.dg/guality/guality.c  -O1  execution test
XPASS: gcc.dg/guality/guality.c  -O2  execution test
XPASS: gcc.dg/guality/guality.c  -O3 -fomit-frame-pointer  execution test
XPASS: gcc.dg/guality/guality.c  -O3 -g  execution test
XPASS: gcc.dg/guality/guality.c  -Os  execution test
XPASS: gcc.dg/guality/guality.c  -O2 -flto -fno-use-linker-plugin -flto-partition=none  execution test
XPASS: gcc.dg/guality/guality.c  -O2 -flto -fuse-linker-plugin -fno-fat-lto-objects  execution test
XPASS: gcc.dg/guality/inline-params.c  -O2  execution test
XPASS: gcc.dg/guality/inline-params.c  -O3 -fomit-frame-pointer  execution test
XPASS: gcc.dg/guality/inline-params.c  -O3 -g  execution test
XPASS: gcc.dg/guality/inline-params.c  -Os  execution test
XPASS: gcc.dg/guality/inline-params.c  -O2 -flto -fno-use-linker-plugin -flto-partition=none  execution test
XPASS: gcc.dg/guality/pr41353-1.c  -O0  line 28 j == 28 + 37
XPASS: gcc.dg/guality/pr41353-1.c  -O1  line 28 j == 28 + 37
XPASS: gcc.dg/guality/pr41353-1.c  -O2  line 28 j == 28 + 37
XPASS: gcc.dg/guality/pr41353-1.c  -O3 -fomit-frame-pointer  line 28 j == 28 + 37
XPASS: gcc.dg/guality/pr41353-1.c  -O3 -g  line 28 j == 28 + 37
XPASS: gcc.dg/guality/pr41353-1.c  -Os  line 28 j == 28 + 37
XPASS: gcc.dg/guality/pr41353-1.c  -O2 -flto -fno-use-linker-plugin -flto-partition=none  line 28 j == 28 + 37
XPASS: gcc.dg/guality/pr41353-1.c  -O2 -flto -fuse-linker-plugin -fno-fat-lto-objects  line 28 j == 28 + 37
XPASS: gcc.dg/guality/pr41447-1.c  -O0  execution test
XPASS: gcc.dg/guality/pr41447-1.c  -O1  execution test
XPASS: gcc.dg/guality/pr41447-1.c  -O2  execution test
XPASS: gcc.dg/guality/pr41447-1.c  -O3 -fomit-frame-pointer  execution test
XPASS: gcc.dg/guality/pr41447-1.c  -O3 -g  execution test
XPASS: gcc.dg/guality/pr41447-1.c  -Os  execution test
XPASS: gcc.dg/guality/pr41447-1.c  -O2 -flto -fno-use-linker-plugin -flto-partition=none  execution test
XPASS: gcc.dg/guality/pr41447-1.c  -O2 -flto -fuse-linker-plugin -fno-fat-lto-objects  execution test
XPASS: gcc.dg/guality/pr41616-1.c  -O0  execution test
XPASS: gcc.dg/guality/pr41616-1.c  -O1  execution test
XPASS: gcc.dg/guality/pr41616-1.c  -O2  execution test
XPASS: gcc.dg/guality/pr41616-1.c  -O3 -fomit-frame-pointer  execution test
XPASS: gcc.dg/guality/pr41616-1.c  -O3 -g  execution test
XPASS: gcc.dg/guality/pr41616-1.c  -Os  execution test
XPASS: gcc.dg/guality/pr41616-1.c  -O2 -flto -fno-use-linker-plugin -flto-partition=none  execution test
FAIL: gcc.dg/guality/pr48437.c  -O2 -flto -fno-use-linker-plugin -flto-partition=none  line 14 i == 0
FAIL: gcc.dg/guality/pr48437.c  -O2 -flto -fuse-linker-plugin -fno-fat-lto-objects  line 14 i == 0
FAIL: gcc.dg/guality/pr54200.c  -Os  line 20 z == 3
FAIL: gcc.dg/guality/pr54519-1.c  -O2 -flto -fno-use-linker-plugin -flto-partition=none  line 20 y == 25
FAIL: gcc.dg/guality/pr54519-1.c  -O2 -flto -fno-use-linker-plugin -flto-partition=none  line 20 z == 6
FAIL: gcc.dg/guality/pr54519-1.c  -O2 -flto -fno-use-linker-plugin -flto-partition=none  line 23 y == 117
FAIL: gcc.dg/guality/pr54519-1.c  -O2 -flto -fno-use-linker-plugin -flto-partition=none  line 23 z == 8
FAIL: gcc.dg/guality/pr54519-2.c  -O2 -flto -fno-use-linker-plugin -flto-partition=none  line 17 y == 25
FAIL: gcc.dg/guality/pr54519-2.c  -O2 -flto -fuse-linker-plugin -fno-fat-lto-objects  line 17 y == 25
FAIL: gcc.dg/guality/pr54519-3.c  -O2 -flto -fno-use-linker-plugin -flto-partition=none  line 20 y == 25
FAIL: gcc.dg/guality/pr54519-3.c  -O2 -flto -fno-use-linker-plugin -flto-partition=none  line 20 z == 6
FAIL: gcc.dg/guality/pr54519-3.c  -O2 -flto -fno-use-linker-plugin -flto-partition=none  line 23 y == 117
FAIL: gcc.dg/guality/pr54519-3.c  -O2 -flto -fno-use-linker-plugin -flto-partition=none  line 23 z == 8
FAIL: gcc.dg/guality/pr54519-3.c  -O2 -flto -fuse-linker-plugin -fno-fat-lto-objects  line 20 y == 25
FAIL: gcc.dg/guality/pr54519-3.c  -O2 -flto -fuse-linker-plugin -fno-fat-lto-objects  line 20 z == 6
FAIL: gcc.dg/guality/pr54519-3.c  -O2 -flto -fuse-linker-plugin -fno-fat-lto-objects  line 23 y == 117
FAIL: gcc.dg/guality/pr54519-3.c  -O2 -flto -fuse-linker-plugin -fno-fat-lto-objects  line 23 z == 8
FAIL: gcc.dg/guality/pr54519-4.c  -O2 -flto -fno-use-linker-plugin -flto-partition=none  line 17 y == 25
FAIL: gcc.dg/guality/pr54519-4.c  -O2 -flto -fuse-linker-plugin -fno-fat-lto-objects  line 17 y == 25
FAIL: gcc.dg/guality/pr54519-5.c  -O2 -flto -fno-use-linker-plugin -flto-partition=none  line 17 y == 25
FAIL: gcc.dg/guality/pr54519-5.c  -O2 -flto -fuse-linker-plugin -fno-fat-lto-objects  line 17 y == 25
FAIL: gcc.dg/guality/pr54693-2.c  -O3 -fomit-frame-pointer -funroll-loops  line 21 i == v + 1
FAIL: gcc.dg/guality/pr54693-2.c  -O3 -fomit-frame-pointer -funroll-all-loops -finline-functions  line 21 i == v + 1
FAIL: gcc.dg/guality/pr54693-2.c  -Os  line 21 x == 10 - i
FAIL: gcc.dg/guality/pr54693-2.c  -Os  line 21 y == 20 - 2 * i
FAIL: gcc.dg/guality/sra-1.c  -O2  line 43 a.j == 14
FAIL: gcc.dg/guality/sra-1.c  -O3 -fomit-frame-pointer  line 43 a.j == 14
FAIL: gcc.dg/guality/sra-1.c  -O3 -g  line 43 a.j == 14
FAIL: gcc.dg/guality/sra-1.c  -Os  line 43 a.j == 14
FAIL: gcc.dg/guality/sra-1.c  -O2 -flto -fno-use-linker-plugin -flto-partition=none  line 43 a.j == 14
FAIL: gcc.dg/guality/sra-1.c  -O2 -flto -fuse-linker-plugin -fno-fat-lto-objects  line 43 a.j == 14
FAIL: gcc.dg/guality/vla-1.c  -O0  line 17 sizeof (a) == 6
FAIL: gcc.dg/guality/vla-1.c  -O0  line 24 sizeof (a) == 17 * sizeof (short)
FAIL: gcc.dg/guality/vla-1.c  -O1  line 17 sizeof (a) == 6
FAIL: gcc.dg/guality/vla-1.c  -O1  line 24 sizeof (a) == 17 * sizeof (short)
FAIL: gcc.dg/guality/vla-1.c  -O2  line 17 sizeof (a) == 6
FAIL: gcc.dg/guality/vla-1.c  -O2  line 24 sizeof (a) == 17 * sizeof (short)
FAIL: gcc.dg/guality/vla-1.c  -O3 -fomit-frame-pointer  line 17 sizeof (a) == 6
FAIL: gcc.dg/guality/vla-1.c  -O3 -fomit-frame-pointer  line 24 sizeof (a) == 17 * sizeof (short)
FAIL: gcc.dg/guality/vla-1.c  -O3 -g  line 17 sizeof (a) == 6
FAIL: gcc.dg/guality/vla-1.c  -O3 -g  line 24 sizeof (a) == 17 * sizeof (short)
FAIL: gcc.dg/guality/vla-1.c  -Os  line 17 sizeof (a) == 6
FAIL: gcc.dg/guality/vla-1.c  -Os  line 24 sizeof (a) == 17 * sizeof (short)
FAIL: gcc.dg/guality/vla-1.c  -O2 -flto -fno-use-linker-plugin -flto-partition=none  line 17 sizeof (a) == 6
FAIL: gcc.dg/guality/vla-1.c  -O2 -flto -fno-use-linker-plugin -flto-partition=none  line 24 sizeof (a) == 17 * sizeof (short)
FAIL: gcc.dg/guality/vla-1.c  -O2 -flto -fuse-linker-plugin -fno-fat-lto-objects  line 17 sizeof (a) == 6
FAIL: gcc.dg/guality/vla-1.c  -O2 -flto -fuse-linker-plugin -fno-fat-lto-objects  line 24 sizeof (a) == 17 * sizeof (short)
FAIL: gcc.dg/guality/vla-2.c  -O0  line 16 sizeof (a) == 5 * sizeof (int)
FAIL: gcc.dg/guality/vla-2.c  -O0  line 25 sizeof (a) == 6 * sizeof (int)
FAIL: gcc.dg/guality/vla-2.c  -O1  line 16 sizeof (a) == 5 * sizeof (int)
FAIL: gcc.dg/guality/vla-2.c  -O1  line 25 sizeof (a) == 6 * sizeof (int)
FAIL: gcc.dg/guality/vla-2.c  -O2  line 16 sizeof (a) == 5 * sizeof (int)
FAIL: gcc.dg/guality/vla-2.c  -O2  line 25 sizeof (a) == 6 * sizeof (int)
FAIL: gcc.dg/guality/vla-2.c  -O3 -fomit-frame-pointer  line 16 sizeof (a) == 5 * sizeof (int)
FAIL: gcc.dg/guality/vla-2.c  -O3 -fomit-frame-pointer  line 25 sizeof (a) == 6 * sizeof (int)
FAIL: gcc.dg/guality/vla-2.c  -O3 -g  line 16 sizeof (a) == 5 * sizeof (int)
FAIL: gcc.dg/guality/vla-2.c  -O3 -g  line 25 sizeof (a) == 6 * sizeof (int)
FAIL: gcc.dg/guality/vla-2.c  -Os  line 16 sizeof (a) == 5 * sizeof (int)
FAIL: gcc.dg/guality/vla-2.c  -Os  line 25 sizeof (a) == 6 * sizeof (int)
FAIL: gcc.dg/guality/vla-2.c  -O2 -flto -fno-use-linker-plugin -flto-partition=none  line 16 sizeof (a) == 5 * sizeof (int)
FAIL: gcc.dg/guality/vla-2.c  -O2 -flto -fno-use-linker-plugin -flto-partition=none  line 25 sizeof (a) == 6 * sizeof (int)
FAIL: gcc.dg/guality/vla-2.c  -O2 -flto -fuse-linker-plugin -fno-fat-lto-objects  line 16 sizeof (a) == 5 * sizeof (int)
FAIL: gcc.dg/guality/vla-2.c  -O2 -flto -fuse-linker-plugin -fno-fat-lto-objects  line 25 sizeof (a) == 6 * sizeof (int)

		=== gcc Summary ===

# of expected passes		108601
# of unexpected failures	71
# of unexpected successes	40
# of expected failures		259
# of unresolved testcases	8
# of unsupported tests		1450
/home/aaro/git/own/gcctest/build/gcc/xgcc  version 4.9.0 (GCC) 

		=== libatomic tests ===


Running target unix

		=== libatomic Summary ===

# of expected passes		54
		=== libgomp tests ===


Running target unix

		=== libgomp Summary ===

# of expected passes		641
		=== libitm tests ===


Running target unix

		=== libitm Summary ===

# of expected passes		26
# of expected failures		3
# of unsupported tests		1
		=== libstdc++ tests ===


Running target unix

		=== libstdc++ Summary ===

# of expected passes		9295
# of expected failures		41
# of unsupported tests		533

Compiler version: 4.9.0 (GCC) 
Platform: x86_64-unknown-linux-gnu
configure flags: --with-arch=nocona --disable-multilib --disable-nls --enable-languages=c,c++ --host=x86_64-unknown-linux-gnu --build=x86_64-unknown-linux-gnu --target=x86_64-unknown-linux-gnu --with-system-zlib --with-sysroot=/ --disable-static --enable-shared


Index Nav: [Date Index] [Subject Index] [Author Index] [Thread Index]
Message Nav: [Date Prev] [Date Next] [Thread Prev] [Thread Next]