This is the mail archive of the
gcc-testresults@gcc.gnu.org
mailing list for the GCC project.
Results for 4.10.0 20140425 (experimental) [trunk revision 209797] (GCC) testsuite on x86_64-pc-solaris2.10
- From: Rainer Orth <ro at CeBiTec dot Uni-Bielefeld dot DE>
- To: gcc-testresults at gcc dot gnu dot org
- Date: Sun, 27 Apr 2014 12:36:56 +0200 (MEST)
- Subject: Results for 4.10.0 20140425 (experimental) [trunk revision 209797] (GCC) testsuite on x86_64-pc-solaris2.10
- Authentication-results: sourceware.org; auth=none
LAST_UPDATED: Fri Apr 25 11:19:18 UTC 2014 (revision 209797)
Native configuration is x86_64-pc-solaris2.10
=== boehm-gc tests ===
Running target unix/-m32
=== boehm-gc Summary for unix/-m32 ===
# of expected passes 12
# of unsupported tests 1
Running target unix
=== boehm-gc Summary for unix ===
# of expected passes 12
# of unsupported tests 1
=== boehm-gc Summary ===
# of expected passes 24
# of unsupported tests 2
=== libatomic tests ===
Running target unix/-m32
=== libatomic Summary for unix/-m32 ===
# of expected passes 44
# of unsupported tests 5
Running target unix
=== libatomic Summary for unix ===
# of expected passes 54
=== libatomic Summary ===
# of expected passes 98
# of unsupported tests 5
=== libffi tests ===
Running target unix/-m32
=== libffi Summary for unix/-m32 ===
# of expected passes 1819
# of unsupported tests 55
Running target unix
=== libffi Summary for unix ===
# of expected passes 1819
# of unsupported tests 55
=== libffi Summary ===
# of expected passes 3638
# of unsupported tests 110
=== libgo tests ===
Running target unix
=== libgo Summary for unix ===
# of expected passes 122
Running target unix/-m32
FAIL: runtime
FAIL: sync/atomic
=== libgo Summary for unix/-m32 ===
# of expected passes 120
# of unexpected failures 2
=== libgo Summary ===
# of expected passes 242
# of unexpected failures 2
/var/gcc/regression/trunk/10-gcc-64/build/./gcc/gccgo version 4.10.0 20140425 (experimental) [trunk revision 209797] (GCC)
=== libgomp tests ===
Running target unix/-m32
=== libgomp Summary for unix/-m32 ===
# of expected passes 2414
# of unsupported tests 3
Running target unix
=== libgomp Summary for unix ===
# of expected passes 2414
# of unsupported tests 3
=== libgomp Summary ===
# of expected passes 4828
# of unsupported tests 6
=== libitm tests ===
Running target unix/-m32
=== libitm Summary for unix/-m32 ===
# of expected passes 26
# of expected failures 3
# of unsupported tests 1
Running target unix
=== libitm Summary for unix ===
# of expected passes 26
# of expected failures 3
# of unsupported tests 1
=== libitm Summary ===
# of expected passes 52
# of expected failures 6
# of unsupported tests 2
=== libjava tests ===
Running target unix/-m32
=== libjava Summary for unix/-m32 ===
# of expected passes 2582
# of expected failures 4
Running target unix
=== libjava Summary for unix ===
# of expected passes 2582
# of expected failures 4
=== libjava Summary ===
# of expected passes 5164
# of expected failures 8
=== libstdc++ tests ===
Running target unix
FAIL: ext/random/hypergeometric_distribution/operators/values.cc execution test
=== libstdc++ Summary for unix ===
# of expected passes 8980
# of unexpected failures 1
# of expected failures 42
# of unsupported tests 593
Running target unix/-m32
FAIL: ext/random/hypergeometric_distribution/operators/values.cc execution test
=== libstdc++ Summary for unix/-m32 ===
# of expected passes 8980
# of unexpected failures 1
# of expected failures 42
# of unsupported tests 593
=== libstdc++ Summary ===
# of expected passes 17960
# of unexpected failures 2
# of expected failures 84
# of unsupported tests 1186
=== acats tests ===
=== acats Summary ===
# of expected passes 2320
# of unexpected failures 0
=== g++ tests ===
Running target unix
FAIL: c-c++-common/gomp/pr60823-2.c -std=gnu++98 execution test
FAIL: c-c++-common/gomp/pr60823-2.c -std=gnu++11 execution test
FAIL: c-c++-common/gomp/pr60823-2.c -std=gnu++1y execution test
=== g++ Summary for unix ===
# of expected passes 83199
# of unexpected failures 3
# of expected failures 448
# of unsupported tests 3054
Running target unix/-m32
FAIL: g++.dg/cilk-plus/CK/catch_exc.cc -O1 -fcilkplus execution test
FAIL: g++.dg/cilk-plus/CK/catch_exc.cc -O3 -fcilkplus execution test
FAIL: g++.dg/cilk-plus/CK/catch_exc.cc -g -fcilkplus execution test
FAIL: g++.dg/cilk-plus/CK/catch_exc.cc -g -O2 -fcilkplus execution test
FAIL: c-c++-common/gomp/pr60823-2.c -std=gnu++98 execution test
FAIL: c-c++-common/gomp/pr60823-2.c -std=gnu++11 execution test
FAIL: c-c++-common/gomp/pr60823-2.c -std=gnu++1y execution test
=== g++ Summary for unix/-m32 ===
# of expected passes 81863
# of unexpected failures 7
# of expected failures 448
# of unsupported tests 2794
=== g++ Summary ===
# of expected passes 165062
# of unexpected failures 10
# of expected failures 896
# of unsupported tests 5848
/var/gcc/regression/trunk/10-gcc-64/build/gcc/testsuite/g++/../../xg++ version 4.10.0 20140425 (experimental) [trunk revision 209797] (GCC)
=== gcc tests ===
Running target unix
FAIL: gcc.dg/pr18079-2.c (test for warnings, line 6)
FAIL: gcc.dg/pr18079-2.c (test for warnings, line 9)
FAIL: gcc.dg/pr18079-2.c (test for warnings, line 13)
FAIL: gcc.dg/pr18079-2.c (test for warnings, line 16)
FAIL: gcc.dg/pr18079-2.c (test for excess errors)
FAIL: c-c++-common/gomp/pr60823-2.c execution test
FAIL: gcc.target/i386/pr58218.c (test for excess errors)
=== gcc Summary for unix ===
# of expected passes 101385
# of unexpected failures 7
# of expected failures 250
# of unsupported tests 1881
Running target unix/-m32
FAIL: gcc.dg/pr18079-2.c (test for warnings, line 6)
FAIL: gcc.dg/pr18079-2.c (test for warnings, line 9)
FAIL: gcc.dg/pr18079-2.c (test for warnings, line 13)
FAIL: gcc.dg/pr18079-2.c (test for warnings, line 16)
FAIL: gcc.dg/pr18079-2.c (test for excess errors)
FAIL: c-c++-common/gomp/pr60823-2.c execution test
=== gcc Summary for unix/-m32 ===
# of expected passes 100833
# of unexpected failures 6
# of expected failures 247
# of unsupported tests 1637
=== gcc Summary ===
# of expected passes 202218
# of unexpected failures 13
# of expected failures 497
# of unsupported tests 3518
/var/gcc/regression/trunk/10-gcc-64/build/gcc/xgcc version 4.10.0 20140425 (experimental) [trunk revision 209797] (GCC)
=== gfortran tests ===
Running target unix
=== gfortran Summary for unix ===
# of expected passes 45624
# of expected failures 52
# of unsupported tests 80
Running target unix/-m32
=== gfortran Summary for unix/-m32 ===
# of expected passes 45337
# of expected failures 52
# of unsupported tests 218
=== gfortran Summary ===
# of expected passes 90961
# of expected failures 104
# of unsupported tests 298
/var/gcc/regression/trunk/10-gcc-64/build/gcc/testsuite/gfortran/../../gfortran version 4.10.0 20140425 (experimental) [trunk revision 209797] (GCC)
=== gnat tests ===
Running target unix/-m32
=== gnat Summary for unix/-m32 ===
# of expected passes 1230
# of expected failures 18
# of unsupported tests 6
Running target unix
=== gnat Summary for unix ===
# of expected passes 1230
# of expected failures 18
# of unsupported tests 6
=== gnat Summary ===
# of expected passes 2460
# of expected failures 36
# of unsupported tests 12
/var/gcc/regression/trunk/10-gcc-64/build/gcc/gnatmake version 4.10.0 20140425 (experimental) [trunk revision 209797]
=== go tests ===
Running target unix
=== go Summary for unix ===
# of expected passes 7252
# of expected failures 1
# of untested testcases 9
# of unsupported tests 1
Running target unix/-m32
=== go Summary for unix/-m32 ===
# of expected passes 7371
# of expected failures 1
# of untested testcases 9
# of unsupported tests 2
=== go Summary ===
# of expected passes 14623
# of expected failures 2
# of untested testcases 18
# of unsupported tests 3
/var/gcc/regression/trunk/10-gcc-64/build/gcc/testsuite/go/../../gccgo version 4.10.0 20140425 (experimental) [trunk revision 209797] (GCC)
=== obj-c++ tests ===
Running target unix/-m32
=== obj-c++ Summary for unix/-m32 ===
# of expected passes 1449
# of expected failures 2
# of unsupported tests 86
Running target unix
=== obj-c++ Summary for unix ===
# of expected passes 1441
# of expected failures 10
# of unsupported tests 86
=== obj-c++ Summary ===
# of expected passes 2890
# of expected failures 12
# of unsupported tests 172
/var/gcc/regression/trunk/10-gcc-64/build/gcc/testsuite/obj-c++/../../xg++ version 4.10.0 20140425 (experimental) [trunk revision 209797] (GCC)
=== objc tests ===
Running target unix
=== objc Summary for unix ===
# of expected passes 2988
# of expected failures 6
# of unsupported tests 74
Running target unix/-m32
=== objc Summary for unix/-m32 ===
# of expected passes 2988
# of expected failures 6
# of unsupported tests 74
=== objc Summary ===
# of expected passes 5976
# of expected failures 12
# of unsupported tests 148
/var/gcc/regression/trunk/10-gcc-64/build/gcc/xgcc version 4.10.0 20140425 (experimental) [trunk revision 209797] (GCC)
Compiler version: 4.10.0 20140425 (experimental) [trunk revision 209797] (GCC)
Platform: x86_64-pc-solaris2.10
configure flags: --prefix=/vol/gcc --target=amd64-pc-solaris2.10 --enable-objc-gc --with-gmp-include=/vol/gcc/include --with-gmp-lib=/vol/gcc/lib/amd64 --with-mpfr-include=/vol/gcc/include --with-mpfr-lib=/vol/gcc/lib/amd64 --with-mpc-include=/vol/gcc/include --with-mpc-lib=/vol/gcc/lib/amd64 --enable-languages=all,ada,obj-c++,go --with-isl-include=/vol/gcc/include --with-isl-lib=/vol/gcc/lib/amd64 --with-cloog-include=/vol/gcc/include --with-cloog-lib=/vol/gcc/lib/amd64 --enable-cloog-backend=isl --build=amd64-pc-solaris2.10 --host=amd64-pc-solaris2.10
BOOT_CFLAGS=-g -O2