This is the mail archive of the gcc-testresults@gcc.gnu.org mailing list for the GCC project.


Index Nav: [Date Index] [Subject Index] [Author Index] [Thread Index]
Message Nav: [Date Prev] [Date Next] [Thread Prev] [Thread Next]
Other format: [Raw text]

Results for 4.9.0 (GCC) testsuite on sparc-sun-solaris2.11


LAST_UPDATED: Obtained from SVN: tags/gcc_4_9_0_release revision 209612

		=== acats tests ===

		=== acats Summary ===
# of expected passes		2320
# of unexpected failures	0
Native configuration is sparc-sun-solaris2.11

		=== g++ tests ===


Running target unix

		=== g++ Summary for unix ===

# of expected passes		79027
# of expected failures		448
# of unsupported tests		3193

Running target unix/-m64

		=== g++ Summary for unix/-m64 ===

# of expected passes		80877
# of expected failures		448
# of unsupported tests		3181

		=== g++ Summary ===

# of expected passes		159904
# of expected failures		896
# of unsupported tests		6374
/var/gcc/gcc-4.9.0/11-gcc/gcc/testsuite/g++/../../xg++  version 4.9.0 (GCC) 

		=== gcc tests ===


Running target unix
FAIL: gcc.dg/unroll_1.c  (test for warnings, line 14)
FAIL: gcc.dg/unroll_1.c  (test for warnings, line 24)
FAIL: gcc.dg/simulate-thread/atomic-other-int.c  -O0 -g  thread simulation test
FAIL: gcc.dg/simulate-thread/atomic-other-int.c  -O2 -g  thread simulation test
FAIL: gcc.dg/simulate-thread/atomic-other-int.c  -O3 -g  thread simulation test
FAIL: gcc.dg/simulate-thread/speculative-store-4.c  -O0 -g  thread simulation test
FAIL: gcc.dg/simulate-thread/speculative-store-4.c  -O2 -g  thread simulation test
FAIL: gcc.dg/simulate-thread/speculative-store-4.c  -O3 -g  thread simulation test
FAIL: gcc.dg/simulate-thread/speculative-store.c  -O0 -g  thread simulation test

		=== gcc Summary for unix ===

# of expected passes		87565
# of unexpected failures	9
# of expected failures		323
# of unsupported tests		1839

Running target unix/-m64
FAIL: gcc.dg/unroll_1.c  (test for warnings, line 14)
FAIL: gcc.dg/unroll_1.c  (test for warnings, line 24)

		=== gcc Summary for unix/-m64 ===

# of expected passes		88323
# of unexpected failures	2
# of expected failures		312
# of unsupported tests		1792

		=== gcc Summary ===

# of expected passes		175888
# of unexpected failures	11
# of expected failures		635
# of unsupported tests		3631
/var/gcc/gcc-4.9.0/11-gcc/gcc/xgcc  version 4.9.0 (GCC) 

		=== gfortran tests ===


Running target unix

		=== gfortran Summary for unix ===

# of expected passes		45229
# of expected failures		54
# of unsupported tests		267

Running target unix/-m64

		=== gfortran Summary for unix/-m64 ===

# of expected passes		45556
# of expected failures		54
# of unsupported tests		106

		=== gfortran Summary ===

# of expected passes		90785
# of expected failures		108
# of unsupported tests		373
/var/gcc/gcc-4.9.0/11-gcc/gcc/testsuite/gfortran/../../gfortran  version 4.9.0 (GCC) 

		=== gnat tests ===


Running target unix

		=== gnat Summary for unix ===

# of expected passes		1204
# of expected failures		18
# of unsupported tests		13

Running target unix/-m64

		=== gnat Summary for unix/-m64 ===

# of expected passes		1204
# of expected failures		18
# of unsupported tests		13

		=== gnat Summary ===

# of expected passes		2408
# of expected failures		36
# of unsupported tests		26
/var/gcc/gcc-4.9.0/11-gcc/gcc/gnatmake version 4.9.0

		=== go tests ===


Running target unix
FAIL: go.test/test/recover.go execution,  -O2 -g 

		=== go Summary for unix ===

# of expected passes		7367
# of unexpected failures	1
# of expected failures		1
# of untested testcases		10
# of unsupported tests		3

Running target unix/-m64
FAIL: go.test/test/fixedbugs/issue4348.go  -O  (test for excess errors)
FAIL: go.test/test/recover.go execution,  -O2 -g 

		=== go Summary for unix/-m64 ===

# of expected passes		7246
# of unexpected failures	2
# of expected failures		1
# of untested testcases		10
# of unsupported tests		3

		=== go Summary ===

# of expected passes		14613
# of unexpected failures	3
# of expected failures		2
# of untested testcases		20
# of unsupported tests		6
/var/gcc/gcc-4.9.0/11-gcc/gcc/testsuite/go/../../gccgo  version 4.9.0 (GCC) 

		=== obj-c++ tests ===


Running target unix

		=== obj-c++ Summary for unix ===

# of expected passes		1449
# of expected failures		2
# of unsupported tests		86

Running target unix/-m64

		=== obj-c++ Summary for unix/-m64 ===

# of expected passes		1441
# of expected failures		10
# of unsupported tests		86

		=== obj-c++ Summary ===

# of expected passes		2890
# of expected failures		12
# of unsupported tests		172
/var/gcc/gcc-4.9.0/11-gcc/gcc/testsuite/obj-c++/../../xg++  version 4.9.0 (GCC) 

		=== objc tests ===


Running target unix

		=== objc Summary for unix ===

# of expected passes		2994
# of unsupported tests		74

Running target unix/-m64

		=== objc Summary for unix/-m64 ===

# of expected passes		2994
# of unsupported tests		74

		=== objc Summary ===

# of expected passes		5988
# of unsupported tests		148
/var/gcc/gcc-4.9.0/11-gcc/gcc/xgcc  version 4.9.0 (GCC) 

		=== boehm-gc tests ===


Running target unix

		=== boehm-gc Summary for unix ===

# of expected passes		12
# of unsupported tests		1

Running target unix/-m64

		=== boehm-gc Summary for unix/-m64 ===

# of expected passes		12
# of unsupported tests		1

		=== boehm-gc Summary ===

# of expected passes		24
# of unsupported tests		2
		=== libatomic tests ===


Running target unix

		=== libatomic Summary for unix ===

# of expected passes		44
# of unsupported tests		5

Running target unix/-m64

		=== libatomic Summary for unix/-m64 ===

# of expected passes		54

		=== libatomic Summary ===

# of expected passes		98
# of unsupported tests		5
		=== libffi tests ===


Running target unix

		=== libffi Summary for unix ===

# of expected passes		1819
# of unsupported tests		55

Running target unix/-m64

		=== libffi Summary for unix/-m64 ===

# of expected passes		1819
# of unsupported tests		55

		=== libffi Summary ===

# of expected passes		3638
# of unsupported tests		110
		=== libgo tests ===


Running target unix
FAIL: runtime
FAIL: os/exec
FAIL: text/template
FAIL: testing/quick

		=== libgo Summary for unix ===

# of expected passes		118
# of unexpected failures	4

Running target unix/-m64

		=== libgo Summary for unix/-m64 ===

# of expected passes		122

		=== libgo Summary ===

# of expected passes		240
# of unexpected failures	4
/var/gcc/gcc-4.9.0/11-gcc/./gcc/gccgo version 4.9.0 (GCC)

		=== libgomp tests ===


Running target unix

		=== libgomp Summary for unix ===

# of expected passes		2406
# of unsupported tests		3

Running target unix/-m64

		=== libgomp Summary for unix/-m64 ===

# of expected passes		2406
# of unsupported tests		3

		=== libgomp Summary ===

# of expected passes		4812
# of unsupported tests		6
		=== libitm tests ===


Running target unix

		=== libitm Summary for unix ===

# of expected passes		26
# of expected failures		3
# of unsupported tests		1

Running target unix/-m64

		=== libitm Summary for unix/-m64 ===

# of expected passes		26
# of expected failures		3
# of unsupported tests		1

		=== libitm Summary ===

# of expected passes		52
# of expected failures		6
# of unsupported tests		2
		=== libjava tests ===


Running target unix

		=== libjava Summary for unix ===

# of expected passes		2582
# of expected failures		4

Running target unix/-m64

		=== libjava Summary for unix/-m64 ===

# of expected passes		2582
# of expected failures		4

		=== libjava Summary ===

# of expected passes		5164
# of expected failures		8
		=== libstdc++ tests ===


Running target unix

		=== libstdc++ Summary for unix ===

# of expected passes		8958
# of expected failures		41
# of unsupported tests		602

Running target unix/-m64

		=== libstdc++ Summary for unix/-m64 ===

# of expected passes		8958
# of expected failures		41
# of unsupported tests		602

		=== libstdc++ Summary ===

# of expected passes		17916
# of expected failures		82
# of unsupported tests		1204

Compiler version: 4.9.0 (GCC) 
Platform: sparc-sun-solaris2.11
configure flags: --prefix=/vol/gcc-4.9 --enable-objc-gc --with-gmp-include=/vol/gcc/include --with-gmp-lib=/vol/gcc/lib --with-mpfr-include=/vol/gcc/include --with-mpfr-lib=/vol/gcc/lib --with-mpc-include=/vol/gcc/include --with-mpc-lib=/vol/gcc/lib --enable-languages=all,ada,obj-c++,go --with-isl-include=/vol/gcc/include --with-isl-lib=/vol/gcc/lib --with-cloog-include=/vol/gcc/include --with-cloog-lib=/vol/gcc/lib --enable-cloog-backend=isl
BOOT_CFLAGS=-g -O2


Index Nav: [Date Index] [Subject Index] [Author Index] [Thread Index]
Message Nav: [Date Prev] [Date Next] [Thread Prev] [Thread Next]