This is the mail archive of the gcc-testresults@gcc.gnu.org mailing list for the GCC project.


Index Nav: [Date Index] [Subject Index] [Author Index] [Thread Index]
Message Nav: [Date Prev] [Date Next] [Thread Prev] [Thread Next]
Other format: [Raw text]

Results for 4.9.0 (GCC) testsuite on x86_64-unknown-linux-gnu


Native configuration is x86_64-unknown-linux-gnu

		=== gcc tests ===


Running target unix
FAIL: c-c++-common/asan/clone-test-1.c  -O0  execution test
FAIL: c-c++-common/asan/clone-test-1.c  -O1  execution test
FAIL: c-c++-common/asan/clone-test-1.c  -O2  execution test
FAIL: c-c++-common/asan/clone-test-1.c  -O3 -fomit-frame-pointer  execution test
FAIL: c-c++-common/asan/clone-test-1.c  -O3 -fomit-frame-pointer -funroll-loops  
execution test
FAIL: c-c++-common/asan/clone-test-1.c  -O3 -fomit-frame-pointer -funroll-all-
loops -finline-functions  execution test
FAIL: c-c++-common/asan/clone-test-1.c  -O3 -g  execution test
FAIL: c-c++-common/asan/clone-test-1.c  -Os  execution test
FAIL: c-c++-common/asan/clone-test-1.c  -O2 -flto -flto-partition=none  execution 
test
FAIL: c-c++-common/asan/clone-test-1.c  -O2 -flto  execution test
FAIL: c-c++-common/asan/global-overflow-1.c  -O0  output pattern test
FAIL: c-c++-common/asan/global-overflow-1.c  -O1  output pattern test
FAIL: c-c++-common/asan/global-overflow-1.c  -O2  output pattern test
FAIL: c-c++-common/asan/global-overflow-1.c  -O3 -fomit-frame-pointer  output 
pattern test
FAIL: c-c++-common/asan/global-overflow-1.c  -O3 -g  output pattern test
FAIL: c-c++-common/asan/global-overflow-1.c  -Os  output pattern test
FAIL: c-c++-common/asan/global-overflow-1.c  -O2 -flto -flto-partition=none  
output pattern test
FAIL: c-c++-common/asan/global-overflow-1.c  -O2 -flto  output pattern test
FAIL: c-c++-common/asan/heap-overflow-1.c  -O0  output pattern test
FAIL: c-c++-common/asan/heap-overflow-1.c  -O1  output pattern test
FAIL: c-c++-common/asan/heap-overflow-1.c  -O2  output pattern test
FAIL: c-c++-common/asan/heap-overflow-1.c  -O3 -fomit-frame-pointer  output 
pattern test
FAIL: c-c++-common/asan/heap-overflow-1.c  -O3 -g  output pattern test
FAIL: c-c++-common/asan/heap-overflow-1.c  -Os  output pattern test
FAIL: c-c++-common/asan/heap-overflow-1.c  -O2 -flto -flto-partition=none  output 
pattern test
FAIL: c-c++-common/asan/heap-overflow-1.c  -O2 -flto  output pattern test
FAIL: c-c++-common/asan/memcmp-1.c  -O0  output pattern test
FAIL: c-c++-common/asan/memcmp-1.c  -O1  output pattern test
FAIL: c-c++-common/asan/memcmp-1.c  -O2  output pattern test
FAIL: c-c++-common/asan/memcmp-1.c  -O3 -fomit-frame-pointer  output pattern 
test
FAIL: c-c++-common/asan/memcmp-1.c  -O3 -g  output pattern test
FAIL: c-c++-common/asan/memcmp-1.c  -Os  output pattern test
FAIL: c-c++-common/asan/memcmp-1.c  -O2 -flto -flto-partition=none  output 
pattern test
FAIL: c-c++-common/asan/memcmp-1.c  -O2 -flto  output pattern test
FAIL: c-c++-common/asan/null-deref-1.c  -O0  output pattern test
FAIL: c-c++-common/asan/null-deref-1.c  -O1  output pattern test
FAIL: c-c++-common/asan/null-deref-1.c  -O2  output pattern test
FAIL: c-c++-common/asan/null-deref-1.c  -O3 -fomit-frame-pointer  output pattern 
test
FAIL: c-c++-common/asan/null-deref-1.c  -O3 -g  output pattern test
FAIL: c-c++-common/asan/null-deref-1.c  -Os  output pattern test
FAIL: c-c++-common/asan/null-deref-1.c  -O2 -flto -flto-partition=none  output 
pattern test
FAIL: c-c++-common/asan/null-deref-1.c  -O2 -flto  output pattern test
FAIL: c-c++-common/asan/pr59063-1.c  -O0  execution test
FAIL: c-c++-common/asan/pr59063-1.c  -O1  execution test
FAIL: c-c++-common/asan/pr59063-1.c  -O2  execution test
FAIL: c-c++-common/asan/pr59063-1.c  -O3 -fomit-frame-pointer  execution test
FAIL: c-c++-common/asan/pr59063-1.c  -O3 -g  execution test
FAIL: c-c++-common/asan/pr59063-1.c  -Os  execution test
FAIL: c-c++-common/asan/pr59063-1.c  -O2 -flto -flto-partition=none  execution 
test
FAIL: c-c++-common/asan/pr59063-1.c  -O2 -flto  execution test
FAIL: c-c++-common/asan/pr59063-2.c  -O0  execution test
FAIL: c-c++-common/asan/pr59063-2.c  -O1  execution test
FAIL: c-c++-common/asan/pr59063-2.c  -O2  execution test
FAIL: c-c++-common/asan/pr59063-2.c  -O3 -fomit-frame-pointer  execution test
FAIL: c-c++-common/asan/pr59063-2.c  -O3 -g  execution test
FAIL: c-c++-common/asan/pr59063-2.c  -Os  execution test
FAIL: c-c++-common/asan/pr59063-2.c  -O2 -flto -flto-partition=none  execution 
test
FAIL: c-c++-common/asan/pr59063-2.c  -O2 -flto  execution test
FAIL: c-c++-common/asan/rlimit-mmap-test-1.c  -O0  output pattern test
FAIL: c-c++-common/asan/sanity-check-pure-c-1.c  -O0  output pattern test
FAIL: c-c++-common/asan/sanity-check-pure-c-1.c  -O1  output pattern test
FAIL: c-c++-common/asan/sanity-check-pure-c-1.c  -O2  output pattern test
FAIL: c-c++-common/asan/sanity-check-pure-c-1.c  -O3 -fomit-frame-pointer  
output pattern test
FAIL: c-c++-common/asan/sanity-check-pure-c-1.c  -O3 -g  output pattern test
FAIL: c-c++-common/asan/sanity-check-pure-c-1.c  -Os  output pattern test
FAIL: c-c++-common/asan/sanity-check-pure-c-1.c  -O2 -flto -flto-partition=none  
output pattern test
FAIL: c-c++-common/asan/sanity-check-pure-c-1.c  -O2 -flto  output pattern test
FAIL: c-c++-common/asan/sleep-before-dying-1.c  -O2  output pattern test
FAIL: c-c++-common/asan/sleep-before-dying-1.c  -O2 -flto -flto-partition=none  
output pattern test
FAIL: c-c++-common/asan/sleep-before-dying-1.c  -O2 -flto  output pattern test
FAIL: c-c++-common/asan/stack-overflow-1.c  -O0  output pattern test
FAIL: c-c++-common/asan/stack-overflow-1.c  -O1  output pattern test
FAIL: c-c++-common/asan/stack-overflow-1.c  -O2  output pattern test
FAIL: c-c++-common/asan/stack-overflow-1.c  -O3 -fomit-frame-pointer  output 
pattern test
FAIL: c-c++-common/asan/stack-overflow-1.c  -O3 -g  output pattern test
FAIL: c-c++-common/asan/stack-overflow-1.c  -Os  output pattern test
FAIL: c-c++-common/asan/stack-overflow-1.c  -O2 -flto -flto-partition=none  output 
pattern test
FAIL: c-c++-common/asan/stack-overflow-1.c  -O2 -flto  output pattern test
FAIL: c-c++-common/asan/strip-path-prefix-1.c  -O2  output pattern test
FAIL: c-c++-common/asan/strip-path-prefix-1.c  -O2 -flto -flto-partition=none  
output pattern test
FAIL: c-c++-common/asan/strip-path-prefix-1.c  -O2 -flto  output pattern test
FAIL: c-c++-common/asan/strncpy-overflow-1.c  -O0  output pattern test
FAIL: c-c++-common/asan/strncpy-overflow-1.c  -O1  output pattern test
FAIL: c-c++-common/asan/strncpy-overflow-1.c  -O2  output pattern test
FAIL: c-c++-common/asan/strncpy-overflow-1.c  -O3 -fomit-frame-pointer  output 
pattern test
FAIL: c-c++-common/asan/strncpy-overflow-1.c  -O3 -g  output pattern test
FAIL: c-c++-common/asan/strncpy-overflow-1.c  -Os  output pattern test
FAIL: c-c++-common/asan/strncpy-overflow-1.c  -O2 -flto -flto-partition=none  
output pattern test
FAIL: c-c++-common/asan/strncpy-overflow-1.c  -O2 -flto  output pattern test
FAIL: c-c++-common/asan/swapcontext-test-1.c  -O0  execution test
FAIL: c-c++-common/asan/swapcontext-test-1.c  -O1  execution test
FAIL: c-c++-common/asan/swapcontext-test-1.c  -O2  execution test
FAIL: c-c++-common/asan/swapcontext-test-1.c  -O3 -fomit-frame-pointer  
execution test
FAIL: c-c++-common/asan/swapcontext-test-1.c  -O3 -fomit-frame-pointer -funroll-
loops  execution test
FAIL: c-c++-common/asan/swapcontext-test-1.c  -O3 -fomit-frame-pointer -funroll-
all-loops -finline-functions  execution test
FAIL: c-c++-common/asan/swapcontext-test-1.c  -O3 -g  execution test
FAIL: c-c++-common/asan/swapcontext-test-1.c  -Os  execution test
FAIL: c-c++-common/asan/swapcontext-test-1.c  -O2 -flto -flto-partition=none  
execution test
FAIL: c-c++-common/asan/swapcontext-test-1.c  -O2 -flto  execution test
FAIL: c-c++-common/asan/use-after-free-1.c  -O0  output pattern test
FAIL: c-c++-common/asan/use-after-free-1.c  -O1  output pattern test
FAIL: c-c++-common/asan/use-after-free-1.c  -O2  output pattern test
FAIL: c-c++-common/asan/use-after-free-1.c  -O3 -fomit-frame-pointer  output 
pattern test
FAIL: c-c++-common/asan/use-after-free-1.c  -O3 -g  output pattern test
FAIL: c-c++-common/asan/use-after-free-1.c  -Os  output pattern test
FAIL: c-c++-common/asan/use-after-free-1.c  -O2 -flto -flto-partition=none  output 
pattern test
FAIL: c-c++-common/asan/use-after-free-1.c  -O2 -flto  output pattern test
FAIL: c-c++-common/asan/use-after-return-1.c  -O0  output pattern test
FAIL: c-c++-common/asan/use-after-return-1.c  -O1  output pattern test
FAIL: c-c++-common/asan/use-after-return-1.c  -O2  output pattern test
FAIL: c-c++-common/asan/use-after-return-1.c  -O3 -fomit-frame-pointer  output 
pattern test
FAIL: c-c++-common/asan/use-after-return-1.c  -O3 -g  output pattern test
FAIL: c-c++-common/asan/use-after-return-1.c  -Os  output pattern test
FAIL: c-c++-common/asan/use-after-return-1.c  -O2 -flto -flto-partition=none  
output pattern test
FAIL: c-c++-common/asan/use-after-return-1.c  -O2 -flto  output pattern test
FAIL: gcc.dg/asan/nosanitize-and-inline.c  -O0  execution test
FAIL: gcc.dg/asan/nosanitize-and-inline.c  -O1  execution test
FAIL: gcc.dg/asan/nosanitize-and-inline.c  -O2  execution test
FAIL: gcc.dg/asan/nosanitize-and-inline.c  -O3 -fomit-frame-pointer  execution test
FAIL: gcc.dg/asan/nosanitize-and-inline.c  -O3 -fomit-frame-pointer -funroll-loops  
execution test
FAIL: gcc.dg/asan/nosanitize-and-inline.c  -O3 -fomit-frame-pointer -funroll-all-
loops -finline-functions  execution test
FAIL: gcc.dg/asan/nosanitize-and-inline.c  -O3 -g  execution test
FAIL: gcc.dg/asan/nosanitize-and-inline.c  -Os  execution test
FAIL: gcc.dg/asan/nosanitize-and-inline.c  -O2 -flto -flto-partition=none  execution 
test
FAIL: gcc.dg/asan/nosanitize-and-inline.c  -O2 -flto  execution test
FAIL: gcc.dg/cpp/_Pragma3.c (test for excess errors)
FAIL: c-c++-common/ubsan/div-by-zero-1.c  -O0  output pattern test
FAIL: c-c++-common/ubsan/div-by-zero-1.c  -O1  output pattern test
FAIL: c-c++-common/ubsan/div-by-zero-1.c  -O2  output pattern test
FAIL: c-c++-common/ubsan/div-by-zero-1.c  -O3 -fomit-frame-pointer  output 
pattern test
FAIL: c-c++-common/ubsan/div-by-zero-1.c  -O3 -g  output pattern test
FAIL: c-c++-common/ubsan/div-by-zero-1.c  -Os  output pattern test
FAIL: c-c++-common/ubsan/div-by-zero-1.c  -O2 -flto -flto-partition=none  output 
pattern test
FAIL: c-c++-common/ubsan/div-by-zero-1.c  -O2 -flto  output pattern test
FAIL: c-c++-common/ubsan/div-by-zero-2.c  -O0  output pattern test
FAIL: c-c++-common/ubsan/div-by-zero-2.c  -O1  output pattern test
FAIL: c-c++-common/ubsan/div-by-zero-2.c  -O2  output pattern test
FAIL: c-c++-common/ubsan/div-by-zero-2.c  -O3 -fomit-frame-pointer  output 
pattern test
FAIL: c-c++-common/ubsan/div-by-zero-2.c  -O3 -g  output pattern test
FAIL: c-c++-common/ubsan/div-by-zero-2.c  -Os  output pattern test
FAIL: c-c++-common/ubsan/div-by-zero-2.c  -O2 -flto -flto-partition=none  output 
pattern test
FAIL: c-c++-common/ubsan/div-by-zero-2.c  -O2 -flto  output pattern test
FAIL: c-c++-common/ubsan/div-by-zero-3.c  -O0  output pattern test
FAIL: c-c++-common/ubsan/div-by-zero-3.c  -O1  output pattern test
FAIL: c-c++-common/ubsan/div-by-zero-3.c  -O2  output pattern test
FAIL: c-c++-common/ubsan/div-by-zero-3.c  -O3 -fomit-frame-pointer  output 
pattern test
FAIL: c-c++-common/ubsan/div-by-zero-3.c  -O3 -g  output pattern test
FAIL: c-c++-common/ubsan/div-by-zero-3.c  -Os  output pattern test
FAIL: c-c++-common/ubsan/div-by-zero-3.c  -O2 -flto -flto-partition=none  output 
pattern test
FAIL: c-c++-common/ubsan/div-by-zero-3.c  -O2 -flto  output pattern test
FAIL: c-c++-common/ubsan/load-bool-enum.c  -O0  output pattern test
FAIL: c-c++-common/ubsan/load-bool-enum.c  -O1  output pattern test
FAIL: c-c++-common/ubsan/load-bool-enum.c  -O2  output pattern test
FAIL: c-c++-common/ubsan/load-bool-enum.c  -O3 -fomit-frame-pointer  output 
pattern test
FAIL: c-c++-common/ubsan/load-bool-enum.c  -O3 -fomit-frame-pointer -funroll-
loops  output pattern test
FAIL: c-c++-common/ubsan/load-bool-enum.c  -O3 -fomit-frame-pointer -funroll-
all-loops -finline-functions  output pattern test
FAIL: c-c++-common/ubsan/load-bool-enum.c  -O3 -g  output pattern test
FAIL: c-c++-common/ubsan/load-bool-enum.c  -Os  output pattern test
FAIL: c-c++-common/ubsan/load-bool-enum.c  -O2 -flto -flto-partition=none  
output pattern test
FAIL: c-c++-common/ubsan/load-bool-enum.c  -O2 -flto  output pattern test
FAIL: c-c++-common/ubsan/null-1.c  -O0  output pattern test
FAIL: c-c++-common/ubsan/null-1.c  -O1  output pattern test
FAIL: c-c++-common/ubsan/null-1.c  -O2  output pattern test
FAIL: c-c++-common/ubsan/null-1.c  -O3 -fomit-frame-pointer  output pattern test
FAIL: c-c++-common/ubsan/null-1.c  -O3 -g  output pattern test
FAIL: c-c++-common/ubsan/null-1.c  -Os  output pattern test
FAIL: c-c++-common/ubsan/null-1.c  -O2 -flto -flto-partition=none  output pattern 
test
FAIL: c-c++-common/ubsan/null-1.c  -O2 -flto  output pattern test
FAIL: c-c++-common/ubsan/null-10.c  -O0  output pattern test
FAIL: c-c++-common/ubsan/null-10.c  -O1  output pattern test
FAIL: c-c++-common/ubsan/null-10.c  -O2  output pattern test
FAIL: c-c++-common/ubsan/null-10.c  -O3 -fomit-frame-pointer  output pattern test
FAIL: c-c++-common/ubsan/null-10.c  -O3 -g  output pattern test
FAIL: c-c++-common/ubsan/null-10.c  -Os  output pattern test
FAIL: c-c++-common/ubsan/null-10.c  -O2 -flto -flto-partition=none  output pattern 
test
FAIL: c-c++-common/ubsan/null-10.c  -O2 -flto  output pattern test
FAIL: c-c++-common/ubsan/null-11.c  -O0  output pattern test
FAIL: c-c++-common/ubsan/null-11.c  -O1  output pattern test
FAIL: c-c++-common/ubsan/null-11.c  -O2  output pattern test
FAIL: c-c++-common/ubsan/null-11.c  -O3 -fomit-frame-pointer  output pattern test
FAIL: c-c++-common/ubsan/null-11.c  -O3 -g  output pattern test
FAIL: c-c++-common/ubsan/null-11.c  -Os  output pattern test
FAIL: c-c++-common/ubsan/null-11.c  -O2 -flto -flto-partition=none  output pattern 
test
FAIL: c-c++-common/ubsan/null-11.c  -O2 -flto  output pattern test
FAIL: c-c++-common/ubsan/null-2.c  -O0  output pattern test
FAIL: c-c++-common/ubsan/null-2.c  -O1  output pattern test
FAIL: c-c++-common/ubsan/null-2.c  -O2  output pattern test
FAIL: c-c++-common/ubsan/null-2.c  -O3 -fomit-frame-pointer  output pattern test
FAIL: c-c++-common/ubsan/null-2.c  -O3 -g  output pattern test
FAIL: c-c++-common/ubsan/null-2.c  -Os  output pattern test
FAIL: c-c++-common/ubsan/null-2.c  -O2 -flto -flto-partition=none  output pattern 
test
FAIL: c-c++-common/ubsan/null-2.c  -O2 -flto  output pattern test
FAIL: c-c++-common/ubsan/null-3.c  -O0  output pattern test
FAIL: c-c++-common/ubsan/null-3.c  -O1  output pattern test
FAIL: c-c++-common/ubsan/null-3.c  -O2  output pattern test
FAIL: c-c++-common/ubsan/null-3.c  -O3 -fomit-frame-pointer  output pattern test
FAIL: c-c++-common/ubsan/null-3.c  -O3 -g  output pattern test
FAIL: c-c++-common/ubsan/null-3.c  -Os  output pattern test
FAIL: c-c++-common/ubsan/null-3.c  -O2 -flto -flto-partition=none  output pattern 
test
FAIL: c-c++-common/ubsan/null-3.c  -O2 -flto  output pattern test
FAIL: c-c++-common/ubsan/null-4.c  -O0  output pattern test
FAIL: c-c++-common/ubsan/null-4.c  -O1  output pattern test
FAIL: c-c++-common/ubsan/null-4.c  -O2  output pattern test
FAIL: c-c++-common/ubsan/null-4.c  -O3 -fomit-frame-pointer  output pattern test
FAIL: c-c++-common/ubsan/null-4.c  -O3 -g  output pattern test
FAIL: c-c++-common/ubsan/null-4.c  -Os  output pattern test
FAIL: c-c++-common/ubsan/null-4.c  -O2 -flto -flto-partition=none  output pattern 
test
FAIL: c-c++-common/ubsan/null-4.c  -O2 -flto  output pattern test
FAIL: c-c++-common/ubsan/null-5.c  -O0  output pattern test
FAIL: c-c++-common/ubsan/null-5.c  -O1  output pattern test
FAIL: c-c++-common/ubsan/null-5.c  -O2  output pattern test
FAIL: c-c++-common/ubsan/null-5.c  -O3 -fomit-frame-pointer  output pattern test
FAIL: c-c++-common/ubsan/null-5.c  -O3 -g  output pattern test
FAIL: c-c++-common/ubsan/null-5.c  -Os  output pattern test
FAIL: c-c++-common/ubsan/null-5.c  -O2 -flto -flto-partition=none  output pattern 
test
FAIL: c-c++-common/ubsan/null-5.c  -O2 -flto  output pattern test
FAIL: c-c++-common/ubsan/null-6.c  -O0  output pattern test
FAIL: c-c++-common/ubsan/null-6.c  -O1  output pattern test
FAIL: c-c++-common/ubsan/null-6.c  -O2  output pattern test
FAIL: c-c++-common/ubsan/null-6.c  -O3 -fomit-frame-pointer  output pattern test
FAIL: c-c++-common/ubsan/null-6.c  -O3 -g  output pattern test
FAIL: c-c++-common/ubsan/null-6.c  -Os  output pattern test
FAIL: c-c++-common/ubsan/null-6.c  -O2 -flto -flto-partition=none  output pattern 
test
FAIL: c-c++-common/ubsan/null-6.c  -O2 -flto  output pattern test
FAIL: c-c++-common/ubsan/null-7.c  -O0  output pattern test
FAIL: c-c++-common/ubsan/null-7.c  -O1  output pattern test
FAIL: c-c++-common/ubsan/null-7.c  -O2  output pattern test
FAIL: c-c++-common/ubsan/null-7.c  -O3 -fomit-frame-pointer  output pattern test
FAIL: c-c++-common/ubsan/null-7.c  -O3 -g  output pattern test
FAIL: c-c++-common/ubsan/null-7.c  -Os  output pattern test
FAIL: c-c++-common/ubsan/null-7.c  -O2 -flto -flto-partition=none  output pattern 
test
FAIL: c-c++-common/ubsan/null-7.c  -O2 -flto  output pattern test
FAIL: c-c++-common/ubsan/null-8.c  -O0  output pattern test
FAIL: c-c++-common/ubsan/null-8.c  -O1  output pattern test
FAIL: c-c++-common/ubsan/null-8.c  -O2  output pattern test
FAIL: c-c++-common/ubsan/null-8.c  -O3 -fomit-frame-pointer  output pattern test
FAIL: c-c++-common/ubsan/null-8.c  -O3 -g  output pattern test
FAIL: c-c++-common/ubsan/null-8.c  -Os  output pattern test
FAIL: c-c++-common/ubsan/null-8.c  -O2 -flto -flto-partition=none  output pattern 
test
FAIL: c-c++-common/ubsan/null-8.c  -O2 -flto  output pattern test
FAIL: c-c++-common/ubsan/null-9.c  -O0  output pattern test
FAIL: c-c++-common/ubsan/null-9.c  -O1  output pattern test
FAIL: c-c++-common/ubsan/null-9.c  -O2  output pattern test
FAIL: c-c++-common/ubsan/null-9.c  -O3 -fomit-frame-pointer  output pattern test
FAIL: c-c++-common/ubsan/null-9.c  -O3 -g  output pattern test
FAIL: c-c++-common/ubsan/null-9.c  -Os  output pattern test
FAIL: c-c++-common/ubsan/null-9.c  -O2 -flto -flto-partition=none  output pattern 
test
FAIL: c-c++-common/ubsan/null-9.c  -O2 -flto  output pattern test
FAIL: c-c++-common/ubsan/overflow-add-2.c  -O0  output pattern test
FAIL: c-c++-common/ubsan/overflow-add-2.c  -O1  output pattern test
FAIL: c-c++-common/ubsan/overflow-add-2.c  -O2  output pattern test
FAIL: c-c++-common/ubsan/overflow-add-2.c  -O3 -fomit-frame-pointer  output 
pattern test
FAIL: c-c++-common/ubsan/overflow-add-2.c  -O3 -g  output pattern test
FAIL: c-c++-common/ubsan/overflow-add-2.c  -Os  output pattern test
FAIL: c-c++-common/ubsan/overflow-add-2.c  -O2 -flto -flto-partition=none  output 
pattern test
FAIL: c-c++-common/ubsan/overflow-add-2.c  -O2 -flto  output pattern test
FAIL: c-c++-common/ubsan/overflow-int128.c  -O0  output pattern test
FAIL: c-c++-common/ubsan/overflow-int128.c  -O1  output pattern test
FAIL: c-c++-common/ubsan/overflow-int128.c  -O2  output pattern test
FAIL: c-c++-common/ubsan/overflow-int128.c  -O3 -fomit-frame-pointer  output 
pattern test
FAIL: c-c++-common/ubsan/overflow-int128.c  -O3 -g  output pattern test
FAIL: c-c++-common/ubsan/overflow-int128.c  -Os  output pattern test
FAIL: c-c++-common/ubsan/overflow-int128.c  -O2 -flto -flto-partition=none  output 
pattern test
FAIL: c-c++-common/ubsan/overflow-int128.c  -O2 -flto  output pattern test
FAIL: c-c++-common/ubsan/overflow-mul-2.c  -O0  output pattern test
FAIL: c-c++-common/ubsan/overflow-mul-2.c  -O1  output pattern test
FAIL: c-c++-common/ubsan/overflow-mul-2.c  -O2  output pattern test
FAIL: c-c++-common/ubsan/overflow-mul-2.c  -O3 -fomit-frame-pointer  output 
pattern test
FAIL: c-c++-common/ubsan/overflow-mul-2.c  -O3 -g  output pattern test
FAIL: c-c++-common/ubsan/overflow-mul-2.c  -Os  output pattern test
FAIL: c-c++-common/ubsan/overflow-mul-2.c  -O2 -flto -flto-partition=none  output 
pattern test
FAIL: c-c++-common/ubsan/overflow-mul-2.c  -O2 -flto  output pattern test
FAIL: c-c++-common/ubsan/overflow-mul-4.c  -O0  output pattern test
FAIL: c-c++-common/ubsan/overflow-mul-4.c  -O1  output pattern test
FAIL: c-c++-common/ubsan/overflow-mul-4.c  -O2  output pattern test
FAIL: c-c++-common/ubsan/overflow-mul-4.c  -O3 -fomit-frame-pointer  output 
pattern test
FAIL: c-c++-common/ubsan/overflow-mul-4.c  -O3 -fomit-frame-pointer -funroll-
loops  output pattern test
FAIL: c-c++-common/ubsan/overflow-mul-4.c  -O3 -fomit-frame-pointer -funroll-
all-loops -finline-functions  output pattern test
FAIL: c-c++-common/ubsan/overflow-mul-4.c  -O3 -g  output pattern test
FAIL: c-c++-common/ubsan/overflow-mul-4.c  -Os  output pattern test
FAIL: c-c++-common/ubsan/overflow-mul-4.c  -O2 -flto -flto-partition=none  output 
pattern test
FAIL: c-c++-common/ubsan/overflow-mul-4.c  -O2 -flto  output pattern test
FAIL: c-c++-common/ubsan/overflow-negate-1.c  -O0  output pattern test
FAIL: c-c++-common/ubsan/overflow-negate-1.c  -O1  output pattern test
FAIL: c-c++-common/ubsan/overflow-negate-1.c  -O2  output pattern test
FAIL: c-c++-common/ubsan/overflow-negate-1.c  -O3 -fomit-frame-pointer  output 
pattern test
FAIL: c-c++-common/ubsan/overflow-negate-1.c  -O3 -g  output pattern test
FAIL: c-c++-common/ubsan/overflow-negate-1.c  -Os  output pattern test
FAIL: c-c++-common/ubsan/overflow-negate-1.c  -O2 -flto -flto-partition=none  
output pattern test
FAIL: c-c++-common/ubsan/overflow-negate-1.c  -O2 -flto  output pattern test
FAIL: c-c++-common/ubsan/overflow-sub-2.c  -O0  output pattern test
FAIL: c-c++-common/ubsan/overflow-sub-2.c  -O1  output pattern test
FAIL: c-c++-common/ubsan/overflow-sub-2.c  -O2  output pattern test
FAIL: c-c++-common/ubsan/overflow-sub-2.c  -O3 -fomit-frame-pointer  output 
pattern test
FAIL: c-c++-common/ubsan/overflow-sub-2.c  -O3 -g  output pattern test
FAIL: c-c++-common/ubsan/overflow-sub-2.c  -Os  output pattern test
FAIL: c-c++-common/ubsan/overflow-sub-2.c  -O2 -flto -flto-partition=none  output 
pattern test
FAIL: c-c++-common/ubsan/overflow-sub-2.c  -O2 -flto  output pattern test
FAIL: c-c++-common/ubsan/pr59667.c  -O0  output pattern test
FAIL: c-c++-common/ubsan/pr59667.c  -O1  output pattern test
FAIL: c-c++-common/ubsan/pr59667.c  -O2  output pattern test
FAIL: c-c++-common/ubsan/pr59667.c  -O3 -fomit-frame-pointer  output pattern 
test
FAIL: c-c++-common/ubsan/pr59667.c  -O3 -g  output pattern test
FAIL: c-c++-common/ubsan/pr59667.c  -Os  output pattern test
FAIL: c-c++-common/ubsan/pr59667.c  -O2 -flto -flto-partition=none  output pattern 
test
FAIL: c-c++-common/ubsan/pr59667.c  -O2 -flto  output pattern test
FAIL: c-c++-common/ubsan/pr60613-2.c  -O0  output pattern test
FAIL: c-c++-common/ubsan/pr60613-2.c  -O1  output pattern test
FAIL: c-c++-common/ubsan/pr60613-2.c  -O2  output pattern test
FAIL: c-c++-common/ubsan/pr60613-2.c  -O3 -fomit-frame-pointer  output pattern 
test
FAIL: c-c++-common/ubsan/pr60613-2.c  -O3 -g  output pattern test
FAIL: c-c++-common/ubsan/pr60613-2.c  -Os  output pattern test
FAIL: c-c++-common/ubsan/pr60613-2.c  -O2 -flto -flto-partition=none  output 
pattern test
FAIL: c-c++-common/ubsan/pr60613-2.c  -O2 -flto  output pattern test
FAIL: c-c++-common/ubsan/shift-1.c  -O0  output pattern test
FAIL: c-c++-common/ubsan/shift-1.c  -O1  output pattern test
FAIL: c-c++-common/ubsan/shift-1.c  -O2  output pattern test
FAIL: c-c++-common/ubsan/shift-1.c  -O3 -fomit-frame-pointer  output pattern test
FAIL: c-c++-common/ubsan/shift-1.c  -O3 -fomit-frame-pointer -funroll-loops  
output pattern test
FAIL: c-c++-common/ubsan/shift-1.c  -O3 -fomit-frame-pointer -funroll-all-loops -
finline-functions  output pattern test
FAIL: c-c++-common/ubsan/shift-1.c  -O3 -g  output pattern test
FAIL: c-c++-common/ubsan/shift-1.c  -Os  output pattern test
FAIL: c-c++-common/ubsan/shift-1.c  -O2 -flto -flto-partition=none  output pattern 
test
FAIL: c-c++-common/ubsan/shift-1.c  -O2 -flto  output pattern test
FAIL: c-c++-common/ubsan/shift-2.c  -O0  output pattern test
FAIL: c-c++-common/ubsan/shift-2.c  -O1  output pattern test
FAIL: c-c++-common/ubsan/shift-2.c  -O2  output pattern test
FAIL: c-c++-common/ubsan/shift-2.c  -O3 -fomit-frame-pointer  output pattern test
FAIL: c-c++-common/ubsan/shift-2.c  -O3 -g  output pattern test
FAIL: c-c++-common/ubsan/shift-2.c  -Os  output pattern test
FAIL: c-c++-common/ubsan/shift-2.c  -O2 -flto -flto-partition=none  output pattern 
test
FAIL: c-c++-common/ubsan/shift-2.c  -O2 -flto  output pattern test
FAIL: c-c++-common/ubsan/vla-1.c  -O0  output pattern test
FAIL: c-c++-common/ubsan/vla-1.c  -O1  output pattern test
FAIL: c-c++-common/ubsan/vla-1.c  -O2  output pattern test
FAIL: c-c++-common/ubsan/vla-1.c  -O3 -fomit-frame-pointer  output pattern test
FAIL: c-c++-common/ubsan/vla-1.c  -O3 -g  output pattern test
FAIL: c-c++-common/ubsan/vla-1.c  -Os  output pattern test
FAIL: c-c++-common/ubsan/vla-1.c  -O2 -flto -flto-partition=none  output pattern 
test
FAIL: c-c++-common/ubsan/vla-1.c  -O2 -flto  output pattern test

		=== gcc Summary ===

# of expected passes		103654
# of unexpected failures	340
# of expected failures		251
# of unsupported tests		2031
/home/root_aux/gcc_objdir_4_9_0/gcc/xgcc  version 4.9.0 (GCC) 

		=== gfortran tests ===


Running target unix

		=== gfortran Summary ===

# of expected passes		45520
# of expected failures		38
# of unsupported tests		79
/home/root_aux/gcc_objdir_4_9_0/gcc/testsuite/gfortran/../../gfortran  version 4.9.0 
(GCC) 

		=== g++ tests ===


Running target unix
FAIL: c-c++-common/asan/clone-test-1.c  -O0  execution test
FAIL: c-c++-common/asan/clone-test-1.c  -O1  execution test
FAIL: c-c++-common/asan/clone-test-1.c  -O2  execution test
FAIL: c-c++-common/asan/clone-test-1.c  -O3 -fomit-frame-pointer  execution test
FAIL: c-c++-common/asan/clone-test-1.c  -O3 -fomit-frame-pointer -funroll-loops  
execution test
FAIL: c-c++-common/asan/clone-test-1.c  -O3 -fomit-frame-pointer -funroll-all-
loops -finline-functions  execution test
FAIL: c-c++-common/asan/clone-test-1.c  -O3 -g  execution test
FAIL: c-c++-common/asan/clone-test-1.c  -Os  execution test
FAIL: c-c++-common/asan/clone-test-1.c  -O2 -flto -flto-partition=none  execution 
test
FAIL: c-c++-common/asan/clone-test-1.c  -O2 -flto  execution test
FAIL: c-c++-common/asan/global-overflow-1.c  -O0  output pattern test
FAIL: c-c++-common/asan/global-overflow-1.c  -O1  output pattern test
FAIL: c-c++-common/asan/global-overflow-1.c  -O2  output pattern test
FAIL: c-c++-common/asan/global-overflow-1.c  -O3 -fomit-frame-pointer  output 
pattern test
FAIL: c-c++-common/asan/global-overflow-1.c  -O3 -g  output pattern test
FAIL: c-c++-common/asan/global-overflow-1.c  -Os  output pattern test
FAIL: c-c++-common/asan/global-overflow-1.c  -O2 -flto -flto-partition=none  
output pattern test
FAIL: c-c++-common/asan/global-overflow-1.c  -O2 -flto  output pattern test
FAIL: c-c++-common/asan/heap-overflow-1.c  -O0  output pattern test
FAIL: c-c++-common/asan/heap-overflow-1.c  -O1  output pattern test
FAIL: c-c++-common/asan/heap-overflow-1.c  -O2  output pattern test
FAIL: c-c++-common/asan/heap-overflow-1.c  -O3 -fomit-frame-pointer  output 
pattern test
FAIL: c-c++-common/asan/heap-overflow-1.c  -O3 -g  output pattern test
FAIL: c-c++-common/asan/heap-overflow-1.c  -Os  output pattern test
FAIL: c-c++-common/asan/heap-overflow-1.c  -O2 -flto -flto-partition=none  output 
pattern test
FAIL: c-c++-common/asan/heap-overflow-1.c  -O2 -flto  output pattern test
FAIL: c-c++-common/asan/memcmp-1.c  -O0  output pattern test
FAIL: c-c++-common/asan/memcmp-1.c  -O1  output pattern test
FAIL: c-c++-common/asan/memcmp-1.c  -O2  output pattern test
FAIL: c-c++-common/asan/memcmp-1.c  -O3 -fomit-frame-pointer  output pattern 
test
FAIL: c-c++-common/asan/memcmp-1.c  -O3 -g  output pattern test
FAIL: c-c++-common/asan/memcmp-1.c  -Os  output pattern test
FAIL: c-c++-common/asan/memcmp-1.c  -O2 -flto -flto-partition=none  output 
pattern test
FAIL: c-c++-common/asan/memcmp-1.c  -O2 -flto  output pattern test
FAIL: c-c++-common/asan/null-deref-1.c  -O0  output pattern test
FAIL: c-c++-common/asan/null-deref-1.c  -O1  output pattern test
FAIL: c-c++-common/asan/null-deref-1.c  -O2  output pattern test
FAIL: c-c++-common/asan/null-deref-1.c  -O3 -fomit-frame-pointer  output pattern 
test
FAIL: c-c++-common/asan/null-deref-1.c  -O3 -g  output pattern test
FAIL: c-c++-common/asan/null-deref-1.c  -Os  output pattern test
FAIL: c-c++-common/asan/null-deref-1.c  -O2 -flto -flto-partition=none  output 
pattern test
FAIL: c-c++-common/asan/null-deref-1.c  -O2 -flto  output pattern test
FAIL: c-c++-common/asan/pr59063-1.c  -O0  execution test
FAIL: c-c++-common/asan/pr59063-1.c  -O1  execution test
FAIL: c-c++-common/asan/pr59063-1.c  -O2  execution test
FAIL: c-c++-common/asan/pr59063-1.c  -O3 -fomit-frame-pointer  execution test
FAIL: c-c++-common/asan/pr59063-1.c  -O3 -g  execution test
FAIL: c-c++-common/asan/pr59063-1.c  -Os  execution test
FAIL: c-c++-common/asan/pr59063-1.c  -O2 -flto -flto-partition=none  execution 
test
FAIL: c-c++-common/asan/pr59063-1.c  -O2 -flto  execution test
FAIL: c-c++-common/asan/pr59063-2.c  -O0  execution test
FAIL: c-c++-common/asan/pr59063-2.c  -O1  execution test
FAIL: c-c++-common/asan/pr59063-2.c  -O2  execution test
FAIL: c-c++-common/asan/pr59063-2.c  -O3 -fomit-frame-pointer  execution test
FAIL: c-c++-common/asan/pr59063-2.c  -O3 -g  execution test
FAIL: c-c++-common/asan/pr59063-2.c  -Os  execution test
FAIL: c-c++-common/asan/pr59063-2.c  -O2 -flto -flto-partition=none  execution 
test
FAIL: c-c++-common/asan/pr59063-2.c  -O2 -flto  execution test
FAIL: c-c++-common/asan/rlimit-mmap-test-1.c  -O0  output pattern test
FAIL: c-c++-common/asan/sanity-check-pure-c-1.c  -O0  output pattern test
FAIL: c-c++-common/asan/sanity-check-pure-c-1.c  -O1  output pattern test
FAIL: c-c++-common/asan/sanity-check-pure-c-1.c  -O2  output pattern test
FAIL: c-c++-common/asan/sanity-check-pure-c-1.c  -O3 -fomit-frame-pointer  
output pattern test
FAIL: c-c++-common/asan/sanity-check-pure-c-1.c  -O3 -g  output pattern test
FAIL: c-c++-common/asan/sanity-check-pure-c-1.c  -Os  output pattern test
FAIL: c-c++-common/asan/sanity-check-pure-c-1.c  -O2 -flto -flto-partition=none  
output pattern test
FAIL: c-c++-common/asan/sanity-check-pure-c-1.c  -O2 -flto  output pattern test
FAIL: c-c++-common/asan/sleep-before-dying-1.c  -O2  output pattern test
FAIL: c-c++-common/asan/sleep-before-dying-1.c  -O2 -flto -flto-partition=none  
output pattern test
FAIL: c-c++-common/asan/sleep-before-dying-1.c  -O2 -flto  output pattern test
FAIL: c-c++-common/asan/stack-overflow-1.c  -O0  output pattern test
FAIL: c-c++-common/asan/stack-overflow-1.c  -O1  output pattern test
FAIL: c-c++-common/asan/stack-overflow-1.c  -O2  output pattern test
FAIL: c-c++-common/asan/stack-overflow-1.c  -O3 -fomit-frame-pointer  output 
pattern test
FAIL: c-c++-common/asan/stack-overflow-1.c  -O3 -g  output pattern test
FAIL: c-c++-common/asan/stack-overflow-1.c  -Os  output pattern test
FAIL: c-c++-common/asan/stack-overflow-1.c  -O2 -flto -flto-partition=none  output 
pattern test
FAIL: c-c++-common/asan/stack-overflow-1.c  -O2 -flto  output pattern test
FAIL: c-c++-common/asan/strip-path-prefix-1.c  -O2  output pattern test
FAIL: c-c++-common/asan/strip-path-prefix-1.c  -O2 -flto -flto-partition=none  
output pattern test
FAIL: c-c++-common/asan/strip-path-prefix-1.c  -O2 -flto  output pattern test
FAIL: c-c++-common/asan/strncpy-overflow-1.c  -O0  output pattern test
FAIL: c-c++-common/asan/strncpy-overflow-1.c  -O1  output pattern test
FAIL: c-c++-common/asan/strncpy-overflow-1.c  -O2  output pattern test
FAIL: c-c++-common/asan/strncpy-overflow-1.c  -O3 -fomit-frame-pointer  output 
pattern test
FAIL: c-c++-common/asan/strncpy-overflow-1.c  -O3 -g  output pattern test
FAIL: c-c++-common/asan/strncpy-overflow-1.c  -Os  output pattern test
FAIL: c-c++-common/asan/strncpy-overflow-1.c  -O2 -flto -flto-partition=none  
output pattern test
FAIL: c-c++-common/asan/strncpy-overflow-1.c  -O2 -flto  output pattern test
FAIL: c-c++-common/asan/swapcontext-test-1.c  -O0  execution test
FAIL: c-c++-common/asan/swapcontext-test-1.c  -O1  execution test
FAIL: c-c++-common/asan/swapcontext-test-1.c  -O2  execution test
FAIL: c-c++-common/asan/swapcontext-test-1.c  -O3 -fomit-frame-pointer  
execution test
FAIL: c-c++-common/asan/swapcontext-test-1.c  -O3 -fomit-frame-pointer -funroll-
loops  execution test
FAIL: c-c++-common/asan/swapcontext-test-1.c  -O3 -fomit-frame-pointer -funroll-
all-loops -finline-functions  execution test
FAIL: c-c++-common/asan/swapcontext-test-1.c  -O3 -g  execution test
FAIL: c-c++-common/asan/swapcontext-test-1.c  -Os  execution test
FAIL: c-c++-common/asan/swapcontext-test-1.c  -O2 -flto -flto-partition=none  
execution test
FAIL: c-c++-common/asan/swapcontext-test-1.c  -O2 -flto  execution test
FAIL: c-c++-common/asan/use-after-free-1.c  -O0  output pattern test
FAIL: c-c++-common/asan/use-after-free-1.c  -O1  output pattern test
FAIL: c-c++-common/asan/use-after-free-1.c  -O2  output pattern test
FAIL: c-c++-common/asan/use-after-free-1.c  -O3 -fomit-frame-pointer  output 
pattern test
FAIL: c-c++-common/asan/use-after-free-1.c  -O3 -g  output pattern test
FAIL: c-c++-common/asan/use-after-free-1.c  -Os  output pattern test
FAIL: c-c++-common/asan/use-after-free-1.c  -O2 -flto -flto-partition=none  output 
pattern test
FAIL: c-c++-common/asan/use-after-free-1.c  -O2 -flto  output pattern test
FAIL: c-c++-common/asan/use-after-return-1.c  -O0  output pattern test
FAIL: c-c++-common/asan/use-after-return-1.c  -O1  output pattern test
FAIL: c-c++-common/asan/use-after-return-1.c  -O2  output pattern test
FAIL: c-c++-common/asan/use-after-return-1.c  -O3 -fomit-frame-pointer  output 
pattern test
FAIL: c-c++-common/asan/use-after-return-1.c  -O3 -g  output pattern test
FAIL: c-c++-common/asan/use-after-return-1.c  -Os  output pattern test
FAIL: c-c++-common/asan/use-after-return-1.c  -O2 -flto -flto-partition=none  
output pattern test
FAIL: c-c++-common/asan/use-after-return-1.c  -O2 -flto  output pattern test
FAIL: g++.dg/asan/deep-stack-uaf-1.C  -O0  output pattern test
FAIL: g++.dg/asan/deep-stack-uaf-1.C  -O1  output pattern test
FAIL: g++.dg/asan/deep-stack-uaf-1.C  -O2  output pattern test
FAIL: g++.dg/asan/deep-stack-uaf-1.C  -O3 -fomit-frame-pointer  output pattern test
FAIL: g++.dg/asan/deep-stack-uaf-1.C  -O3 -g  output pattern test
FAIL: g++.dg/asan/deep-stack-uaf-1.C  -Os  output pattern test
FAIL: g++.dg/asan/deep-tail-call-1.C  -O0  output pattern test
FAIL: g++.dg/asan/deep-tail-call-1.C  -O1  output pattern test
FAIL: g++.dg/asan/deep-tail-call-1.C  -O2  output pattern test
FAIL: g++.dg/asan/deep-tail-call-1.C  -O3 -fomit-frame-pointer  output pattern test
FAIL: g++.dg/asan/deep-tail-call-1.C  -O3 -g  output pattern test
FAIL: g++.dg/asan/deep-tail-call-1.C  -Os  output pattern test
FAIL: g++.dg/asan/deep-tail-call-1.C  -O2 -flto -flto-partition=none  output pattern 
test
FAIL: g++.dg/asan/deep-tail-call-1.C  -O2 -flto  output pattern test
FAIL: g++.dg/asan/deep-thread-stack-1.C  -O0  output pattern test
FAIL: g++.dg/asan/deep-thread-stack-1.C  -O1  output pattern test
FAIL: g++.dg/asan/deep-thread-stack-1.C  -O2  output pattern test
FAIL: g++.dg/asan/deep-thread-stack-1.C  -O3 -fomit-frame-pointer  output pattern 
test
FAIL: g++.dg/asan/deep-thread-stack-1.C  -O3 -g  output pattern test
FAIL: g++.dg/asan/deep-thread-stack-1.C  -Os  output pattern test
FAIL: g++.dg/asan/deep-thread-stack-1.C  -O2 -flto -flto-partition=none  output 
pattern test
FAIL: g++.dg/asan/deep-thread-stack-1.C  -O2 -flto  output pattern test
FAIL: g++.dg/asan/default-options-1.C  -O0  execution test
FAIL: g++.dg/asan/default-options-1.C  -O1  execution test
FAIL: g++.dg/asan/default-options-1.C  -O2  execution test
FAIL: g++.dg/asan/default-options-1.C  -O3 -fomit-frame-pointer  execution test
FAIL: g++.dg/asan/default-options-1.C  -O3 -g  execution test
FAIL: g++.dg/asan/default-options-1.C  -Os  execution test
FAIL: g++.dg/asan/default-options-1.C  -O2 -flto -flto-partition=none  execution test
FAIL: g++.dg/asan/default-options-1.C  -O2 -flto  execution test
FAIL: g++.dg/asan/interception-failure-test-1.C  -O0  execution test
FAIL: g++.dg/asan/interception-failure-test-1.C  -O1  execution test
FAIL: g++.dg/asan/interception-failure-test-1.C  -O2  execution test
FAIL: g++.dg/asan/interception-failure-test-1.C  -O3 -fomit-frame-pointer  execution 
test
FAIL: g++.dg/asan/interception-failure-test-1.C  -O3 -g  execution test
FAIL: g++.dg/asan/interception-failure-test-1.C  -Os  execution test
FAIL: g++.dg/asan/interception-failure-test-1.C  -O2 -flto -flto-partition=none  
execution test
FAIL: g++.dg/asan/interception-failure-test-1.C  -O2 -flto  execution test
FAIL: g++.dg/asan/interception-malloc-test-1.C  -O0  output pattern test
FAIL: g++.dg/asan/interception-malloc-test-1.C  -O1  output pattern test
FAIL: g++.dg/asan/interception-malloc-test-1.C  -O2  output pattern test
FAIL: g++.dg/asan/interception-malloc-test-1.C  -O3 -fomit-frame-pointer  output 
pattern test
FAIL: g++.dg/asan/interception-malloc-test-1.C  -O3 -g  output pattern test
FAIL: g++.dg/asan/interception-malloc-test-1.C  -Os  output pattern test
FAIL: g++.dg/asan/interception-malloc-test-1.C  -O2 -flto -flto-partition=none  
output pattern test
FAIL: g++.dg/asan/interception-malloc-test-1.C  -O2 -flto  output pattern test
FAIL: g++.dg/asan/interception-test-1.C  -O0  output pattern test
FAIL: g++.dg/asan/interception-test-1.C  -O1  output pattern test
FAIL: g++.dg/asan/interception-test-1.C  -O2  output pattern test
FAIL: g++.dg/asan/interception-test-1.C  -O3 -fomit-frame-pointer  output pattern 
test
FAIL: g++.dg/asan/interception-test-1.C  -O3 -g  output pattern test
FAIL: g++.dg/asan/interception-test-1.C  -Os  output pattern test
FAIL: g++.dg/asan/interception-test-1.C  -O2 -flto -flto-partition=none  output 
pattern test
FAIL: g++.dg/asan/interception-test-1.C  -O2 -flto  output pattern test
FAIL: g++.dg/asan/large-func-test-1.C  -O0  output pattern test
FAIL: g++.dg/asan/large-func-test-1.C  -O1  output pattern test
FAIL: g++.dg/asan/large-func-test-1.C  -O2  output pattern test
FAIL: g++.dg/asan/large-func-test-1.C  -O3 -fomit-frame-pointer  output pattern test
FAIL: g++.dg/asan/large-func-test-1.C  -O3 -g  output pattern test
FAIL: g++.dg/asan/large-func-test-1.C  -Os  output pattern test
FAIL: g++.dg/asan/large-func-test-1.C  -O2 -flto -flto-partition=none  output pattern 
test
FAIL: g++.dg/asan/large-func-test-1.C  -O2 -flto  output pattern test
FAIL: g++.dg/asan/pr55617.C  -O0  execution test
FAIL: g++.dg/asan/pr55617.C  -O1  execution test
FAIL: g++.dg/asan/pr55617.C  -O2  execution test
FAIL: g++.dg/asan/pr55617.C  -O3 -fomit-frame-pointer  execution test
FAIL: g++.dg/asan/pr55617.C  -O3 -g  execution test
FAIL: g++.dg/asan/pr55617.C  -Os  execution test
FAIL: g++.dg/asan/pr55617.C  -O2 -flto -flto-partition=none  execution test
FAIL: g++.dg/asan/pr55617.C  -O2 -flto  execution test
FAIL: g++.dg/asan/symbolize-callback-1.C  -O2  output pattern test
FAIL: g++.dg/asan/symbolize-callback-1.C  -O2 -flto -flto-partition=none  output 
pattern test
FAIL: g++.dg/asan/symbolize-callback-1.C  -O2 -flto  output pattern test
FAIL: c-c++-common/ubsan/div-by-zero-1.c  -O0  output pattern test
FAIL: c-c++-common/ubsan/div-by-zero-1.c  -O1  output pattern test
FAIL: c-c++-common/ubsan/div-by-zero-1.c  -O2  output pattern test
FAIL: c-c++-common/ubsan/div-by-zero-1.c  -O3 -fomit-frame-pointer  output 
pattern test
FAIL: c-c++-common/ubsan/div-by-zero-1.c  -O3 -g  output pattern test
FAIL: c-c++-common/ubsan/div-by-zero-1.c  -Os  output pattern test
FAIL: c-c++-common/ubsan/div-by-zero-1.c  -O2 -flto -flto-partition=none  output 
pattern test
FAIL: c-c++-common/ubsan/div-by-zero-1.c  -O2 -flto  output pattern test
FAIL: c-c++-common/ubsan/div-by-zero-2.c  -O0  output pattern test
FAIL: c-c++-common/ubsan/div-by-zero-2.c  -O1  output pattern test
FAIL: c-c++-common/ubsan/div-by-zero-2.c  -O2  output pattern test
FAIL: c-c++-common/ubsan/div-by-zero-2.c  -O3 -fomit-frame-pointer  output 
pattern test
FAIL: c-c++-common/ubsan/div-by-zero-2.c  -O3 -g  output pattern test
FAIL: c-c++-common/ubsan/div-by-zero-2.c  -Os  output pattern test
FAIL: c-c++-common/ubsan/div-by-zero-2.c  -O2 -flto -flto-partition=none  output 
pattern test
FAIL: c-c++-common/ubsan/div-by-zero-2.c  -O2 -flto  output pattern test
FAIL: c-c++-common/ubsan/div-by-zero-3.c  -O0  output pattern test
FAIL: c-c++-common/ubsan/div-by-zero-3.c  -O1  output pattern test
FAIL: c-c++-common/ubsan/div-by-zero-3.c  -O2  output pattern test
FAIL: c-c++-common/ubsan/div-by-zero-3.c  -O3 -fomit-frame-pointer  output 
pattern test
FAIL: c-c++-common/ubsan/div-by-zero-3.c  -O3 -g  output pattern test
FAIL: c-c++-common/ubsan/div-by-zero-3.c  -Os  output pattern test
FAIL: c-c++-common/ubsan/div-by-zero-3.c  -O2 -flto -flto-partition=none  output 
pattern test
FAIL: c-c++-common/ubsan/div-by-zero-3.c  -O2 -flto  output pattern test
FAIL: c-c++-common/ubsan/load-bool-enum.c  -O0  output pattern test
FAIL: c-c++-common/ubsan/load-bool-enum.c  -O1  output pattern test
FAIL: c-c++-common/ubsan/load-bool-enum.c  -O2  output pattern test
FAIL: c-c++-common/ubsan/load-bool-enum.c  -O3 -fomit-frame-pointer  output 
pattern test
FAIL: c-c++-common/ubsan/load-bool-enum.c  -O3 -fomit-frame-pointer -funroll-
loops  output pattern test
FAIL: c-c++-common/ubsan/load-bool-enum.c  -O3 -fomit-frame-pointer -funroll-
all-loops -finline-functions  output pattern test
FAIL: c-c++-common/ubsan/load-bool-enum.c  -O3 -g  output pattern test
FAIL: c-c++-common/ubsan/load-bool-enum.c  -Os  output pattern test
FAIL: c-c++-common/ubsan/load-bool-enum.c  -O2 -flto -flto-partition=none  
output pattern test
FAIL: c-c++-common/ubsan/load-bool-enum.c  -O2 -flto  output pattern test
FAIL: c-c++-common/ubsan/null-1.c  -O0  output pattern test
FAIL: c-c++-common/ubsan/null-1.c  -O1  output pattern test
FAIL: c-c++-common/ubsan/null-1.c  -O2  output pattern test
FAIL: c-c++-common/ubsan/null-1.c  -O3 -fomit-frame-pointer  output pattern test
FAIL: c-c++-common/ubsan/null-1.c  -O3 -g  output pattern test
FAIL: c-c++-common/ubsan/null-1.c  -Os  output pattern test
FAIL: c-c++-common/ubsan/null-1.c  -O2 -flto -flto-partition=none  output pattern 
test
FAIL: c-c++-common/ubsan/null-1.c  -O2 -flto  output pattern test
FAIL: c-c++-common/ubsan/null-10.c  -O0  output pattern test
FAIL: c-c++-common/ubsan/null-10.c  -O1  output pattern test
FAIL: c-c++-common/ubsan/null-10.c  -O2  output pattern test
FAIL: c-c++-common/ubsan/null-10.c  -O3 -fomit-frame-pointer  output pattern test
FAIL: c-c++-common/ubsan/null-10.c  -O3 -g  output pattern test
FAIL: c-c++-common/ubsan/null-10.c  -Os  output pattern test
FAIL: c-c++-common/ubsan/null-10.c  -O2 -flto -flto-partition=none  output pattern 
test
FAIL: c-c++-common/ubsan/null-10.c  -O2 -flto  output pattern test
FAIL: c-c++-common/ubsan/null-11.c  -O0  output pattern test
FAIL: c-c++-common/ubsan/null-11.c  -O1  output pattern test
FAIL: c-c++-common/ubsan/null-11.c  -O2  output pattern test
FAIL: c-c++-common/ubsan/null-11.c  -O3 -fomit-frame-pointer  output pattern test
FAIL: c-c++-common/ubsan/null-11.c  -O3 -g  output pattern test
FAIL: c-c++-common/ubsan/null-11.c  -Os  output pattern test
FAIL: c-c++-common/ubsan/null-11.c  -O2 -flto -flto-partition=none  output pattern 
test
FAIL: c-c++-common/ubsan/null-11.c  -O2 -flto  output pattern test
FAIL: c-c++-common/ubsan/null-2.c  -O0  output pattern test
FAIL: c-c++-common/ubsan/null-2.c  -O1  output pattern test
FAIL: c-c++-common/ubsan/null-2.c  -O2  output pattern test
FAIL: c-c++-common/ubsan/null-2.c  -O3 -fomit-frame-pointer  output pattern test
FAIL: c-c++-common/ubsan/null-2.c  -O3 -g  output pattern test
FAIL: c-c++-common/ubsan/null-2.c  -Os  output pattern test
FAIL: c-c++-common/ubsan/null-2.c  -O2 -flto -flto-partition=none  output pattern 
test
FAIL: c-c++-common/ubsan/null-2.c  -O2 -flto  output pattern test
FAIL: c-c++-common/ubsan/null-3.c  -O0  output pattern test
FAIL: c-c++-common/ubsan/null-3.c  -O1  output pattern test
FAIL: c-c++-common/ubsan/null-3.c  -O2  output pattern test
FAIL: c-c++-common/ubsan/null-3.c  -O3 -fomit-frame-pointer  output pattern test
FAIL: c-c++-common/ubsan/null-3.c  -O3 -g  output pattern test
FAIL: c-c++-common/ubsan/null-3.c  -Os  output pattern test
FAIL: c-c++-common/ubsan/null-3.c  -O2 -flto -flto-partition=none  output pattern 
test
FAIL: c-c++-common/ubsan/null-3.c  -O2 -flto  output pattern test
FAIL: c-c++-common/ubsan/null-4.c  -O0  output pattern test
FAIL: c-c++-common/ubsan/null-4.c  -O1  output pattern test
FAIL: c-c++-common/ubsan/null-4.c  -O2  output pattern test
FAIL: c-c++-common/ubsan/null-4.c  -O3 -fomit-frame-pointer  output pattern test
FAIL: c-c++-common/ubsan/null-4.c  -O3 -g  output pattern test
FAIL: c-c++-common/ubsan/null-4.c  -Os  output pattern test
FAIL: c-c++-common/ubsan/null-4.c  -O2 -flto -flto-partition=none  output pattern 
test
FAIL: c-c++-common/ubsan/null-4.c  -O2 -flto  output pattern test
FAIL: c-c++-common/ubsan/null-5.c  -O0  output pattern test
FAIL: c-c++-common/ubsan/null-5.c  -O1  output pattern test
FAIL: c-c++-common/ubsan/null-5.c  -O2  output pattern test
FAIL: c-c++-common/ubsan/null-5.c  -O3 -fomit-frame-pointer  output pattern test
FAIL: c-c++-common/ubsan/null-5.c  -O3 -g  output pattern test
FAIL: c-c++-common/ubsan/null-5.c  -Os  output pattern test
FAIL: c-c++-common/ubsan/null-5.c  -O2 -flto -flto-partition=none  output pattern 
test
FAIL: c-c++-common/ubsan/null-5.c  -O2 -flto  output pattern test
FAIL: c-c++-common/ubsan/null-6.c  -O0  output pattern test
FAIL: c-c++-common/ubsan/null-6.c  -O1  output pattern test
FAIL: c-c++-common/ubsan/null-6.c  -O2  output pattern test
FAIL: c-c++-common/ubsan/null-6.c  -O3 -fomit-frame-pointer  output pattern test
FAIL: c-c++-common/ubsan/null-6.c  -O3 -g  output pattern test
FAIL: c-c++-common/ubsan/null-6.c  -Os  output pattern test
FAIL: c-c++-common/ubsan/null-6.c  -O2 -flto -flto-partition=none  output pattern 
test
FAIL: c-c++-common/ubsan/null-6.c  -O2 -flto  output pattern test
FAIL: c-c++-common/ubsan/null-7.c  -O0  output pattern test
FAIL: c-c++-common/ubsan/null-7.c  -O1  output pattern test
FAIL: c-c++-common/ubsan/null-7.c  -O2  output pattern test
FAIL: c-c++-common/ubsan/null-7.c  -O3 -fomit-frame-pointer  output pattern test
FAIL: c-c++-common/ubsan/null-7.c  -O3 -g  output pattern test
FAIL: c-c++-common/ubsan/null-7.c  -Os  output pattern test
FAIL: c-c++-common/ubsan/null-7.c  -O2 -flto -flto-partition=none  output pattern 
test
FAIL: c-c++-common/ubsan/null-7.c  -O2 -flto  output pattern test
FAIL: c-c++-common/ubsan/null-8.c  -O0  output pattern test
FAIL: c-c++-common/ubsan/null-8.c  -O1  output pattern test
FAIL: c-c++-common/ubsan/null-8.c  -O2  output pattern test
FAIL: c-c++-common/ubsan/null-8.c  -O3 -fomit-frame-pointer  output pattern test
FAIL: c-c++-common/ubsan/null-8.c  -O3 -g  output pattern test
FAIL: c-c++-common/ubsan/null-8.c  -Os  output pattern test
FAIL: c-c++-common/ubsan/null-8.c  -O2 -flto -flto-partition=none  output pattern 
test
FAIL: c-c++-common/ubsan/null-8.c  -O2 -flto  output pattern test
FAIL: c-c++-common/ubsan/null-9.c  -O0  output pattern test
FAIL: c-c++-common/ubsan/null-9.c  -O1  output pattern test
FAIL: c-c++-common/ubsan/null-9.c  -O2  output pattern test
FAIL: c-c++-common/ubsan/null-9.c  -O3 -fomit-frame-pointer  output pattern test
FAIL: c-c++-common/ubsan/null-9.c  -O3 -g  output pattern test
FAIL: c-c++-common/ubsan/null-9.c  -Os  output pattern test
FAIL: c-c++-common/ubsan/null-9.c  -O2 -flto -flto-partition=none  output pattern 
test
FAIL: c-c++-common/ubsan/null-9.c  -O2 -flto  output pattern test
FAIL: c-c++-common/ubsan/overflow-add-2.c  -O0  output pattern test
FAIL: c-c++-common/ubsan/overflow-add-2.c  -O1  output pattern test
FAIL: c-c++-common/ubsan/overflow-add-2.c  -O2  output pattern test
FAIL: c-c++-common/ubsan/overflow-add-2.c  -O3 -fomit-frame-pointer  output 
pattern test
FAIL: c-c++-common/ubsan/overflow-add-2.c  -O3 -g  output pattern test
FAIL: c-c++-common/ubsan/overflow-add-2.c  -Os  output pattern test
FAIL: c-c++-common/ubsan/overflow-add-2.c  -O2 -flto -flto-partition=none  output 
pattern test
FAIL: c-c++-common/ubsan/overflow-add-2.c  -O2 -flto  output pattern test
FAIL: c-c++-common/ubsan/overflow-int128.c  -O0  output pattern test
FAIL: c-c++-common/ubsan/overflow-int128.c  -O1  output pattern test
FAIL: c-c++-common/ubsan/overflow-int128.c  -O2  output pattern test
FAIL: c-c++-common/ubsan/overflow-int128.c  -O3 -fomit-frame-pointer  output 
pattern test
FAIL: c-c++-common/ubsan/overflow-int128.c  -O3 -g  output pattern test
FAIL: c-c++-common/ubsan/overflow-int128.c  -Os  output pattern test
FAIL: c-c++-common/ubsan/overflow-int128.c  -O2 -flto -flto-partition=none  output 
pattern test
FAIL: c-c++-common/ubsan/overflow-int128.c  -O2 -flto  output pattern test
FAIL: c-c++-common/ubsan/overflow-mul-2.c  -O0  output pattern test
FAIL: c-c++-common/ubsan/overflow-mul-2.c  -O1  output pattern test
FAIL: c-c++-common/ubsan/overflow-mul-2.c  -O2  output pattern test
FAIL: c-c++-common/ubsan/overflow-mul-2.c  -O3 -fomit-frame-pointer  output 
pattern test
FAIL: c-c++-common/ubsan/overflow-mul-2.c  -O3 -g  output pattern test
FAIL: c-c++-common/ubsan/overflow-mul-2.c  -Os  output pattern test
FAIL: c-c++-common/ubsan/overflow-mul-2.c  -O2 -flto -flto-partition=none  output 
pattern test
FAIL: c-c++-common/ubsan/overflow-mul-2.c  -O2 -flto  output pattern test
FAIL: c-c++-common/ubsan/overflow-mul-4.c  -O0  output pattern test
FAIL: c-c++-common/ubsan/overflow-mul-4.c  -O1  output pattern test
FAIL: c-c++-common/ubsan/overflow-mul-4.c  -O2  output pattern test
FAIL: c-c++-common/ubsan/overflow-mul-4.c  -O3 -fomit-frame-pointer  output 
pattern test
FAIL: c-c++-common/ubsan/overflow-mul-4.c  -O3 -fomit-frame-pointer -funroll-
loops  output pattern test
FAIL: c-c++-common/ubsan/overflow-mul-4.c  -O3 -fomit-frame-pointer -funroll-
all-loops -finline-functions  output pattern test
FAIL: c-c++-common/ubsan/overflow-mul-4.c  -O3 -g  output pattern test
FAIL: c-c++-common/ubsan/overflow-mul-4.c  -Os  output pattern test
FAIL: c-c++-common/ubsan/overflow-mul-4.c  -O2 -flto -flto-partition=none  output 
pattern test
FAIL: c-c++-common/ubsan/overflow-mul-4.c  -O2 -flto  output pattern test
FAIL: c-c++-common/ubsan/overflow-negate-1.c  -O0  output pattern test
FAIL: c-c++-common/ubsan/overflow-negate-1.c  -O1  output pattern test
FAIL: c-c++-common/ubsan/overflow-negate-1.c  -O2  output pattern test
FAIL: c-c++-common/ubsan/overflow-negate-1.c  -O3 -fomit-frame-pointer  output 
pattern test
FAIL: c-c++-common/ubsan/overflow-negate-1.c  -O3 -g  output pattern test
FAIL: c-c++-common/ubsan/overflow-negate-1.c  -Os  output pattern test
FAIL: c-c++-common/ubsan/overflow-negate-1.c  -O2 -flto -flto-partition=none  
output pattern test
FAIL: c-c++-common/ubsan/overflow-negate-1.c  -O2 -flto  output pattern test
FAIL: c-c++-common/ubsan/overflow-sub-2.c  -O0  output pattern test
FAIL: c-c++-common/ubsan/overflow-sub-2.c  -O1  output pattern test
FAIL: c-c++-common/ubsan/overflow-sub-2.c  -O2  output pattern test
FAIL: c-c++-common/ubsan/overflow-sub-2.c  -O3 -fomit-frame-pointer  output 
pattern test
FAIL: c-c++-common/ubsan/overflow-sub-2.c  -O3 -g  output pattern test
FAIL: c-c++-common/ubsan/overflow-sub-2.c  -Os  output pattern test
FAIL: c-c++-common/ubsan/overflow-sub-2.c  -O2 -flto -flto-partition=none  output 
pattern test
FAIL: c-c++-common/ubsan/overflow-sub-2.c  -O2 -flto  output pattern test
FAIL: c-c++-common/ubsan/pr59667.c  -O0  output pattern test
FAIL: c-c++-common/ubsan/pr59667.c  -O1  output pattern test
FAIL: c-c++-common/ubsan/pr59667.c  -O2  output pattern test
FAIL: c-c++-common/ubsan/pr59667.c  -O3 -fomit-frame-pointer  output pattern 
test
FAIL: c-c++-common/ubsan/pr59667.c  -O3 -g  output pattern test
FAIL: c-c++-common/ubsan/pr59667.c  -Os  output pattern test
FAIL: c-c++-common/ubsan/pr59667.c  -O2 -flto -flto-partition=none  output pattern 
test
FAIL: c-c++-common/ubsan/pr59667.c  -O2 -flto  output pattern test
FAIL: c-c++-common/ubsan/pr60613-2.c  -O0  output pattern test
FAIL: c-c++-common/ubsan/pr60613-2.c  -O1  output pattern test
FAIL: c-c++-common/ubsan/pr60613-2.c  -O2  output pattern test
FAIL: c-c++-common/ubsan/pr60613-2.c  -O3 -fomit-frame-pointer  output pattern 
test
FAIL: c-c++-common/ubsan/pr60613-2.c  -O3 -g  output pattern test
FAIL: c-c++-common/ubsan/pr60613-2.c  -Os  output pattern test
FAIL: c-c++-common/ubsan/pr60613-2.c  -O2 -flto -flto-partition=none  output 
pattern test
FAIL: c-c++-common/ubsan/pr60613-2.c  -O2 -flto  output pattern test
FAIL: c-c++-common/ubsan/shift-1.c  -O0  output pattern test
FAIL: c-c++-common/ubsan/shift-1.c  -O1  output pattern test
FAIL: c-c++-common/ubsan/shift-1.c  -O2  output pattern test
FAIL: c-c++-common/ubsan/shift-1.c  -O3 -fomit-frame-pointer  output pattern test
FAIL: c-c++-common/ubsan/shift-1.c  -O3 -fomit-frame-pointer -funroll-loops  
output pattern test
FAIL: c-c++-common/ubsan/shift-1.c  -O3 -fomit-frame-pointer -funroll-all-loops -
finline-functions  output pattern test
FAIL: c-c++-common/ubsan/shift-1.c  -O3 -g  output pattern test
FAIL: c-c++-common/ubsan/shift-1.c  -Os  output pattern test
FAIL: c-c++-common/ubsan/shift-1.c  -O2 -flto -flto-partition=none  output pattern 
test
FAIL: c-c++-common/ubsan/shift-1.c  -O2 -flto  output pattern test
FAIL: c-c++-common/ubsan/shift-2.c  -O0  output pattern test
FAIL: c-c++-common/ubsan/shift-2.c  -O1  output pattern test
FAIL: c-c++-common/ubsan/shift-2.c  -O2  output pattern test
FAIL: c-c++-common/ubsan/shift-2.c  -O3 -fomit-frame-pointer  output pattern test
FAIL: c-c++-common/ubsan/shift-2.c  -O3 -g  output pattern test
FAIL: c-c++-common/ubsan/shift-2.c  -Os  output pattern test
FAIL: c-c++-common/ubsan/shift-2.c  -O2 -flto -flto-partition=none  output pattern 
test
FAIL: c-c++-common/ubsan/shift-2.c  -O2 -flto  output pattern test
FAIL: c-c++-common/ubsan/vla-1.c  -O0  output pattern test
FAIL: c-c++-common/ubsan/vla-1.c  -O1  output pattern test
FAIL: c-c++-common/ubsan/vla-1.c  -O2  output pattern test
FAIL: c-c++-common/ubsan/vla-1.c  -O3 -fomit-frame-pointer  output pattern test
FAIL: c-c++-common/ubsan/vla-1.c  -O3 -g  output pattern test
FAIL: c-c++-common/ubsan/vla-1.c  -Os  output pattern test
FAIL: c-c++-common/ubsan/vla-1.c  -O2 -flto -flto-partition=none  output pattern 
test
FAIL: c-c++-common/ubsan/vla-1.c  -O2 -flto  output pattern test

		=== g++ Summary ===

# of expected passes		85899
# of unexpected failures	402
# of expected failures		445
# of unsupported tests		3017
/home/root_aux/gcc_objdir_4_9_0/gcc/testsuite/g++/../../xg++  version 4.9.0 (GCC) 

		=== objc tests ===


Running target unix

		=== objc Summary ===

# of expected passes		2988
# of expected failures		6
# of unsupported tests		74
/home/root_aux/gcc_objdir_4_9_0/gcc/xgcc  version 4.9.0 (GCC) 

		=== boehm-gc tests ===


Running target unix

		=== boehm-gc Summary ===

# of expected passes		12
# of unsupported tests		1
		=== libatomic tests ===


Running target unix

		=== libatomic Summary ===

# of expected passes		54
		=== libffi tests ===


Running target unix
FAIL: libffi.call/closure_fn0.c -O0 -W -Wall (test for excess errors)
UNRESOLVED: libffi.call/closure_fn0.c -O0 -W -Wall compilation failed to produce 
executable
FAIL: libffi.call/closure_fn1.c -O0 -W -Wall (test for excess errors)
UNRESOLVED: libffi.call/closure_fn1.c -O0 -W -Wall compilation failed to produce 
executable
FAIL: libffi.call/closure_fn2.c -O0 -W -Wall (test for excess errors)
UNRESOLVED: libffi.call/closure_fn2.c -O0 -W -Wall compilation failed to produce 
executable
FAIL: libffi.call/closure_fn3.c -O0 -W -Wall (test for excess errors)
UNRESOLVED: libffi.call/closure_fn3.c -O0 -W -Wall compilation failed to produce 
executable
FAIL: libffi.call/closure_fn4.c -O0 -W -Wall (test for excess errors)
UNRESOLVED: libffi.call/closure_fn4.c -O0 -W -Wall compilation failed to produce 
executable
FAIL: libffi.call/closure_fn5.c -O0 -W -Wall (test for excess errors)
UNRESOLVED: libffi.call/closure_fn5.c -O0 -W -Wall compilation failed to produce 
executable
FAIL: libffi.call/closure_fn6.c -O0 -W -Wall (test for excess errors)
UNRESOLVED: libffi.call/closure_fn6.c -O0 -W -Wall compilation failed to produce 
executable
FAIL: libffi.call/closure_loc_fn0.c -O0 -W -Wall (test for excess errors)
UNRESOLVED: libffi.call/closure_loc_fn0.c -O0 -W -Wall compilation failed to produce 
executable
FAIL: libffi.call/cls_12byte.c -O0 -W -Wall (test for excess errors)
UNRESOLVED: libffi.call/cls_12byte.c -O0 -W -Wall compilation failed to produce 
executable
FAIL: libffi.call/cls_16byte.c -O0 -W -Wall (test for excess errors)
UNRESOLVED: libffi.call/cls_16byte.c -O0 -W -Wall compilation failed to produce 
executable
FAIL: libffi.call/cls_18byte.c -O0 -W -Wall (test for excess errors)
UNRESOLVED: libffi.call/cls_18byte.c -O0 -W -Wall compilation failed to produce 
executable
FAIL: libffi.call/cls_19byte.c -O0 -W -Wall (test for excess errors)
UNRESOLVED: libffi.call/cls_19byte.c -O0 -W -Wall compilation failed to produce 
executable
FAIL: libffi.call/cls_1_1byte.c -O0 -W -Wall (test for excess errors)
UNRESOLVED: libffi.call/cls_1_1byte.c -O0 -W -Wall compilation failed to produce 
executable
FAIL: libffi.call/cls_20byte.c -O0 -W -Wall (test for excess errors)
UNRESOLVED: libffi.call/cls_20byte.c -O0 -W -Wall compilation failed to produce 
executable
FAIL: libffi.call/cls_20byte1.c -O0 -W -Wall (test for excess errors)
UNRESOLVED: libffi.call/cls_20byte1.c -O0 -W -Wall compilation failed to produce 
executable
FAIL: libffi.call/cls_24byte.c -O0 -W -Wall (test for excess errors)
UNRESOLVED: libffi.call/cls_24byte.c -O0 -W -Wall compilation failed to produce 
executable
FAIL: libffi.call/cls_2byte.c -O0 -W -Wall (test for excess errors)
UNRESOLVED: libffi.call/cls_2byte.c -O0 -W -Wall compilation failed to produce 
executable
FAIL: libffi.call/cls_3_1byte.c -O0 -W -Wall (test for excess errors)
UNRESOLVED: libffi.call/cls_3_1byte.c -O0 -W -Wall compilation failed to produce 
executable
FAIL: libffi.call/cls_3byte1.c -O0 -W -Wall (test for excess errors)
UNRESOLVED: libffi.call/cls_3byte1.c -O0 -W -Wall compilation failed to produce 
executable
FAIL: libffi.call/cls_3byte2.c -O0 -W -Wall (test for excess errors)
UNRESOLVED: libffi.call/cls_3byte2.c -O0 -W -Wall compilation failed to produce 
executable
FAIL: libffi.call/cls_4_1byte.c -O0 -W -Wall (test for excess errors)
UNRESOLVED: libffi.call/cls_4_1byte.c -O0 -W -Wall compilation failed to produce 
executable
FAIL: libffi.call/cls_4byte.c -O0 -W -Wall (test for excess errors)
UNRESOLVED: libffi.call/cls_4byte.c -O0 -W -Wall compilation failed to produce 
executable
FAIL: libffi.call/cls_5_1_byte.c -O0 -W -Wall (test for excess errors)
UNRESOLVED: libffi.call/cls_5_1_byte.c -O0 -W -Wall compilation failed to produce 
executable
FAIL: libffi.call/cls_5byte.c -O0 -W -Wall (test for excess errors)
UNRESOLVED: libffi.call/cls_5byte.c -O0 -W -Wall compilation failed to produce 
executable
FAIL: libffi.call/cls_64byte.c -O0 -W -Wall (test for excess errors)
UNRESOLVED: libffi.call/cls_64byte.c -O0 -W -Wall compilation failed to produce 
executable
FAIL: libffi.call/cls_6_1_byte.c -O0 -W -Wall (test for excess errors)
UNRESOLVED: libffi.call/cls_6_1_byte.c -O0 -W -Wall compilation failed to produce 
executable
FAIL: libffi.call/cls_6byte.c -O0 -W -Wall (test for excess errors)
UNRESOLVED: libffi.call/cls_6byte.c -O0 -W -Wall compilation failed to produce 
executable
FAIL: libffi.call/cls_7_1_byte.c -O0 -W -Wall (test for excess errors)
UNRESOLVED: libffi.call/cls_7_1_byte.c -O0 -W -Wall compilation failed to produce 
executable
FAIL: libffi.call/cls_7byte.c -O0 -W -Wall (test for excess errors)
UNRESOLVED: libffi.call/cls_7byte.c -O0 -W -Wall compilation failed to produce 
executable
FAIL: libffi.call/cls_8byte.c -O0 -W -Wall (test for excess errors)
UNRESOLVED: libffi.call/cls_8byte.c -O0 -W -Wall compilation failed to produce 
executable
FAIL: libffi.call/cls_9byte1.c -O0 -W -Wall (test for excess errors)
UNRESOLVED: libffi.call/cls_9byte1.c -O0 -W -Wall compilation failed to produce 
executable
FAIL: libffi.call/cls_9byte2.c -O0 -W -Wall (test for excess errors)
UNRESOLVED: libffi.call/cls_9byte2.c -O0 -W -Wall compilation failed to produce 
executable
FAIL: libffi.call/cls_align_double.c -O0 -W -Wall (test for excess errors)
UNRESOLVED: libffi.call/cls_align_double.c -O0 -W -Wall compilation failed to produce 
executable
FAIL: libffi.call/cls_align_float.c -O0 -W -Wall (test for excess errors)
UNRESOLVED: libffi.call/cls_align_float.c -O0 -W -Wall compilation failed to produce 
executable
FAIL: libffi.call/cls_align_longdouble.c -O0 -W -Wall (test for excess errors)
UNRESOLVED: libffi.call/cls_align_longdouble.c -O0 -W -Wall compilation failed to 
produce executable
FAIL: libffi.call/cls_align_longdouble_split.c -O0 -W -Wall (test for excess errors)
UNRESOLVED: libffi.call/cls_align_longdouble_split.c -O0 -W -Wall compilation failed to 
produce executable
FAIL: libffi.call/cls_align_longdouble_split2.c -O0 -W -Wall (test for excess errors)
UNRESOLVED: libffi.call/cls_align_longdouble_split2.c -O0 -W -Wall compilation failed 
to produce executable
FAIL: libffi.call/cls_align_pointer.c -O0 -W -Wall (test for excess errors)
UNRESOLVED: libffi.call/cls_align_pointer.c -O0 -W -Wall compilation failed to produce 
executable
FAIL: libffi.call/cls_align_sint16.c -O0 -W -Wall (test for excess errors)
UNRESOLVED: libffi.call/cls_align_sint16.c -O0 -W -Wall compilation failed to produce 
executable
FAIL: libffi.call/cls_align_sint32.c -O0 -W -Wall (test for excess errors)
UNRESOLVED: libffi.call/cls_align_sint32.c -O0 -W -Wall compilation failed to produce 
executable
FAIL: libffi.call/cls_align_sint64.c -O0 -W -Wall (test for excess errors)
UNRESOLVED: libffi.call/cls_align_sint64.c -O0 -W -Wall compilation failed to produce 
executable
FAIL: libffi.call/cls_align_uint16.c -O0 -W -Wall (test for excess errors)
UNRESOLVED: libffi.call/cls_align_uint16.c -O0 -W -Wall compilation failed to produce 
executable
FAIL: libffi.call/cls_align_uint32.c -O0 -W -Wall (test for excess errors)
UNRESOLVED: libffi.call/cls_align_uint32.c -O0 -W -Wall compilation failed to produce 
executable
FAIL: libffi.call/cls_align_uint64.c -O0 -W -Wall (test for excess errors)
UNRESOLVED: libffi.call/cls_align_uint64.c -O0 -W -Wall compilation failed to produce 
executable
FAIL: libffi.call/cls_dbls_struct.c -O0 -W -Wall (test for excess errors)
UNRESOLVED: libffi.call/cls_dbls_struct.c -O0 -W -Wall compilation failed to produce 
executable
FAIL: libffi.call/cls_double.c -O0 -W -Wall (test for excess errors)
UNRESOLVED: libffi.call/cls_double.c -O0 -W -Wall compilation failed to produce 
executable
FAIL: libffi.call/cls_double_va.c -O0 -W -Wall (test for excess errors)
UNRESOLVED: libffi.call/cls_double_va.c -O0 -W -Wall compilation failed to produce 
executable
FAIL: libffi.call/cls_float.c -O0 -W -Wall (test for excess errors)
UNRESOLVED: libffi.call/cls_float.c -O0 -W -Wall compilation failed to produce 
executable
FAIL: libffi.call/cls_longdouble.c -O0 -W -Wall (test for excess errors)
UNRESOLVED: libffi.call/cls_longdouble.c -O0 -W -Wall compilation failed to produce 
executable
FAIL: libffi.call/cls_longdouble_va.c -O0 -W -Wall (test for excess errors)
UNRESOLVED: libffi.call/cls_longdouble_va.c -O0 -W -Wall compilation failed to produce 
executable
FAIL: libffi.call/cls_multi_schar.c -O0 -W -Wall (test for excess errors)
UNRESOLVED: libffi.call/cls_multi_schar.c -O0 -W -Wall compilation failed to produce 
executable
FAIL: libffi.call/cls_multi_sshort.c -O0 -W -Wall (test for excess errors)
UNRESOLVED: libffi.call/cls_multi_sshort.c -O0 -W -Wall compilation failed to produce 
executable
FAIL: libffi.call/cls_multi_sshortchar.c -O0 -W -Wall (test for excess errors)
UNRESOLVED: libffi.call/cls_multi_sshortchar.c -O0 -W -Wall compilation failed to 
produce executable
FAIL: libffi.call/cls_multi_uchar.c -O0 -W -Wall (test for excess errors)
UNRESOLVED: libffi.call/cls_multi_uchar.c -O0 -W -Wall compilation failed to produce 
executable
FAIL: libffi.call/cls_multi_ushort.c -O0 -W -Wall (test for excess errors)
UNRESOLVED: libffi.call/cls_multi_ushort.c -O0 -W -Wall compilation failed to produce 
executable
FAIL: libffi.call/cls_multi_ushortchar.c -O0 -W -Wall (test for excess errors)
UNRESOLVED: libffi.call/cls_multi_ushortchar.c -O0 -W -Wall compilation failed to 
produce executable
FAIL: libffi.call/cls_pointer.c -O0 -W -Wall (test for excess errors)
UNRESOLVED: libffi.call/cls_pointer.c -O0 -W -Wall compilation failed to produce 
executable
FAIL: libffi.call/cls_pointer_stack.c -O0 -W -Wall (test for excess errors)
UNRESOLVED: libffi.call/cls_pointer_stack.c -O0 -W -Wall compilation failed to produce 
executable
FAIL: libffi.call/cls_schar.c -O0 -W -Wall (test for excess errors)
UNRESOLVED: libffi.call/cls_schar.c -O0 -W -Wall compilation failed to produce 
executable
FAIL: libffi.call/cls_sint.c -O0 -W -Wall (test for excess errors)
UNRESOLVED: libffi.call/cls_sint.c -O0 -W -Wall compilation failed to produce 
executable
FAIL: libffi.call/cls_sshort.c -O0 -W -Wall (test for excess errors)
UNRESOLVED: libffi.call/cls_sshort.c -O0 -W -Wall compilation failed to produce 
executable
FAIL: libffi.call/cls_struct_va1.c -O0 -W -Wall (test for excess errors)
UNRESOLVED: libffi.call/cls_struct_va1.c -O0 -W -Wall compilation failed to produce 
executable
FAIL: libffi.call/cls_uchar.c -O0 -W -Wall (test for excess errors)
UNRESOLVED: libffi.call/cls_uchar.c -O0 -W -Wall compilation failed to produce 
executable
FAIL: libffi.call/cls_uchar_va.c -O0 -W -Wall (test for excess errors)
UNRESOLVED: libffi.call/cls_uchar_va.c -O0 -W -Wall compilation failed to produce 
executable
FAIL: libffi.call/cls_uint.c -O0 -W -Wall (test for excess errors)
UNRESOLVED: libffi.call/cls_uint.c -O0 -W -Wall compilation failed to produce 
executable
FAIL: libffi.call/cls_uint_va.c -O0 -W -Wall (test for excess errors)
UNRESOLVED: libffi.call/cls_uint_va.c -O0 -W -Wall compilation failed to produce 
executable
FAIL: libffi.call/cls_ulong_va.c -O0 -W -Wall (test for excess errors)
UNRESOLVED: libffi.call/cls_ulong_va.c -O0 -W -Wall compilation failed to produce 
executable
FAIL: libffi.call/cls_ulonglong.c -O0 -W -Wall (test for excess errors)
UNRESOLVED: libffi.call/cls_ulonglong.c -O0 -W -Wall compilation failed to produce 
executable
FAIL: libffi.call/cls_ushort.c -O0 -W -Wall (test for excess errors)
UNRESOLVED: libffi.call/cls_ushort.c -O0 -W -Wall compilation failed to produce 
executable
FAIL: libffi.call/cls_ushort_va.c -O0 -W -Wall (test for excess errors)
UNRESOLVED: libffi.call/cls_ushort_va.c -O0 -W -Wall compilation failed to produce 
executable
FAIL: libffi.call/err_bad_abi.c -O0 -W -Wall (test for excess errors)
UNRESOLVED: libffi.call/err_bad_abi.c -O0 -W -Wall compilation failed to produce 
executable
FAIL: libffi.call/err_bad_typedef.c -O0 -W -Wall (test for excess errors)
UNRESOLVED: libffi.call/err_bad_typedef.c -O0 -W -Wall compilation failed to produce 
executable
FAIL: libffi.call/float.c -O0 -W -Wall (test for excess errors)
UNRESOLVED: libffi.call/float.c -O0 -W -Wall compilation failed to produce executable
FAIL: libffi.call/float1.c -O0 -W -Wall (test for excess errors)
UNRESOLVED: libffi.call/float1.c -O0 -W -Wall compilation failed to produce executable
FAIL: libffi.call/float2.c -O0 -W -Wall (test for excess errors)
UNRESOLVED: libffi.call/float2.c -O0 -W -Wall compilation failed to produce executable
FAIL: libffi.call/float3.c -O0 -W -Wall (test for excess errors)
UNRESOLVED: libffi.call/float3.c -O0 -W -Wall compilation failed to produce executable
FAIL: libffi.call/float4.c -O0 -W -Wall (test for excess errors)
UNRESOLVED: libffi.call/float4.c -O0 -W -Wall compilation failed to produce executable
FAIL: libffi.call/float_va.c -O0 -W -Wall (test for excess errors)
UNRESOLVED: libffi.call/float_va.c -O0 -W -Wall compilation failed to produce 
executable
FAIL: libffi.call/huge_struct.c -O0 -W -Wall (test for excess errors)
UNRESOLVED: libffi.call/huge_struct.c -O0 -W -Wall compilation failed to produce 
executable
FAIL: libffi.call/many.c -O0 -W -Wall (test for excess errors)
UNRESOLVED: libffi.call/many.c -O0 -W -Wall compilation failed to produce executable
FAIL: libffi.call/many2.c -O0 -W -Wall (test for excess errors)
UNRESOLVED: libffi.call/many2.c -O0 -W -Wall compilation failed to produce executable
FAIL: libffi.call/negint.c -O0 -W -Wall (test for excess errors)
UNRESOLVED: libffi.call/negint.c -O0 -W -Wall compilation failed to produce executable
FAIL: libffi.call/nested_struct.c -O0 -W -Wall (test for excess errors)
UNRESOLVED: libffi.call/nested_struct.c -O0 -W -Wall compilation failed to produce 
executable
FAIL: libffi.call/nested_struct1.c -O0 -W -Wall (test for excess errors)
UNRESOLVED: libffi.call/nested_struct1.c -O0 -W -Wall compilation failed to produce 
executable
FAIL: libffi.call/nested_struct10.c -O0 -W -Wall (test for excess errors)
UNRESOLVED: libffi.call/nested_struct10.c -O0 -W -Wall compilation failed to produce 
executable
FAIL: libffi.call/nested_struct11.c -O0 -W -Wall (test for excess errors)
UNRESOLVED: libffi.call/nested_struct11.c -O0 -W -Wall compilation failed to produce 
executable
FAIL: libffi.call/nested_struct2.c -O0 -W -Wall (test for excess errors)
UNRESOLVED: libffi.call/nested_struct2.c -O0 -W -Wall compilation failed to produce 
executable
FAIL: libffi.call/nested_struct3.c -O0 -W -Wall (test for excess errors)
UNRESOLVED: libffi.call/nested_struct3.c -O0 -W -Wall compilation failed to produce 
executable
FAIL: libffi.call/nested_struct4.c -O0 -W -Wall (test for excess errors)
UNRESOLVED: libffi.call/nested_struct4.c -O0 -W -Wall compilation failed to produce 
executable
FAIL: libffi.call/nested_struct5.c -O0 -W -Wall (test for excess errors)
UNRESOLVED: libffi.call/nested_struct5.c -O0 -W -Wall compilation failed to produce 
executable
FAIL: libffi.call/nested_struct6.c -O0 -W -Wall (test for excess errors)
UNRESOLVED: libffi.call/nested_struct6.c -O0 -W -Wall compilation failed to produce 
executable
FAIL: libffi.call/nested_struct7.c -O0 -W -Wall (test for excess errors)
UNRESOLVED: libffi.call/nested_struct7.c -O0 -W -Wall compilation failed to produce 
executable
FAIL: libffi.call/nested_struct8.c -O0 -W -Wall (test for excess errors)
UNRESOLVED: libffi.call/nested_struct8.c -O0 -W -Wall compilation failed to produce 
executable
FAIL: libffi.call/nested_struct9.c -O0 -W -Wall (test for excess errors)
UNRESOLVED: libffi.call/nested_struct9.c -O0 -W -Wall compilation failed to produce 
executable
FAIL: libffi.call/problem1.c -O0 -W -Wall (test for excess errors)
UNRESOLVED: libffi.call/problem1.c -O0 -W -Wall compilation failed to produce 
executable
FAIL: libffi.call/promotion.c -O0 -W -Wall (test for excess errors)
UNRESOLVED: libffi.call/promotion.c -O0 -W -Wall compilation failed to produce 
executable
FAIL: libffi.call/pyobjc-tc.c -O0 -W -Wall (test for excess errors)
UNRESOLVED: libffi.call/pyobjc-tc.c -O0 -W -Wall compilation failed to produce 
executable
FAIL: libffi.call/return_dbl.c -O0 -W -Wall (test for excess errors)
UNRESOLVED: libffi.call/return_dbl.c -O0 -W -Wall compilation failed to produce 
executable
FAIL: libffi.call/return_dbl1.c -O0 -W -Wall (test for excess errors)
UNRESOLVED: libffi.call/return_dbl1.c -O0 -W -Wall compilation failed to produce 
executable
FAIL: libffi.call/return_dbl2.c -O0 -W -Wall (test for excess errors)
UNRESOLVED: libffi.call/return_dbl2.c -O0 -W -Wall compilation failed to produce 
executable
FAIL: libffi.call/return_fl.c -O0 -W -Wall (test for excess errors)
UNRESOLVED: libffi.call/return_fl.c -O0 -W -Wall compilation failed to produce 
executable
FAIL: libffi.call/return_fl1.c -O0 -W -Wall (test for excess errors)
UNRESOLVED: libffi.call/return_fl1.c -O0 -W -Wall compilation failed to produce 
executable
FAIL: libffi.call/return_fl2.c -O0 -W -Wall (test for excess errors)
UNRESOLVED: libffi.call/return_fl2.c -O0 -W -Wall compilation failed to produce 
executable
FAIL: libffi.call/return_fl3.c -O0 -W -Wall (test for excess errors)
UNRESOLVED: libffi.call/return_fl3.c -O0 -W -Wall compilation failed to produce 
executable
FAIL: libffi.call/return_ldl.c -O0 -W -Wall (test for excess errors)
UNRESOLVED: libffi.call/return_ldl.c -O0 -W -Wall compilation failed to produce 
executable
FAIL: libffi.call/return_ll.c -O0 -W -Wall (test for excess errors)
UNRESOLVED: libffi.call/return_ll.c -O0 -W -Wall compilation failed to produce 
executable
FAIL: libffi.call/return_ll1.c -O0 -W -Wall (test for excess errors)
UNRESOLVED: libffi.call/return_ll1.c -O0 -W -Wall compilation failed to produce 
executable
FAIL: libffi.call/return_sc.c -O0 -W -Wall (test for excess errors)
UNRESOLVED: libffi.call/return_sc.c -O0 -W -Wall compilation failed to produce 
executable
FAIL: libffi.call/return_sl.c -O0 -W -Wall (test for excess errors)
UNRESOLVED: libffi.call/return_sl.c -O0 -W -Wall compilation failed to produce 
executable
FAIL: libffi.call/return_uc.c -O0 -W -Wall (test for excess errors)
UNRESOLVED: libffi.call/return_uc.c -O0 -W -Wall compilation failed to produce 
executable
FAIL: libffi.call/return_ul.c -O0 -W -Wall (test for excess errors)
UNRESOLVED: libffi.call/return_ul.c -O0 -W -Wall compilation failed to produce 
executable
FAIL: libffi.call/stret_large.c -O0 -W -Wall (test for excess errors)
UNRESOLVED: libffi.call/stret_large.c -O0 -W -Wall compilation failed to produce 
executable
FAIL: libffi.call/stret_large2.c -O0 -W -Wall (test for excess errors)
UNRESOLVED: libffi.call/stret_large2.c -O0 -W -Wall compilation failed to produce 
executable
FAIL: libffi.call/stret_medium.c -O0 -W -Wall (test for excess errors)
UNRESOLVED: libffi.call/stret_medium.c -O0 -W -Wall compilation failed to produce 
executable
FAIL: libffi.call/stret_medium2.c -O0 -W -Wall (test for excess errors)
UNRESOLVED: libffi.call/stret_medium2.c -O0 -W -Wall compilation failed to produce 
executable
FAIL: libffi.call/strlen.c -O0 -W -Wall (test for excess errors)
UNRESOLVED: libffi.call/strlen.c -O0 -W -Wall compilation failed to produce executable
FAIL: libffi.call/struct1.c -O0 -W -Wall (test for excess errors)
UNRESOLVED: libffi.call/struct1.c -O0 -W -Wall compilation failed to produce 
executable
FAIL: libffi.call/struct2.c -O0 -W -Wall (test for excess errors)
UNRESOLVED: libffi.call/struct2.c -O0 -W -Wall compilation failed to produce 
executable
FAIL: libffi.call/struct3.c -O0 -W -Wall (test for excess errors)
UNRESOLVED: libffi.call/struct3.c -O0 -W -Wall compilation failed to produce 
executable
FAIL: libffi.call/struct4.c -O0 -W -Wall (test for excess errors)
UNRESOLVED: libffi.call/struct4.c -O0 -W -Wall compilation failed to produce 
executable
FAIL: libffi.call/struct5.c -O0 -W -Wall (test for excess errors)
UNRESOLVED: libffi.call/struct5.c -O0 -W -Wall compilation failed to produce 
executable
FAIL: libffi.call/struct6.c -O0 -W -Wall (test for excess errors)
UNRESOLVED: libffi.call/struct6.c -O0 -W -Wall compilation failed to produce 
executable
FAIL: libffi.call/struct7.c -O0 -W -Wall (test for excess errors)
UNRESOLVED: libffi.call/struct7.c -O0 -W -Wall compilation failed to produce 
executable
FAIL: libffi.call/struct8.c -O0 -W -Wall (test for excess errors)
UNRESOLVED: libffi.call/struct8.c -O0 -W -Wall compilation failed to produce 
executable
FAIL: libffi.call/struct9.c -O0 -W -Wall (test for excess errors)
UNRESOLVED: libffi.call/struct9.c -O0 -W -Wall compilation failed to produce 
executable
FAIL: libffi.call/testclosure.c -O0 -W -Wall (test for excess errors)
UNRESOLVED: libffi.call/testclosure.c -O0 -W -Wall compilation failed to produce 
executable
FAIL: libffi.call/uninitialized.c -O0 -W -Wall (test for excess errors)
UNRESOLVED: libffi.call/uninitialized.c -O0 -W -Wall compilation failed to produce 
executable
FAIL: libffi.call/va_1.c -O0 -W -Wall (test for excess errors)
UNRESOLVED: libffi.call/va_1.c -O0 -W -Wall compilation failed to produce executable
FAIL: libffi.call/va_struct1.c -O0 -W -Wall (test for excess errors)
UNRESOLVED: libffi.call/va_struct1.c -O0 -W -Wall compilation failed to produce 
executable
FAIL: libffi.call/va_struct2.c -O0 -W -Wall (test for excess errors)
UNRESOLVED: libffi.call/va_struct2.c -O0 -W -Wall compilation failed to produce 
executable
FAIL: libffi.call/va_struct3.c -O0 -W -Wall (test for excess errors)
UNRESOLVED: libffi.call/va_struct3.c -O0 -W -Wall compilation failed to produce 
executable
FAIL: libffi.call/closure_fn0.c -O2 (test for excess errors)
UNRESOLVED: libffi.call/closure_fn0.c -O2 compilation failed to produce executable
FAIL: libffi.call/closure_fn1.c -O2 (test for excess errors)
UNRESOLVED: libffi.call/closure_fn1.c -O2 compilation failed to produce executable
FAIL: libffi.call/closure_fn2.c -O2 (test for excess errors)
UNRESOLVED: libffi.call/closure_fn2.c -O2 compilation failed to produce executable
FAIL: libffi.call/closure_fn3.c -O2 (test for excess errors)
UNRESOLVED: libffi.call/closure_fn3.c -O2 compilation failed to produce executable
FAIL: libffi.call/closure_fn4.c -O2 (test for excess errors)
UNRESOLVED: libffi.call/closure_fn4.c -O2 compilation failed to produce executable
FAIL: libffi.call/closure_fn5.c -O2 (test for excess errors)
UNRESOLVED: libffi.call/closure_fn5.c -O2 compilation failed to produce executable
FAIL: libffi.call/closure_fn6.c -O2 (test for excess errors)
UNRESOLVED: libffi.call/closure_fn6.c -O2 compilation failed to produce executable
FAIL: libffi.call/closure_loc_fn0.c -O2 (test for excess errors)
UNRESOLVED: libffi.call/closure_loc_fn0.c -O2 compilation failed to produce executable
FAIL: libffi.call/cls_12byte.c -O2 (test for excess errors)
UNRESOLVED: libffi.call/cls_12byte.c -O2 compilation failed to produce executable
FAIL: libffi.call/cls_16byte.c -O2 (test for excess errors)
UNRESOLVED: libffi.call/cls_16byte.c -O2 compilation failed to produce executable
FAIL: libffi.call/cls_18byte.c -O2 (test for excess errors)
UNRESOLVED: libffi.call/cls_18byte.c -O2 compilation failed to produce executable
FAIL: libffi.call/cls_19byte.c -O2 (test for excess errors)
UNRESOLVED: libffi.call/cls_19byte.c -O2 compilation failed to produce executable
FAIL: libffi.call/cls_1_1byte.c -O2 (test for excess errors)
UNRESOLVED: libffi.call/cls_1_1byte.c -O2 compilation failed to produce executable
FAIL: libffi.call/cls_20byte.c -O2 (test for excess errors)
UNRESOLVED: libffi.call/cls_20byte.c -O2 compilation failed to produce executable
FAIL: libffi.call/cls_20byte1.c -O2 (test for excess errors)
UNRESOLVED: libffi.call/cls_20byte1.c -O2 compilation failed to produce executable
FAIL: libffi.call/cls_24byte.c -O2 (test for excess errors)
UNRESOLVED: libffi.call/cls_24byte.c -O2 compilation failed to produce executable
FAIL: libffi.call/cls_2byte.c -O2 (test for excess errors)
UNRESOLVED: libffi.call/cls_2byte.c -O2 compilation failed to produce executable
FAIL: libffi.call/cls_3_1byte.c -O2 (test for excess errors)
UNRESOLVED: libffi.call/cls_3_1byte.c -O2 compilation failed to produce executable
FAIL: libffi.call/cls_3byte1.c -O2 (test for excess errors)
UNRESOLVED: libffi.call/cls_3byte1.c -O2 compilation failed to produce executable
FAIL: libffi.call/cls_3byte2.c -O2 (test for excess errors)
UNRESOLVED: libffi.call/cls_3byte2.c -O2 compilation failed to produce executable
FAIL: libffi.call/cls_4_1byte.c -O2 (test for excess errors)
UNRESOLVED: libffi.call/cls_4_1byte.c -O2 compilation failed to produce executable
FAIL: libffi.call/cls_4byte.c -O2 (test for excess errors)
UNRESOLVED: libffi.call/cls_4byte.c -O2 compilation failed to produce executable
FAIL: libffi.call/cls_5_1_byte.c -O2 (test for excess errors)
UNRESOLVED: libffi.call/cls_5_1_byte.c -O2 compilation failed to produce executable
FAIL: libffi.call/cls_5byte.c -O2 (test for excess errors)
UNRESOLVED: libffi.call/cls_5byte.c -O2 compilation failed to produce executable
FAIL: libffi.call/cls_64byte.c -O2 (test for excess errors)
UNRESOLVED: libffi.call/cls_64byte.c -O2 compilation failed to produce executable
FAIL: libffi.call/cls_6_1_byte.c -O2 (test for excess errors)
UNRESOLVED: libffi.call/cls_6_1_byte.c -O2 compilation failed to produce executable
FAIL: libffi.call/cls_6byte.c -O2 (test for excess errors)
UNRESOLVED: libffi.call/cls_6byte.c -O2 compilation failed to produce executable
FAIL: libffi.call/cls_7_1_byte.c -O2 (test for excess errors)
UNRESOLVED: libffi.call/cls_7_1_byte.c -O2 compilation failed to produce executable
FAIL: libffi.call/cls_7byte.c -O2 (test for excess errors)
UNRESOLVED: libffi.call/cls_7byte.c -O2 compilation failed to produce executable
FAIL: libffi.call/cls_8byte.c -O2 (test for excess errors)
UNRESOLVED: libffi.call/cls_8byte.c -O2 compilation failed to produce executable
FAIL: libffi.call/cls_9byte1.c -O2 (test for excess errors)
UNRESOLVED: libffi.call/cls_9byte1.c -O2 compilation failed to produce executable
FAIL: libffi.call/cls_9byte2.c -O2 (test for excess errors)
UNRESOLVED: libffi.call/cls_9byte2.c -O2 compilation failed to produce executable
FAIL: libffi.call/cls_align_double.c -O2 (test for excess errors)
UNRESOLVED: libffi.call/cls_align_double.c -O2 compilation failed to produce 
executable
FAIL: libffi.call/cls_align_float.c -O2 (test for excess errors)
UNRESOLVED: libffi.call/cls_align_float.c -O2 compilation failed to produce executable
FAIL: libffi.call/cls_align_longdouble.c -O2 (test for excess errors)
UNRESOLVED: libffi.call/cls_align_longdouble.c -O2 compilation failed to produce 
executable
FAIL: libffi.call/cls_align_longdouble_split.c -O2 (test for excess errors)
UNRESOLVED: libffi.call/cls_align_longdouble_split.c -O2 compilation failed to produce 
executable
FAIL: libffi.call/cls_align_longdouble_split2.c -O2 (test for excess errors)
UNRESOLVED: libffi.call/cls_align_longdouble_split2.c -O2 compilation failed to produce 
executable
FAIL: libffi.call/cls_align_pointer.c -O2 (test for excess errors)
UNRESOLVED: libffi.call/cls_align_pointer.c -O2 compilation failed to produce 
executable
FAIL: libffi.call/cls_align_sint16.c -O2 (test for excess errors)
UNRESOLVED: libffi.call/cls_align_sint16.c -O2 compilation failed to produce executable
FAIL: libffi.call/cls_align_sint32.c -O2 (test for excess errors)
UNRESOLVED: libffi.call/cls_align_sint32.c -O2 compilation failed to produce executable
FAIL: libffi.call/cls_align_sint64.c -O2 (test for excess errors)
UNRESOLVED: libffi.call/cls_align_sint64.c -O2 compilation failed to produce executable
FAIL: libffi.call/cls_align_uint16.c -O2 (test for excess errors)
UNRESOLVED: libffi.call/cls_align_uint16.c -O2 compilation failed to produce executable
FAIL: libffi.call/cls_align_uint32.c -O2 (test for excess errors)
UNRESOLVED: libffi.call/cls_align_uint32.c -O2 compilation failed to produce executable
FAIL: libffi.call/cls_align_uint64.c -O2 (test for excess errors)
UNRESOLVED: libffi.call/cls_align_uint64.c -O2 compilation failed to produce executable
FAIL: libffi.call/cls_dbls_struct.c -O2 (test for excess errors)
UNRESOLVED: libffi.call/cls_dbls_struct.c -O2 compilation failed to produce executable
FAIL: libffi.call/cls_double.c -O2 (test for excess errors)
UNRESOLVED: libffi.call/cls_double.c -O2 compilation failed to produce executable
FAIL: libffi.call/cls_double_va.c -O2 (test for excess errors)
UNRESOLVED: libffi.call/cls_double_va.c -O2 compilation failed to produce executable
FAIL: libffi.call/cls_float.c -O2 (test for excess errors)
UNRESOLVED: libffi.call/cls_float.c -O2 compilation failed to produce executable
FAIL: libffi.call/cls_longdouble.c -O2 (test for excess errors)
UNRESOLVED: libffi.call/cls_longdouble.c -O2 compilation failed to produce executable
FAIL: libffi.call/cls_longdouble_va.c -O2 (test for excess errors)
UNRESOLVED: libffi.call/cls_longdouble_va.c -O2 compilation failed to produce 
executable
FAIL: libffi.call/cls_multi_schar.c -O2 (test for excess errors)
UNRESOLVED: libffi.call/cls_multi_schar.c -O2 compilation failed to produce executable
FAIL: libffi.call/cls_multi_sshort.c -O2 (test for excess errors)
UNRESOLVED: libffi.call/cls_multi_sshort.c -O2 compilation failed to produce executable
FAIL: libffi.call/cls_multi_sshortchar.c -O2 (test for excess errors)
UNRESOLVED: libffi.call/cls_multi_sshortchar.c -O2 compilation failed to produce 
executable
FAIL: libffi.call/cls_multi_uchar.c -O2 (test for excess errors)
UNRESOLVED: libffi.call/cls_multi_uchar.c -O2 compilation failed to produce executable
FAIL: libffi.call/cls_multi_ushort.c -O2 (test for excess errors)
UNRESOLVED: libffi.call/cls_multi_ushort.c -O2 compilation failed to produce executable
FAIL: libffi.call/cls_multi_ushortchar.c -O2 (test for excess errors)
UNRESOLVED: libffi.call/cls_multi_ushortchar.c -O2 compilation failed to produce 
executable
FAIL: libffi.call/cls_pointer.c -O2 (test for excess errors)
UNRESOLVED: libffi.call/cls_pointer.c -O2 compilation failed to produce executable
FAIL: libffi.call/cls_pointer_stack.c -O2 (test for excess errors)
UNRESOLVED: libffi.call/cls_pointer_stack.c -O2 compilation failed to produce 
executable
FAIL: libffi.call/cls_schar.c -O2 (test for excess errors)
UNRESOLVED: libffi.call/cls_schar.c -O2 compilation failed to produce executable
FAIL: libffi.call/cls_sint.c -O2 (test for excess errors)
UNRESOLVED: libffi.call/cls_sint.c -O2 compilation failed to produce executable
FAIL: libffi.call/cls_sshort.c -O2 (test for excess errors)
UNRESOLVED: libffi.call/cls_sshort.c -O2 compilation failed to produce executable
FAIL: libffi.call/cls_struct_va1.c -O2 (test for excess errors)
UNRESOLVED: libffi.call/cls_struct_va1.c -O2 compilation failed to produce executable
FAIL: libffi.call/cls_uchar.c -O2 (test for excess errors)
UNRESOLVED: libffi.call/cls_uchar.c -O2 compilation failed to produce executable
FAIL: libffi.call/cls_uchar_va.c -O2 (test for excess errors)
UNRESOLVED: libffi.call/cls_uchar_va.c -O2 compilation failed to produce executable
FAIL: libffi.call/cls_uint.c -O2 (test for excess errors)
UNRESOLVED: libffi.call/cls_uint.c -O2 compilation failed to produce executable
FAIL: libffi.call/cls_uint_va.c -O2 (test for excess errors)
UNRESOLVED: libffi.call/cls_uint_va.c -O2 compilation failed to produce executable
FAIL: libffi.call/cls_ulong_va.c -O2 (test for excess errors)
UNRESOLVED: libffi.call/cls_ulong_va.c -O2 compilation failed to produce executable
FAIL: libffi.call/cls_ulonglong.c -O2 (test for excess errors)
UNRESOLVED: libffi.call/cls_ulonglong.c -O2 compilation failed to produce executable
FAIL: libffi.call/cls_ushort.c -O2 (test for excess errors)
UNRESOLVED: libffi.call/cls_ushort.c -O2 compilation failed to produce executable
FAIL: libffi.call/cls_ushort_va.c -O2 (test for excess errors)
UNRESOLVED: libffi.call/cls_ushort_va.c -O2 compilation failed to produce executable
FAIL: libffi.call/err_bad_abi.c -O2 (test for excess errors)
UNRESOLVED: libffi.call/err_bad_abi.c -O2 compilation failed to produce executable
FAIL: libffi.call/err_bad_typedef.c -O2 (test for excess errors)
UNRESOLVED: libffi.call/err_bad_typedef.c -O2 compilation failed to produce executable
FAIL: libffi.call/float.c -O2 (test for excess errors)
UNRESOLVED: libffi.call/float.c -O2 compilation failed to produce executable
FAIL: libffi.call/float1.c -O2 (test for excess errors)
UNRESOLVED: libffi.call/float1.c -O2 compilation failed to produce executable
FAIL: libffi.call/float2.c -O2 (test for excess errors)
UNRESOLVED: libffi.call/float2.c -O2 compilation failed to produce executable
FAIL: libffi.call/float3.c -O2 (test for excess errors)
UNRESOLVED: libffi.call/float3.c -O2 compilation failed to produce executable
FAIL: libffi.call/float4.c -O2 (test for excess errors)
UNRESOLVED: libffi.call/float4.c -O2 compilation failed to produce executable
FAIL: libffi.call/float_va.c -O2 (test for excess errors)
UNRESOLVED: libffi.call/float_va.c -O2 compilation failed to produce executable
FAIL: libffi.call/huge_struct.c -O2 (test for excess errors)
UNRESOLVED: libffi.call/huge_struct.c -O2 compilation failed to produce executable
FAIL: libffi.call/many.c -O2 (test for excess errors)
UNRESOLVED: libffi.call/many.c -O2 compilation failed to produce executable
FAIL: libffi.call/many2.c -O2 (test for excess errors)
UNRESOLVED: libffi.call/many2.c -O2 compilation failed to produce executable
FAIL: libffi.call/negint.c -O2 (test for excess errors)
UNRESOLVED: libffi.call/negint.c -O2 compilation failed to produce executable
FAIL: libffi.call/nested_struct.c -O2 (test for excess errors)
UNRESOLVED: libffi.call/nested_struct.c -O2 compilation failed to produce executable
FAIL: libffi.call/nested_struct1.c -O2 (test for excess errors)
UNRESOLVED: libffi.call/nested_struct1.c -O2 compilation failed to produce executable
FAIL: libffi.call/nested_struct10.c -O2 (test for excess errors)
UNRESOLVED: libffi.call/nested_struct10.c -O2 compilation failed to produce executable
FAIL: libffi.call/nested_struct11.c -O2 (test for excess errors)
UNRESOLVED: libffi.call/nested_struct11.c -O2 compilation failed to produce executable
FAIL: libffi.call/nested_struct2.c -O2 (test for excess errors)
UNRESOLVED: libffi.call/nested_struct2.c -O2 compilation failed to produce executable
FAIL: libffi.call/nested_struct3.c -O2 (test for excess errors)
UNRESOLVED: libffi.call/nested_struct3.c -O2 compilation failed to produce executable
FAIL: libffi.call/nested_struct4.c -O2 (test for excess errors)
UNRESOLVED: libffi.call/nested_struct4.c -O2 compilation failed to produce executable
FAIL: libffi.call/nested_struct5.c -O2 (test for excess errors)
UNRESOLVED: libffi.call/nested_struct5.c -O2 compilation failed to produce executable
FAIL: libffi.call/nested_struct6.c -O2 (test for excess errors)
UNRESOLVED: libffi.call/nested_struct6.c -O2 compilation failed to produce executable
FAIL: libffi.call/nested_struct7.c -O2 (test for excess errors)
UNRESOLVED: libffi.call/nested_struct7.c -O2 compilation failed to produce executable
FAIL: libffi.call/nested_struct8.c -O2 (test for excess errors)
UNRESOLVED: libffi.call/nested_struct8.c -O2 compilation failed to produce executable
FAIL: libffi.call/nested_struct9.c -O2 (test for excess errors)
UNRESOLVED: libffi.call/nested_struct9.c -O2 compilation failed to produce executable
FAIL: libffi.call/problem1.c -O2 (test for excess errors)
UNRESOLVED: libffi.call/problem1.c -O2 compilation failed to produce executable
FAIL: libffi.call/promotion.c -O2 (test for excess errors)
UNRESOLVED: libffi.call/promotion.c -O2 compilation failed to produce executable
FAIL: libffi.call/pyobjc-tc.c -O2 (test for excess errors)
UNRESOLVED: libffi.call/pyobjc-tc.c -O2 compilation failed to produce executable
FAIL: libffi.call/return_dbl.c -O2 (test for excess errors)
UNRESOLVED: libffi.call/return_dbl.c -O2 compilation failed to produce executable
FAIL: libffi.call/return_dbl1.c -O2 (test for excess errors)
UNRESOLVED: libffi.call/return_dbl1.c -O2 compilation failed to produce executable
FAIL: libffi.call/return_dbl2.c -O2 (test for excess errors)
UNRESOLVED: libffi.call/return_dbl2.c -O2 compilation failed to produce executable
FAIL: libffi.call/return_fl.c -O2 (test for excess errors)
UNRESOLVED: libffi.call/return_fl.c -O2 compilation failed to produce executable
FAIL: libffi.call/return_fl1.c -O2 (test for excess errors)
UNRESOLVED: libffi.call/return_fl1.c -O2 compilation failed to produce executable
FAIL: libffi.call/return_fl2.c -O2 (test for excess errors)
UNRESOLVED: libffi.call/return_fl2.c -O2 compilation failed to produce executable
FAIL: libffi.call/return_fl3.c -O2 (test for excess errors)
UNRESOLVED: libffi.call/return_fl3.c -O2 compilation failed to produce executable
FAIL: libffi.call/return_ldl.c -O2 (test for excess errors)
UNRESOLVED: libffi.call/return_ldl.c -O2 compilation failed to produce executable
FAIL: libffi.call/return_ll.c -O2 (test for excess errors)
UNRESOLVED: libffi.call/return_ll.c -O2 compilation failed to produce executable
FAIL: libffi.call/return_ll1.c -O2 (test for excess errors)
UNRESOLVED: libffi.call/return_ll1.c -O2 compilation failed to produce executable
FAIL: libffi.call/return_sc.c -O2 (test for excess errors)
UNRESOLVED: libffi.call/return_sc.c -O2 compilation failed to produce executable
FAIL: libffi.call/return_sl.c -O2 (test for excess errors)
UNRESOLVED: libffi.call/return_sl.c -O2 compilation failed to produce executable
FAIL: libffi.call/return_uc.c -O2 (test for excess errors)
UNRESOLVED: libffi.call/return_uc.c -O2 compilation failed to produce executable
FAIL: libffi.call/return_ul.c -O2 (test for excess errors)
UNRESOLVED: libffi.call/return_ul.c -O2 compilation failed to produce executable
FAIL: libffi.call/stret_large.c -O2 (test for excess errors)
UNRESOLVED: libffi.call/stret_large.c -O2 compilation failed to produce executable
FAIL: libffi.call/stret_large2.c -O2 (test for excess errors)
UNRESOLVED: libffi.call/stret_large2.c -O2 compilation failed to produce executable
FAIL: libffi.call/stret_medium.c -O2 (test for excess errors)
UNRESOLVED: libffi.call/stret_medium.c -O2 compilation failed to produce executable
FAIL: libffi.call/stret_medium2.c -O2 (test for excess errors)
UNRESOLVED: libffi.call/stret_medium2.c -O2 compilation failed to produce executable
FAIL: libffi.call/strlen.c -O2 (test for excess errors)
UNRESOLVED: libffi.call/strlen.c -O2 compilation failed to produce executable
FAIL: libffi.call/struct1.c -O2 (test for excess errors)
UNRESOLVED: libffi.call/struct1.c -O2 compilation failed to produce executable
FAIL: libffi.call/struct2.c -O2 (test for excess errors)
UNRESOLVED: libffi.call/struct2.c -O2 compilation failed to produce executable
FAIL: libffi.call/struct3.c -O2 (test for excess errors)
UNRESOLVED: libffi.call/struct3.c -O2 compilation failed to produce executable
FAIL: libffi.call/struct4.c -O2 (test for excess errors)
UNRESOLVED: libffi.call/struct4.c -O2 compilation failed to produce executable
FAIL: libffi.call/struct5.c -O2 (test for excess errors)
UNRESOLVED: libffi.call/struct5.c -O2 compilation failed to produce executable
FAIL: libffi.call/struct6.c -O2 (test for excess errors)
UNRESOLVED: libffi.call/struct6.c -O2 compilation failed to produce executable
FAIL: libffi.call/struct7.c -O2 (test for excess errors)
UNRESOLVED: libffi.call/struct7.c -O2 compilation failed to produce executable
FAIL: libffi.call/struct8.c -O2 (test for excess errors)
UNRESOLVED: libffi.call/struct8.c -O2 compilation failed to produce executable
FAIL: libffi.call/struct9.c -O2 (test for excess errors)
UNRESOLVED: libffi.call/struct9.c -O2 compilation failed to produce executable
FAIL: libffi.call/testclosure.c -O2 (test for excess errors)
UNRESOLVED: libffi.call/testclosure.c -O2 compilation failed to produce executable
FAIL: libffi.call/uninitialized.c -O2 (test for excess errors)
UNRESOLVED: libffi.call/uninitialized.c -O2 compilation failed to produce executable
FAIL: libffi.call/va_1.c -O2 (test for excess errors)
UNRESOLVED: libffi.call/va_1.c -O2 compilation failed to produce executable
FAIL: libffi.call/va_struct1.c -O2 (test for excess errors)
UNRESOLVED: libffi.call/va_struct1.c -O2 compilation failed to produce executable
FAIL: libffi.call/va_struct2.c -O2 (test for excess errors)
UNRESOLVED: libffi.call/va_struct2.c -O2 compilation failed to produce executable
FAIL: libffi.call/va_struct3.c -O2 (test for excess errors)
UNRESOLVED: libffi.call/va_struct3.c -O2 compilation failed to produce executable
FAIL: libffi.call/closure_fn0.c -O3 (test for excess errors)
UNRESOLVED: libffi.call/closure_fn0.c -O3 compilation failed to produce executable
FAIL: libffi.call/closure_fn1.c -O3 (test for excess errors)
UNRESOLVED: libffi.call/closure_fn1.c -O3 compilation failed to produce executable
FAIL: libffi.call/closure_fn2.c -O3 (test for excess errors)
UNRESOLVED: libffi.call/closure_fn2.c -O3 compilation failed to produce executable
FAIL: libffi.call/closure_fn3.c -O3 (test for excess errors)
UNRESOLVED: libffi.call/closure_fn3.c -O3 compilation failed to produce executable
FAIL: libffi.call/closure_fn4.c -O3 (test for excess errors)
UNRESOLVED: libffi.call/closure_fn4.c -O3 compilation failed to produce executable
FAIL: libffi.call/closure_fn5.c -O3 (test for excess errors)
UNRESOLVED: libffi.call/closure_fn5.c -O3 compilation failed to produce executable
FAIL: libffi.call/closure_fn6.c -O3 (test for excess errors)
UNRESOLVED: libffi.call/closure_fn6.c -O3 compilation failed to produce executable
FAIL: libffi.call/closure_loc_fn0.c -O3 (test for excess errors)
UNRESOLVED: libffi.call/closure_loc_fn0.c -O3 compilation failed to produce executable
FAIL: libffi.call/cls_12byte.c -O3 (test for excess errors)
UNRESOLVED: libffi.call/cls_12byte.c -O3 compilation failed to produce executable
FAIL: libffi.call/cls_16byte.c -O3 (test for excess errors)
UNRESOLVED: libffi.call/cls_16byte.c -O3 compilation failed to produce executable
FAIL: libffi.call/cls_18byte.c -O3 (test for excess errors)
UNRESOLVED: libffi.call/cls_18byte.c -O3 compilation failed to produce executable
FAIL: libffi.call/cls_19byte.c -O3 (test for excess errors)
UNRESOLVED: libffi.call/cls_19byte.c -O3 compilation failed to produce executable
FAIL: libffi.call/cls_1_1byte.c -O3 (test for excess errors)
UNRESOLVED: libffi.call/cls_1_1byte.c -O3 compilation failed to produce executable
FAIL: libffi.call/cls_20byte.c -O3 (test for excess errors)
UNRESOLVED: libffi.call/cls_20byte.c -O3 compilation failed to produce executable
FAIL: libffi.call/cls_20byte1.c -O3 (test for excess errors)
UNRESOLVED: libffi.call/cls_20byte1.c -O3 compilation failed to produce executable
FAIL: libffi.call/cls_24byte.c -O3 (test for excess errors)
UNRESOLVED: libffi.call/cls_24byte.c -O3 compilation failed to produce executable
FAIL: libffi.call/cls_2byte.c -O3 (test for excess errors)
UNRESOLVED: libffi.call/cls_2byte.c -O3 compilation failed to produce executable
FAIL: libffi.call/cls_3_1byte.c -O3 (test for excess errors)
UNRESOLVED: libffi.call/cls_3_1byte.c -O3 compilation failed to produce executable
FAIL: libffi.call/cls_3byte1.c -O3 (test for excess errors)
UNRESOLVED: libffi.call/cls_3byte1.c -O3 compilation failed to produce executable
FAIL: libffi.call/cls_3byte2.c -O3 (test for excess errors)
UNRESOLVED: libffi.call/cls_3byte2.c -O3 compilation failed to produce executable
FAIL: libffi.call/cls_4_1byte.c -O3 (test for excess errors)
UNRESOLVED: libffi.call/cls_4_1byte.c -O3 compilation failed to produce executable
FAIL: libffi.call/cls_4byte.c -O3 (test for excess errors)
UNRESOLVED: libffi.call/cls_4byte.c -O3 compilation failed to produce executable
FAIL: libffi.call/cls_5_1_byte.c -O3 (test for excess errors)
UNRESOLVED: libffi.call/cls_5_1_byte.c -O3 compilation failed to produce executable
FAIL: libffi.call/cls_5byte.c -O3 (test for excess errors)
UNRESOLVED: libffi.call/cls_5byte.c -O3 compilation failed to produce executable
FAIL: libffi.call/cls_64byte.c -O3 (test for excess errors)
UNRESOLVED: libffi.call/cls_64byte.c -O3 compilation failed to produce executable
FAIL: libffi.call/cls_6_1_byte.c -O3 (test for excess errors)
UNRESOLVED: libffi.call/cls_6_1_byte.c -O3 compilation failed to produce executable
FAIL: libffi.call/cls_6byte.c -O3 (test for excess errors)
UNRESOLVED: libffi.call/cls_6byte.c -O3 compilation failed to produce executable
FAIL: libffi.call/cls_7_1_byte.c -O3 (test for excess errors)
UNRESOLVED: libffi.call/cls_7_1_byte.c -O3 compilation failed to produce executable
FAIL: libffi.call/cls_7byte.c -O3 (test for excess errors)
UNRESOLVED: libffi.call/cls_7byte.c -O3 compilation failed to produce executable
FAIL: libffi.call/cls_8byte.c -O3 (test for excess errors)
UNRESOLVED: libffi.call/cls_8byte.c -O3 compilation failed to produce executable
FAIL: libffi.call/cls_9byte1.c -O3 (test for excess errors)
UNRESOLVED: libffi.call/cls_9byte1.c -O3 compilation failed to produce executable
FAIL: libffi.call/cls_9byte2.c -O3 (test for excess errors)
UNRESOLVED: libffi.call/cls_9byte2.c -O3 compilation failed to produce executable
FAIL: libffi.call/cls_align_double.c -O3 (test for excess errors)
UNRESOLVED: libffi.call/cls_align_double.c -O3 compilation failed to produce 
executable
FAIL: libffi.call/cls_align_float.c -O3 (test for excess errors)
UNRESOLVED: libffi.call/cls_align_float.c -O3 compilation failed to produce executable
FAIL: libffi.call/cls_align_longdouble.c -O3 (test for excess errors)
UNRESOLVED: libffi.call/cls_align_longdouble.c -O3 compilation failed to produce 
executable
FAIL: libffi.call/cls_align_longdouble_split.c -O3 (test for excess errors)
UNRESOLVED: libffi.call/cls_align_longdouble_split.c -O3 compilation failed to produce 
executable
FAIL: libffi.call/cls_align_longdouble_split2.c -O3 (test for excess errors)
UNRESOLVED: libffi.call/cls_align_longdouble_split2.c -O3 compilation failed to produce 
executable
FAIL: libffi.call/cls_align_pointer.c -O3 (test for excess errors)
UNRESOLVED: libffi.call/cls_align_pointer.c -O3 compilation failed to produce 
executable
FAIL: libffi.call/cls_align_sint16.c -O3 (test for excess errors)
UNRESOLVED: libffi.call/cls_align_sint16.c -O3 compilation failed to produce executable
FAIL: libffi.call/cls_align_sint32.c -O3 (test for excess errors)
UNRESOLVED: libffi.call/cls_align_sint32.c -O3 compilation failed to produce executable
FAIL: libffi.call/cls_align_sint64.c -O3 (test for excess errors)
UNRESOLVED: libffi.call/cls_align_sint64.c -O3 compilation failed to produce executable
FAIL: libffi.call/cls_align_uint16.c -O3 (test for excess errors)
UNRESOLVED: libffi.call/cls_align_uint16.c -O3 compilation failed to produce executable
FAIL: libffi.call/cls_align_uint32.c -O3 (test for excess errors)
UNRESOLVED: libffi.call/cls_align_uint32.c -O3 compilation failed to produce executable
FAIL: libffi.call/cls_align_uint64.c -O3 (test for excess errors)
UNRESOLVED: libffi.call/cls_align_uint64.c -O3 compilation failed to produce executable
FAIL: libffi.call/cls_dbls_struct.c -O3 (test for excess errors)
UNRESOLVED: libffi.call/cls_dbls_struct.c -O3 compilation failed to produce executable
FAIL: libffi.call/cls_double.c -O3 (test for excess errors)
UNRESOLVED: libffi.call/cls_double.c -O3 compilation failed to produce executable
FAIL: libffi.call/cls_double_va.c -O3 (test for excess errors)
UNRESOLVED: libffi.call/cls_double_va.c -O3 compilation failed to produce executable
FAIL: libffi.call/cls_float.c -O3 (test for excess errors)
UNRESOLVED: libffi.call/cls_float.c -O3 compilation failed to produce executable
FAIL: libffi.call/cls_longdouble.c -O3 (test for excess errors)
UNRESOLVED: libffi.call/cls_longdouble.c -O3 compilation failed to produce executable
FAIL: libffi.call/cls_longdouble_va.c -O3 (test for excess errors)
UNRESOLVED: libffi.call/cls_longdouble_va.c -O3 compilation failed to produce 
executable
FAIL: libffi.call/cls_multi_schar.c -O3 (test for excess errors)
UNRESOLVED: libffi.call/cls_multi_schar.c -O3 compilation failed to produce executable
FAIL: libffi.call/cls_multi_sshort.c -O3 (test for excess errors)
UNRESOLVED: libffi.call/cls_multi_sshort.c -O3 compilation failed to produce executable
FAIL: libffi.call/cls_multi_sshortchar.c -O3 (test for excess errors)
UNRESOLVED: libffi.call/cls_multi_sshortchar.c -O3 compilation failed to produce 
executable
FAIL: libffi.call/cls_multi_uchar.c -O3 (test for excess errors)
UNRESOLVED: libffi.call/cls_multi_uchar.c -O3 compilation failed to produce executable
FAIL: libffi.call/cls_multi_ushort.c -O3 (test for excess errors)
UNRESOLVED: libffi.call/cls_multi_ushort.c -O3 compilation failed to produce executable
FAIL: libffi.call/cls_multi_ushortchar.c -O3 (test for excess errors)
UNRESOLVED: libffi.call/cls_multi_ushortchar.c -O3 compilation failed to produce 
executable
FAIL: libffi.call/cls_pointer.c -O3 (test for excess errors)
UNRESOLVED: libffi.call/cls_pointer.c -O3 compilation failed to produce executable
FAIL: libffi.call/cls_pointer_stack.c -O3 (test for excess errors)
UNRESOLVED: libffi.call/cls_pointer_stack.c -O3 compilation failed to produce 
executable
FAIL: libffi.call/cls_schar.c -O3 (test for excess errors)
UNRESOLVED: libffi.call/cls_schar.c -O3 compilation failed to produce executable
FAIL: libffi.call/cls_sint.c -O3 (test for excess errors)
UNRESOLVED: libffi.call/cls_sint.c -O3 compilation failed to produce executable
FAIL: libffi.call/cls_sshort.c -O3 (test for excess errors)
UNRESOLVED: libffi.call/cls_sshort.c -O3 compilation failed to produce executable
FAIL: libffi.call/cls_struct_va1.c -O3 (test for excess errors)
UNRESOLVED: libffi.call/cls_struct_va1.c -O3 compilation failed to produce executable
FAIL: libffi.call/cls_uchar.c -O3 (test for excess errors)
UNRESOLVED: libffi.call/cls_uchar.c -O3 compilation failed to produce executable
FAIL: libffi.call/cls_uchar_va.c -O3 (test for excess errors)
UNRESOLVED: libffi.call/cls_uchar_va.c -O3 compilation failed to produce executable
FAIL: libffi.call/cls_uint.c -O3 (test for excess errors)
UNRESOLVED: libffi.call/cls_uint.c -O3 compilation failed to produce executable
FAIL: libffi.call/cls_uint_va.c -O3 (test for excess errors)
UNRESOLVED: libffi.call/cls_uint_va.c -O3 compilation failed to produce executable
FAIL: libffi.call/cls_ulong_va.c -O3 (test for excess errors)
UNRESOLVED: libffi.call/cls_ulong_va.c -O3 compilation failed to produce executable
FAIL: libffi.call/cls_ulonglong.c -O3 (test for excess errors)
UNRESOLVED: libffi.call/cls_ulonglong.c -O3 compilation failed to produce executable
FAIL: libffi.call/cls_ushort.c -O3 (test for excess errors)
UNRESOLVED: libffi.call/cls_ushort.c -O3 compilation failed to produce executable
FAIL: libffi.call/cls_ushort_va.c -O3 (test for excess errors)
UNRESOLVED: libffi.call/cls_ushort_va.c -O3 compilation failed to produce executable
FAIL: libffi.call/err_bad_abi.c -O3 (test for excess errors)
UNRESOLVED: libffi.call/err_bad_abi.c -O3 compilation failed to produce executable
FAIL: libffi.call/err_bad_typedef.c -O3 (test for excess errors)
UNRESOLVED: libffi.call/err_bad_typedef.c -O3 compilation failed to produce executable
FAIL: libffi.call/float.c -O3 (test for excess errors)
UNRESOLVED: libffi.call/float.c -O3 compilation failed to produce executable
FAIL: libffi.call/float1.c -O3 (test for excess errors)
UNRESOLVED: libffi.call/float1.c -O3 compilation failed to produce executable
FAIL: libffi.call/float2.c -O3 (test for excess errors)
UNRESOLVED: libffi.call/float2.c -O3 compilation failed to produce executable
FAIL: libffi.call/float3.c -O3 (test for excess errors)
UNRESOLVED: libffi.call/float3.c -O3 compilation failed to produce executable
FAIL: libffi.call/float4.c -O3 (test for excess errors)
UNRESOLVED: libffi.call/float4.c -O3 compilation failed to produce executable
FAIL: libffi.call/float_va.c -O3 (test for excess errors)
UNRESOLVED: libffi.call/float_va.c -O3 compilation failed to produce executable
FAIL: libffi.call/huge_struct.c -O3 (test for excess errors)
UNRESOLVED: libffi.call/huge_struct.c -O3 compilation failed to produce executable
FAIL: libffi.call/many.c -O3 (test for excess errors)
UNRESOLVED: libffi.call/many.c -O3 compilation failed to produce executable
FAIL: libffi.call/many2.c -O3 (test for excess errors)
UNRESOLVED: libffi.call/many2.c -O3 compilation failed to produce executable
FAIL: libffi.call/negint.c -O3 (test for excess errors)
UNRESOLVED: libffi.call/negint.c -O3 compilation failed to produce executable
FAIL: libffi.call/nested_struct.c -O3 (test for excess errors)
UNRESOLVED: libffi.call/nested_struct.c -O3 compilation failed to produce executable
FAIL: libffi.call/nested_struct1.c -O3 (test for excess errors)
UNRESOLVED: libffi.call/nested_struct1.c -O3 compilation failed to produce executable
FAIL: libffi.call/nested_struct10.c -O3 (test for excess errors)
UNRESOLVED: libffi.call/nested_struct10.c -O3 compilation failed to produce executable
FAIL: libffi.call/nested_struct11.c -O3 (test for excess errors)
UNRESOLVED: libffi.call/nested_struct11.c -O3 compilation failed to produce executable
FAIL: libffi.call/nested_struct2.c -O3 (test for excess errors)
UNRESOLVED: libffi.call/nested_struct2.c -O3 compilation failed to produce executable
FAIL: libffi.call/nested_struct3.c -O3 (test for excess errors)
UNRESOLVED: libffi.call/nested_struct3.c -O3 compilation failed to produce executable
FAIL: libffi.call/nested_struct4.c -O3 (test for excess errors)
UNRESOLVED: libffi.call/nested_struct4.c -O3 compilation failed to produce executable
FAIL: libffi.call/nested_struct5.c -O3 (test for excess errors)
UNRESOLVED: libffi.call/nested_struct5.c -O3 compilation failed to produce executable
FAIL: libffi.call/nested_struct6.c -O3 (test for excess errors)
UNRESOLVED: libffi.call/nested_struct6.c -O3 compilation failed to produce executable
FAIL: libffi.call/nested_struct7.c -O3 (test for excess errors)
UNRESOLVED: libffi.call/nested_struct7.c -O3 compilation failed to produce executable
FAIL: libffi.call/nested_struct8.c -O3 (test for excess errors)
UNRESOLVED: libffi.call/nested_struct8.c -O3 compilation failed to produce executable
FAIL: libffi.call/nested_struct9.c -O3 (test for excess errors)
UNRESOLVED: libffi.call/nested_struct9.c -O3 compilation failed to produce executable
FAIL: libffi.call/problem1.c -O3 (test for excess errors)
UNRESOLVED: libffi.call/problem1.c -O3 compilation failed to produce executable
FAIL: libffi.call/promotion.c -O3 (test for excess errors)
UNRESOLVED: libffi.call/promotion.c -O3 compilation failed to produce executable
FAIL: libffi.call/pyobjc-tc.c -O3 (test for excess errors)
UNRESOLVED: libffi.call/pyobjc-tc.c -O3 compilation failed to produce executable
FAIL: libffi.call/return_dbl.c -O3 (test for excess errors)
UNRESOLVED: libffi.call/return_dbl.c -O3 compilation failed to produce executable
FAIL: libffi.call/return_dbl1.c -O3 (test for excess errors)
UNRESOLVED: libffi.call/return_dbl1.c -O3 compilation failed to produce executable
FAIL: libffi.call/return_dbl2.c -O3 (test for excess errors)
UNRESOLVED: libffi.call/return_dbl2.c -O3 compilation failed to produce executable
FAIL: libffi.call/return_fl.c -O3 (test for excess errors)
UNRESOLVED: libffi.call/return_fl.c -O3 compilation failed to produce executable
FAIL: libffi.call/return_fl1.c -O3 (test for excess errors)
UNRESOLVED: libffi.call/return_fl1.c -O3 compilation failed to produce executable
FAIL: libffi.call/return_fl2.c -O3 (test for excess errors)
UNRESOLVED: libffi.call/return_fl2.c -O3 compilation failed to produce executable
FAIL: libffi.call/return_fl3.c -O3 (test for excess errors)
UNRESOLVED: libffi.call/return_fl3.c -O3 compilation failed to produce executable
FAIL: libffi.call/return_ldl.c -O3 (test for excess errors)
UNRESOLVED: libffi.call/return_ldl.c -O3 compilation failed to produce executable
FAIL: libffi.call/return_ll.c -O3 (test for excess errors)
UNRESOLVED: libffi.call/return_ll.c -O3 compilation failed to produce executable
FAIL: libffi.call/return_ll1.c -O3 (test for excess errors)
UNRESOLVED: libffi.call/return_ll1.c -O3 compilation failed to produce executable
FAIL: libffi.call/return_sc.c -O3 (test for excess errors)
UNRESOLVED: libffi.call/return_sc.c -O3 compilation failed to produce executable
FAIL: libffi.call/return_sl.c -O3 (test for excess errors)
UNRESOLVED: libffi.call/return_sl.c -O3 compilation failed to produce executable
FAIL: libffi.call/return_uc.c -O3 (test for excess errors)
UNRESOLVED: libffi.call/return_uc.c -O3 compilation failed to produce executable
FAIL: libffi.call/return_ul.c -O3 (test for excess errors)
UNRESOLVED: libffi.call/return_ul.c -O3 compilation failed to produce executable
FAIL: libffi.call/stret_large.c -O3 (test for excess errors)
UNRESOLVED: libffi.call/stret_large.c -O3 compilation failed to produce executable
FAIL: libffi.call/stret_large2.c -O3 (test for excess errors)
UNRESOLVED: libffi.call/stret_large2.c -O3 compilation failed to produce executable
FAIL: libffi.call/stret_medium.c -O3 (test for excess errors)
UNRESOLVED: libffi.call/stret_medium.c -O3 compilation failed to produce executable
FAIL: libffi.call/stret_medium2.c -O3 (test for excess errors)
UNRESOLVED: libffi.call/stret_medium2.c -O3 compilation failed to produce executable
FAIL: libffi.call/strlen.c -O3 (test for excess errors)
UNRESOLVED: libffi.call/strlen.c -O3 compilation failed to produce executable
FAIL: libffi.call/struct1.c -O3 (test for excess errors)
UNRESOLVED: libffi.call/struct1.c -O3 compilation failed to produce executable
FAIL: libffi.call/struct2.c -O3 (test for excess errors)
UNRESOLVED: libffi.call/struct2.c -O3 compilation failed to produce executable
FAIL: libffi.call/struct3.c -O3 (test for excess errors)
UNRESOLVED: libffi.call/struct3.c -O3 compilation failed to produce executable
FAIL: libffi.call/struct4.c -O3 (test for excess errors)
UNRESOLVED: libffi.call/struct4.c -O3 compilation failed to produce executable
FAIL: libffi.call/struct5.c -O3 (test for excess errors)
UNRESOLVED: libffi.call/struct5.c -O3 compilation failed to produce executable
FAIL: libffi.call/struct6.c -O3 (test for excess errors)
UNRESOLVED: libffi.call/struct6.c -O3 compilation failed to produce executable
FAIL: libffi.call/struct7.c -O3 (test for excess errors)
UNRESOLVED: libffi.call/struct7.c -O3 compilation failed to produce executable
FAIL: libffi.call/struct8.c -O3 (test for excess errors)
UNRESOLVED: libffi.call/struct8.c -O3 compilation failed to produce executable
FAIL: libffi.call/struct9.c -O3 (test for excess errors)
UNRESOLVED: libffi.call/struct9.c -O3 compilation failed to produce executable
FAIL: libffi.call/testclosure.c -O3 (test for excess errors)
UNRESOLVED: libffi.call/testclosure.c -O3 compilation failed to produce executable
FAIL: libffi.call/uninitialized.c -O3 (test for excess errors)
UNRESOLVED: libffi.call/uninitialized.c -O3 compilation failed to produce executable
FAIL: libffi.call/va_1.c -O3 (test for excess errors)
UNRESOLVED: libffi.call/va_1.c -O3 compilation failed to produce executable
FAIL: libffi.call/va_struct1.c -O3 (test for excess errors)
UNRESOLVED: libffi.call/va_struct1.c -O3 compilation failed to produce executable
FAIL: libffi.call/va_struct2.c -O3 (test for excess errors)
UNRESOLVED: libffi.call/va_struct2.c -O3 compilation failed to produce executable
FAIL: libffi.call/va_struct3.c -O3 (test for excess errors)
UNRESOLVED: libffi.call/va_struct3.c -O3 compilation failed to produce executable
FAIL: libffi.call/closure_fn0.c -Os (test for excess errors)
UNRESOLVED: libffi.call/closure_fn0.c -Os compilation failed to produce executable
FAIL: libffi.call/closure_fn1.c -Os (test for excess errors)
UNRESOLVED: libffi.call/closure_fn1.c -Os compilation failed to produce executable
FAIL: libffi.call/closure_fn2.c -Os (test for excess errors)
UNRESOLVED: libffi.call/closure_fn2.c -Os compilation failed to produce executable
FAIL: libffi.call/closure_fn3.c -Os (test for excess errors)
UNRESOLVED: libffi.call/closure_fn3.c -Os compilation failed to produce executable
FAIL: libffi.call/closure_fn4.c -Os (test for excess errors)
UNRESOLVED: libffi.call/closure_fn4.c -Os compilation failed to produce executable
FAIL: libffi.call/closure_fn5.c -Os (test for excess errors)
UNRESOLVED: libffi.call/closure_fn5.c -Os compilation failed to produce executable
FAIL: libffi.call/closure_fn6.c -Os (test for excess errors)
UNRESOLVED: libffi.call/closure_fn6.c -Os compilation failed to produce executable
FAIL: libffi.call/closure_loc_fn0.c -Os (test for excess errors)
UNRESOLVED: libffi.call/closure_loc_fn0.c -Os compilation failed to produce executable
FAIL: libffi.call/cls_12byte.c -Os (test for excess errors)
UNRESOLVED: libffi.call/cls_12byte.c -Os compilation failed to produce executable
FAIL: libffi.call/cls_16byte.c -Os (test for excess errors)
UNRESOLVED: libffi.call/cls_16byte.c -Os compilation failed to produce executable
FAIL: libffi.call/cls_18byte.c -Os (test for excess errors)
UNRESOLVED: libffi.call/cls_18byte.c -Os compilation failed to produce executable
FAIL: libffi.call/cls_19byte.c -Os (test for excess errors)
UNRESOLVED: libffi.call/cls_19byte.c -Os compilation failed to produce executable
FAIL: libffi.call/cls_1_1byte.c -Os (test for excess errors)
UNRESOLVED: libffi.call/cls_1_1byte.c -Os compilation failed to produce executable
FAIL: libffi.call/cls_20byte.c -Os (test for excess errors)
UNRESOLVED: libffi.call/cls_20byte.c -Os compilation failed to produce executable
FAIL: libffi.call/cls_20byte1.c -Os (test for excess errors)
UNRESOLVED: libffi.call/cls_20byte1.c -Os compilation failed to produce executable
FAIL: libffi.call/cls_24byte.c -Os (test for excess errors)
UNRESOLVED: libffi.call/cls_24byte.c -Os compilation failed to produce executable
FAIL: libffi.call/cls_2byte.c -Os (test for excess errors)
UNRESOLVED: libffi.call/cls_2byte.c -Os compilation failed to produce executable
FAIL: libffi.call/cls_3_1byte.c -Os (test for excess errors)
UNRESOLVED: libffi.call/cls_3_1byte.c -Os compilation failed to produce executable
FAIL: libffi.call/cls_3byte1.c -Os (test for excess errors)
UNRESOLVED: libffi.call/cls_3byte1.c -Os compilation failed to produce executable
FAIL: libffi.call/cls_3byte2.c -Os (test for excess errors)
UNRESOLVED: libffi.call/cls_3byte2.c -Os compilation failed to produce executable
FAIL: libffi.call/cls_4_1byte.c -Os (test for excess errors)
UNRESOLVED: libffi.call/cls_4_1byte.c -Os compilation failed to produce executable
FAIL: libffi.call/cls_4byte.c -Os (test for excess errors)
UNRESOLVED: libffi.call/cls_4byte.c -Os compilation failed to produce executable
FAIL: libffi.call/cls_5_1_byte.c -Os (test for excess errors)
UNRESOLVED: libffi.call/cls_5_1_byte.c -Os compilation failed to produce executable
FAIL: libffi.call/cls_5byte.c -Os (test for excess errors)
UNRESOLVED: libffi.call/cls_5byte.c -Os compilation failed to produce executable
FAIL: libffi.call/cls_64byte.c -Os (test for excess errors)
UNRESOLVED: libffi.call/cls_64byte.c -Os compilation failed to produce executable
FAIL: libffi.call/cls_6_1_byte.c -Os (test for excess errors)
UNRESOLVED: libffi.call/cls_6_1_byte.c -Os compilation failed to produce executable
FAIL: libffi.call/cls_6byte.c -Os (test for excess errors)
UNRESOLVED: libffi.call/cls_6byte.c -Os compilation failed to produce executable
FAIL: libffi.call/cls_7_1_byte.c -Os (test for excess errors)
UNRESOLVED: libffi.call/cls_7_1_byte.c -Os compilation failed to produce executable
FAIL: libffi.call/cls_7byte.c -Os (test for excess errors)
UNRESOLVED: libffi.call/cls_7byte.c -Os compilation failed to produce executable
FAIL: libffi.call/cls_8byte.c -Os (test for excess errors)
UNRESOLVED: libffi.call/cls_8byte.c -Os compilation failed to produce executable
FAIL: libffi.call/cls_9byte1.c -Os (test for excess errors)
UNRESOLVED: libffi.call/cls_9byte1.c -Os compilation failed to produce executable
FAIL: libffi.call/cls_9byte2.c -Os (test for excess errors)
UNRESOLVED: libffi.call/cls_9byte2.c -Os compilation failed to produce executable
FAIL: libffi.call/cls_align_double.c -Os (test for excess errors)
UNRESOLVED: libffi.call/cls_align_double.c -Os compilation failed to produce executable
FAIL: libffi.call/cls_align_float.c -Os (test for excess errors)
UNRESOLVED: libffi.call/cls_align_float.c -Os compilation failed to produce executable
FAIL: libffi.call/cls_align_longdouble.c -Os (test for excess errors)
UNRESOLVED: libffi.call/cls_align_longdouble.c -Os compilation failed to produce 
executable
FAIL: libffi.call/cls_align_longdouble_split.c -Os (test for excess errors)
UNRESOLVED: libffi.call/cls_align_longdouble_split.c -Os compilation failed to produce 
executable
FAIL: libffi.call/cls_align_longdouble_split2.c -Os (test for excess errors)
UNRESOLVED: libffi.call/cls_align_longdouble_split2.c -Os compilation failed to produce 
executable
FAIL: libffi.call/cls_align_pointer.c -Os (test for excess errors)
UNRESOLVED: libffi.call/cls_align_pointer.c -Os compilation failed to produce 
executable
FAIL: libffi.call/cls_align_sint16.c -Os (test for excess errors)
UNRESOLVED: libffi.call/cls_align_sint16.c -Os compilation failed to produce executable
FAIL: libffi.call/cls_align_sint32.c -Os (test for excess errors)
UNRESOLVED: libffi.call/cls_align_sint32.c -Os compilation failed to produce executable
FAIL: libffi.call/cls_align_sint64.c -Os (test for excess errors)
UNRESOLVED: libffi.call/cls_align_sint64.c -Os compilation failed to produce executable
FAIL: libffi.call/cls_align_uint16.c -Os (test for excess errors)
UNRESOLVED: libffi.call/cls_align_uint16.c -Os compilation failed to produce executable
FAIL: libffi.call/cls_align_uint32.c -Os (test for excess errors)
UNRESOLVED: libffi.call/cls_align_uint32.c -Os compilation failed to produce executable
FAIL: libffi.call/cls_align_uint64.c -Os (test for excess errors)
UNRESOLVED: libffi.call/cls_align_uint64.c -Os compilation failed to produce executable
FAIL: libffi.call/cls_dbls_struct.c -Os (test for excess errors)
UNRESOLVED: libffi.call/cls_dbls_struct.c -Os compilation failed to produce executable
FAIL: libffi.call/cls_double.c -Os (test for excess errors)
UNRESOLVED: libffi.call/cls_double.c -Os compilation failed to produce executable
FAIL: libffi.call/cls_double_va.c -Os (test for excess errors)
UNRESOLVED: libffi.call/cls_double_va.c -Os compilation failed to produce executable
FAIL: libffi.call/cls_float.c -Os (test for excess errors)
UNRESOLVED: libffi.call/cls_float.c -Os compilation failed to produce executable
FAIL: libffi.call/cls_longdouble.c -Os (test for excess errors)
UNRESOLVED: libffi.call/cls_longdouble.c -Os compilation failed to produce executable
FAIL: libffi.call/cls_longdouble_va.c -Os (test for excess errors)
UNRESOLVED: libffi.call/cls_longdouble_va.c -Os compilation failed to produce 
executable
FAIL: libffi.call/cls_multi_schar.c -Os (test for excess errors)
UNRESOLVED: libffi.call/cls_multi_schar.c -Os compilation failed to produce executable
FAIL: libffi.call/cls_multi_sshort.c -Os (test for excess errors)
UNRESOLVED: libffi.call/cls_multi_sshort.c -Os compilation failed to produce executable
FAIL: libffi.call/cls_multi_sshortchar.c -Os (test for excess errors)
UNRESOLVED: libffi.call/cls_multi_sshortchar.c -Os compilation failed to produce 
executable
FAIL: libffi.call/cls_multi_uchar.c -Os (test for excess errors)
UNRESOLVED: libffi.call/cls_multi_uchar.c -Os compilation failed to produce executable
FAIL: libffi.call/cls_multi_ushort.c -Os (test for excess errors)
UNRESOLVED: libffi.call/cls_multi_ushort.c -Os compilation failed to produce executable
FAIL: libffi.call/cls_multi_ushortchar.c -Os (test for excess errors)
UNRESOLVED: libffi.call/cls_multi_ushortchar.c -Os compilation failed to produce 
executable
FAIL: libffi.call/cls_pointer.c -Os (test for excess errors)
UNRESOLVED: libffi.call/cls_pointer.c -Os compilation failed to produce executable
FAIL: libffi.call/cls_pointer_stack.c -Os (test for excess errors)
UNRESOLVED: libffi.call/cls_pointer_stack.c -Os compilation failed to produce 
executable
FAIL: libffi.call/cls_schar.c -Os (test for excess errors)
UNRESOLVED: libffi.call/cls_schar.c -Os compilation failed to produce executable
FAIL: libffi.call/cls_sint.c -Os (test for excess errors)
UNRESOLVED: libffi.call/cls_sint.c -Os compilation failed to produce executable
FAIL: libffi.call/cls_sshort.c -Os (test for excess errors)
UNRESOLVED: libffi.call/cls_sshort.c -Os compilation failed to produce executable
FAIL: libffi.call/cls_struct_va1.c -Os (test for excess errors)
UNRESOLVED: libffi.call/cls_struct_va1.c -Os compilation failed to produce executable
FAIL: libffi.call/cls_uchar.c -Os (test for excess errors)
UNRESOLVED: libffi.call/cls_uchar.c -Os compilation failed to produce executable
FAIL: libffi.call/cls_uchar_va.c -Os (test for excess errors)
UNRESOLVED: libffi.call/cls_uchar_va.c -Os compilation failed to produce executable
FAIL: libffi.call/cls_uint.c -Os (test for excess errors)
UNRESOLVED: libffi.call/cls_uint.c -Os compilation failed to produce executable
FAIL: libffi.call/cls_uint_va.c -Os (test for excess errors)
UNRESOLVED: libffi.call/cls_uint_va.c -Os compilation failed to produce executable
FAIL: libffi.call/cls_ulong_va.c -Os (test for excess errors)
UNRESOLVED: libffi.call/cls_ulong_va.c -Os compilation failed to produce executable
FAIL: libffi.call/cls_ulonglong.c -Os (test for excess errors)
UNRESOLVED: libffi.call/cls_ulonglong.c -Os compilation failed to produce executable
FAIL: libffi.call/cls_ushort.c -Os (test for excess errors)
UNRESOLVED: libffi.call/cls_ushort.c -Os compilation failed to produce executable
FAIL: libffi.call/cls_ushort_va.c -Os (test for excess errors)
UNRESOLVED: libffi.call/cls_ushort_va.c -Os compilation failed to produce executable
FAIL: libffi.call/err_bad_abi.c -Os (test for excess errors)
UNRESOLVED: libffi.call/err_bad_abi.c -Os compilation failed to produce executable
FAIL: libffi.call/err_bad_typedef.c -Os (test for excess errors)
UNRESOLVED: libffi.call/err_bad_typedef.c -Os compilation failed to produce executable
FAIL: libffi.call/float.c -Os (test for excess errors)
UNRESOLVED: libffi.call/float.c -Os compilation failed to produce executable
FAIL: libffi.call/float1.c -Os (test for excess errors)
UNRESOLVED: libffi.call/float1.c -Os compilation failed to produce executable
FAIL: libffi.call/float2.c -Os (test for excess errors)
UNRESOLVED: libffi.call/float2.c -Os compilation failed to produce executable
FAIL: libffi.call/float3.c -Os (test for excess errors)
UNRESOLVED: libffi.call/float3.c -Os compilation failed to produce executable
FAIL: libffi.call/float4.c -Os (test for excess errors)
UNRESOLVED: libffi.call/float4.c -Os compilation failed to produce executable
FAIL: libffi.call/float_va.c -Os (test for excess errors)
UNRESOLVED: libffi.call/float_va.c -Os compilation failed to produce executable
FAIL: libffi.call/huge_struct.c -Os (test for excess errors)
UNRESOLVED: libffi.call/huge_struct.c -Os compilation failed to produce executable
FAIL: libffi.call/many.c -Os (test for excess errors)
UNRESOLVED: libffi.call/many.c -Os compilation failed to produce executable
FAIL: libffi.call/many2.c -Os (test for excess errors)
UNRESOLVED: libffi.call/many2.c -Os compilation failed to produce executable
FAIL: libffi.call/negint.c -Os (test for excess errors)
UNRESOLVED: libffi.call/negint.c -Os compilation failed to produce executable
FAIL: libffi.call/nested_struct.c -Os (test for excess errors)
UNRESOLVED: libffi.call/nested_struct.c -Os compilation failed to produce executable
FAIL: libffi.call/nested_struct1.c -Os (test for excess errors)
UNRESOLVED: libffi.call/nested_struct1.c -Os compilation failed to produce executable
FAIL: libffi.call/nested_struct10.c -Os (test for excess errors)
UNRESOLVED: libffi.call/nested_struct10.c -Os compilation failed to produce executable
FAIL: libffi.call/nested_struct11.c -Os (test for excess errors)
UNRESOLVED: libffi.call/nested_struct11.c -Os compilation failed to produce executable
FAIL: libffi.call/nested_struct2.c -Os (test for excess errors)
UNRESOLVED: libffi.call/nested_struct2.c -Os compilation failed to produce executable
FAIL: libffi.call/nested_struct3.c -Os (test for excess errors)
UNRESOLVED: libffi.call/nested_struct3.c -Os compilation failed to produce executable
FAIL: libffi.call/nested_struct4.c -Os (test for excess errors)
UNRESOLVED: libffi.call/nested_struct4.c -Os compilation failed to produce executable
FAIL: libffi.call/nested_struct5.c -Os (test for excess errors)
UNRESOLVED: libffi.call/nested_struct5.c -Os compilation failed to produce executable
FAIL: libffi.call/nested_struct6.c -Os (test for excess errors)
UNRESOLVED: libffi.call/nested_struct6.c -Os compilation failed to produce executable
FAIL: libffi.call/nested_struct7.c -Os (test for excess errors)
UNRESOLVED: libffi.call/nested_struct7.c -Os compilation failed to produce executable
FAIL: libffi.call/nested_struct8.c -Os (test for excess errors)
UNRESOLVED: libffi.call/nested_struct8.c -Os compilation failed to produce executable
FAIL: libffi.call/nested_struct9.c -Os (test for excess errors)
UNRESOLVED: libffi.call/nested_struct9.c -Os compilation failed to produce executable
FAIL: libffi.call/problem1.c -Os (test for excess errors)
UNRESOLVED: libffi.call/problem1.c -Os compilation failed to produce executable
FAIL: libffi.call/promotion.c -Os (test for excess errors)
UNRESOLVED: libffi.call/promotion.c -Os compilation failed to produce executable
FAIL: libffi.call/pyobjc-tc.c -Os (test for excess errors)
UNRESOLVED: libffi.call/pyobjc-tc.c -Os compilation failed to produce executable
FAIL: libffi.call/return_dbl.c -Os (test for excess errors)
UNRESOLVED: libffi.call/return_dbl.c -Os compilation failed to produce executable
FAIL: libffi.call/return_dbl1.c -Os (test for excess errors)
UNRESOLVED: libffi.call/return_dbl1.c -Os compilation failed to produce executable
FAIL: libffi.call/return_dbl2.c -Os (test for excess errors)
UNRESOLVED: libffi.call/return_dbl2.c -Os compilation failed to produce executable
FAIL: libffi.call/return_fl.c -Os (test for excess errors)
UNRESOLVED: libffi.call/return_fl.c -Os compilation failed to produce executable
FAIL: libffi.call/return_fl1.c -Os (test for excess errors)
UNRESOLVED: libffi.call/return_fl1.c -Os compilation failed to produce executable
FAIL: libffi.call/return_fl2.c -Os (test for excess errors)
UNRESOLVED: libffi.call/return_fl2.c -Os compilation failed to produce executable
FAIL: libffi.call/return_fl3.c -Os (test for excess errors)
UNRESOLVED: libffi.call/return_fl3.c -Os compilation failed to produce executable
FAIL: libffi.call/return_ldl.c -Os (test for excess errors)
UNRESOLVED: libffi.call/return_ldl.c -Os compilation failed to produce executable
FAIL: libffi.call/return_ll.c -Os (test for excess errors)
UNRESOLVED: libffi.call/return_ll.c -Os compilation failed to produce executable
FAIL: libffi.call/return_ll1.c -Os (test for excess errors)
UNRESOLVED: libffi.call/return_ll1.c -Os compilation failed to produce executable
FAIL: libffi.call/return_sc.c -Os (test for excess errors)
UNRESOLVED: libffi.call/return_sc.c -Os compilation failed to produce executable
FAIL: libffi.call/return_sl.c -Os (test for excess errors)
UNRESOLVED: libffi.call/return_sl.c -Os compilation failed to produce executable
FAIL: libffi.call/return_uc.c -Os (test for excess errors)
UNRESOLVED: libffi.call/return_uc.c -Os compilation failed to produce executable
FAIL: libffi.call/return_ul.c -Os (test for excess errors)
UNRESOLVED: libffi.call/return_ul.c -Os compilation failed to produce executable
FAIL: libffi.call/stret_large.c -Os (test for excess errors)
UNRESOLVED: libffi.call/stret_large.c -Os compilation failed to produce executable
FAIL: libffi.call/stret_large2.c -Os (test for excess errors)
UNRESOLVED: libffi.call/stret_large2.c -Os compilation failed to produce executable
FAIL: libffi.call/stret_medium.c -Os (test for excess errors)
UNRESOLVED: libffi.call/stret_medium.c -Os compilation failed to produce executable
FAIL: libffi.call/stret_medium2.c -Os (test for excess errors)
UNRESOLVED: libffi.call/stret_medium2.c -Os compilation failed to produce executable
FAIL: libffi.call/strlen.c -Os (test for excess errors)
UNRESOLVED: libffi.call/strlen.c -Os compilation failed to produce executable
FAIL: libffi.call/struct1.c -Os (test for excess errors)
UNRESOLVED: libffi.call/struct1.c -Os compilation failed to produce executable
FAIL: libffi.call/struct2.c -Os (test for excess errors)
UNRESOLVED: libffi.call/struct2.c -Os compilation failed to produce executable
FAIL: libffi.call/struct3.c -Os (test for excess errors)
UNRESOLVED: libffi.call/struct3.c -Os compilation failed to produce executable
FAIL: libffi.call/struct4.c -Os (test for excess errors)
UNRESOLVED: libffi.call/struct4.c -Os compilation failed to produce executable
FAIL: libffi.call/struct5.c -Os (test for excess errors)
UNRESOLVED: libffi.call/struct5.c -Os compilation failed to produce executable
FAIL: libffi.call/struct6.c -Os (test for excess errors)
UNRESOLVED: libffi.call/struct6.c -Os compilation failed to produce executable
FAIL: libffi.call/struct7.c -Os (test for excess errors)
UNRESOLVED: libffi.call/struct7.c -Os compilation failed to produce executable
FAIL: libffi.call/struct8.c -Os (test for excess errors)
UNRESOLVED: libffi.call/struct8.c -Os compilation failed to produce executable
FAIL: libffi.call/struct9.c -Os (test for excess errors)
UNRESOLVED: libffi.call/struct9.c -Os compilation failed to produce executable
FAIL: libffi.call/testclosure.c -Os (test for excess errors)
UNRESOLVED: libffi.call/testclosure.c -Os compilation failed to produce executable
FAIL: libffi.call/uninitialized.c -Os (test for excess errors)
UNRESOLVED: libffi.call/uninitialized.c -Os compilation failed to produce executable
FAIL: libffi.call/va_1.c -Os (test for excess errors)
UNRESOLVED: libffi.call/va_1.c -Os compilation failed to produce executable
FAIL: libffi.call/va_struct1.c -Os (test for excess errors)
UNRESOLVED: libffi.call/va_struct1.c -Os compilation failed to produce executable
FAIL: libffi.call/va_struct2.c -Os (test for excess errors)
UNRESOLVED: libffi.call/va_struct2.c -Os compilation failed to produce executable
FAIL: libffi.call/va_struct3.c -Os (test for excess errors)
UNRESOLVED: libffi.call/va_struct3.c -Os compilation failed to produce executable
FAIL: libffi.call/closure_fn0.c -O2 -fomit-frame-pointer (test for excess errors)
UNRESOLVED: libffi.call/closure_fn0.c -O2 -fomit-frame-pointer compilation failed to 
produce executable
FAIL: libffi.call/closure_fn1.c -O2 -fomit-frame-pointer (test for excess errors)
UNRESOLVED: libffi.call/closure_fn1.c -O2 -fomit-frame-pointer compilation failed to 
produce executable
FAIL: libffi.call/closure_fn2.c -O2 -fomit-frame-pointer (test for excess errors)
UNRESOLVED: libffi.call/closure_fn2.c -O2 -fomit-frame-pointer compilation failed to 
produce executable
FAIL: libffi.call/closure_fn3.c -O2 -fomit-frame-pointer (test for excess errors)
UNRESOLVED: libffi.call/closure_fn3.c -O2 -fomit-frame-pointer compilation failed to 
produce executable
FAIL: libffi.call/closure_fn4.c -O2 -fomit-frame-pointer (test for excess errors)
UNRESOLVED: libffi.call/closure_fn4.c -O2 -fomit-frame-pointer compilation failed to 
produce executable
FAIL: libffi.call/closure_fn5.c -O2 -fomit-frame-pointer (test for excess errors)
UNRESOLVED: libffi.call/closure_fn5.c -O2 -fomit-frame-pointer compilation failed to 
produce executable
FAIL: libffi.call/closure_fn6.c -O2 -fomit-frame-pointer (test for excess errors)
UNRESOLVED: libffi.call/closure_fn6.c -O2 -fomit-frame-pointer compilation failed to 
produce executable
FAIL: libffi.call/closure_loc_fn0.c -O2 -fomit-frame-pointer (test for excess errors)
UNRESOLVED: libffi.call/closure_loc_fn0.c -O2 -fomit-frame-pointer compilation failed 
to produce executable
FAIL: libffi.call/cls_12byte.c -O2 -fomit-frame-pointer (test for excess errors)
UNRESOLVED: libffi.call/cls_12byte.c -O2 -fomit-frame-pointer compilation failed to 
produce executable
FAIL: libffi.call/cls_16byte.c -O2 -fomit-frame-pointer (test for excess errors)
UNRESOLVED: libffi.call/cls_16byte.c -O2 -fomit-frame-pointer compilation failed to 
produce executable
FAIL: libffi.call/cls_18byte.c -O2 -fomit-frame-pointer (test for excess errors)
UNRESOLVED: libffi.call/cls_18byte.c -O2 -fomit-frame-pointer compilation failed to 
produce executable
FAIL: libffi.call/cls_19byte.c -O2 -fomit-frame-pointer (test for excess errors)
UNRESOLVED: libffi.call/cls_19byte.c -O2 -fomit-frame-pointer compilation failed to 
produce executable
FAIL: libffi.call/cls_1_1byte.c -O2 -fomit-frame-pointer (test for excess errors)
UNRESOLVED: libffi.call/cls_1_1byte.c -O2 -fomit-frame-pointer compilation failed to 
produce executable
FAIL: libffi.call/cls_20byte.c -O2 -fomit-frame-pointer (test for excess errors)
UNRESOLVED: libffi.call/cls_20byte.c -O2 -fomit-frame-pointer compilation failed to 
produce executable
FAIL: libffi.call/cls_20byte1.c -O2 -fomit-frame-pointer (test for excess errors)
UNRESOLVED: libffi.call/cls_20byte1.c -O2 -fomit-frame-pointer compilation failed to 
produce executable
FAIL: libffi.call/cls_24byte.c -O2 -fomit-frame-pointer (test for excess errors)
UNRESOLVED: libffi.call/cls_24byte.c -O2 -fomit-frame-pointer compilation failed to 
produce executable
FAIL: libffi.call/cls_2byte.c -O2 -fomit-frame-pointer (test for excess errors)
UNRESOLVED: libffi.call/cls_2byte.c -O2 -fomit-frame-pointer compilation failed to 
produce executable
FAIL: libffi.call/cls_3_1byte.c -O2 -fomit-frame-pointer (test for excess errors)
UNRESOLVED: libffi.call/cls_3_1byte.c -O2 -fomit-frame-pointer compilation failed to 
produce executable
FAIL: libffi.call/cls_3byte1.c -O2 -fomit-frame-pointer (test for excess errors)
UNRESOLVED: libffi.call/cls_3byte1.c -O2 -fomit-frame-pointer compilation failed to 
produce executable
FAIL: libffi.call/cls_3byte2.c -O2 -fomit-frame-pointer (test for excess errors)
UNRESOLVED: libffi.call/cls_3byte2.c -O2 -fomit-frame-pointer compilation failed to 
produce executable
FAIL: libffi.call/cls_4_1byte.c -O2 -fomit-frame-pointer (test for excess errors)
UNRESOLVED: libffi.call/cls_4_1byte.c -O2 -fomit-frame-pointer compilation failed to 
produce executable
FAIL: libffi.call/cls_4byte.c -O2 -fomit-frame-pointer (test for excess errors)
UNRESOLVED: libffi.call/cls_4byte.c -O2 -fomit-frame-pointer compilation failed to 
produce executable
FAIL: libffi.call/cls_5_1_byte.c -O2 -fomit-frame-pointer (test for excess errors)
UNRESOLVED: libffi.call/cls_5_1_byte.c -O2 -fomit-frame-pointer compilation failed to 
produce executable
FAIL: libffi.call/cls_5byte.c -O2 -fomit-frame-pointer (test for excess errors)
UNRESOLVED: libffi.call/cls_5byte.c -O2 -fomit-frame-pointer compilation failed to 
produce executable
FAIL: libffi.call/cls_64byte.c -O2 -fomit-frame-pointer (test for excess errors)
UNRESOLVED: libffi.call/cls_64byte.c -O2 -fomit-frame-pointer compilation failed to 
produce executable
FAIL: libffi.call/cls_6_1_byte.c -O2 -fomit-frame-pointer (test for excess errors)
UNRESOLVED: libffi.call/cls_6_1_byte.c -O2 -fomit-frame-pointer compilation failed to 
produce executable
FAIL: libffi.call/cls_6byte.c -O2 -fomit-frame-pointer (test for excess errors)
UNRESOLVED: libffi.call/cls_6byte.c -O2 -fomit-frame-pointer compilation failed to 
produce executable
FAIL: libffi.call/cls_7_1_byte.c -O2 -fomit-frame-pointer (test for excess errors)
UNRESOLVED: libffi.call/cls_7_1_byte.c -O2 -fomit-frame-pointer compilation failed to 
produce executable
FAIL: libffi.call/cls_7byte.c -O2 -fomit-frame-pointer (test for excess errors)
UNRESOLVED: libffi.call/cls_7byte.c -O2 -fomit-frame-pointer compilation failed to 
produce executable
FAIL: libffi.call/cls_8byte.c -O2 -fomit-frame-pointer (test for excess errors)
UNRESOLVED: libffi.call/cls_8byte.c -O2 -fomit-frame-pointer compilation failed to 
produce executable
FAIL: libffi.call/cls_9byte1.c -O2 -fomit-frame-pointer (test for excess errors)
UNRESOLVED: libffi.call/cls_9byte1.c -O2 -fomit-frame-pointer compilation failed to 
produce executable
FAIL: libffi.call/cls_9byte2.c -O2 -fomit-frame-pointer (test for excess errors)
UNRESOLVED: libffi.call/cls_9byte2.c -O2 -fomit-frame-pointer compilation failed to 
produce executable
FAIL: libffi.call/cls_align_double.c -O2 -fomit-frame-pointer (test for excess errors)
UNRESOLVED: libffi.call/cls_align_double.c -O2 -fomit-frame-pointer compilation failed 
to produce executable
FAIL: libffi.call/cls_align_float.c -O2 -fomit-frame-pointer (test for excess errors)
UNRESOLVED: libffi.call/cls_align_float.c -O2 -fomit-frame-pointer compilation failed to 
produce executable
FAIL: libffi.call/cls_align_longdouble.c -O2 -fomit-frame-pointer (test for excess errors)
UNRESOLVED: libffi.call/cls_align_longdouble.c -O2 -fomit-frame-pointer compilation 
failed to produce executable
FAIL: libffi.call/cls_align_longdouble_split.c -O2 -fomit-frame-pointer (test for excess 
errors)
UNRESOLVED: libffi.call/cls_align_longdouble_split.c -O2 -fomit-frame-pointer 
compilation failed to produce executable
FAIL: libffi.call/cls_align_longdouble_split2.c -O2 -fomit-frame-pointer (test for excess 
errors)
UNRESOLVED: libffi.call/cls_align_longdouble_split2.c -O2 -fomit-frame-pointer 
compilation failed to produce executable
FAIL: libffi.call/cls_align_pointer.c -O2 -fomit-frame-pointer (test for excess errors)
UNRESOLVED: libffi.call/cls_align_pointer.c -O2 -fomit-frame-pointer compilation failed 
to produce executable
FAIL: libffi.call/cls_align_sint16.c -O2 -fomit-frame-pointer (test for excess errors)
UNRESOLVED: libffi.call/cls_align_sint16.c -O2 -fomit-frame-pointer compilation failed 
to produce executable
FAIL: libffi.call/cls_align_sint32.c -O2 -fomit-frame-pointer (test for excess errors)
UNRESOLVED: libffi.call/cls_align_sint32.c -O2 -fomit-frame-pointer compilation failed 
to produce executable
FAIL: libffi.call/cls_align_sint64.c -O2 -fomit-frame-pointer (test for excess errors)
UNRESOLVED: libffi.call/cls_align_sint64.c -O2 -fomit-frame-pointer compilation failed 
to produce executable
FAIL: libffi.call/cls_align_uint16.c -O2 -fomit-frame-pointer (test for excess errors)
UNRESOLVED: libffi.call/cls_align_uint16.c -O2 -fomit-frame-pointer compilation failed 
to produce executable
FAIL: libffi.call/cls_align_uint32.c -O2 -fomit-frame-pointer (test for excess errors)
UNRESOLVED: libffi.call/cls_align_uint32.c -O2 -fomit-frame-pointer compilation failed 
to produce executable
FAIL: libffi.call/cls_align_uint64.c -O2 -fomit-frame-pointer (test for excess errors)
UNRESOLVED: libffi.call/cls_align_uint64.c -O2 -fomit-frame-pointer compilation failed 
to produce executable
FAIL: libffi.call/cls_dbls_struct.c -O2 -fomit-frame-pointer (test for excess errors)
UNRESOLVED: libffi.call/cls_dbls_struct.c -O2 -fomit-frame-pointer compilation failed 
to produce executable
FAIL: libffi.call/cls_double.c -O2 -fomit-frame-pointer (test for excess errors)
UNRESOLVED: libffi.call/cls_double.c -O2 -fomit-frame-pointer compilation failed to 
produce executable
FAIL: libffi.call/cls_double_va.c -O2 -fomit-frame-pointer (test for excess errors)
UNRESOLVED: libffi.call/cls_double_va.c -O2 -fomit-frame-pointer compilation failed to 
produce executable
FAIL: libffi.call/cls_float.c -O2 -fomit-frame-pointer (test for excess errors)
UNRESOLVED: libffi.call/cls_float.c -O2 -fomit-frame-pointer compilation failed to 
produce executable
FAIL: libffi.call/cls_longdouble.c -O2 -fomit-frame-pointer (test for excess errors)
UNRESOLVED: libffi.call/cls_longdouble.c -O2 -fomit-frame-pointer compilation failed 
to produce executable
FAIL: libffi.call/cls_longdouble_va.c -O2 -fomit-frame-pointer (test for excess errors)
UNRESOLVED: libffi.call/cls_longdouble_va.c -O2 -fomit-frame-pointer compilation 
failed to produce executable
FAIL: libffi.call/cls_multi_schar.c -O2 -fomit-frame-pointer (test for excess errors)
UNRESOLVED: libffi.call/cls_multi_schar.c -O2 -fomit-frame-pointer compilation failed 
to produce executable
FAIL: libffi.call/cls_multi_sshort.c -O2 -fomit-frame-pointer (test for excess errors)
UNRESOLVED: libffi.call/cls_multi_sshort.c -O2 -fomit-frame-pointer compilation failed 
to produce executable
FAIL: libffi.call/cls_multi_sshortchar.c -O2 -fomit-frame-pointer (test for excess errors)
UNRESOLVED: libffi.call/cls_multi_sshortchar.c -O2 -fomit-frame-pointer compilation 
failed to produce executable
FAIL: libffi.call/cls_multi_uchar.c -O2 -fomit-frame-pointer (test for excess errors)
UNRESOLVED: libffi.call/cls_multi_uchar.c -O2 -fomit-frame-pointer compilation failed 
to produce executable
FAIL: libffi.call/cls_multi_ushort.c -O2 -fomit-frame-pointer (test for excess errors)
UNRESOLVED: libffi.call/cls_multi_ushort.c -O2 -fomit-frame-pointer compilation failed 
to produce executable
FAIL: libffi.call/cls_multi_ushortchar.c -O2 -fomit-frame-pointer (test for excess errors)
UNRESOLVED: libffi.call/cls_multi_ushortchar.c -O2 -fomit-frame-pointer compilation 
failed to produce executable
FAIL: libffi.call/cls_pointer.c -O2 -fomit-frame-pointer (test for excess errors)
UNRESOLVED: libffi.call/cls_pointer.c -O2 -fomit-frame-pointer compilation failed to 
produce executable
FAIL: libffi.call/cls_pointer_stack.c -O2 -fomit-frame-pointer (test for excess errors)
UNRESOLVED: libffi.call/cls_pointer_stack.c -O2 -fomit-frame-pointer compilation 
failed to produce executable
FAIL: libffi.call/cls_schar.c -O2 -fomit-frame-pointer (test for excess errors)
UNRESOLVED: libffi.call/cls_schar.c -O2 -fomit-frame-pointer compilation failed to 
produce executable
FAIL: libffi.call/cls_sint.c -O2 -fomit-frame-pointer (test for excess errors)
UNRESOLVED: libffi.call/cls_sint.c -O2 -fomit-frame-pointer compilation failed to 
produce executable
FAIL: libffi.call/cls_sshort.c -O2 -fomit-frame-pointer (test for excess errors)
UNRESOLVED: libffi.call/cls_sshort.c -O2 -fomit-frame-pointer compilation failed to 
produce executable
FAIL: libffi.call/cls_struct_va1.c -O2 -fomit-frame-pointer (test for excess errors)
UNRESOLVED: libffi.call/cls_struct_va1.c -O2 -fomit-frame-pointer compilation failed to 
produce executable
FAIL: libffi.call/cls_uchar.c -O2 -fomit-frame-pointer (test for excess errors)
UNRESOLVED: libffi.call/cls_uchar.c -O2 -fomit-frame-pointer compilation failed to 
produce executable
FAIL: libffi.call/cls_uchar_va.c -O2 -fomit-frame-pointer (test for excess errors)
UNRESOLVED: libffi.call/cls_uchar_va.c -O2 -fomit-frame-pointer compilation failed to 
produce executable
FAIL: libffi.call/cls_uint.c -O2 -fomit-frame-pointer (test for excess errors)
UNRESOLVED: libffi.call/cls_uint.c -O2 -fomit-frame-pointer compilation failed to 
produce executable
FAIL: libffi.call/cls_uint_va.c -O2 -fomit-frame-pointer (test for excess errors)
UNRESOLVED: libffi.call/cls_uint_va.c -O2 -fomit-frame-pointer compilation failed to 
produce executable
FAIL: libffi.call/cls_ulong_va.c -O2 -fomit-frame-pointer (test for excess errors)
UNRESOLVED: libffi.call/cls_ulong_va.c -O2 -fomit-frame-pointer compilation failed to 
produce executable
FAIL: libffi.call/cls_ulonglong.c -O2 -fomit-frame-pointer (test for excess errors)
UNRESOLVED: libffi.call/cls_ulonglong.c -O2 -fomit-frame-pointer compilation failed to 
produce executable
FAIL: libffi.call/cls_ushort.c -O2 -fomit-frame-pointer (test for excess errors)
UNRESOLVED: libffi.call/cls_ushort.c -O2 -fomit-frame-pointer compilation failed to 
produce executable
FAIL: libffi.call/cls_ushort_va.c -O2 -fomit-frame-pointer (test for excess errors)
UNRESOLVED: libffi.call/cls_ushort_va.c -O2 -fomit-frame-pointer compilation failed to 
produce executable
FAIL: libffi.call/err_bad_abi.c -O2 -fomit-frame-pointer (test for excess errors)
UNRESOLVED: libffi.call/err_bad_abi.c -O2 -fomit-frame-pointer compilation failed to 
produce executable
FAIL: libffi.call/err_bad_typedef.c -O2 -fomit-frame-pointer (test for excess errors)
UNRESOLVED: libffi.call/err_bad_typedef.c -O2 -fomit-frame-pointer compilation failed 
to produce executable
FAIL: libffi.call/float.c -O2 -fomit-frame-pointer (test for excess errors)
UNRESOLVED: libffi.call/float.c -O2 -fomit-frame-pointer compilation failed to produce 
executable
FAIL: libffi.call/float1.c -O2 -fomit-frame-pointer (test for excess errors)
UNRESOLVED: libffi.call/float1.c -O2 -fomit-frame-pointer compilation failed to 
produce executable
FAIL: libffi.call/float2.c -O2 -fomit-frame-pointer (test for excess errors)
UNRESOLVED: libffi.call/float2.c -O2 -fomit-frame-pointer compilation failed to 
produce executable
FAIL: libffi.call/float3.c -O2 -fomit-frame-pointer (test for excess errors)
UNRESOLVED: libffi.call/float3.c -O2 -fomit-frame-pointer compilation failed to 
produce executable
FAIL: libffi.call/float4.c -O2 -fomit-frame-pointer (test for excess errors)
UNRESOLVED: libffi.call/float4.c -O2 -fomit-frame-pointer compilation failed to 
produce executable
FAIL: libffi.call/float_va.c -O2 -fomit-frame-pointer (test for excess errors)
UNRESOLVED: libffi.call/float_va.c -O2 -fomit-frame-pointer compilation failed to 
produce executable
FAIL: libffi.call/huge_struct.c -O2 -fomit-frame-pointer (test for excess errors)
UNRESOLVED: libffi.call/huge_struct.c -O2 -fomit-frame-pointer compilation failed to 
produce executable
FAIL: libffi.call/many.c -O2 -fomit-frame-pointer (test for excess errors)
UNRESOLVED: libffi.call/many.c -O2 -fomit-frame-pointer compilation failed to 
produce executable
FAIL: libffi.call/many2.c -O2 -fomit-frame-pointer (test for excess errors)
UNRESOLVED: libffi.call/many2.c -O2 -fomit-frame-pointer compilation failed to 
produce executable
FAIL: libffi.call/negint.c -O2 -fomit-frame-pointer (test for excess errors)
UNRESOLVED: libffi.call/negint.c -O2 -fomit-frame-pointer compilation failed to 
produce executable
FAIL: libffi.call/nested_struct.c -O2 -fomit-frame-pointer (test for excess errors)
UNRESOLVED: libffi.call/nested_struct.c -O2 -fomit-frame-pointer compilation failed to 
produce executable
FAIL: libffi.call/nested_struct1.c -O2 -fomit-frame-pointer (test for excess errors)
UNRESOLVED: libffi.call/nested_struct1.c -O2 -fomit-frame-pointer compilation failed 
to produce executable
FAIL: libffi.call/nested_struct10.c -O2 -fomit-frame-pointer (test for excess errors)
UNRESOLVED: libffi.call/nested_struct10.c -O2 -fomit-frame-pointer compilation failed 
to produce executable
FAIL: libffi.call/nested_struct11.c -O2 -fomit-frame-pointer (test for excess errors)
UNRESOLVED: libffi.call/nested_struct11.c -O2 -fomit-frame-pointer compilation failed 
to produce executable
FAIL: libffi.call/nested_struct2.c -O2 -fomit-frame-pointer (test for excess errors)
UNRESOLVED: libffi.call/nested_struct2.c -O2 -fomit-frame-pointer compilation failed 
to produce executable
FAIL: libffi.call/nested_struct3.c -O2 -fomit-frame-pointer (test for excess errors)
UNRESOLVED: libffi.call/nested_struct3.c -O2 -fomit-frame-pointer compilation failed 
to produce executable
FAIL: libffi.call/nested_struct4.c -O2 -fomit-frame-pointer (test for excess errors)
UNRESOLVED: libffi.call/nested_struct4.c -O2 -fomit-frame-pointer compilation failed 
to produce executable
FAIL: libffi.call/nested_struct5.c -O2 -fomit-frame-pointer (test for excess errors)
UNRESOLVED: libffi.call/nested_struct5.c -O2 -fomit-frame-pointer compilation failed 
to produce executable
FAIL: libffi.call/nested_struct6.c -O2 -fomit-frame-pointer (test for excess errors)
UNRESOLVED: libffi.call/nested_struct6.c -O2 -fomit-frame-pointer compilation failed 
to produce executable
FAIL: libffi.call/nested_struct7.c -O2 -fomit-frame-pointer (test for excess errors)
UNRESOLVED: libffi.call/nested_struct7.c -O2 -fomit-frame-pointer compilation failed 
to produce executable
FAIL: libffi.call/nested_struct8.c -O2 -fomit-frame-pointer (test for excess errors)
UNRESOLVED: libffi.call/nested_struct8.c -O2 -fomit-frame-pointer compilation failed 
to produce executable
FAIL: libffi.call/nested_struct9.c -O2 -fomit-frame-pointer (test for excess errors)
UNRESOLVED: libffi.call/nested_struct9.c -O2 -fomit-frame-pointer compilation failed 
to produce executable
FAIL: libffi.call/problem1.c -O2 -fomit-frame-pointer (test for excess errors)
UNRESOLVED: libffi.call/problem1.c -O2 -fomit-frame-pointer compilation failed to 
produce executable
FAIL: libffi.call/promotion.c -O2 -fomit-frame-pointer (test for excess errors)
UNRESOLVED: libffi.call/promotion.c -O2 -fomit-frame-pointer compilation failed to 
produce executable
FAIL: libffi.call/pyobjc-tc.c -O2 -fomit-frame-pointer (test for excess errors)
UNRESOLVED: libffi.call/pyobjc-tc.c -O2 -fomit-frame-pointer compilation failed to 
produce executable
FAIL: libffi.call/return_dbl.c -O2 -fomit-frame-pointer (test for excess errors)
UNRESOLVED: libffi.call/return_dbl.c -O2 -fomit-frame-pointer compilation failed to 
produce executable
FAIL: libffi.call/return_dbl1.c -O2 -fomit-frame-pointer (test for excess errors)
UNRESOLVED: libffi.call/return_dbl1.c -O2 -fomit-frame-pointer compilation failed to 
produce executable
FAIL: libffi.call/return_dbl2.c -O2 -fomit-frame-pointer (test for excess errors)
UNRESOLVED: libffi.call/return_dbl2.c -O2 -fomit-frame-pointer compilation failed to 
produce executable
FAIL: libffi.call/return_fl.c -O2 -fomit-frame-pointer (test for excess errors)
UNRESOLVED: libffi.call/return_fl.c -O2 -fomit-frame-pointer compilation failed to 
produce executable
FAIL: libffi.call/return_fl1.c -O2 -fomit-frame-pointer (test for excess errors)
UNRESOLVED: libffi.call/return_fl1.c -O2 -fomit-frame-pointer compilation failed to 
produce executable
FAIL: libffi.call/return_fl2.c -O2 -fomit-frame-pointer (test for excess errors)
UNRESOLVED: libffi.call/return_fl2.c -O2 -fomit-frame-pointer compilation failed to 
produce executable
FAIL: libffi.call/return_fl3.c -O2 -fomit-frame-pointer (test for excess errors)
UNRESOLVED: libffi.call/return_fl3.c -O2 -fomit-frame-pointer compilation failed to 
produce executable
FAIL: libffi.call/return_ldl.c -O2 -fomit-frame-pointer (test for excess errors)
UNRESOLVED: libffi.call/return_ldl.c -O2 -fomit-frame-pointer compilation failed to 
produce executable
FAIL: libffi.call/return_ll.c -O2 -fomit-frame-pointer (test for excess errors)
UNRESOLVED: libffi.call/return_ll.c -O2 -fomit-frame-pointer compilation failed to 
produce executable
FAIL: libffi.call/return_ll1.c -O2 -fomit-frame-pointer (test for excess errors)
UNRESOLVED: libffi.call/return_ll1.c -O2 -fomit-frame-pointer compilation failed to 
produce executable
FAIL: libffi.call/return_sc.c -O2 -fomit-frame-pointer (test for excess errors)
UNRESOLVED: libffi.call/return_sc.c -O2 -fomit-frame-pointer compilation failed to 
produce executable
FAIL: libffi.call/return_sl.c -O2 -fomit-frame-pointer (test for excess errors)
UNRESOLVED: libffi.call/return_sl.c -O2 -fomit-frame-pointer compilation failed to 
produce executable
FAIL: libffi.call/return_uc.c -O2 -fomit-frame-pointer (test for excess errors)
UNRESOLVED: libffi.call/return_uc.c -O2 -fomit-frame-pointer compilation failed to 
produce executable
FAIL: libffi.call/return_ul.c -O2 -fomit-frame-pointer (test for excess errors)
UNRESOLVED: libffi.call/return_ul.c -O2 -fomit-frame-pointer compilation failed to 
produce executable
FAIL: libffi.call/stret_large.c -O2 -fomit-frame-pointer (test for excess errors)
UNRESOLVED: libffi.call/stret_large.c -O2 -fomit-frame-pointer compilation failed to 
produce executable
FAIL: libffi.call/stret_large2.c -O2 -fomit-frame-pointer (test for excess errors)
UNRESOLVED: libffi.call/stret_large2.c -O2 -fomit-frame-pointer compilation failed to 
produce executable
FAIL: libffi.call/stret_medium.c -O2 -fomit-frame-pointer (test for excess errors)
UNRESOLVED: libffi.call/stret_medium.c -O2 -fomit-frame-pointer compilation failed to 
produce executable
FAIL: libffi.call/stret_medium2.c -O2 -fomit-frame-pointer (test for excess errors)
UNRESOLVED: libffi.call/stret_medium2.c -O2 -fomit-frame-pointer compilation failed 
to produce executable
FAIL: libffi.call/strlen.c -O2 -fomit-frame-pointer (test for excess errors)
UNRESOLVED: libffi.call/strlen.c -O2 -fomit-frame-pointer compilation failed to 
produce executable
FAIL: libffi.call/struct1.c -O2 -fomit-frame-pointer (test for excess errors)
UNRESOLVED: libffi.call/struct1.c -O2 -fomit-frame-pointer compilation failed to 
produce executable
FAIL: libffi.call/struct2.c -O2 -fomit-frame-pointer (test for excess errors)
UNRESOLVED: libffi.call/struct2.c -O2 -fomit-frame-pointer compilation failed to 
produce executable
FAIL: libffi.call/struct3.c -O2 -fomit-frame-pointer (test for excess errors)
UNRESOLVED: libffi.call/struct3.c -O2 -fomit-frame-pointer compilation failed to 
produce executable
FAIL: libffi.call/struct4.c -O2 -fomit-frame-pointer (test for excess errors)
UNRESOLVED: libffi.call/struct4.c -O2 -fomit-frame-pointer compilation failed to 
produce executable
FAIL: libffi.call/struct5.c -O2 -fomit-frame-pointer (test for excess errors)
UNRESOLVED: libffi.call/struct5.c -O2 -fomit-frame-pointer compilation failed to 
produce executable
FAIL: libffi.call/struct6.c -O2 -fomit-frame-pointer (test for excess errors)
UNRESOLVED: libffi.call/struct6.c -O2 -fomit-frame-pointer compilation failed to 
produce executable
FAIL: libffi.call/struct7.c -O2 -fomit-frame-pointer (test for excess errors)
UNRESOLVED: libffi.call/struct7.c -O2 -fomit-frame-pointer compilation failed to 
produce executable
FAIL: libffi.call/struct8.c -O2 -fomit-frame-pointer (test for excess errors)
UNRESOLVED: libffi.call/struct8.c -O2 -fomit-frame-pointer compilation failed to 
produce executable
FAIL: libffi.call/struct9.c -O2 -fomit-frame-pointer (test for excess errors)
UNRESOLVED: libffi.call/struct9.c -O2 -fomit-frame-pointer compilation failed to 
produce executable
FAIL: libffi.call/testclosure.c -O2 -fomit-frame-pointer (test for excess errors)
UNRESOLVED: libffi.call/testclosure.c -O2 -fomit-frame-pointer compilation failed to 
produce executable
FAIL: libffi.call/uninitialized.c -O2 -fomit-frame-pointer (test for excess errors)
UNRESOLVED: libffi.call/uninitialized.c -O2 -fomit-frame-pointer compilation failed to 
produce executable
FAIL: libffi.call/va_1.c -O2 -fomit-frame-pointer (test for excess errors)
UNRESOLVED: libffi.call/va_1.c -O2 -fomit-frame-pointer compilation failed to produce 
executable
FAIL: libffi.call/va_struct1.c -O2 -fomit-frame-pointer (test for excess errors)
UNRESOLVED: libffi.call/va_struct1.c -O2 -fomit-frame-pointer compilation failed to 
produce executable
FAIL: libffi.call/va_struct2.c -O2 -fomit-frame-pointer (test for excess errors)
UNRESOLVED: libffi.call/va_struct2.c -O2 -fomit-frame-pointer compilation failed to 
produce executable
FAIL: libffi.call/va_struct3.c -O2 -fomit-frame-pointer (test for excess errors)
UNRESOLVED: libffi.call/va_struct3.c -O2 -fomit-frame-pointer compilation failed to 
produce executable
FAIL: libffi.special/unwindtest.cc  -shared-libgcc -lstdc++ (test for excess errors)
UNRESOLVED: libffi.special/unwindtest.cc  -shared-libgcc -lstdc++ compilation failed 
to produce executable
FAIL: libffi.special/unwindtest_ffi_call.cc  -shared-libgcc -lstdc++ (test for excess 
errors)
UNRESOLVED: libffi.special/unwindtest_ffi_call.cc  -shared-libgcc -lstdc++ compilation 
failed to produce executable
FAIL: libffi.special/unwindtest.cc  -shared-libgcc -lstdc++ (test for excess errors)
UNRESOLVED: libffi.special/unwindtest.cc  -shared-libgcc -lstdc++ compilation failed 
to produce executable
FAIL: libffi.special/unwindtest_ffi_call.cc  -shared-libgcc -lstdc++ (test for excess 
errors)
UNRESOLVED: libffi.special/unwindtest_ffi_call.cc  -shared-libgcc -lstdc++ compilation 
failed to produce executable
FAIL: libffi.special/unwindtest.cc  -shared-libgcc -lstdc++ (test for excess errors)
UNRESOLVED: libffi.special/unwindtest.cc  -shared-libgcc -lstdc++ compilation failed 
to produce executable
FAIL: libffi.special/unwindtest_ffi_call.cc  -shared-libgcc -lstdc++ (test for excess 
errors)
UNRESOLVED: libffi.special/unwindtest_ffi_call.cc  -shared-libgcc -lstdc++ compilation 
failed to produce executable
FAIL: libffi.special/unwindtest.cc  -shared-libgcc -lstdc++ (test for excess errors)
UNRESOLVED: libffi.special/unwindtest.cc  -shared-libgcc -lstdc++ compilation failed 
to produce executable
FAIL: libffi.special/unwindtest_ffi_call.cc  -shared-libgcc -lstdc++ (test for excess 
errors)
UNRESOLVED: libffi.special/unwindtest_ffi_call.cc  -shared-libgcc -lstdc++ compilation 
failed to produce executable

		=== libffi Summary ===

# of unexpected failures	663
# of unresolved testcases	663
# of unsupported tests		55
		=== libgomp tests ===


Running target unix

		=== libgomp Summary ===

# of expected passes		2363
		=== libitm tests ===


Running target unix

		=== libitm Summary ===

# of expected passes		26
# of expected failures		3
# of unsupported tests		1
		=== libjava tests ===


Running target unix
FAIL: natPR9577.cc compilation
FAIL: natlongfield.cc compilation
FAIL: natshortfield.cc compilation
FAIL: TestClosureGC output
FAIL: simple output
FAIL: PR15133.c compilation
FAIL: PR18116.c compilation
FAIL: PR28178.c compilation
FAIL: bytebuffer.c compilation
FAIL: calls.c compilation
FAIL: cxxtest.cc compilation
FAIL: directbuffer.c compilation
FAIL: field.c compilation
FAIL: final_method.c compilation
FAIL: findclass.c compilation
FAIL: findclass2.c compilation
FAIL: iface.c compilation
FAIL: init.c compilation
FAIL: invoke.c compilation
FAIL: jniutf.c compilation
FAIL: martin.c compilation
FAIL: noclass.c compilation
FAIL: overload.c compilation
FAIL: pr11951.c compilation
FAIL: pr18278.c compilation
FAIL: pr23739.c compilation
FAIL: register.c compilation
FAIL: register2.c compilation
FAIL: simple_int.c compilation
FAIL: throwit.c compilation
FAIL: virtual.c compilation
FAIL: PR16923.c compilation
FAIL: pr29812.c compilation
FAIL: dummyagent.c compilation
FAIL: compiling dummy JVMTI agent
FAIL: natevents.cc compilation
FAIL: natgetallthreads.cc compilation
FAIL: natgeterrorname.cc compilation
FAIL: natgetmethodname.cc compilation
XPASS: sourcelocation -O3 -findirect-dispatch output - source compiled test

		=== libjava Summary ===

# of expected passes		2415
# of unexpected failures	39
# of unexpected successes	1
# of expected failures		3
		=== libstdc++ tests ===


Running target unix

		=== libstdc++ Summary ===

# of expected passes		9892
# of expected failures		41
# of unsupported tests		225

Compiler version: 4.9.0 (GCC) 
Platform: x86_64-unknown-linux-gnu
configure flags: --prefix=/software/gcc-4.9.0



Index Nav: [Date Index] [Subject Index] [Author Index] [Thread Index]
Message Nav: [Date Prev] [Date Next] [Thread Prev] [Thread Next]