This is the mail archive of the gcc-testresults@gcc.gnu.org mailing list for the GCC project.


Index Nav: [Date Index] [Subject Index] [Author Index] [Thread Index]
Message Nav: [Date Prev] [Date Next] [Thread Prev] [Thread Next]
Other format: [Raw text]

Results for 4.8.2 (GCC) testsuite on aarch64-unknown-linux-gnu


I'd like to report a successful native bootstrap build of GCC 4.8.2 on
aarch64-unknown-linux-gnu.  This build was performed using qemu user
emulation of aarch64 running on an x86-64 host (Linux
localhost.localdomain 3.13.6-200.fc20.x86_64 #1 SMP Fri Mar 7 17:02:28
UTC 2014 x86_64 x86_64 x86_64 GNU/Linux) as described at
https://rwmj.wordpress.com/2013/12/22/how-to-run-aarch64-binaries-on-an-x86-64-host-using-qemu-userspace-emulation/.
 The emulated environment is based on Fedora 19 (Linux
localhost.localdomain 3.8.0 #1 SMP Fri Mar 7 17:02:28 UTC 2014 aarch64
aarch64 aarch64 GNU/Linux).

[sdvormwa@localhost gcc-build-arm]\$ ../gcc-4.8.2/config.guess
aarch64-unknown-linux-gnu
[sdvormwa@localhost gcc-build-arm]\$ /opt/gcc/4.8.2/bin/gcc -v
Using built-in specs.
COLLECT_GCC=/opt/gcc/4.8.2/bin/gcc
COLLECT_LTO_WRAPPER=/opt/gcc/4.8.2/libexec/gcc/aarch64-unknown-linux-gnu/4.8.2/lto-wrapper
Target: aarch64-unknown-linux-gnu
Configured with: ../gcc-4.8.2/configure --prefix=/opt/gcc/4.8.2
--disable-multilib --enable-languages=c,fortran,c++
Thread model: posix
gcc version 4.8.2 (GCC)
[sdvormwa@localhost gcc-build-arm]\$ uname -a
Linux localhost.localdomain 3.8.0 #1 SMP Fri Mar 7 17:02:28 UTC 2014
aarch64 aarch64 aarch64 GNU/Linux
[sdvormwa@localhost gcc-build-arm]\$ rpm -q glibc
glibc-2.17-14.x1.fc19.aarch64

LAST_UPDATED: Obtained from SVN: tags/gcc_4_8_2_release revision 203690

Native configuration is aarch64-unknown-linux-gnu

		=== libgomp tests ===


Running target unix

		=== libgomp Summary ===

# of expected passes		872
# of unsupported tests		1
		=== libmudflap tests ===


Running target unix
FAIL: libmudflap.c++/pass41-frag.cxx (-static) execution test
FAIL: libmudflap.c++/pass41-frag.cxx ( -O) execution test
FAIL: libmudflap.c++/pass41-frag.cxx (-O2) execution test
FAIL: libmudflap.c++/pass41-frag.cxx (-O3) execution test
WARNING: program timed out.
FAIL: libmudflap.cth/pass37-frag.c (-O0) (rerun 2) execution test
FAIL: libmudflap.cth/pass37-frag.c (-O0) (rerun 2) output pattern test
WARNING: program timed out.
FAIL: libmudflap.cth/pass37-frag.c (-O0) (rerun 3) execution test
FAIL: libmudflap.cth/pass37-frag.c (-O0) (rerun 3) output pattern test
WARNING: program timed out.
FAIL: libmudflap.cth/pass37-frag.c (-O0) (rerun 4) execution test
WARNING: program timed out.
FAIL: libmudflap.cth/pass37-frag.c (-O0) (rerun 6) execution test
WARNING: program timed out.
FAIL: libmudflap.cth/pass37-frag.c (-O0) (rerun 7) execution test
WARNING: program timed out.
FAIL: libmudflap.cth/pass37-frag.c (-O0) (rerun 10) execution test

		=== libmudflap Summary ===

# of expected passes		1567
# of unexpected failures	12
		=== libstdc++ tests ===


Running target unix

		=== libstdc++ Summary ===

# of unsupported tests		1
		=== libstdc++ tests ===


Running target unix

		=== libstdc++ Summary ===

# of expected passes		372
# of unsupported tests		3
		=== libstdc++ tests ===


Running target unix

		=== libstdc++ Summary ===

# of expected passes		412
# of unsupported tests		21
		=== libstdc++ tests ===


Running target unix

		=== libstdc++ Summary ===

# of expected passes		561
		=== libstdc++ tests ===


Running target unix
FAIL: 22_locale/locale/cons/12438.cc execution test
FAIL: 22_locale/messages/members/char/1.cc execution test
FAIL: 22_locale/messages/members/char/2.cc execution test
FAIL: 22_locale/messages/members/char/wrapped_env.cc execution test
FAIL: 22_locale/messages/members/char/wrapped_locale.cc execution test
FAIL: 22_locale/messages_byname/named_equivalence.cc execution test

		=== libstdc++ Summary ===

# of expected passes		503
# of unexpected failures	6
		=== libstdc++ tests ===


Running target unix

		=== libstdc++ Summary ===

# of expected passes		314
# of expected failures		4
# of unsupported tests		41
		=== libstdc++ tests ===


Running target unix
FAIL: 23_containers/unordered_map/init-list.cc execution test
FAIL: 23_containers/unordered_multimap/init-list.cc execution test

		=== libstdc++ Summary ===

# of expected passes		246
# of unexpected failures	2
# of expected failures		9
# of unsupported tests		53
		=== libstdc++ tests ===


Running target unix

		=== libstdc++ Summary ===

# of expected passes		427
# of unsupported tests		4
		=== libstdc++ tests ===


Running target unix

		=== libstdc++ Summary ===

# of expected passes		438
# of expected failures		1
# of unsupported tests		4
		=== libstdc++ tests ===


Running target unix

		=== libstdc++ Summary ===

# of expected passes		667
		=== libstdc++ tests ===


Running target unix

		=== libstdc++ Summary ===

# of expected passes		658
		=== gcc tests ===


Running target unix

		=== gcc Summary ===

# of expected passes		1664
/home/sdvormwa/clfs/sources/gcc-build-arm/gcc/xgcc  version 4.8.2 (GCC)

		=== gcc tests ===


Running target unix

		=== gcc Summary ===

# of expected passes		1339
/home/sdvormwa/clfs/sources/gcc-build-arm/gcc/xgcc  version 4.8.2 (GCC)

		=== gcc tests ===


Running target unix
FAIL: gcc.c-torture/execute/20101011-1.c execution,  -O0
FAIL: gcc.c-torture/execute/20101011-1.c execution,  -O1
FAIL: gcc.c-torture/execute/20101011-1.c execution,  -O2
FAIL: gcc.c-torture/execute/20101011-1.c execution,  -O3 -fomit-frame-pointer
FAIL: gcc.c-torture/execute/20101011-1.c execution,  -O3 -g
FAIL: gcc.c-torture/execute/20101011-1.c execution,  -Os
FAIL: gcc.c-torture/execute/20101011-1.c execution,  -Og -g
FAIL: gcc.c-torture/execute/20101011-1.c execution,  -O2 -flto
-fno-use-linker-plugin -flto-partition=none
FAIL: gcc.c-torture/execute/20101011-1.c execution,  -O2 -flto
-fuse-linker-plugin -fno-fat-lto-objects
FAIL: gcc.dg/debug/dwarf2/asm-line1.c scan-assembler is_stmt 1
FAIL: gcc.dg/20021014-1.c (test for excess errors)
UNRESOLVED: gcc.dg/20021014-1.c compilation failed to produce executable

		=== gcc Summary ===

# of expected passes		46198
# of unexpected failures	11
# of expected failures		13
# of unresolved testcases	1
# of unsupported tests		112
/home/sdvormwa/clfs/sources/gcc-build-arm/gcc/xgcc  version 4.8.2 (GCC)


Compiler version: 4.8.2 (GCC)
Platform: aarch64-unknown-linux-gnu
configure flags: --prefix=/opt/gcc/4.8.2 --disable-multilib
--enable-languages=c,fortran,c++


Index Nav: [Date Index] [Subject Index] [Author Index] [Thread Index]
Message Nav: [Date Prev] [Date Next] [Thread Prev] [Thread Next]