This is the mail archive of the
gcc-testresults@gcc.gnu.org
mailing list for the GCC project.
Results for 4.9.0 20140315 (experimental) [trunk revision 208594] (GCC) testsuite on x86_64-apple-darwin10.8.0
- From: dominiq at lps dot ens dot fr (Dominique Dhumieres)
- To: gcc-testresults at gcc dot gnu dot org
- Date: Sun, 16 Mar 2014 18:34:37 +0100
- Subject: Results for 4.9.0 20140315 (experimental) [trunk revision 208594] (GCC) testsuite on x86_64-apple-darwin10.8.0
- Authentication-results: sourceware.org; auth=none
LAST_UPDATED: Updated Sat Mar 15 21:32:09 CET 2014 to revision 208594.
=== acats tests ===
=== acats Summary ===
# of expected passes 2320
# of unexpected failures 0
Native configuration is x86_64-apple-darwin10.8.0
=== g++ tests ===
Running target unix/-m32
FAIL: g++.dg/ext/sync-4.C -std=gnu++98 execution test
FAIL: g++.dg/ext/sync-4.C -std=gnu++11 execution test
FAIL: g++.dg/ext/sync-4.C -std=gnu++1y execution test
FAIL: g++.dg/opt/vt4.C -std=gnu++98 scan-assembler-not _ZTV.A
FAIL: g++.dg/opt/vt4.C -std=gnu++11 scan-assembler-not _ZTV.A
FAIL: g++.dg/opt/vt4.C -std=gnu++1y scan-assembler-not _ZTV.A
=== g++ Summary for unix/-m32 ===
# of expected passes 82948
# of unexpected failures 6
# of expected failures 436
# of unsupported tests 3038
Running target unix/-m64
FAIL: g++.dg/ext/sync-4.C -std=gnu++98 (test for excess errors)
UNRESOLVED: g++.dg/ext/sync-4.C -std=gnu++98 compilation failed to produce executable
FAIL: g++.dg/ext/sync-4.C -std=gnu++11 (test for excess errors)
UNRESOLVED: g++.dg/ext/sync-4.C -std=gnu++11 compilation failed to produce executable
FAIL: g++.dg/ext/sync-4.C -std=gnu++1y (test for excess errors)
UNRESOLVED: g++.dg/ext/sync-4.C -std=gnu++1y compilation failed to produce executable
FAIL: g++.dg/opt/vt4.C -std=gnu++98 scan-assembler-not _ZTV.A
FAIL: g++.dg/opt/vt4.C -std=gnu++11 scan-assembler-not _ZTV.A
FAIL: g++.dg/opt/vt4.C -std=gnu++1y scan-assembler-not _ZTV.A
=== g++ Summary for unix/-m64 ===
# of expected passes 84298
# of unexpected failures 6
# of expected failures 436
# of unresolved testcases 3
# of unsupported tests 3289
=== g++ Summary ===
# of expected passes 167246
# of unexpected failures 12
# of expected failures 872
# of unresolved testcases 3
# of unsupported tests 6327
/opt/gcc/build_c/gcc/testsuite/g++/../../xg++ version 4.9.0 20140315 (experimental) [trunk revision 208594] (GCC)
=== gcc tests ===
Running target unix/-m32
FAIL: gcc.dg/20021014-1.c execution test
FAIL: gcc.dg/pr43643.c execution test
FAIL: gcc.dg/lto/pr55113 c_lto_pr55113_0.o assemble, -flto -fshort-double -O0 (internal compiler error)
UNRESOLVED: gcc.dg/lto/pr55113 c_lto_pr55113_0.o-c_lto_pr55113_0.o link -flto -fshort-double -O0
UNRESOLVED: gcc.dg/lto/pr55113 c_lto_pr55113_0.o-c_lto_pr55113_0.o execute -flto -fshort-double -O0
FAIL: gcc.target/i386/avx512f-gather-5.c scan-assembler gather[^\\n]*zmm
FAIL: gcc.target/i386/excess-precision-3.c execution test
FAIL: gcc.target/i386/memcpy-strategy-3.c scan-assembler-times memcpy 2
FAIL: gcc.target/i386/memset-strategy-1.c scan-assembler-times memset 2
=== gcc Summary for unix/-m32 ===
# of expected passes 100276
# of unexpected failures 7
# of expected failures 250
# of unresolved testcases 2
# of unsupported tests 2775
Running target unix/-m64
FAIL: gcc.target/i386/avx512f-gather-5.c scan-assembler gather[^\\n]*zmm
FAIL: gcc.target/i386/excess-precision-3.c execution test
FAIL: gcc.target/i386/memcpy-strategy-3.c scan-assembler-times memcpy 2
FAIL: gcc.target/i386/memset-strategy-1.c scan-assembler-times memset 2
FAIL: gcc.target/i386/pr49866.c (test for excess errors)
=== gcc Summary for unix/-m64 ===
# of expected passes 100779
# of unexpected failures 5
# of expected failures 254
# of unsupported tests 3013
=== gcc Summary ===
# of expected passes 201055
# of unexpected failures 12
# of expected failures 504
# of unresolved testcases 2
# of unsupported tests 5788
/opt/gcc/build_c/gcc/xgcc version 4.9.0 20140315 (experimental) [trunk revision 208594] (GCC)
=== gfortran tests ===
Running target unix/-m32
=== gfortran Summary for unix/-m32 ===
# of expected passes 45209
# of expected failures 52
# of unsupported tests 212
Running target unix/-m64
=== gfortran Summary for unix/-m64 ===
# of expected passes 45496
# of expected failures 52
# of unsupported tests 74
=== gfortran Summary ===
# of expected passes 90705
# of expected failures 104
# of unsupported tests 286
/opt/gcc/build_c/gcc/testsuite/gfortran/../../gfortran version 4.9.0 20140315 (experimental) [trunk revision 208594] (GCC)
=== gnat tests ===
Running target unix/-m32
=== gnat Summary for unix/-m32 ===
# of expected passes 1218
# of expected failures 18
# of unsupported tests 6
Running target unix/-m64
=== gnat Summary for unix/-m64 ===
# of expected passes 1218
# of expected failures 18
# of unsupported tests 6
=== gnat Summary ===
# of expected passes 2436
# of expected failures 36
# of unsupported tests 12
/opt/gcc/build_c/gcc/gnatmake version 4.9.0 20140315 (experimental) [trunk revision 208594]
=== obj-c++ tests ===
Running target unix/-m32
=== obj-c++ Summary for unix/-m32 ===
# of expected passes 3157
# of expected failures 2
# of unsupported tests 68
Running target unix/-m64
=== obj-c++ Summary for unix/-m64 ===
# of expected passes 3098
# of expected failures 19
# of unsupported tests 74
=== obj-c++ Summary ===
# of expected passes 6255
# of expected failures 21
# of unsupported tests 142
/opt/gcc/build_c/gcc/testsuite/obj-c++/../../xg++ version 4.9.0 20140315 (experimental) [trunk revision 208594] (GCC)
=== objc tests ===
Running target unix/-m32
=== objc Summary for unix/-m32 ===
# of expected passes 6100
# of expected failures 6
# of unsupported tests 85
Running target unix/-m64
=== objc Summary for unix/-m64 ===
# of expected passes 6052
# of expected failures 14
# of unsupported tests 91
=== objc Summary ===
# of expected passes 12152
# of expected failures 20
# of unsupported tests 176
/opt/gcc/build_c/gcc/xgcc version 4.9.0 20140315 (experimental) [trunk revision 208594] (GCC)
=== boehm-gc tests ===
Running target unix/-m32
=== boehm-gc Summary for unix/-m32 ===
# of expected passes 12
# of unsupported tests 1
Running target unix/-m64
=== boehm-gc Summary for unix/-m64 ===
# of expected passes 12
# of unsupported tests 1
=== boehm-gc Summary ===
# of expected passes 24
# of unsupported tests 2
=== libatomic tests ===
Running target unix/-m32
=== libatomic Summary for unix/-m32 ===
# of expected passes 44
# of unsupported tests 5
Running target unix/-m64
=== libatomic Summary for unix/-m64 ===
# of expected passes 54
=== libatomic Summary ===
# of expected passes 98
# of unsupported tests 5
=== libffi tests ===
Running target unix/-m32
=== libffi Summary for unix/-m32 ===
# of expected passes 1819
# of unsupported tests 55
Running target unix/-m64
=== libffi Summary for unix/-m64 ===
# of expected passes 1819
# of unsupported tests 55
=== libffi Summary ===
# of expected passes 3638
# of unsupported tests 110
=== libgomp tests ===
Running target unix/-m32
=== libgomp Summary for unix/-m32 ===
# of expected passes 2388
# of unsupported tests 3
Running target unix/-m64
=== libgomp Summary for unix/-m64 ===
# of expected passes 2388
# of unsupported tests 3
=== libgomp Summary ===
# of expected passes 4776
# of unsupported tests 6
=== libitm tests ===
Running target unix/-m32
=== libitm Summary for unix/-m32 ===
# of expected passes 26
# of expected failures 3
# of unsupported tests 1
Running target unix/-m64
=== libitm Summary for unix/-m64 ===
# of expected passes 26
# of expected failures 3
# of unsupported tests 1
=== libitm Summary ===
# of expected passes 52
# of expected failures 6
# of unsupported tests 2
=== libjava tests ===
Running target unix/-m32
=== libjava Summary for unix/-m32 ===
# of expected passes 2582
# of expected failures 4
Running target unix/-m64
FAIL: Throw_2 execution - source compiled test
FAIL: Throw_2 -findirect-dispatch execution - source compiled test
FAIL: Throw_2 -O3 execution - source compiled test
FAIL: Throw_2 -O3 -findirect-dispatch execution - source compiled test
=== libjava Summary for unix/-m64 ===
# of expected passes 2574
# of unexpected failures 4
# of expected failures 4
# of untested testcases 4
=== libjava Summary ===
# of expected passes 5156
# of unexpected failures 4
# of expected failures 8
# of untested testcases 4
=== libstdc++ tests ===
Running target unix/-m32
WARNING: program timed out.
FAIL: 30_threads/condition_variable/54185.cc execution test
=== libstdc++ Summary for unix/-m32 ===
# of expected passes 8793
# of unexpected failures 1
# of expected failures 41
# of unsupported tests 635
Running target unix/-m64
WARNING: program timed out.
FAIL: 30_threads/condition_variable/54185.cc execution test
=== libstdc++ Summary for unix/-m64 ===
# of expected passes 8791
# of unexpected failures 1
# of expected failures 41
# of unsupported tests 636
=== libstdc++ Summary ===
# of expected passes 17584
# of unexpected failures 2
# of expected failures 82
# of unsupported tests 1271
Compiler version: 4.9.0 20140315 (experimental) [trunk revision 208594] (GCC)
Platform: x86_64-apple-darwin10.8.0
configure flags: --prefix=/opt/gcc/gcc4.9c --enable-languages=c,c++,fortran,objc,obj-c++,java,ada,lto --with-gmp=/opt/mp --with-system-zlib --with-isl=/opt/mp --enable-lto --enable-plugin