This is the mail archive of the
gcc-testresults@gcc.gnu.org
mailing list for the GCC project.
Results for 4.8.3 20140220 (prerelease) [gcc-4_8-branch revision 207963] (GCC) testsuite on armv5tejl-unknown-linux-gnueabi
- From: dave at hiauly1 dot hia dot nrc dot ca (John David Anglin)
- To: dave at hiauly1 dot hia dot nrc dot ca, gcc-testresults at gcc dot gnu dot org
- Date: Mon, 24 Feb 2014 09:58:45 -0500 (EST)
- Subject: Results for 4.8.3 20140220 (prerelease) [gcc-4_8-branch revision 207963] (GCC) testsuite on armv5tejl-unknown-linux-gnueabi
- Authentication-results: sourceware.org; auth=none
LAST_UPDATED: Thu Feb 20 16:18:03 UTC 2014 (revision 207963)
Native configuration is armv5tejl-unknown-linux-gnueabi
=== libatomic tests ===
Running target unix
WARNING: program timed out.
FAIL: libatomic.c/atomic-op-1.c execution test
=== libatomic Summary ===
# of expected passes 33
# of unexpected failures 1
# of unsupported tests 10
=== libgomp tests ===
Running target unix
FAIL: libgomp.c/atomic-1.c execution test
FAIL: libgomp.c/atomic-13.c execution test
FAIL: libgomp.c/atomic-2.c execution test
FAIL: libgomp.c/atomic-3.c execution test
FAIL: libgomp.c/atomic-4.c execution test
FAIL: libgomp.c/atomic-5.c execution test
FAIL: libgomp.c/atomic-6.c execution test
FAIL: libgomp.c/autopar-1.c execution test
FAIL: libgomp.c/loop-13.c execution test
FAIL: libgomp.c/loop-14.c execution test
FAIL: libgomp.c/loop-15.c execution test
FAIL: libgomp.c++/atomic-6.C -O0 execution test
FAIL: libgomp.c++/atomic-6.C -O1 execution test
FAIL: libgomp.c++/atomic-6.C -O2 execution test
FAIL: libgomp.c++/atomic-6.C -O3 -fomit-frame-pointer execution test
FAIL: libgomp.c++/atomic-6.C -O3 -fomit-frame-pointer -funroll-loops execution test
FAIL: libgomp.c++/atomic-6.C -O3 -fomit-frame-pointer -funroll-all-loops -finline-functions execution test
FAIL: libgomp.c++/atomic-6.C -O3 -g execution test
FAIL: libgomp.c++/atomic-6.C -Os execution test
FAIL: libgomp.c++/atomic-7.C -O0 execution test
FAIL: libgomp.c++/atomic-7.C -O1 execution test
FAIL: libgomp.c++/atomic-7.C -O2 execution test
FAIL: libgomp.c++/atomic-7.C -O3 -fomit-frame-pointer execution test
FAIL: libgomp.c++/atomic-7.C -O3 -fomit-frame-pointer -funroll-loops execution test
FAIL: libgomp.c++/atomic-7.C -O3 -fomit-frame-pointer -funroll-all-loops -finline-functions execution test
FAIL: libgomp.c++/atomic-7.C -O3 -g execution test
FAIL: libgomp.c++/atomic-7.C -Os execution test
FAIL: libgomp.c++/loop-13.C -O0 execution test
FAIL: libgomp.c++/loop-13.C -O1 execution test
FAIL: libgomp.c++/loop-13.C -O2 execution test
FAIL: libgomp.c++/loop-13.C -O3 -fomit-frame-pointer execution test
FAIL: libgomp.c++/loop-13.C -O3 -fomit-frame-pointer -funroll-loops execution test
FAIL: libgomp.c++/loop-13.C -O3 -fomit-frame-pointer -funroll-all-loops -finline-functions execution test
FAIL: libgomp.c++/loop-13.C -O3 -g execution test
FAIL: libgomp.c++/loop-13.C -Os execution test
FAIL: libgomp.c++/loop-14.C -O0 execution test
FAIL: libgomp.c++/loop-14.C -O1 execution test
FAIL: libgomp.c++/loop-14.C -O2 execution test
FAIL: libgomp.c++/loop-14.C -O3 -fomit-frame-pointer execution test
FAIL: libgomp.c++/loop-14.C -O3 -fomit-frame-pointer -funroll-loops execution test
FAIL: libgomp.c++/loop-14.C -O3 -fomit-frame-pointer -funroll-all-loops -finline-functions execution test
FAIL: libgomp.c++/loop-14.C -O3 -g execution test
FAIL: libgomp.c++/loop-14.C -Os execution test
FAIL: libgomp.c++/loop-15.C -O0 execution test
FAIL: libgomp.c++/loop-15.C -O1 execution test
FAIL: libgomp.c++/loop-15.C -O2 execution test
FAIL: libgomp.c++/loop-15.C -O3 -fomit-frame-pointer execution test
FAIL: libgomp.c++/loop-15.C -O3 -fomit-frame-pointer -funroll-loops execution test
FAIL: libgomp.c++/loop-15.C -O3 -fomit-frame-pointer -funroll-all-loops -finline-functions execution test
FAIL: libgomp.c++/loop-15.C -O3 -g execution test
FAIL: libgomp.c++/loop-15.C -Os execution test
FAIL: libgomp.fortran/jacobi.f -O0 execution test
FAIL: libgomp.fortran/jacobi.f -O1 execution test
FAIL: libgomp.fortran/jacobi.f -O2 execution test
FAIL: libgomp.fortran/jacobi.f -O3 -fomit-frame-pointer execution test
FAIL: libgomp.fortran/jacobi.f -O3 -fomit-frame-pointer -funroll-loops execution test
FAIL: libgomp.fortran/jacobi.f -O3 -fomit-frame-pointer -funroll-all-loops -finline-functions execution test
FAIL: libgomp.fortran/jacobi.f -O3 -g execution test
FAIL: libgomp.fortran/jacobi.f -Os execution test
FAIL: libgomp.fortran/omp_atomic1.f90 -O0 execution test
FAIL: libgomp.fortran/omp_atomic1.f90 -O1 execution test
FAIL: libgomp.fortran/omp_atomic1.f90 -O2 execution test
FAIL: libgomp.fortran/omp_atomic1.f90 -O3 -fomit-frame-pointer execution test
FAIL: libgomp.fortran/omp_atomic1.f90 -O3 -fomit-frame-pointer -funroll-loops execution test
FAIL: libgomp.fortran/omp_atomic1.f90 -O3 -fomit-frame-pointer -funroll-all-loops -finline-functions execution test
FAIL: libgomp.fortran/omp_atomic1.f90 -O3 -g execution test
FAIL: libgomp.fortran/omp_atomic1.f90 -Os execution test
FAIL: libgomp.fortran/omp_atomic3.f90 -O0 execution test
FAIL: libgomp.fortran/omp_atomic3.f90 -O1 execution test
FAIL: libgomp.fortran/omp_atomic3.f90 -O2 execution test
FAIL: libgomp.fortran/omp_atomic3.f90 -O3 -fomit-frame-pointer execution test
FAIL: libgomp.fortran/omp_atomic3.f90 -O3 -fomit-frame-pointer -funroll-loops execution test
FAIL: libgomp.fortran/omp_atomic3.f90 -O3 -fomit-frame-pointer -funroll-all-loops -finline-functions execution test
FAIL: libgomp.fortran/omp_atomic3.f90 -O3 -g execution test
FAIL: libgomp.fortran/omp_atomic3.f90 -Os execution test
FAIL: libgomp.fortran/omp_atomic4.f90 -O0 execution test
FAIL: libgomp.fortran/omp_atomic4.f90 -O1 execution test
FAIL: libgomp.fortran/omp_atomic4.f90 -O2 execution test
FAIL: libgomp.fortran/omp_atomic4.f90 -O3 -fomit-frame-pointer execution test
FAIL: libgomp.fortran/omp_atomic4.f90 -O3 -fomit-frame-pointer -funroll-loops execution test
FAIL: libgomp.fortran/omp_atomic4.f90 -O3 -fomit-frame-pointer -funroll-all-loops -finline-functions execution test
FAIL: libgomp.fortran/omp_atomic4.f90 -O3 -g execution test
FAIL: libgomp.fortran/omp_atomic4.f90 -Os execution test
FAIL: libgomp.fortran/omp_orphan.f -O execution test
FAIL: libgomp.fortran/pr48894.f90 -O0 execution test
FAIL: libgomp.fortran/pr48894.f90 -O1 execution test
FAIL: libgomp.fortran/pr48894.f90 -O2 execution test
FAIL: libgomp.fortran/pr48894.f90 -O3 -fomit-frame-pointer execution test
FAIL: libgomp.fortran/pr48894.f90 -O3 -fomit-frame-pointer -funroll-loops execution test
FAIL: libgomp.fortran/pr48894.f90 -O3 -fomit-frame-pointer -funroll-all-loops -finline-functions execution test
FAIL: libgomp.fortran/pr48894.f90 -O3 -g execution test
FAIL: libgomp.fortran/pr48894.f90 -Os execution test
WARNING: program timed out.
FAIL: libgomp.fortran/strassen.f90 -O execution test
=== libgomp Summary ===
# of expected passes 2912
# of unexpected failures 93
# of unsupported tests 1
=== libitm tests ===
Running target unix
FAIL: libitm.c/cancel.c execution test
FAIL: libitm.c/clone-1.c execution test
FAIL: libitm.c/memcpy-1.c execution test
FAIL: libitm.c/memset-1.c execution test
FAIL: libitm.c/notx.c execution test
FAIL: libitm.c/reentrant.c execution test
FAIL: libitm.c/simple-1.c execution test
FAIL: libitm.c/simple-2.c execution test
FAIL: libitm.c/stackundo.c execution test
FAIL: libitm.c/txrelease.c execution test
FAIL: libitm.c++/eh-1.C execution test
=== libitm Summary ===
# of expected passes 15
# of unexpected failures 11
# of expected failures 3
# of unsupported tests 1
=== libstdc++ tests ===
Running target unix
FAIL: 27_io/fpos/14775.cc execution test
=== libstdc++ Summary ===
# of expected passes 8071
# of unexpected failures 1
# of expected failures 45
# of unsupported tests 718
=== g++ tests ===
Running target unix
FAIL: g++.dg/ext/cleanup-10.C -std=gnu++98 execution test
FAIL: g++.dg/ext/cleanup-10.C -std=gnu++11 execution test
FAIL: g++.dg/ext/cleanup-11.C -std=gnu++98 execution test
FAIL: g++.dg/ext/cleanup-11.C -std=gnu++11 execution test
FAIL: g++.dg/ext/cleanup-8.C -std=gnu++98 execution test
FAIL: g++.dg/ext/cleanup-8.C -std=gnu++11 execution test
FAIL: g++.dg/ext/cleanup-9.C -std=gnu++98 execution test
FAIL: g++.dg/ext/cleanup-9.C -std=gnu++11 execution test
FAIL: g++.old-deja/g++.law/profile1.C -std=gnu++98 (test for excess errors)
WARNING: g++.old-deja/g++.law/profile1.C -std=gnu++98 compilation failed to produce executable
FAIL: g++.old-deja/g++.law/profile1.C -std=gnu++11 (test for excess errors)
WARNING: g++.old-deja/g++.law/profile1.C -std=gnu++11 compilation failed to produce executable
=== g++ Summary ===
# of expected passes 50757
# of unexpected failures 10
# of expected failures 291
# of unsupported tests 951
/home/dave/gnu/gcc/objdir/gcc/testsuite/g++/../../xg++ version 4.8.3 20140220 (prerelease) [gcc-4_8-branch revision 207963] (GCC)
=== gcc tests ===
Running target unix
FAIL: gcc.c-torture/compile/limits-structnest.c -O2 (internal compiler error)
FAIL: gcc.c-torture/compile/limits-structnest.c -O2 (test for excess errors)
FAIL: gcc.c-torture/compile/limits-structnest.c -O3 -fomit-frame-pointer (internal compiler error)
FAIL: gcc.c-torture/compile/limits-structnest.c -O3 -fomit-frame-pointer (test for excess errors)
FAIL: gcc.c-torture/compile/limits-structnest.c -O3 -g (internal compiler error)
FAIL: gcc.c-torture/compile/limits-structnest.c -O3 -g (test for excess errors)
FAIL: gcc.c-torture/compile/limits-structnest.c -Os (internal compiler error)
FAIL: gcc.c-torture/compile/limits-structnest.c -Os (test for excess errors)
FAIL: gcc.c-torture/compile/limits-structnest.c -O2 -flto -fno-use-linker-plugin -flto-partition=none (internal compiler error)
FAIL: gcc.c-torture/compile/limits-structnest.c -O2 -flto -fno-use-linker-plugin -flto-partition=none (test for excess errors)
FAIL: gcc.dg/20021014-1.c (test for excess errors)
WARNING: gcc.dg/20021014-1.c compilation failed to produce executable
FAIL: gcc.dg/c99-stdint-1.c (test for excess errors)
FAIL: gcc.dg/c99-stdint-7.c (test for excess errors)
FAIL: gcc.dg/cleanup-10.c execution test
FAIL: gcc.dg/cleanup-11.c execution test
FAIL: gcc.dg/cleanup-8.c execution test
FAIL: gcc.dg/cleanup-9.c execution test
FAIL: gcc.dg/cproj-fails-with-broken-glibc.c execution test
FAIL: gcc.dg/nest.c (test for excess errors)
WARNING: gcc.dg/nest.c compilation failed to produce executable
FAIL: gcc.dg/nested-func-4.c (test for excess errors)
WARNING: gcc.dg/nested-func-4.c compilation failed to produce executable
FAIL: gcc.dg/pr32450.c (test for excess errors)
WARNING: gcc.dg/pr32450.c compilation failed to produce executable
FAIL: gcc.dg/pr43643.c (test for excess errors)
WARNING: gcc.dg/pr43643.c compilation failed to produce executable
FAIL: gcc.dg/uninit-13.c unconditional (test for warnings, line 8)
FAIL: gcc.dg/uninit-13.c (test for excess errors)
XPASS: gcc.dg/guality/example.c -O0 execution test
XPASS: gcc.dg/guality/example.c -O1 execution test
XPASS: gcc.dg/guality/example.c -O2 execution test
XPASS: gcc.dg/guality/example.c -Os execution test
XPASS: gcc.dg/guality/example.c -O2 -flto -fno-use-linker-plugin -flto-partition=none execution test
XPASS: gcc.dg/guality/guality.c -O0 execution test
XPASS: gcc.dg/guality/guality.c -O2 execution test
XPASS: gcc.dg/guality/guality.c -O3 -fomit-frame-pointer execution test
XPASS: gcc.dg/guality/guality.c -O3 -g execution test
XPASS: gcc.dg/guality/guality.c -Os execution test
XPASS: gcc.dg/guality/guality.c -O2 -flto -fno-use-linker-plugin -flto-partition=none execution test
XPASS: gcc.dg/guality/guality.c -O2 -flto -fuse-linker-plugin -fno-fat-lto-objects execution test
XPASS: gcc.dg/guality/inline-params.c -O2 execution test
XPASS: gcc.dg/guality/inline-params.c -O3 -fomit-frame-pointer execution test
XPASS: gcc.dg/guality/inline-params.c -O3 -g execution test
XPASS: gcc.dg/guality/inline-params.c -Os execution test
XPASS: gcc.dg/guality/inline-params.c -O2 -flto -fno-use-linker-plugin -flto-partition=none execution test
FAIL: gcc.dg/guality/nrv-1.c -O2 -flto -fuse-linker-plugin -fno-fat-lto-objects line 20 a2.i[0] == 42
FAIL: gcc.dg/guality/pr36728-1.c -O1 line 16 arg2 == 2
FAIL: gcc.dg/guality/pr36728-1.c -O1 line 16 arg3 == 3
FAIL: gcc.dg/guality/pr36728-1.c -O1 line 16 arg4 == 4
FAIL: gcc.dg/guality/pr36728-1.c -O1 line 18 arg1 == 1
FAIL: gcc.dg/guality/pr36728-1.c -O1 line 18 arg2 == 2
FAIL: gcc.dg/guality/pr36728-1.c -O1 line 18 arg3 == 3
FAIL: gcc.dg/guality/pr36728-1.c -O1 line 18 arg4 == 4
FAIL: gcc.dg/guality/pr36728-1.c -O2 line 16 arg2 == 2
FAIL: gcc.dg/guality/pr36728-1.c -O2 line 16 arg3 == 3
FAIL: gcc.dg/guality/pr36728-1.c -O2 line 16 arg4 == 4
FAIL: gcc.dg/guality/pr36728-1.c -O2 line 18 arg2 == 2
FAIL: gcc.dg/guality/pr36728-1.c -O2 line 18 arg3 == 3
FAIL: gcc.dg/guality/pr36728-1.c -O2 line 18 arg4 == 4
FAIL: gcc.dg/guality/pr36728-1.c -O3 -fomit-frame-pointer line 16 arg2 == 2
FAIL: gcc.dg/guality/pr36728-1.c -O3 -fomit-frame-pointer line 16 arg3 == 3
FAIL: gcc.dg/guality/pr36728-1.c -O3 -fomit-frame-pointer line 16 arg4 == 4
FAIL: gcc.dg/guality/pr36728-1.c -O3 -fomit-frame-pointer line 18 arg2 == 2
FAIL: gcc.dg/guality/pr36728-1.c -O3 -fomit-frame-pointer line 18 arg3 == 3
FAIL: gcc.dg/guality/pr36728-1.c -O3 -fomit-frame-pointer line 18 arg4 == 4
FAIL: gcc.dg/guality/pr36728-1.c -O3 -g line 16 arg2 == 2
FAIL: gcc.dg/guality/pr36728-1.c -O3 -g line 16 arg3 == 3
FAIL: gcc.dg/guality/pr36728-1.c -O3 -g line 16 arg4 == 4
FAIL: gcc.dg/guality/pr36728-1.c -O3 -g line 18 arg2 == 2
FAIL: gcc.dg/guality/pr36728-1.c -O3 -g line 18 arg3 == 3
FAIL: gcc.dg/guality/pr36728-1.c -O3 -g line 18 arg4 == 4
FAIL: gcc.dg/guality/pr36728-1.c -Os line 16 arg1 == 1
FAIL: gcc.dg/guality/pr36728-1.c -Os line 16 arg2 == 2
FAIL: gcc.dg/guality/pr36728-1.c -Os line 16 arg3 == 3
FAIL: gcc.dg/guality/pr36728-1.c -Os line 16 arg4 == 4
FAIL: gcc.dg/guality/pr36728-1.c -Os line 18 arg1 == 1
FAIL: gcc.dg/guality/pr36728-1.c -Os line 18 arg2 == 2
FAIL: gcc.dg/guality/pr36728-1.c -Os line 18 arg3 == 3
FAIL: gcc.dg/guality/pr36728-1.c -Os line 18 arg4 == 4
FAIL: gcc.dg/guality/pr36728-1.c -O2 -flto -fno-use-linker-plugin -flto-partition=none line 16 arg2 == 2
FAIL: gcc.dg/guality/pr36728-1.c -O2 -flto -fno-use-linker-plugin -flto-partition=none line 16 arg3 == 3
FAIL: gcc.dg/guality/pr36728-1.c -O2 -flto -fno-use-linker-plugin -flto-partition=none line 16 arg4 == 4
FAIL: gcc.dg/guality/pr36728-1.c -O2 -flto -fno-use-linker-plugin -flto-partition=none line 18 arg2 == 2
FAIL: gcc.dg/guality/pr36728-1.c -O2 -flto -fno-use-linker-plugin -flto-partition=none line 18 arg3 == 3
FAIL: gcc.dg/guality/pr36728-1.c -O2 -flto -fno-use-linker-plugin -flto-partition=none line 18 arg4 == 4
FAIL: gcc.dg/guality/pr36728-1.c -O2 -flto -fuse-linker-plugin -fno-fat-lto-objects line 16 arg2 == 2
FAIL: gcc.dg/guality/pr36728-1.c -O2 -flto -fuse-linker-plugin -fno-fat-lto-objects line 16 arg3 == 3
FAIL: gcc.dg/guality/pr36728-1.c -O2 -flto -fuse-linker-plugin -fno-fat-lto-objects line 16 arg4 == 4
FAIL: gcc.dg/guality/pr36728-1.c -O2 -flto -fuse-linker-plugin -fno-fat-lto-objects line 18 arg1 == 1
FAIL: gcc.dg/guality/pr36728-1.c -O2 -flto -fuse-linker-plugin -fno-fat-lto-objects line 18 arg2 == 2
FAIL: gcc.dg/guality/pr36728-1.c -O2 -flto -fuse-linker-plugin -fno-fat-lto-objects line 18 arg3 == 3
FAIL: gcc.dg/guality/pr36728-1.c -O2 -flto -fuse-linker-plugin -fno-fat-lto-objects line 18 arg4 == 4
FAIL: gcc.dg/guality/pr36728-2.c -O1 line 16 arg3 == 3
FAIL: gcc.dg/guality/pr36728-2.c -O1 line 16 arg4 == 4
FAIL: gcc.dg/guality/pr36728-2.c -O1 line 18 arg2 == 2
FAIL: gcc.dg/guality/pr36728-2.c -O1 line 18 arg3 == 3
FAIL: gcc.dg/guality/pr36728-2.c -O1 line 18 arg4 == 4
FAIL: gcc.dg/guality/pr36728-2.c -O2 line 16 arg2 == 2
FAIL: gcc.dg/guality/pr36728-2.c -O2 line 16 arg3 == 3
FAIL: gcc.dg/guality/pr36728-2.c -O2 line 16 arg4 == 4
FAIL: gcc.dg/guality/pr36728-2.c -O2 line 18 arg2 == 2
FAIL: gcc.dg/guality/pr36728-2.c -O2 line 18 arg3 == 3
FAIL: gcc.dg/guality/pr36728-2.c -O2 line 18 arg4 == 4
FAIL: gcc.dg/guality/pr36728-2.c -O3 -fomit-frame-pointer line 16 arg2 == 2
FAIL: gcc.dg/guality/pr36728-2.c -O3 -fomit-frame-pointer line 16 arg3 == 3
FAIL: gcc.dg/guality/pr36728-2.c -O3 -fomit-frame-pointer line 16 arg4 == 4
FAIL: gcc.dg/guality/pr36728-2.c -O3 -fomit-frame-pointer line 18 arg2 == 2
FAIL: gcc.dg/guality/pr36728-2.c -O3 -fomit-frame-pointer line 18 arg3 == 3
FAIL: gcc.dg/guality/pr36728-2.c -O3 -fomit-frame-pointer line 18 arg4 == 4
FAIL: gcc.dg/guality/pr36728-2.c -O3 -g line 16 arg2 == 2
FAIL: gcc.dg/guality/pr36728-2.c -O3 -g line 16 arg3 == 3
FAIL: gcc.dg/guality/pr36728-2.c -O3 -g line 16 arg4 == 4
FAIL: gcc.dg/guality/pr36728-2.c -O3 -g line 18 arg2 == 2
FAIL: gcc.dg/guality/pr36728-2.c -O3 -g line 18 arg3 == 3
FAIL: gcc.dg/guality/pr36728-2.c -O3 -g line 18 arg4 == 4
FAIL: gcc.dg/guality/pr36728-2.c -Os line 16 arg2 == 2
FAIL: gcc.dg/guality/pr36728-2.c -Os line 16 arg3 == 3
FAIL: gcc.dg/guality/pr36728-2.c -Os line 16 arg4 == 4
FAIL: gcc.dg/guality/pr36728-2.c -Os line 18 arg2 == 2
FAIL: gcc.dg/guality/pr36728-2.c -Os line 18 arg3 == 3
FAIL: gcc.dg/guality/pr36728-2.c -Os line 18 arg4 == 4
FAIL: gcc.dg/guality/pr36728-2.c -O2 -flto -fno-use-linker-plugin -flto-partition=none line 16 arg2 == 2
FAIL: gcc.dg/guality/pr36728-2.c -O2 -flto -fno-use-linker-plugin -flto-partition=none line 16 arg3 == 3
FAIL: gcc.dg/guality/pr36728-2.c -O2 -flto -fno-use-linker-plugin -flto-partition=none line 16 arg4 == 4
FAIL: gcc.dg/guality/pr36728-2.c -O2 -flto -fno-use-linker-plugin -flto-partition=none line 18 arg2 == 2
FAIL: gcc.dg/guality/pr36728-2.c -O2 -flto -fno-use-linker-plugin -flto-partition=none line 18 arg3 == 3
FAIL: gcc.dg/guality/pr36728-2.c -O2 -flto -fno-use-linker-plugin -flto-partition=none line 18 arg4 == 4
FAIL: gcc.dg/guality/pr36728-2.c -O2 -flto -fuse-linker-plugin -fno-fat-lto-objects line 16 arg3 == 3
FAIL: gcc.dg/guality/pr36728-2.c -O2 -flto -fuse-linker-plugin -fno-fat-lto-objects line 16 arg4 == 4
FAIL: gcc.dg/guality/pr36728-2.c -O2 -flto -fuse-linker-plugin -fno-fat-lto-objects line 18 arg1 == 1
FAIL: gcc.dg/guality/pr36728-2.c -O2 -flto -fuse-linker-plugin -fno-fat-lto-objects line 18 arg2 == 2
FAIL: gcc.dg/guality/pr36728-2.c -O2 -flto -fuse-linker-plugin -fno-fat-lto-objects line 18 arg3 == 3
FAIL: gcc.dg/guality/pr36728-2.c -O2 -flto -fuse-linker-plugin -fno-fat-lto-objects line 18 arg4 == 4
FAIL: gcc.dg/guality/pr36728-3.c -O1 line 14 arg2 == 2
FAIL: gcc.dg/guality/pr36728-3.c -O1 line 14 arg3 == 3
FAIL: gcc.dg/guality/pr36728-3.c -O1 line 14 arg4 == 4
FAIL: gcc.dg/guality/pr36728-3.c -O1 line 16 arg2 == 2
FAIL: gcc.dg/guality/pr36728-3.c -O1 line 16 arg3 == 3
FAIL: gcc.dg/guality/pr36728-3.c -O1 line 16 arg4 == 4
FAIL: gcc.dg/guality/pr36728-3.c -O2 line 14 arg1 == 1
FAIL: gcc.dg/guality/pr36728-3.c -O2 line 14 arg2 == 2
FAIL: gcc.dg/guality/pr36728-3.c -O2 line 14 arg3 == 3
FAIL: gcc.dg/guality/pr36728-3.c -O2 line 14 arg4 == 4
FAIL: gcc.dg/guality/pr36728-3.c -O2 line 16 arg1 == 1
FAIL: gcc.dg/guality/pr36728-3.c -O2 line 16 arg2 == 2
FAIL: gcc.dg/guality/pr36728-3.c -O2 line 16 arg3 == 3
FAIL: gcc.dg/guality/pr36728-3.c -O2 line 16 arg4 == 4
FAIL: gcc.dg/guality/pr36728-3.c -O3 -fomit-frame-pointer line 14 arg1 == 1
FAIL: gcc.dg/guality/pr36728-3.c -O3 -fomit-frame-pointer line 14 arg2 == 2
FAIL: gcc.dg/guality/pr36728-3.c -O3 -fomit-frame-pointer line 14 arg3 == 3
FAIL: gcc.dg/guality/pr36728-3.c -O3 -fomit-frame-pointer line 14 arg4 == 4
FAIL: gcc.dg/guality/pr36728-3.c -O3 -fomit-frame-pointer line 16 arg1 == 1
FAIL: gcc.dg/guality/pr36728-3.c -O3 -fomit-frame-pointer line 16 arg2 == 2
FAIL: gcc.dg/guality/pr36728-3.c -O3 -fomit-frame-pointer line 16 arg3 == 3
FAIL: gcc.dg/guality/pr36728-3.c -O3 -fomit-frame-pointer line 16 arg4 == 4
FAIL: gcc.dg/guality/pr36728-3.c -O3 -g line 14 arg1 == 1
FAIL: gcc.dg/guality/pr36728-3.c -O3 -g line 14 arg2 == 2
FAIL: gcc.dg/guality/pr36728-3.c -O3 -g line 14 arg3 == 3
FAIL: gcc.dg/guality/pr36728-3.c -O3 -g line 14 arg4 == 4
FAIL: gcc.dg/guality/pr36728-3.c -O3 -g line 16 arg1 == 1
FAIL: gcc.dg/guality/pr36728-3.c -O3 -g line 16 arg2 == 2
FAIL: gcc.dg/guality/pr36728-3.c -O3 -g line 16 arg3 == 3
FAIL: gcc.dg/guality/pr36728-3.c -O3 -g line 16 arg4 == 4
FAIL: gcc.dg/guality/pr36728-3.c -Os line 14 arg2 == 2
FAIL: gcc.dg/guality/pr36728-3.c -Os line 14 arg3 == 3
FAIL: gcc.dg/guality/pr36728-3.c -Os line 14 arg4 == 4
FAIL: gcc.dg/guality/pr36728-3.c -Os line 16 arg2 == 2
FAIL: gcc.dg/guality/pr36728-3.c -Os line 16 arg3 == 3
FAIL: gcc.dg/guality/pr36728-3.c -Os line 16 arg4 == 4
FAIL: gcc.dg/guality/pr36728-3.c -O2 -flto -fno-use-linker-plugin -flto-partition=none line 14 arg1 == 1
FAIL: gcc.dg/guality/pr36728-3.c -O2 -flto -fno-use-linker-plugin -flto-partition=none line 14 arg2 == 2
FAIL: gcc.dg/guality/pr36728-3.c -O2 -flto -fno-use-linker-plugin -flto-partition=none line 14 arg3 == 3
FAIL: gcc.dg/guality/pr36728-3.c -O2 -flto -fno-use-linker-plugin -flto-partition=none line 14 arg4 == 4
FAIL: gcc.dg/guality/pr36728-3.c -O2 -flto -fno-use-linker-plugin -flto-partition=none line 16 arg1 == 1
FAIL: gcc.dg/guality/pr36728-3.c -O2 -flto -fno-use-linker-plugin -flto-partition=none line 16 arg2 == 2
FAIL: gcc.dg/guality/pr36728-3.c -O2 -flto -fno-use-linker-plugin -flto-partition=none line 16 arg3 == 3
FAIL: gcc.dg/guality/pr36728-3.c -O2 -flto -fno-use-linker-plugin -flto-partition=none line 16 arg4 == 4
FAIL: gcc.dg/guality/pr36728-3.c -O2 -flto -fuse-linker-plugin -fno-fat-lto-objects line 14 arg1 == 1
FAIL: gcc.dg/guality/pr36728-3.c -O2 -flto -fuse-linker-plugin -fno-fat-lto-objects line 14 arg2 == 2
FAIL: gcc.dg/guality/pr36728-3.c -O2 -flto -fuse-linker-plugin -fno-fat-lto-objects line 14 arg3 == 3
FAIL: gcc.dg/guality/pr36728-3.c -O2 -flto -fuse-linker-plugin -fno-fat-lto-objects line 14 arg4 == 4
FAIL: gcc.dg/guality/pr36728-3.c -O2 -flto -fuse-linker-plugin -fno-fat-lto-objects line 16 arg1 == 1
FAIL: gcc.dg/guality/pr36728-3.c -O2 -flto -fuse-linker-plugin -fno-fat-lto-objects line 16 arg2 == 2
FAIL: gcc.dg/guality/pr36728-3.c -O2 -flto -fuse-linker-plugin -fno-fat-lto-objects line 16 arg3 == 3
FAIL: gcc.dg/guality/pr36728-3.c -O2 -flto -fuse-linker-plugin -fno-fat-lto-objects line 16 arg4 == 4
FAIL: gcc.dg/guality/pr36728-4.c -O1 line 14 arg3 == 3
FAIL: gcc.dg/guality/pr36728-4.c -O1 line 14 arg4 == 4
FAIL: gcc.dg/guality/pr36728-4.c -O1 line 16 arg3 == 3
FAIL: gcc.dg/guality/pr36728-4.c -O1 line 16 arg4 == 4
FAIL: gcc.dg/guality/pr36728-4.c -O2 line 14 arg2 == 2
FAIL: gcc.dg/guality/pr36728-4.c -O2 line 14 arg3 == 3
FAIL: gcc.dg/guality/pr36728-4.c -O2 line 14 arg4 == 4
FAIL: gcc.dg/guality/pr36728-4.c -O2 line 16 arg2 == 2
FAIL: gcc.dg/guality/pr36728-4.c -O2 line 16 arg3 == 3
FAIL: gcc.dg/guality/pr36728-4.c -O2 line 16 arg4 == 4
FAIL: gcc.dg/guality/pr36728-4.c -O3 -fomit-frame-pointer line 14 arg2 == 2
FAIL: gcc.dg/guality/pr36728-4.c -O3 -fomit-frame-pointer line 14 arg3 == 3
FAIL: gcc.dg/guality/pr36728-4.c -O3 -fomit-frame-pointer line 14 arg4 == 4
FAIL: gcc.dg/guality/pr36728-4.c -O3 -fomit-frame-pointer line 16 arg2 == 2
FAIL: gcc.dg/guality/pr36728-4.c -O3 -fomit-frame-pointer line 16 arg3 == 3
FAIL: gcc.dg/guality/pr36728-4.c -O3 -fomit-frame-pointer line 16 arg4 == 4
FAIL: gcc.dg/guality/pr36728-4.c -O3 -g line 14 arg2 == 2
FAIL: gcc.dg/guality/pr36728-4.c -O3 -g line 14 arg3 == 3
FAIL: gcc.dg/guality/pr36728-4.c -O3 -g line 14 arg4 == 4
FAIL: gcc.dg/guality/pr36728-4.c -O3 -g line 16 arg2 == 2
FAIL: gcc.dg/guality/pr36728-4.c -O3 -g line 16 arg3 == 3
FAIL: gcc.dg/guality/pr36728-4.c -O3 -g line 16 arg4 == 4
FAIL: gcc.dg/guality/pr36728-4.c -Os line 14 arg3 == 3
FAIL: gcc.dg/guality/pr36728-4.c -Os line 14 arg4 == 4
FAIL: gcc.dg/guality/pr36728-4.c -Os line 16 arg3 == 3
FAIL: gcc.dg/guality/pr36728-4.c -Os line 16 arg4 == 4
FAIL: gcc.dg/guality/pr36728-4.c -O2 -flto -fno-use-linker-plugin -flto-partition=none line 14 arg2 == 2
FAIL: gcc.dg/guality/pr36728-4.c -O2 -flto -fno-use-linker-plugin -flto-partition=none line 14 arg3 == 3
FAIL: gcc.dg/guality/pr36728-4.c -O2 -flto -fno-use-linker-plugin -flto-partition=none line 14 arg4 == 4
FAIL: gcc.dg/guality/pr36728-4.c -O2 -flto -fno-use-linker-plugin -flto-partition=none line 16 arg2 == 2
FAIL: gcc.dg/guality/pr36728-4.c -O2 -flto -fno-use-linker-plugin -flto-partition=none line 16 arg3 == 3
FAIL: gcc.dg/guality/pr36728-4.c -O2 -flto -fno-use-linker-plugin -flto-partition=none line 16 arg4 == 4
FAIL: gcc.dg/guality/pr36728-4.c -O2 -flto -fuse-linker-plugin -fno-fat-lto-objects line 14 arg2 == 2
FAIL: gcc.dg/guality/pr36728-4.c -O2 -flto -fuse-linker-plugin -fno-fat-lto-objects line 14 arg3 == 3
FAIL: gcc.dg/guality/pr36728-4.c -O2 -flto -fuse-linker-plugin -fno-fat-lto-objects line 14 arg4 == 4
FAIL: gcc.dg/guality/pr36728-4.c -O2 -flto -fuse-linker-plugin -fno-fat-lto-objects line 16 arg2 == 2
FAIL: gcc.dg/guality/pr36728-4.c -O2 -flto -fuse-linker-plugin -fno-fat-lto-objects line 16 arg3 == 3
FAIL: gcc.dg/guality/pr36728-4.c -O2 -flto -fuse-linker-plugin -fno-fat-lto-objects line 16 arg4 == 4
XPASS: gcc.dg/guality/pr41353-1.c -O0 line 28 j == 28 + 37
XPASS: gcc.dg/guality/pr41447-1.c -O0 execution test
XPASS: gcc.dg/guality/pr41447-1.c -O1 execution test
XPASS: gcc.dg/guality/pr41447-1.c -O2 execution test
XPASS: gcc.dg/guality/pr41447-1.c -O3 -fomit-frame-pointer execution test
XPASS: gcc.dg/guality/pr41447-1.c -O3 -g execution test
XPASS: gcc.dg/guality/pr41447-1.c -Os execution test
XPASS: gcc.dg/guality/pr41447-1.c -O2 -flto -fno-use-linker-plugin -flto-partition=none execution test
XPASS: gcc.dg/guality/pr41447-1.c -O2 -flto -fuse-linker-plugin -fno-fat-lto-objects execution test
XPASS: gcc.dg/guality/pr41616-1.c -O0 execution test
XPASS: gcc.dg/guality/pr41616-1.c -O1 execution test
XPASS: gcc.dg/guality/pr41616-1.c -O2 execution test
XPASS: gcc.dg/guality/pr41616-1.c -O3 -fomit-frame-pointer execution test
XPASS: gcc.dg/guality/pr41616-1.c -O3 -g execution test
XPASS: gcc.dg/guality/pr41616-1.c -Os execution test
XPASS: gcc.dg/guality/pr41616-1.c -O2 -flto -fno-use-linker-plugin -flto-partition=none execution test
FAIL: gcc.dg/guality/pr43077-1.c -O1 line 42 varb == 2
FAIL: gcc.dg/guality/pr43077-1.c -O2 line 42 varc == 3
FAIL: gcc.dg/guality/pr43077-1.c -O3 -fomit-frame-pointer line 42 varc == 3
FAIL: gcc.dg/guality/pr43077-1.c -O3 -g line 42 varc == 3
FAIL: gcc.dg/guality/pr43077-1.c -Os line 42 varb == 2
FAIL: gcc.dg/guality/pr43077-1.c -Os line 42 varc == 3
FAIL: gcc.dg/guality/pr43077-1.c -O2 -flto -fno-use-linker-plugin -flto-partition=none line 42 varc == 3
FAIL: gcc.dg/guality/pr43077-1.c -O2 -flto -fuse-linker-plugin -fno-fat-lto-objects line 42 varc == 3
FAIL: gcc.dg/guality/pr43593.c -O1 line 16 j == &i
FAIL: gcc.dg/guality/pr43593.c -O2 line 16 j == &i
FAIL: gcc.dg/guality/pr43593.c -O3 -fomit-frame-pointer line 16 j == &i
FAIL: gcc.dg/guality/pr43593.c -O3 -g line 16 j == &i
FAIL: gcc.dg/guality/pr43593.c -Os line 16 j == &i
FAIL: gcc.dg/guality/pr43593.c -O2 -flto -fno-use-linker-plugin -flto-partition=none line 16 j == &i
FAIL: gcc.dg/guality/pr43593.c -O2 -flto -fuse-linker-plugin -fno-fat-lto-objects line 16 j == &i
FAIL: gcc.dg/guality/pr54200.c -O1 line 20 z == 3
FAIL: gcc.dg/guality/pr54200.c -O2 line 20 z == 3
FAIL: gcc.dg/guality/pr54200.c -O3 -fomit-frame-pointer line 20 z == 3
FAIL: gcc.dg/guality/pr54200.c -O3 -g line 20 z == 3
FAIL: gcc.dg/guality/pr54200.c -Os line 20 z == 3
FAIL: gcc.dg/guality/pr54200.c -O2 -flto -fno-use-linker-plugin -flto-partition=none line 20 z == 3
FAIL: gcc.dg/guality/pr54200.c -O2 -flto -fuse-linker-plugin -fno-fat-lto-objects line 20 z == 3
FAIL: gcc.dg/guality/pr54519-1.c -O2 -flto -fno-use-linker-plugin -flto-partition=none line 20 y == 25
FAIL: gcc.dg/guality/pr54519-1.c -O2 -flto -fno-use-linker-plugin -flto-partition=none line 20 z == 6
FAIL: gcc.dg/guality/pr54519-1.c -O2 -flto -fno-use-linker-plugin -flto-partition=none line 23 y == 117
FAIL: gcc.dg/guality/pr54519-1.c -O2 -flto -fno-use-linker-plugin -flto-partition=none line 23 z == 8
FAIL: gcc.dg/guality/pr54519-1.c -O2 -flto -fuse-linker-plugin -fno-fat-lto-objects line 20 y == 25
FAIL: gcc.dg/guality/pr54519-1.c -O2 -flto -fuse-linker-plugin -fno-fat-lto-objects line 20 z == 6
FAIL: gcc.dg/guality/pr54519-2.c -O2 -flto -fno-use-linker-plugin -flto-partition=none line 17 y == 25
FAIL: gcc.dg/guality/pr54519-2.c -O2 -flto -fuse-linker-plugin -fno-fat-lto-objects line 17 y == 25
FAIL: gcc.dg/guality/pr54519-3.c -O2 -flto -fuse-linker-plugin -fno-fat-lto-objects line 20 z == 6
FAIL: gcc.dg/guality/pr54519-3.c -O2 -flto -fuse-linker-plugin -fno-fat-lto-objects line 23 z == 8
FAIL: gcc.dg/guality/pr54519-4.c -O2 -flto -fuse-linker-plugin -fno-fat-lto-objects line 17 y == 25
FAIL: gcc.dg/guality/pr54519-5.c -O2 -flto -fno-use-linker-plugin -flto-partition=none line 17 y == 25
FAIL: gcc.dg/guality/pr54519-5.c -O2 -flto -fuse-linker-plugin -fno-fat-lto-objects line 17 y == 25
FAIL: gcc.dg/guality/pr54693-2.c -Os line 21 z == 30 - 3 * i
FAIL: gcc.dg/guality/pr54970.c -O1 line 15 a[0] == 1
FAIL: gcc.dg/guality/pr54970.c -O1 line 20 a[0] == 1
FAIL: gcc.dg/guality/pr54970.c -O1 line 25 a[0] == 1
FAIL: gcc.dg/guality/pr54970.c -O1 line 31 *p == 6
FAIL: gcc.dg/guality/pr54970.c -O1 line 31 *q == 5
FAIL: gcc.dg/guality/pr54970.c -O1 line 36 *p == 26
FAIL: gcc.dg/guality/pr54970.c -O1 line 36 *q == 5
FAIL: gcc.dg/guality/pr54970.c -O1 line 45 *p == 26
FAIL: gcc.dg/guality/pr54970.c -O1 line 45 p[-1] == 25
FAIL: gcc.dg/guality/pr54970.c -O1 line 45 p[-2] == 4
FAIL: gcc.dg/guality/pr54970.c -O1 line 45 q[-1] == 4
FAIL: gcc.dg/guality/pr54970.c -O1 line 45 q[1] == 26
FAIL: gcc.dg/guality/pr54970.c -O1 line 45 *q == 25
FAIL: gcc.dg/guality/pr54970.c -O2 line 15 a[0] == 1
FAIL: gcc.dg/guality/pr54970.c -O2 line 20 a[0] == 1
FAIL: gcc.dg/guality/pr54970.c -O2 line 25 a[0] == 1
FAIL: gcc.dg/guality/pr54970.c -O2 line 31 *p == 6
FAIL: gcc.dg/guality/pr54970.c -O2 line 31 *q == 5
FAIL: gcc.dg/guality/pr54970.c -O2 line 36 *p == 26
FAIL: gcc.dg/guality/pr54970.c -O2 line 36 *q == 5
FAIL: gcc.dg/guality/pr54970.c -O2 line 45 *p == 26
FAIL: gcc.dg/guality/pr54970.c -O2 line 45 p[-1] == 25
FAIL: gcc.dg/guality/pr54970.c -O2 line 45 p[-2] == 4
FAIL: gcc.dg/guality/pr54970.c -O2 line 45 q[-1] == 4
FAIL: gcc.dg/guality/pr54970.c -O2 line 45 q[1] == 26
FAIL: gcc.dg/guality/pr54970.c -O2 line 45 *q == 25
FAIL: gcc.dg/guality/pr54970.c -O3 -fomit-frame-pointer line 15 a[0] == 1
FAIL: gcc.dg/guality/pr54970.c -O3 -fomit-frame-pointer line 20 a[0] == 1
FAIL: gcc.dg/guality/pr54970.c -O3 -fomit-frame-pointer line 25 a[0] == 1
FAIL: gcc.dg/guality/pr54970.c -O3 -fomit-frame-pointer line 31 *p == 6
FAIL: gcc.dg/guality/pr54970.c -O3 -fomit-frame-pointer line 31 *q == 5
FAIL: gcc.dg/guality/pr54970.c -O3 -fomit-frame-pointer line 36 *p == 26
FAIL: gcc.dg/guality/pr54970.c -O3 -fomit-frame-pointer line 36 *q == 5
FAIL: gcc.dg/guality/pr54970.c -O3 -fomit-frame-pointer line 45 *p == 26
FAIL: gcc.dg/guality/pr54970.c -O3 -fomit-frame-pointer line 45 p[-1] == 25
FAIL: gcc.dg/guality/pr54970.c -O3 -fomit-frame-pointer line 45 p[-2] == 4
FAIL: gcc.dg/guality/pr54970.c -O3 -fomit-frame-pointer line 45 q[-1] == 4
FAIL: gcc.dg/guality/pr54970.c -O3 -fomit-frame-pointer line 45 q[1] == 26
FAIL: gcc.dg/guality/pr54970.c -O3 -fomit-frame-pointer line 45 *q == 25
FAIL: gcc.dg/guality/pr54970.c -O3 -g line 15 a[0] == 1
FAIL: gcc.dg/guality/pr54970.c -O3 -g line 20 a[0] == 1
FAIL: gcc.dg/guality/pr54970.c -O3 -g line 25 a[0] == 1
FAIL: gcc.dg/guality/pr54970.c -O3 -g line 31 *p == 6
FAIL: gcc.dg/guality/pr54970.c -O3 -g line 31 *q == 5
FAIL: gcc.dg/guality/pr54970.c -O3 -g line 36 *p == 26
FAIL: gcc.dg/guality/pr54970.c -O3 -g line 36 *q == 5
FAIL: gcc.dg/guality/pr54970.c -O3 -g line 45 *p == 26
FAIL: gcc.dg/guality/pr54970.c -O3 -g line 45 p[-1] == 25
FAIL: gcc.dg/guality/pr54970.c -O3 -g line 45 p[-2] == 4
FAIL: gcc.dg/guality/pr54970.c -O3 -g line 45 q[-1] == 4
FAIL: gcc.dg/guality/pr54970.c -O3 -g line 45 q[1] == 26
FAIL: gcc.dg/guality/pr54970.c -O3 -g line 45 *q == 25
FAIL: gcc.dg/guality/pr54970.c -Os line 15 a[0] == 1
FAIL: gcc.dg/guality/pr54970.c -Os line 20 a[0] == 1
FAIL: gcc.dg/guality/pr54970.c -Os line 25 a[0] == 1
FAIL: gcc.dg/guality/pr54970.c -Os line 31 *p == 6
FAIL: gcc.dg/guality/pr54970.c -Os line 31 *q == 5
FAIL: gcc.dg/guality/pr54970.c -Os line 36 *p == 26
FAIL: gcc.dg/guality/pr54970.c -Os line 36 *q == 5
FAIL: gcc.dg/guality/pr54970.c -Os line 45 *p == 26
FAIL: gcc.dg/guality/pr54970.c -Os line 45 p[-1] == 25
FAIL: gcc.dg/guality/pr54970.c -Os line 45 p[-2] == 4
FAIL: gcc.dg/guality/pr54970.c -Os line 45 q[-1] == 4
FAIL: gcc.dg/guality/pr54970.c -Os line 45 q[1] == 26
FAIL: gcc.dg/guality/pr54970.c -Os line 45 *q == 25
FAIL: gcc.dg/guality/pr54970.c -O2 -flto -fno-use-linker-plugin -flto-partition=none line 15 a[0] == 1
FAIL: gcc.dg/guality/pr54970.c -O2 -flto -fno-use-linker-plugin -flto-partition=none line 20 a[0] == 1
FAIL: gcc.dg/guality/pr54970.c -O2 -flto -fno-use-linker-plugin -flto-partition=none line 25 a[0] == 1
FAIL: gcc.dg/guality/pr54970.c -O2 -flto -fno-use-linker-plugin -flto-partition=none line 31 *p == 6
FAIL: gcc.dg/guality/pr54970.c -O2 -flto -fno-use-linker-plugin -flto-partition=none line 31 *q == 5
FAIL: gcc.dg/guality/pr54970.c -O2 -flto -fno-use-linker-plugin -flto-partition=none line 36 *p == 26
FAIL: gcc.dg/guality/pr54970.c -O2 -flto -fno-use-linker-plugin -flto-partition=none line 36 *q == 5
FAIL: gcc.dg/guality/pr54970.c -O2 -flto -fno-use-linker-plugin -flto-partition=none line 45 *p == 26
FAIL: gcc.dg/guality/pr54970.c -O2 -flto -fno-use-linker-plugin -flto-partition=none line 45 p[-1] == 25
FAIL: gcc.dg/guality/pr54970.c -O2 -flto -fno-use-linker-plugin -flto-partition=none line 45 p[-2] == 4
FAIL: gcc.dg/guality/pr54970.c -O2 -flto -fno-use-linker-plugin -flto-partition=none line 45 q[-1] == 4
FAIL: gcc.dg/guality/pr54970.c -O2 -flto -fno-use-linker-plugin -flto-partition=none line 45 q[1] == 26
FAIL: gcc.dg/guality/pr54970.c -O2 -flto -fno-use-linker-plugin -flto-partition=none line 45 *q == 25
FAIL: gcc.dg/guality/pr54970.c -O2 -flto -fuse-linker-plugin -fno-fat-lto-objects line 15 a[0] == 1
FAIL: gcc.dg/guality/pr54970.c -O2 -flto -fuse-linker-plugin -fno-fat-lto-objects line 20 a[0] == 1
FAIL: gcc.dg/guality/pr54970.c -O2 -flto -fuse-linker-plugin -fno-fat-lto-objects line 25 a[0] == 1
FAIL: gcc.dg/guality/pr54970.c -O2 -flto -fuse-linker-plugin -fno-fat-lto-objects line 31 *p == 6
FAIL: gcc.dg/guality/pr54970.c -O2 -flto -fuse-linker-plugin -fno-fat-lto-objects line 31 *q == 5
FAIL: gcc.dg/guality/pr54970.c -O2 -flto -fuse-linker-plugin -fno-fat-lto-objects line 36 *p == 26
FAIL: gcc.dg/guality/pr54970.c -O2 -flto -fuse-linker-plugin -fno-fat-lto-objects line 36 *q == 5
FAIL: gcc.dg/guality/pr54970.c -O2 -flto -fuse-linker-plugin -fno-fat-lto-objects line 45 *p == 26
FAIL: gcc.dg/guality/pr54970.c -O2 -flto -fuse-linker-plugin -fno-fat-lto-objects line 45 p[-1] == 25
FAIL: gcc.dg/guality/pr54970.c -O2 -flto -fuse-linker-plugin -fno-fat-lto-objects line 45 p[-2] == 4
FAIL: gcc.dg/guality/pr54970.c -O2 -flto -fuse-linker-plugin -fno-fat-lto-objects line 45 q[-1] == 4
FAIL: gcc.dg/guality/pr54970.c -O2 -flto -fuse-linker-plugin -fno-fat-lto-objects line 45 q[1] == 26
FAIL: gcc.dg/guality/pr54970.c -O2 -flto -fuse-linker-plugin -fno-fat-lto-objects line 45 *q == 25
FAIL: gcc.dg/guality/sra-1.c -O1 line 43 a.i == 4
FAIL: gcc.dg/guality/sra-1.c -O2 line 43 a.i == 4
FAIL: gcc.dg/guality/sra-1.c -O2 line 43 a.j == 14
FAIL: gcc.dg/guality/sra-1.c -O3 -fomit-frame-pointer line 43 a.i == 4
FAIL: gcc.dg/guality/sra-1.c -O3 -fomit-frame-pointer line 43 a.j == 14
FAIL: gcc.dg/guality/sra-1.c -O3 -g line 43 a.i == 4
FAIL: gcc.dg/guality/sra-1.c -O3 -g line 43 a.j == 14
FAIL: gcc.dg/guality/sra-1.c -Os line 43 a.i == 4
FAIL: gcc.dg/guality/sra-1.c -Os line 43 a.j == 14
FAIL: gcc.dg/guality/sra-1.c -O2 -flto -fno-use-linker-plugin -flto-partition=none line 43 a.i == 4
FAIL: gcc.dg/guality/sra-1.c -O2 -flto -fno-use-linker-plugin -flto-partition=none line 43 a.j == 14
FAIL: gcc.dg/guality/sra-1.c -O2 -flto -fuse-linker-plugin -fno-fat-lto-objects line 43 a.i == 4
FAIL: gcc.dg/guality/sra-1.c -O2 -flto -fuse-linker-plugin -fno-fat-lto-objects line 43 a.j == 14
FAIL: gcc.dg/guality/vla-1.c -O0 line 17 sizeof (a) == 6
FAIL: gcc.dg/guality/vla-1.c -O0 line 24 sizeof (a) == 17 * sizeof (short)
FAIL: gcc.dg/guality/vla-1.c -O1 line 17 sizeof (a) == 6
FAIL: gcc.dg/guality/vla-1.c -O1 line 24 sizeof (a) == 17 * sizeof (short)
FAIL: gcc.dg/guality/vla-1.c -O2 line 17 sizeof (a) == 6
FAIL: gcc.dg/guality/vla-1.c -O2 line 24 sizeof (a) == 17 * sizeof (short)
FAIL: gcc.dg/guality/vla-1.c -O3 -fomit-frame-pointer line 17 sizeof (a) == 6
FAIL: gcc.dg/guality/vla-1.c -O3 -fomit-frame-pointer line 24 sizeof (a) == 17 * sizeof (short)
FAIL: gcc.dg/guality/vla-1.c -O3 -g line 17 sizeof (a) == 6
FAIL: gcc.dg/guality/vla-1.c -O3 -g line 24 sizeof (a) == 17 * sizeof (short)
FAIL: gcc.dg/guality/vla-1.c -Os line 17 sizeof (a) == 6
FAIL: gcc.dg/guality/vla-1.c -Os line 24 sizeof (a) == 17 * sizeof (short)
FAIL: gcc.dg/guality/vla-1.c -O2 -flto -fno-use-linker-plugin -flto-partition=none line 17 sizeof (a) == 6
FAIL: gcc.dg/guality/vla-1.c -O2 -flto -fno-use-linker-plugin -flto-partition=none line 24 sizeof (a) == 17 * sizeof (short)
FAIL: gcc.dg/guality/vla-1.c -O2 -flto -fuse-linker-plugin -fno-fat-lto-objects line 17 sizeof (a) == 6
FAIL: gcc.dg/guality/vla-1.c -O2 -flto -fuse-linker-plugin -fno-fat-lto-objects line 24 sizeof (a) == 17 * sizeof (short)
FAIL: gcc.dg/guality/vla-2.c -O0 line 16 sizeof (a) == 5 * sizeof (int)
FAIL: gcc.dg/guality/vla-2.c -O0 line 25 sizeof (a) == 6 * sizeof (int)
FAIL: gcc.dg/guality/vla-2.c -O1 line 16 sizeof (a) == 5 * sizeof (int)
FAIL: gcc.dg/guality/vla-2.c -O1 line 25 sizeof (a) == 6 * sizeof (int)
FAIL: gcc.dg/guality/vla-2.c -O2 line 16 sizeof (a) == 5 * sizeof (int)
FAIL: gcc.dg/guality/vla-2.c -O2 line 25 sizeof (a) == 6 * sizeof (int)
FAIL: gcc.dg/guality/vla-2.c -O3 -fomit-frame-pointer line 16 sizeof (a) == 5 * sizeof (int)
FAIL: gcc.dg/guality/vla-2.c -O3 -fomit-frame-pointer line 25 sizeof (a) == 6 * sizeof (int)
FAIL: gcc.dg/guality/vla-2.c -O3 -g line 16 sizeof (a) == 5 * sizeof (int)
FAIL: gcc.dg/guality/vla-2.c -O3 -g line 25 sizeof (a) == 6 * sizeof (int)
FAIL: gcc.dg/guality/vla-2.c -Os line 16 sizeof (a) == 5 * sizeof (int)
FAIL: gcc.dg/guality/vla-2.c -Os line 25 sizeof (a) == 6 * sizeof (int)
FAIL: gcc.dg/guality/vla-2.c -O2 -flto -fno-use-linker-plugin -flto-partition=none line 16 sizeof (a) == 5 * sizeof (int)
FAIL: gcc.dg/guality/vla-2.c -O2 -flto -fno-use-linker-plugin -flto-partition=none line 25 sizeof (a) == 6 * sizeof (int)
FAIL: gcc.dg/guality/vla-2.c -O2 -flto -fuse-linker-plugin -fno-fat-lto-objects line 16 sizeof (a) == 5 * sizeof (int)
FAIL: gcc.dg/guality/vla-2.c -O2 -flto -fuse-linker-plugin -fno-fat-lto-objects line 25 sizeof (a) == 6 * sizeof (int)
FAIL: gcc.dg/tree-ssa/pr42585.c scan-tree-dump-times optimized "struct _fat_ptr _ans" 0
FAIL: gcc.dg/tree-ssa/pr42585.c scan-tree-dump-times optimized "struct _fat_ptr _T2" 0
FAIL: gcc.dg/tree-ssa/pr43491.c scan-tree-dump-times pre "Eliminated: 3" 1
FAIL: gcc.dg/tree-ssa/sra-12.c scan-tree-dump-times release_ssa "l;" 0
FAIL: gcc.target/arm/neon-vcond-ltgt.c scan-assembler vbsl[\\\\t ]*q[0-9]+,[\\\\t ]*q[0-9]+,[\\\\t ]*q[0-9]+
FAIL: gcc.target/arm/neon-vcond-unordered.c scan-assembler vbsl[\\\\t ]*q[0-9]+,[\\\\t ]*q[0-9]+,[\\\\t ]*q[0-9]+
FAIL: gcc.target/arm/neon-vext-execute.c execution test
FAIL: gcc.target/arm/pr42172-1.c scan-assembler-times ldr 1
FAIL: gcc.target/arm/pr42575.c scan-assembler-not mov
=== gcc Summary ===
# of expected passes 91635
# of unexpected failures 383
# of unexpected successes 33
# of expected failures 271
# of unsupported tests 1517
/home/dave/gnu/gcc/objdir/gcc/xgcc version 4.8.3 20140220 (prerelease) [gcc-4_8-branch revision 207963] (GCC)
=== gfortran tests ===
Running target unix
FAIL: gfortran.dg/select_type_4.f90 -O2 execution test
FAIL: gfortran.dg/select_type_4.f90 -O3 -fomit-frame-pointer execution test
FAIL: gfortran.dg/select_type_4.f90 -O3 -fomit-frame-pointer -funroll-loops execution test
FAIL: gfortran.dg/select_type_4.f90 -O3 -fomit-frame-pointer -funroll-all-loops -finline-functions execution test
FAIL: gfortran.dg/select_type_4.f90 -O3 -g execution test
FAIL: gfortran.dg/zero_sized_1.f90 -O0 execution test
FAIL: gfortran.dg/vect/pr32380.f -O scan-tree-dump-times vect "vectorized 6 loops" 1
=== gfortran Summary ===
# of expected passes 42538
# of unexpected failures 7
# of expected failures 43
# of unsupported tests 394
/home/dave/gnu/gcc/objdir/gcc/testsuite/gfortran/../../gfortran version 4.8.3 20140220 (prerelease) [gcc-4_8-branch revision 207963] (GCC)
=== obj-c++ tests ===
Running target unix
=== obj-c++ Summary ===
# of expected passes 1450
# of expected failures 2
# of unsupported tests 86
/home/dave/gnu/gcc/objdir/gcc/testsuite/obj-c++/../../xg++ version 4.8.3 20140220 (prerelease) [gcc-4_8-branch revision 207963] (GCC)
=== objc tests ===
Running target unix
=== objc Summary ===
# of expected passes 2994
# of unsupported tests 74
/home/dave/gnu/gcc/objdir/gcc/xgcc version 4.8.3 20140220 (prerelease) [gcc-4_8-branch revision 207963] (GCC)
Compiler version: 4.8.3 20140220 (prerelease) [gcc-4_8-branch revision 207963] (GCC)
Platform: armv5tejl-unknown-linux-gnueabi
configure flags: --enable-languages=c,c++,fortran,objc,obj-c++ --enable-checking=release --enable-shared --enable-threads --disable-multilib --disable-libmudflap --disable-libssp --enable-symvers=gnu --enable-__cxa_atexit --disable-libstdcxx-pch --prefix=/home/dave/opt/gnu/gcc/gcc-4.8 --with-gmp=/home/dave/opt/gnu --with-as=/home/dave/opt/gnu/bin/as --with-ld=/home/dave/opt/gnu/bin/ld