This is the mail archive of the gcc-testresults@gcc.gnu.org mailing list for the GCC project.


Index Nav: [Date Index] [Subject Index] [Author Index] [Thread Index]
Message Nav: [Date Prev] [Date Next] [Thread Prev] [Thread Next]
Other format: [Raw text]

Results for 4.8.2 (GCC) testsuite on x86_64-unknown-linux-gnu


-- Build environment ----------------------------------------------------------
Distro:	los.git rootfs=f0b1 native=f0b1
Kernel:	Linux cooljazz 3.14.0-rc3-amd-los_f0b1 #1 SMP PREEMPT Sat Feb 22 22:05:38 EET 2014 x86_64 GNU/Linux
CPU:	processor	: 0
	vendor_id	: AuthenticAMD
	cpu family	: 21
	model		: 2
	model name	: AMD FX(tm)-6350 Six-Core Processor
	stepping	: 0
	microcode	: 0x600081c
	cpu MHz		: 1400.000
	cache size	: 2048 KB
	physical id	: 0
	siblings	: 6
	core id		: 0
	cpu cores	: 3
	apicid		: 16
	initial apicid	: 0
	fpu		: yes
	fpu_exception	: yes
	cpuid level	: 13
	wp		: yes
	flags		: fpu vme de pse tsc msr pae mce cx8 apic sep mtrr pge mca cmov pat pse36 clflush mmx fxsr sse sse2 ht syscall nx mmxext fxsr_opt pdpe1gb rdtscp lm constant_tsc rep_good nopl nonstop_tsc extd_apicid aperfmperf pni pclmulqdq monitor ssse3 fma cx16 sse4_1 sse4_2 popcnt aes xsave avx f16c lahf_lm cmp_legacy svm extapic cr8_legacy abm sse4a misalignsse 3dnowprefetch osvw ibs xop skinit wdt lwp fma4 tce nodeid_msr tbm topoext perfctr_core perfctr_nb arat cpb hw_pstate npt lbrv svm_lock nrip_save tsc_scale vmcb_clean flushbyasid decodeassists pausefilter pfthreshold bmi1
	bogomips	: 7800.57
	TLB size	: 1536 4K pages
	clflush size	: 64
	cache_alignment	: 64
	address sizes	: 48 bits physical, 48 bits virtual
	power management: ts ttp tm 100mhzsteps hwpstate cpb eff_freq_ro
	processor	: 1
	vendor_id	: AuthenticAMD
	cpu family	: 21
	model		: 2
	model name	: AMD FX(tm)-6350 Six-Core Processor             
	stepping	: 0
	microcode	: 0x600081c
	cpu MHz		: 1400.000
	cache size	: 2048 KB
	physical id	: 0
	siblings	: 6
	core id		: 1
	cpu cores	: 3
	apicid		: 17
	initial apicid	: 1
	fpu		: yes
	fpu_exception	: yes
	cpuid level	: 13
	wp		: yes
	flags		: fpu vme de pse tsc msr pae mce cx8 apic sep mtrr pge mca cmov pat pse36 clflush mmx fxsr sse sse2 ht syscall nx mmxext fxsr_opt pdpe1gb rdtscp lm constant_tsc rep_good nopl nonstop_tsc extd_apicid aperfmperf pni pclmulqdq monitor ssse3 fma cx16 sse4_1 sse4_2 popcnt aes xsave avx f16c lahf_lm cmp_legacy svm extapic cr8_legacy abm sse4a misalignsse 3dnowprefetch osvw ibs xop skinit wdt lwp fma4 tce nodeid_msr tbm topoext perfctr_core perfctr_nb arat cpb hw_pstate npt lbrv svm_lock nrip_save tsc_scale vmcb_clean flushbyasid decodeassists pausefilter pfthreshold bmi1
	bogomips	: 7800.57
	TLB size	: 1536 4K pages
	clflush size	: 64
	cache_alignment	: 64
	address sizes	: 48 bits physical, 48 bits virtual
	power management: ts ttp tm 100mhzsteps hwpstate cpb eff_freq_ro
	processor	: 2
	vendor_id	: AuthenticAMD
	cpu family	: 21
	model		: 2
	model name	: AMD FX(tm)-6350 Six-Core Processor             
	stepping	: 0
	microcode	: 0x600081c
	cpu MHz		: 1400.000
	cache size	: 2048 KB
	physical id	: 0
	siblings	: 6
	core id		: 2
	cpu cores	: 3
	apicid		: 18
	initial apicid	: 2
	fpu		: yes
	fpu_exception	: yes
	cpuid level	: 13
	wp		: yes
	flags		: fpu vme de pse tsc msr pae mce cx8 apic sep mtrr pge mca cmov pat pse36 clflush mmx fxsr sse sse2 ht syscall nx mmxext fxsr_opt pdpe1gb rdtscp lm constant_tsc rep_good nopl nonstop_tsc extd_apicid aperfmperf pni pclmulqdq monitor ssse3 fma cx16 sse4_1 sse4_2 popcnt aes xsave avx f16c lahf_lm cmp_legacy svm extapic cr8_legacy abm sse4a misalignsse 3dnowprefetch osvw ibs xop skinit wdt lwp fma4 tce nodeid_msr tbm topoext perfctr_core perfctr_nb arat cpb hw_pstate npt lbrv svm_lock nrip_save tsc_scale vmcb_clean flushbyasid decodeassists pausefilter pfthreshold bmi1
	bogomips	: 7800.57
	TLB size	: 1536 4K pages
	clflush size	: 64
	cache_alignment	: 64
	address sizes	: 48 bits physical, 48 bits virtual
	power management: ts ttp tm 100mhzsteps hwpstate cpb eff_freq_ro
	processor	: 3
	vendor_id	: AuthenticAMD
	cpu family	: 21
	model		: 2
	model name	: AMD FX(tm)-6350 Six-Core Processor             
	stepping	: 0
	microcode	: 0x600081c
	cpu MHz		: 3600.000
	cache size	: 2048 KB
	physical id	: 0
	siblings	: 6
	core id		: 3
	cpu cores	: 3
	apicid		: 19
	initial apicid	: 3
	fpu		: yes
	fpu_exception	: yes
	cpuid level	: 13
	wp		: yes
	flags		: fpu vme de pse tsc msr pae mce cx8 apic sep mtrr pge mca cmov pat pse36 clflush mmx fxsr sse sse2 ht syscall nx mmxext fxsr_opt pdpe1gb rdtscp lm constant_tsc rep_good nopl nonstop_tsc extd_apicid aperfmperf pni pclmulqdq monitor ssse3 fma cx16 sse4_1 sse4_2 popcnt aes xsave avx f16c lahf_lm cmp_legacy svm extapic cr8_legacy abm sse4a misalignsse 3dnowprefetch osvw ibs xop skinit wdt lwp fma4 tce nodeid_msr tbm topoext perfctr_core perfctr_nb arat cpb hw_pstate npt lbrv svm_lock nrip_save tsc_scale vmcb_clean flushbyasid decodeassists pausefilter pfthreshold bmi1
	bogomips	: 7800.57
	TLB size	: 1536 4K pages
	clflush size	: 64
	cache_alignment	: 64
	address sizes	: 48 bits physical, 48 bits virtual
	power management: ts ttp tm 100mhzsteps hwpstate cpb eff_freq_ro
	processor	: 4
	vendor_id	: AuthenticAMD
	cpu family	: 21
	model		: 2
	model name	: AMD FX(tm)-6350 Six-Core Processor             
	stepping	: 0
	microcode	: 0x600081c
	cpu MHz		: 1400.000
	cache size	: 2048 KB
	physical id	: 0
	siblings	: 6
	core id		: 4
	cpu cores	: 3
	apicid		: 20
	initial apicid	: 4
	fpu		: yes
	fpu_exception	: yes
	cpuid level	: 13
	wp		: yes
	flags		: fpu vme de pse tsc msr pae mce cx8 apic sep mtrr pge mca cmov pat pse36 clflush mmx fxsr sse sse2 ht syscall nx mmxext fxsr_opt pdpe1gb rdtscp lm constant_tsc rep_good nopl nonstop_tsc extd_apicid aperfmperf pni pclmulqdq monitor ssse3 fma cx16 sse4_1 sse4_2 popcnt aes xsave avx f16c lahf_lm cmp_legacy svm extapic cr8_legacy abm sse4a misalignsse 3dnowprefetch osvw ibs xop skinit wdt lwp fma4 tce nodeid_msr tbm topoext perfctr_core perfctr_nb arat cpb hw_pstate npt lbrv svm_lock nrip_save tsc_scale vmcb_clean flushbyasid decodeassists pausefilter pfthreshold bmi1
	bogomips	: 7800.57
	TLB size	: 1536 4K pages
	clflush size	: 64
	cache_alignment	: 64
	address sizes	: 48 bits physical, 48 bits virtual
	power management: ts ttp tm 100mhzsteps hwpstate cpb eff_freq_ro
	processor	: 5
	vendor_id	: AuthenticAMD
	cpu family	: 21
	model		: 2
	model name	: AMD FX(tm)-6350 Six-Core Processor             
	stepping	: 0
	microcode	: 0x600081c
	cpu MHz		: 1400.000
	cache size	: 2048 KB
	physical id	: 0
	siblings	: 6
	core id		: 5
	cpu cores	: 3
	apicid		: 21
	initial apicid	: 5
	fpu		: yes
	fpu_exception	: yes
	cpuid level	: 13
	wp		: yes
	flags		: fpu vme de pse tsc msr pae mce cx8 apic sep mtrr pge mca cmov pat pse36 clflush mmx fxsr sse sse2 ht syscall nx mmxext fxsr_opt pdpe1gb rdtscp lm constant_tsc rep_good nopl nonstop_tsc extd_apicid aperfmperf pni pclmulqdq monitor ssse3 fma cx16 sse4_1 sse4_2 popcnt aes xsave avx f16c lahf_lm cmp_legacy svm extapic cr8_legacy abm sse4a misalignsse 3dnowprefetch osvw ibs xop skinit wdt lwp fma4 tce nodeid_msr tbm topoext perfctr_core perfctr_nb arat cpb hw_pstate npt lbrv svm_lock nrip_save tsc_scale vmcb_clean flushbyasid decodeassists pausefilter pfthreshold bmi1
	bogomips	: 7800.57
	TLB size	: 1536 4K pages
	clflush size	: 64
	cache_alignment	: 64
	address sizes	: 48 bits physical, 48 bits virtual
	power management: ts ttp tm 100mhzsteps hwpstate cpb eff_freq_ro
-- Time consumed --------------------------------------------------------------
Build:	real	16m5.912s
	user	64m2.036s
	sys	3m31.814s
Test:   real	62m43.636s
	user	100m36.758s
	sys	27m38.396s
-------------------------------------------------------------------------------
LAST_UPDATED: Obtained from SVN: tags/gcc_4_8_2_release revision 203690

Native configuration is x86_64-unknown-linux-gnu

		=== g++ tests ===


Running target unix
FAIL: c-c++-common/asan/global-overflow-1.c  -O0  (test for excess errors)
UNRESOLVED: c-c++-common/asan/global-overflow-1.c  -O0  compilation failed to produce executable
FAIL: c-c++-common/asan/global-overflow-1.c  -O1  (test for excess errors)
UNRESOLVED: c-c++-common/asan/global-overflow-1.c  -O1  compilation failed to produce executable
FAIL: c-c++-common/asan/global-overflow-1.c  -O2  (test for excess errors)
UNRESOLVED: c-c++-common/asan/global-overflow-1.c  -O2  compilation failed to produce executable
FAIL: c-c++-common/asan/global-overflow-1.c  -O3 -fomit-frame-pointer  (test for excess errors)
UNRESOLVED: c-c++-common/asan/global-overflow-1.c  -O3 -fomit-frame-pointer  compilation failed to produce executable
FAIL: c-c++-common/asan/global-overflow-1.c  -O3 -g  (test for excess errors)
UNRESOLVED: c-c++-common/asan/global-overflow-1.c  -O3 -g  compilation failed to produce executable
FAIL: c-c++-common/asan/global-overflow-1.c  -Os  (test for excess errors)
UNRESOLVED: c-c++-common/asan/global-overflow-1.c  -Os  compilation failed to produce executable
FAIL: c-c++-common/asan/global-overflow-1.c  -O2 -flto -fno-use-linker-plugin -flto-partition=none  (test for excess errors)
UNRESOLVED: c-c++-common/asan/global-overflow-1.c  -O2 -flto -fno-use-linker-plugin -flto-partition=none  compilation failed to produce executable
FAIL: c-c++-common/asan/global-overflow-1.c  -O2 -flto -fuse-linker-plugin -fno-fat-lto-objects  (test for excess errors)
UNRESOLVED: c-c++-common/asan/global-overflow-1.c  -O2 -flto -fuse-linker-plugin -fno-fat-lto-objects  compilation failed to produce executable
FAIL: c-c++-common/asan/heap-overflow-1.c  -O0  (test for excess errors)
UNRESOLVED: c-c++-common/asan/heap-overflow-1.c  -O0  compilation failed to produce executable
FAIL: c-c++-common/asan/heap-overflow-1.c  -O1  (test for excess errors)
UNRESOLVED: c-c++-common/asan/heap-overflow-1.c  -O1  compilation failed to produce executable
FAIL: c-c++-common/asan/heap-overflow-1.c  -O2  (test for excess errors)
UNRESOLVED: c-c++-common/asan/heap-overflow-1.c  -O2  compilation failed to produce executable
FAIL: c-c++-common/asan/heap-overflow-1.c  -O3 -fomit-frame-pointer  (test for excess errors)
UNRESOLVED: c-c++-common/asan/heap-overflow-1.c  -O3 -fomit-frame-pointer  compilation failed to produce executable
FAIL: c-c++-common/asan/heap-overflow-1.c  -O3 -g  (test for excess errors)
UNRESOLVED: c-c++-common/asan/heap-overflow-1.c  -O3 -g  compilation failed to produce executable
FAIL: c-c++-common/asan/heap-overflow-1.c  -Os  (test for excess errors)
UNRESOLVED: c-c++-common/asan/heap-overflow-1.c  -Os  compilation failed to produce executable
FAIL: c-c++-common/asan/heap-overflow-1.c  -O2 -flto -fno-use-linker-plugin -flto-partition=none  (test for excess errors)
UNRESOLVED: c-c++-common/asan/heap-overflow-1.c  -O2 -flto -fno-use-linker-plugin -flto-partition=none  compilation failed to produce executable
FAIL: c-c++-common/asan/heap-overflow-1.c  -O2 -flto -fuse-linker-plugin -fno-fat-lto-objects  (test for excess errors)
UNRESOLVED: c-c++-common/asan/heap-overflow-1.c  -O2 -flto -fuse-linker-plugin -fno-fat-lto-objects  compilation failed to produce executable
FAIL: c-c++-common/asan/memcmp-1.c  -O0  (test for excess errors)
UNRESOLVED: c-c++-common/asan/memcmp-1.c  -O0  compilation failed to produce executable
FAIL: c-c++-common/asan/memcmp-1.c  -O1  (test for excess errors)
UNRESOLVED: c-c++-common/asan/memcmp-1.c  -O1  compilation failed to produce executable
FAIL: c-c++-common/asan/memcmp-1.c  -O2  (test for excess errors)
UNRESOLVED: c-c++-common/asan/memcmp-1.c  -O2  compilation failed to produce executable
FAIL: c-c++-common/asan/memcmp-1.c  -O3 -fomit-frame-pointer  (test for excess errors)
UNRESOLVED: c-c++-common/asan/memcmp-1.c  -O3 -fomit-frame-pointer  compilation failed to produce executable
FAIL: c-c++-common/asan/memcmp-1.c  -O3 -g  (test for excess errors)
UNRESOLVED: c-c++-common/asan/memcmp-1.c  -O3 -g  compilation failed to produce executable
FAIL: c-c++-common/asan/memcmp-1.c  -Os  (test for excess errors)
UNRESOLVED: c-c++-common/asan/memcmp-1.c  -Os  compilation failed to produce executable
FAIL: c-c++-common/asan/memcmp-1.c  -O2 -flto -fno-use-linker-plugin -flto-partition=none  (test for excess errors)
UNRESOLVED: c-c++-common/asan/memcmp-1.c  -O2 -flto -fno-use-linker-plugin -flto-partition=none  compilation failed to produce executable
FAIL: c-c++-common/asan/memcmp-1.c  -O2 -flto -fuse-linker-plugin -fno-fat-lto-objects  (test for excess errors)
UNRESOLVED: c-c++-common/asan/memcmp-1.c  -O2 -flto -fuse-linker-plugin -fno-fat-lto-objects  compilation failed to produce executable
FAIL: c-c++-common/asan/null-deref-1.c  -O0  (test for excess errors)
UNRESOLVED: c-c++-common/asan/null-deref-1.c  -O0  compilation failed to produce executable
FAIL: c-c++-common/asan/null-deref-1.c  -O1  (test for excess errors)
UNRESOLVED: c-c++-common/asan/null-deref-1.c  -O1  compilation failed to produce executable
FAIL: c-c++-common/asan/null-deref-1.c  -O2  (test for excess errors)
UNRESOLVED: c-c++-common/asan/null-deref-1.c  -O2  compilation failed to produce executable
FAIL: c-c++-common/asan/null-deref-1.c  -O3 -fomit-frame-pointer  (test for excess errors)
UNRESOLVED: c-c++-common/asan/null-deref-1.c  -O3 -fomit-frame-pointer  compilation failed to produce executable
FAIL: c-c++-common/asan/null-deref-1.c  -O3 -g  (test for excess errors)
UNRESOLVED: c-c++-common/asan/null-deref-1.c  -O3 -g  compilation failed to produce executable
FAIL: c-c++-common/asan/null-deref-1.c  -Os  (test for excess errors)
UNRESOLVED: c-c++-common/asan/null-deref-1.c  -Os  compilation failed to produce executable
FAIL: c-c++-common/asan/null-deref-1.c  -O2 -flto -fno-use-linker-plugin -flto-partition=none  (test for excess errors)
UNRESOLVED: c-c++-common/asan/null-deref-1.c  -O2 -flto -fno-use-linker-plugin -flto-partition=none  compilation failed to produce executable
FAIL: c-c++-common/asan/null-deref-1.c  -O2 -flto -fuse-linker-plugin -fno-fat-lto-objects  (test for excess errors)
UNRESOLVED: c-c++-common/asan/null-deref-1.c  -O2 -flto -fuse-linker-plugin -fno-fat-lto-objects  compilation failed to produce executable
FAIL: c-c++-common/asan/sanity-check-pure-c-1.c  -O0  (test for excess errors)
UNRESOLVED: c-c++-common/asan/sanity-check-pure-c-1.c  -O0  compilation failed to produce executable
FAIL: c-c++-common/asan/sanity-check-pure-c-1.c  -O1  (test for excess errors)
UNRESOLVED: c-c++-common/asan/sanity-check-pure-c-1.c  -O1  compilation failed to produce executable
FAIL: c-c++-common/asan/sanity-check-pure-c-1.c  -O2  (test for excess errors)
UNRESOLVED: c-c++-common/asan/sanity-check-pure-c-1.c  -O2  compilation failed to produce executable
FAIL: c-c++-common/asan/sanity-check-pure-c-1.c  -O3 -fomit-frame-pointer  (test for excess errors)
UNRESOLVED: c-c++-common/asan/sanity-check-pure-c-1.c  -O3 -fomit-frame-pointer  compilation failed to produce executable
FAIL: c-c++-common/asan/sanity-check-pure-c-1.c  -O3 -g  (test for excess errors)
UNRESOLVED: c-c++-common/asan/sanity-check-pure-c-1.c  -O3 -g  compilation failed to produce executable
FAIL: c-c++-common/asan/sanity-check-pure-c-1.c  -Os  (test for excess errors)
UNRESOLVED: c-c++-common/asan/sanity-check-pure-c-1.c  -Os  compilation failed to produce executable
FAIL: c-c++-common/asan/sanity-check-pure-c-1.c  -O2 -flto -fno-use-linker-plugin -flto-partition=none  (test for excess errors)
UNRESOLVED: c-c++-common/asan/sanity-check-pure-c-1.c  -O2 -flto -fno-use-linker-plugin -flto-partition=none  compilation failed to produce executable
FAIL: c-c++-common/asan/sanity-check-pure-c-1.c  -O2 -flto -fuse-linker-plugin -fno-fat-lto-objects  (test for excess errors)
UNRESOLVED: c-c++-common/asan/sanity-check-pure-c-1.c  -O2 -flto -fuse-linker-plugin -fno-fat-lto-objects  compilation failed to produce executable
FAIL: c-c++-common/asan/sleep-before-dying-1.c  -O2  (test for excess errors)
UNRESOLVED: c-c++-common/asan/sleep-before-dying-1.c  -O2  compilation failed to produce executable
FAIL: c-c++-common/asan/sleep-before-dying-1.c  -O2 -flto -fno-use-linker-plugin -flto-partition=none  (test for excess errors)
UNRESOLVED: c-c++-common/asan/sleep-before-dying-1.c  -O2 -flto -fno-use-linker-plugin -flto-partition=none  compilation failed to produce executable
FAIL: c-c++-common/asan/sleep-before-dying-1.c  -O2 -flto -fuse-linker-plugin -fno-fat-lto-objects  (test for excess errors)
UNRESOLVED: c-c++-common/asan/sleep-before-dying-1.c  -O2 -flto -fuse-linker-plugin -fno-fat-lto-objects  compilation failed to produce executable
FAIL: c-c++-common/asan/stack-overflow-1.c  -O0  (test for excess errors)
UNRESOLVED: c-c++-common/asan/stack-overflow-1.c  -O0  compilation failed to produce executable
FAIL: c-c++-common/asan/stack-overflow-1.c  -O1  (test for excess errors)
UNRESOLVED: c-c++-common/asan/stack-overflow-1.c  -O1  compilation failed to produce executable
FAIL: c-c++-common/asan/stack-overflow-1.c  -O2  (test for excess errors)
UNRESOLVED: c-c++-common/asan/stack-overflow-1.c  -O2  compilation failed to produce executable
FAIL: c-c++-common/asan/stack-overflow-1.c  -O3 -fomit-frame-pointer  (test for excess errors)
UNRESOLVED: c-c++-common/asan/stack-overflow-1.c  -O3 -fomit-frame-pointer  compilation failed to produce executable
FAIL: c-c++-common/asan/stack-overflow-1.c  -O3 -g  (test for excess errors)
UNRESOLVED: c-c++-common/asan/stack-overflow-1.c  -O3 -g  compilation failed to produce executable
FAIL: c-c++-common/asan/stack-overflow-1.c  -Os  (test for excess errors)
UNRESOLVED: c-c++-common/asan/stack-overflow-1.c  -Os  compilation failed to produce executable
FAIL: c-c++-common/asan/stack-overflow-1.c  -O2 -flto -fno-use-linker-plugin -flto-partition=none  (test for excess errors)
UNRESOLVED: c-c++-common/asan/stack-overflow-1.c  -O2 -flto -fno-use-linker-plugin -flto-partition=none  compilation failed to produce executable
FAIL: c-c++-common/asan/stack-overflow-1.c  -O2 -flto -fuse-linker-plugin -fno-fat-lto-objects  (test for excess errors)
UNRESOLVED: c-c++-common/asan/stack-overflow-1.c  -O2 -flto -fuse-linker-plugin -fno-fat-lto-objects  compilation failed to produce executable
FAIL: c-c++-common/asan/strip-path-prefix-1.c  -O2  (test for excess errors)
UNRESOLVED: c-c++-common/asan/strip-path-prefix-1.c  -O2  compilation failed to produce executable
FAIL: c-c++-common/asan/strip-path-prefix-1.c  -O2 -flto -fno-use-linker-plugin -flto-partition=none  (test for excess errors)
UNRESOLVED: c-c++-common/asan/strip-path-prefix-1.c  -O2 -flto -fno-use-linker-plugin -flto-partition=none  compilation failed to produce executable
FAIL: c-c++-common/asan/strip-path-prefix-1.c  -O2 -flto -fuse-linker-plugin -fno-fat-lto-objects  (test for excess errors)
UNRESOLVED: c-c++-common/asan/strip-path-prefix-1.c  -O2 -flto -fuse-linker-plugin -fno-fat-lto-objects  compilation failed to produce executable
FAIL: c-c++-common/asan/strncpy-overflow-1.c  -O0  (test for excess errors)
UNRESOLVED: c-c++-common/asan/strncpy-overflow-1.c  -O0  compilation failed to produce executable
FAIL: c-c++-common/asan/strncpy-overflow-1.c  -O1  (test for excess errors)
UNRESOLVED: c-c++-common/asan/strncpy-overflow-1.c  -O1  compilation failed to produce executable
FAIL: c-c++-common/asan/strncpy-overflow-1.c  -O2  (test for excess errors)
UNRESOLVED: c-c++-common/asan/strncpy-overflow-1.c  -O2  compilation failed to produce executable
FAIL: c-c++-common/asan/strncpy-overflow-1.c  -O3 -fomit-frame-pointer  (test for excess errors)
UNRESOLVED: c-c++-common/asan/strncpy-overflow-1.c  -O3 -fomit-frame-pointer  compilation failed to produce executable
FAIL: c-c++-common/asan/strncpy-overflow-1.c  -O3 -g  (test for excess errors)
UNRESOLVED: c-c++-common/asan/strncpy-overflow-1.c  -O3 -g  compilation failed to produce executable
FAIL: c-c++-common/asan/strncpy-overflow-1.c  -Os  (test for excess errors)
UNRESOLVED: c-c++-common/asan/strncpy-overflow-1.c  -Os  compilation failed to produce executable
FAIL: c-c++-common/asan/strncpy-overflow-1.c  -O2 -flto -fno-use-linker-plugin -flto-partition=none  (test for excess errors)
UNRESOLVED: c-c++-common/asan/strncpy-overflow-1.c  -O2 -flto -fno-use-linker-plugin -flto-partition=none  compilation failed to produce executable
FAIL: c-c++-common/asan/strncpy-overflow-1.c  -O2 -flto -fuse-linker-plugin -fno-fat-lto-objects  (test for excess errors)
UNRESOLVED: c-c++-common/asan/strncpy-overflow-1.c  -O2 -flto -fuse-linker-plugin -fno-fat-lto-objects  compilation failed to produce executable
FAIL: c-c++-common/asan/use-after-free-1.c  -O0  (test for excess errors)
UNRESOLVED: c-c++-common/asan/use-after-free-1.c  -O0  compilation failed to produce executable
FAIL: c-c++-common/asan/use-after-free-1.c  -O1  (test for excess errors)
UNRESOLVED: c-c++-common/asan/use-after-free-1.c  -O1  compilation failed to produce executable
FAIL: c-c++-common/asan/use-after-free-1.c  -O2  (test for excess errors)
UNRESOLVED: c-c++-common/asan/use-after-free-1.c  -O2  compilation failed to produce executable
FAIL: c-c++-common/asan/use-after-free-1.c  -O3 -fomit-frame-pointer  (test for excess errors)
UNRESOLVED: c-c++-common/asan/use-after-free-1.c  -O3 -fomit-frame-pointer  compilation failed to produce executable
FAIL: c-c++-common/asan/use-after-free-1.c  -O3 -g  (test for excess errors)
UNRESOLVED: c-c++-common/asan/use-after-free-1.c  -O3 -g  compilation failed to produce executable
FAIL: c-c++-common/asan/use-after-free-1.c  -Os  (test for excess errors)
UNRESOLVED: c-c++-common/asan/use-after-free-1.c  -Os  compilation failed to produce executable
FAIL: c-c++-common/asan/use-after-free-1.c  -O2 -flto -fno-use-linker-plugin -flto-partition=none  (test for excess errors)
UNRESOLVED: c-c++-common/asan/use-after-free-1.c  -O2 -flto -fno-use-linker-plugin -flto-partition=none  compilation failed to produce executable
FAIL: c-c++-common/asan/use-after-free-1.c  -O2 -flto -fuse-linker-plugin -fno-fat-lto-objects  (test for excess errors)
UNRESOLVED: c-c++-common/asan/use-after-free-1.c  -O2 -flto -fuse-linker-plugin -fno-fat-lto-objects  compilation failed to produce executable
FAIL: g++.dg/asan/deep-stack-uaf-1.C  -O0  (test for excess errors)
UNRESOLVED: g++.dg/asan/deep-stack-uaf-1.C  -O0  compilation failed to produce executable
FAIL: g++.dg/asan/deep-stack-uaf-1.C  -O1  (test for excess errors)
UNRESOLVED: g++.dg/asan/deep-stack-uaf-1.C  -O1  compilation failed to produce executable
FAIL: g++.dg/asan/deep-stack-uaf-1.C  -O2  (test for excess errors)
UNRESOLVED: g++.dg/asan/deep-stack-uaf-1.C  -O2  compilation failed to produce executable
FAIL: g++.dg/asan/deep-stack-uaf-1.C  -O3 -fomit-frame-pointer  (test for excess errors)
UNRESOLVED: g++.dg/asan/deep-stack-uaf-1.C  -O3 -fomit-frame-pointer  compilation failed to produce executable
FAIL: g++.dg/asan/deep-stack-uaf-1.C  -O3 -g  (test for excess errors)
UNRESOLVED: g++.dg/asan/deep-stack-uaf-1.C  -O3 -g  compilation failed to produce executable
FAIL: g++.dg/asan/deep-stack-uaf-1.C  -Os  (test for excess errors)
UNRESOLVED: g++.dg/asan/deep-stack-uaf-1.C  -Os  compilation failed to produce executable
FAIL: g++.dg/asan/deep-tail-call-1.C  -O0  (test for excess errors)
UNRESOLVED: g++.dg/asan/deep-tail-call-1.C  -O0  compilation failed to produce executable
FAIL: g++.dg/asan/deep-tail-call-1.C  -O1  (test for excess errors)
UNRESOLVED: g++.dg/asan/deep-tail-call-1.C  -O1  compilation failed to produce executable
FAIL: g++.dg/asan/deep-tail-call-1.C  -O2  (test for excess errors)
UNRESOLVED: g++.dg/asan/deep-tail-call-1.C  -O2  compilation failed to produce executable
FAIL: g++.dg/asan/deep-tail-call-1.C  -O3 -fomit-frame-pointer  (test for excess errors)
UNRESOLVED: g++.dg/asan/deep-tail-call-1.C  -O3 -fomit-frame-pointer  compilation failed to produce executable
FAIL: g++.dg/asan/deep-tail-call-1.C  -O3 -g  (test for excess errors)
UNRESOLVED: g++.dg/asan/deep-tail-call-1.C  -O3 -g  compilation failed to produce executable
FAIL: g++.dg/asan/deep-tail-call-1.C  -Os  (test for excess errors)
UNRESOLVED: g++.dg/asan/deep-tail-call-1.C  -Os  compilation failed to produce executable
FAIL: g++.dg/asan/deep-tail-call-1.C  -O2 -flto -fno-use-linker-plugin -flto-partition=none  (test for excess errors)
UNRESOLVED: g++.dg/asan/deep-tail-call-1.C  -O2 -flto -fno-use-linker-plugin -flto-partition=none  compilation failed to produce executable
FAIL: g++.dg/asan/deep-tail-call-1.C  -O2 -flto -fuse-linker-plugin -fno-fat-lto-objects  (test for excess errors)
UNRESOLVED: g++.dg/asan/deep-tail-call-1.C  -O2 -flto -fuse-linker-plugin -fno-fat-lto-objects  compilation failed to produce executable
FAIL: g++.dg/asan/deep-thread-stack-1.C  -O0  (test for excess errors)
UNRESOLVED: g++.dg/asan/deep-thread-stack-1.C  -O0  compilation failed to produce executable
FAIL: g++.dg/asan/deep-thread-stack-1.C  -O1  (test for excess errors)
UNRESOLVED: g++.dg/asan/deep-thread-stack-1.C  -O1  compilation failed to produce executable
FAIL: g++.dg/asan/deep-thread-stack-1.C  -O2  (test for excess errors)
UNRESOLVED: g++.dg/asan/deep-thread-stack-1.C  -O2  compilation failed to produce executable
FAIL: g++.dg/asan/deep-thread-stack-1.C  -O3 -fomit-frame-pointer  (test for excess errors)
UNRESOLVED: g++.dg/asan/deep-thread-stack-1.C  -O3 -fomit-frame-pointer  compilation failed to produce executable
FAIL: g++.dg/asan/deep-thread-stack-1.C  -O3 -g  (test for excess errors)
UNRESOLVED: g++.dg/asan/deep-thread-stack-1.C  -O3 -g  compilation failed to produce executable
FAIL: g++.dg/asan/deep-thread-stack-1.C  -Os  (test for excess errors)
UNRESOLVED: g++.dg/asan/deep-thread-stack-1.C  -Os  compilation failed to produce executable
FAIL: g++.dg/asan/deep-thread-stack-1.C  -O2 -flto -fno-use-linker-plugin -flto-partition=none  (test for excess errors)
UNRESOLVED: g++.dg/asan/deep-thread-stack-1.C  -O2 -flto -fno-use-linker-plugin -flto-partition=none  compilation failed to produce executable
FAIL: g++.dg/asan/deep-thread-stack-1.C  -O2 -flto -fuse-linker-plugin -fno-fat-lto-objects  (test for excess errors)
UNRESOLVED: g++.dg/asan/deep-thread-stack-1.C  -O2 -flto -fuse-linker-plugin -fno-fat-lto-objects  compilation failed to produce executable
FAIL: g++.dg/asan/default-options-1.C  -O0  (test for excess errors)
UNRESOLVED: g++.dg/asan/default-options-1.C  -O0  compilation failed to produce executable
FAIL: g++.dg/asan/default-options-1.C  -O1  (test for excess errors)
UNRESOLVED: g++.dg/asan/default-options-1.C  -O1  compilation failed to produce executable
FAIL: g++.dg/asan/default-options-1.C  -O2  (test for excess errors)
UNRESOLVED: g++.dg/asan/default-options-1.C  -O2  compilation failed to produce executable
FAIL: g++.dg/asan/default-options-1.C  -O3 -fomit-frame-pointer  (test for excess errors)
UNRESOLVED: g++.dg/asan/default-options-1.C  -O3 -fomit-frame-pointer  compilation failed to produce executable
FAIL: g++.dg/asan/default-options-1.C  -O3 -g  (test for excess errors)
UNRESOLVED: g++.dg/asan/default-options-1.C  -O3 -g  compilation failed to produce executable
FAIL: g++.dg/asan/default-options-1.C  -Os  (test for excess errors)
UNRESOLVED: g++.dg/asan/default-options-1.C  -Os  compilation failed to produce executable
FAIL: g++.dg/asan/default-options-1.C  -O2 -flto -fno-use-linker-plugin -flto-partition=none  (test for excess errors)
UNRESOLVED: g++.dg/asan/default-options-1.C  -O2 -flto -fno-use-linker-plugin -flto-partition=none  compilation failed to produce executable
FAIL: g++.dg/asan/default-options-1.C  -O2 -flto -fuse-linker-plugin -fno-fat-lto-objects  (test for excess errors)
UNRESOLVED: g++.dg/asan/default-options-1.C  -O2 -flto -fuse-linker-plugin -fno-fat-lto-objects  compilation failed to produce executable
FAIL: g++.dg/asan/interception-failure-test-1.C  -O0  (test for excess errors)
UNRESOLVED: g++.dg/asan/interception-failure-test-1.C  -O0  compilation failed to produce executable
FAIL: g++.dg/asan/interception-failure-test-1.C  -O1  (test for excess errors)
UNRESOLVED: g++.dg/asan/interception-failure-test-1.C  -O1  compilation failed to produce executable
FAIL: g++.dg/asan/interception-failure-test-1.C  -O2  (test for excess errors)
UNRESOLVED: g++.dg/asan/interception-failure-test-1.C  -O2  compilation failed to produce executable
FAIL: g++.dg/asan/interception-failure-test-1.C  -O3 -fomit-frame-pointer  (test for excess errors)
UNRESOLVED: g++.dg/asan/interception-failure-test-1.C  -O3 -fomit-frame-pointer  compilation failed to produce executable
FAIL: g++.dg/asan/interception-failure-test-1.C  -O3 -g  (test for excess errors)
UNRESOLVED: g++.dg/asan/interception-failure-test-1.C  -O3 -g  compilation failed to produce executable
FAIL: g++.dg/asan/interception-failure-test-1.C  -Os  (test for excess errors)
UNRESOLVED: g++.dg/asan/interception-failure-test-1.C  -Os  compilation failed to produce executable
FAIL: g++.dg/asan/interception-failure-test-1.C  -O2 -flto -fno-use-linker-plugin -flto-partition=none  (test for excess errors)
UNRESOLVED: g++.dg/asan/interception-failure-test-1.C  -O2 -flto -fno-use-linker-plugin -flto-partition=none  compilation failed to produce executable
FAIL: g++.dg/asan/interception-failure-test-1.C  -O2 -flto -fuse-linker-plugin -fno-fat-lto-objects  (test for excess errors)
UNRESOLVED: g++.dg/asan/interception-failure-test-1.C  -O2 -flto -fuse-linker-plugin -fno-fat-lto-objects  compilation failed to produce executable
FAIL: g++.dg/asan/interception-malloc-test-1.C  -O0  (test for excess errors)
UNRESOLVED: g++.dg/asan/interception-malloc-test-1.C  -O0  compilation failed to produce executable
FAIL: g++.dg/asan/interception-malloc-test-1.C  -O1  (test for excess errors)
UNRESOLVED: g++.dg/asan/interception-malloc-test-1.C  -O1  compilation failed to produce executable
FAIL: g++.dg/asan/interception-malloc-test-1.C  -O2  (test for excess errors)
UNRESOLVED: g++.dg/asan/interception-malloc-test-1.C  -O2  compilation failed to produce executable
FAIL: g++.dg/asan/interception-malloc-test-1.C  -O3 -fomit-frame-pointer  (test for excess errors)
UNRESOLVED: g++.dg/asan/interception-malloc-test-1.C  -O3 -fomit-frame-pointer  compilation failed to produce executable
FAIL: g++.dg/asan/interception-malloc-test-1.C  -O3 -g  (test for excess errors)
UNRESOLVED: g++.dg/asan/interception-malloc-test-1.C  -O3 -g  compilation failed to produce executable
FAIL: g++.dg/asan/interception-malloc-test-1.C  -Os  (test for excess errors)
UNRESOLVED: g++.dg/asan/interception-malloc-test-1.C  -Os  compilation failed to produce executable
FAIL: g++.dg/asan/interception-malloc-test-1.C  -O2 -flto -fno-use-linker-plugin -flto-partition=none  (test for excess errors)
UNRESOLVED: g++.dg/asan/interception-malloc-test-1.C  -O2 -flto -fno-use-linker-plugin -flto-partition=none  compilation failed to produce executable
FAIL: g++.dg/asan/interception-malloc-test-1.C  -O2 -flto -fuse-linker-plugin -fno-fat-lto-objects  (test for excess errors)
UNRESOLVED: g++.dg/asan/interception-malloc-test-1.C  -O2 -flto -fuse-linker-plugin -fno-fat-lto-objects  compilation failed to produce executable
FAIL: g++.dg/asan/interception-test-1.C  -O0  (test for excess errors)
UNRESOLVED: g++.dg/asan/interception-test-1.C  -O0  compilation failed to produce executable
FAIL: g++.dg/asan/interception-test-1.C  -O1  (test for excess errors)
UNRESOLVED: g++.dg/asan/interception-test-1.C  -O1  compilation failed to produce executable
FAIL: g++.dg/asan/interception-test-1.C  -O2  (test for excess errors)
UNRESOLVED: g++.dg/asan/interception-test-1.C  -O2  compilation failed to produce executable
FAIL: g++.dg/asan/interception-test-1.C  -O3 -fomit-frame-pointer  (test for excess errors)
UNRESOLVED: g++.dg/asan/interception-test-1.C  -O3 -fomit-frame-pointer  compilation failed to produce executable
FAIL: g++.dg/asan/interception-test-1.C  -O3 -g  (test for excess errors)
UNRESOLVED: g++.dg/asan/interception-test-1.C  -O3 -g  compilation failed to produce executable
FAIL: g++.dg/asan/interception-test-1.C  -Os  (test for excess errors)
UNRESOLVED: g++.dg/asan/interception-test-1.C  -Os  compilation failed to produce executable
FAIL: g++.dg/asan/interception-test-1.C  -O2 -flto -fno-use-linker-plugin -flto-partition=none  (test for excess errors)
UNRESOLVED: g++.dg/asan/interception-test-1.C  -O2 -flto -fno-use-linker-plugin -flto-partition=none  compilation failed to produce executable
FAIL: g++.dg/asan/interception-test-1.C  -O2 -flto -fuse-linker-plugin -fno-fat-lto-objects  (test for excess errors)
UNRESOLVED: g++.dg/asan/interception-test-1.C  -O2 -flto -fuse-linker-plugin -fno-fat-lto-objects  compilation failed to produce executable
FAIL: g++.dg/asan/large-func-test-1.C  -O0  (test for excess errors)
UNRESOLVED: g++.dg/asan/large-func-test-1.C  -O0  compilation failed to produce executable
FAIL: g++.dg/asan/large-func-test-1.C  -O1  (test for excess errors)
UNRESOLVED: g++.dg/asan/large-func-test-1.C  -O1  compilation failed to produce executable
FAIL: g++.dg/asan/large-func-test-1.C  -O2  (test for excess errors)
UNRESOLVED: g++.dg/asan/large-func-test-1.C  -O2  compilation failed to produce executable
FAIL: g++.dg/asan/large-func-test-1.C  -O3 -fomit-frame-pointer  (test for excess errors)
UNRESOLVED: g++.dg/asan/large-func-test-1.C  -O3 -fomit-frame-pointer  compilation failed to produce executable
FAIL: g++.dg/asan/large-func-test-1.C  -O3 -g  (test for excess errors)
UNRESOLVED: g++.dg/asan/large-func-test-1.C  -O3 -g  compilation failed to produce executable
FAIL: g++.dg/asan/large-func-test-1.C  -Os  (test for excess errors)
UNRESOLVED: g++.dg/asan/large-func-test-1.C  -Os  compilation failed to produce executable
FAIL: g++.dg/asan/large-func-test-1.C  -O2 -flto -fno-use-linker-plugin -flto-partition=none  (test for excess errors)
UNRESOLVED: g++.dg/asan/large-func-test-1.C  -O2 -flto -fno-use-linker-plugin -flto-partition=none  compilation failed to produce executable
FAIL: g++.dg/asan/large-func-test-1.C  -O2 -flto -fuse-linker-plugin -fno-fat-lto-objects  (test for excess errors)
UNRESOLVED: g++.dg/asan/large-func-test-1.C  -O2 -flto -fuse-linker-plugin -fno-fat-lto-objects  compilation failed to produce executable
FAIL: g++.dg/asan/pr55617.C  -O0  (test for excess errors)
UNRESOLVED: g++.dg/asan/pr55617.C  -O0  compilation failed to produce executable
FAIL: g++.dg/asan/pr55617.C  -O1  (test for excess errors)
UNRESOLVED: g++.dg/asan/pr55617.C  -O1  compilation failed to produce executable
FAIL: g++.dg/asan/pr55617.C  -O2  (test for excess errors)
UNRESOLVED: g++.dg/asan/pr55617.C  -O2  compilation failed to produce executable
FAIL: g++.dg/asan/pr55617.C  -O3 -fomit-frame-pointer  (test for excess errors)
UNRESOLVED: g++.dg/asan/pr55617.C  -O3 -fomit-frame-pointer  compilation failed to produce executable
FAIL: g++.dg/asan/pr55617.C  -O3 -g  (test for excess errors)
UNRESOLVED: g++.dg/asan/pr55617.C  -O3 -g  compilation failed to produce executable
FAIL: g++.dg/asan/pr55617.C  -Os  (test for excess errors)
UNRESOLVED: g++.dg/asan/pr55617.C  -Os  compilation failed to produce executable
FAIL: g++.dg/asan/pr55617.C  -O2 -flto -fno-use-linker-plugin -flto-partition=none  (test for excess errors)
UNRESOLVED: g++.dg/asan/pr55617.C  -O2 -flto -fno-use-linker-plugin -flto-partition=none  compilation failed to produce executable
FAIL: g++.dg/asan/pr55617.C  -O2 -flto -fuse-linker-plugin -fno-fat-lto-objects  (test for excess errors)
UNRESOLVED: g++.dg/asan/pr55617.C  -O2 -flto -fuse-linker-plugin -fno-fat-lto-objects  compilation failed to produce executable
FAIL: g++.dg/asan/symbolize-callback-1.C  -O2  (test for excess errors)
UNRESOLVED: g++.dg/asan/symbolize-callback-1.C  -O2  compilation failed to produce executable
FAIL: g++.dg/asan/symbolize-callback-1.C  -O2 -flto -fno-use-linker-plugin -flto-partition=none  (test for excess errors)
UNRESOLVED: g++.dg/asan/symbolize-callback-1.C  -O2 -flto -fno-use-linker-plugin -flto-partition=none  compilation failed to produce executable
FAIL: g++.dg/asan/symbolize-callback-1.C  -O2 -flto -fuse-linker-plugin -fno-fat-lto-objects  (test for excess errors)
UNRESOLVED: g++.dg/asan/symbolize-callback-1.C  -O2 -flto -fuse-linker-plugin -fno-fat-lto-objects  compilation failed to produce executable
ERROR: g++.dg/abi/mangle33.C -std=c++98: error executing dg-final: couldn't compile regular expression pattern: out of memory
UNRESOLVED: g++.dg/abi/mangle33.C -std=c++98: error executing dg-final: couldn't compile regular expression pattern: out of memory
ERROR: g++.dg/abi/mangle33.C -std=c++11: error executing dg-final: couldn't compile regular expression pattern: out of memory
UNRESOLVED: g++.dg/abi/mangle33.C -std=c++11: error executing dg-final: couldn't compile regular expression pattern: out of memory
FAIL: g++.old-deja/g++.law/weak.C -std=gnu++98 (test for excess errors)
FAIL: g++.old-deja/g++.law/weak.C -std=gnu++11 (test for excess errors)

		=== g++ Summary ===

# of expected passes		52550
# of unexpected failures	145
# of expected failures		290
# of unresolved testcases	145
# of unsupported tests		929
/home/aaro/git/own/gcctest/build/gcc/testsuite/g++/../../xg++  version 4.8.2 (GCC) 

		=== gcc tests ===


Running target unix
FAIL: c-c++-common/asan/global-overflow-1.c  -O0  (test for excess errors)
UNRESOLVED: c-c++-common/asan/global-overflow-1.c  -O0  compilation failed to produce executable
FAIL: c-c++-common/asan/global-overflow-1.c  -O1  (test for excess errors)
UNRESOLVED: c-c++-common/asan/global-overflow-1.c  -O1  compilation failed to produce executable
FAIL: c-c++-common/asan/global-overflow-1.c  -O2  (test for excess errors)
UNRESOLVED: c-c++-common/asan/global-overflow-1.c  -O2  compilation failed to produce executable
FAIL: c-c++-common/asan/global-overflow-1.c  -O3 -fomit-frame-pointer  (test for excess errors)
UNRESOLVED: c-c++-common/asan/global-overflow-1.c  -O3 -fomit-frame-pointer  compilation failed to produce executable
FAIL: c-c++-common/asan/global-overflow-1.c  -O3 -g  (test for excess errors)
UNRESOLVED: c-c++-common/asan/global-overflow-1.c  -O3 -g  compilation failed to produce executable
FAIL: c-c++-common/asan/global-overflow-1.c  -Os  (test for excess errors)
UNRESOLVED: c-c++-common/asan/global-overflow-1.c  -Os  compilation failed to produce executable
FAIL: c-c++-common/asan/global-overflow-1.c  -O2 -flto -fno-use-linker-plugin -flto-partition=none  (test for excess errors)
UNRESOLVED: c-c++-common/asan/global-overflow-1.c  -O2 -flto -fno-use-linker-plugin -flto-partition=none  compilation failed to produce executable
FAIL: c-c++-common/asan/global-overflow-1.c  -O2 -flto -fuse-linker-plugin -fno-fat-lto-objects  (test for excess errors)
UNRESOLVED: c-c++-common/asan/global-overflow-1.c  -O2 -flto -fuse-linker-plugin -fno-fat-lto-objects  compilation failed to produce executable
FAIL: c-c++-common/asan/heap-overflow-1.c  -O0  (test for excess errors)
UNRESOLVED: c-c++-common/asan/heap-overflow-1.c  -O0  compilation failed to produce executable
FAIL: c-c++-common/asan/heap-overflow-1.c  -O1  (test for excess errors)
UNRESOLVED: c-c++-common/asan/heap-overflow-1.c  -O1  compilation failed to produce executable
FAIL: c-c++-common/asan/heap-overflow-1.c  -O2  (test for excess errors)
UNRESOLVED: c-c++-common/asan/heap-overflow-1.c  -O2  compilation failed to produce executable
FAIL: c-c++-common/asan/heap-overflow-1.c  -O3 -fomit-frame-pointer  (test for excess errors)
UNRESOLVED: c-c++-common/asan/heap-overflow-1.c  -O3 -fomit-frame-pointer  compilation failed to produce executable
FAIL: c-c++-common/asan/heap-overflow-1.c  -O3 -g  (test for excess errors)
UNRESOLVED: c-c++-common/asan/heap-overflow-1.c  -O3 -g  compilation failed to produce executable
FAIL: c-c++-common/asan/heap-overflow-1.c  -Os  (test for excess errors)
UNRESOLVED: c-c++-common/asan/heap-overflow-1.c  -Os  compilation failed to produce executable
FAIL: c-c++-common/asan/heap-overflow-1.c  -O2 -flto -fno-use-linker-plugin -flto-partition=none  (test for excess errors)
UNRESOLVED: c-c++-common/asan/heap-overflow-1.c  -O2 -flto -fno-use-linker-plugin -flto-partition=none  compilation failed to produce executable
FAIL: c-c++-common/asan/heap-overflow-1.c  -O2 -flto -fuse-linker-plugin -fno-fat-lto-objects  (test for excess errors)
UNRESOLVED: c-c++-common/asan/heap-overflow-1.c  -O2 -flto -fuse-linker-plugin -fno-fat-lto-objects  compilation failed to produce executable
FAIL: c-c++-common/asan/memcmp-1.c  -O0  (test for excess errors)
UNRESOLVED: c-c++-common/asan/memcmp-1.c  -O0  compilation failed to produce executable
FAIL: c-c++-common/asan/memcmp-1.c  -O1  (test for excess errors)
UNRESOLVED: c-c++-common/asan/memcmp-1.c  -O1  compilation failed to produce executable
FAIL: c-c++-common/asan/memcmp-1.c  -O2  (test for excess errors)
UNRESOLVED: c-c++-common/asan/memcmp-1.c  -O2  compilation failed to produce executable
FAIL: c-c++-common/asan/memcmp-1.c  -O3 -fomit-frame-pointer  (test for excess errors)
UNRESOLVED: c-c++-common/asan/memcmp-1.c  -O3 -fomit-frame-pointer  compilation failed to produce executable
FAIL: c-c++-common/asan/memcmp-1.c  -O3 -g  (test for excess errors)
UNRESOLVED: c-c++-common/asan/memcmp-1.c  -O3 -g  compilation failed to produce executable
FAIL: c-c++-common/asan/memcmp-1.c  -Os  (test for excess errors)
UNRESOLVED: c-c++-common/asan/memcmp-1.c  -Os  compilation failed to produce executable
FAIL: c-c++-common/asan/memcmp-1.c  -O2 -flto -fno-use-linker-plugin -flto-partition=none  (test for excess errors)
UNRESOLVED: c-c++-common/asan/memcmp-1.c  -O2 -flto -fno-use-linker-plugin -flto-partition=none  compilation failed to produce executable
FAIL: c-c++-common/asan/memcmp-1.c  -O2 -flto -fuse-linker-plugin -fno-fat-lto-objects  (test for excess errors)
UNRESOLVED: c-c++-common/asan/memcmp-1.c  -O2 -flto -fuse-linker-plugin -fno-fat-lto-objects  compilation failed to produce executable
FAIL: c-c++-common/asan/null-deref-1.c  -O0  (test for excess errors)
UNRESOLVED: c-c++-common/asan/null-deref-1.c  -O0  compilation failed to produce executable
FAIL: c-c++-common/asan/null-deref-1.c  -O1  (test for excess errors)
UNRESOLVED: c-c++-common/asan/null-deref-1.c  -O1  compilation failed to produce executable
FAIL: c-c++-common/asan/null-deref-1.c  -O2  (test for excess errors)
UNRESOLVED: c-c++-common/asan/null-deref-1.c  -O2  compilation failed to produce executable
FAIL: c-c++-common/asan/null-deref-1.c  -O3 -fomit-frame-pointer  (test for excess errors)
UNRESOLVED: c-c++-common/asan/null-deref-1.c  -O3 -fomit-frame-pointer  compilation failed to produce executable
FAIL: c-c++-common/asan/null-deref-1.c  -O3 -g  (test for excess errors)
UNRESOLVED: c-c++-common/asan/null-deref-1.c  -O3 -g  compilation failed to produce executable
FAIL: c-c++-common/asan/null-deref-1.c  -Os  (test for excess errors)
UNRESOLVED: c-c++-common/asan/null-deref-1.c  -Os  compilation failed to produce executable
FAIL: c-c++-common/asan/null-deref-1.c  -O2 -flto -fno-use-linker-plugin -flto-partition=none  (test for excess errors)
UNRESOLVED: c-c++-common/asan/null-deref-1.c  -O2 -flto -fno-use-linker-plugin -flto-partition=none  compilation failed to produce executable
FAIL: c-c++-common/asan/null-deref-1.c  -O2 -flto -fuse-linker-plugin -fno-fat-lto-objects  (test for excess errors)
UNRESOLVED: c-c++-common/asan/null-deref-1.c  -O2 -flto -fuse-linker-plugin -fno-fat-lto-objects  compilation failed to produce executable
FAIL: c-c++-common/asan/sanity-check-pure-c-1.c  -O0  (test for excess errors)
UNRESOLVED: c-c++-common/asan/sanity-check-pure-c-1.c  -O0  compilation failed to produce executable
FAIL: c-c++-common/asan/sanity-check-pure-c-1.c  -O1  (test for excess errors)
UNRESOLVED: c-c++-common/asan/sanity-check-pure-c-1.c  -O1  compilation failed to produce executable
FAIL: c-c++-common/asan/sanity-check-pure-c-1.c  -O2  (test for excess errors)
UNRESOLVED: c-c++-common/asan/sanity-check-pure-c-1.c  -O2  compilation failed to produce executable
FAIL: c-c++-common/asan/sanity-check-pure-c-1.c  -O3 -fomit-frame-pointer  (test for excess errors)
UNRESOLVED: c-c++-common/asan/sanity-check-pure-c-1.c  -O3 -fomit-frame-pointer  compilation failed to produce executable
FAIL: c-c++-common/asan/sanity-check-pure-c-1.c  -O3 -g  (test for excess errors)
UNRESOLVED: c-c++-common/asan/sanity-check-pure-c-1.c  -O3 -g  compilation failed to produce executable
FAIL: c-c++-common/asan/sanity-check-pure-c-1.c  -Os  (test for excess errors)
UNRESOLVED: c-c++-common/asan/sanity-check-pure-c-1.c  -Os  compilation failed to produce executable
FAIL: c-c++-common/asan/sanity-check-pure-c-1.c  -O2 -flto -fno-use-linker-plugin -flto-partition=none  (test for excess errors)
UNRESOLVED: c-c++-common/asan/sanity-check-pure-c-1.c  -O2 -flto -fno-use-linker-plugin -flto-partition=none  compilation failed to produce executable
FAIL: c-c++-common/asan/sanity-check-pure-c-1.c  -O2 -flto -fuse-linker-plugin -fno-fat-lto-objects  (test for excess errors)
UNRESOLVED: c-c++-common/asan/sanity-check-pure-c-1.c  -O2 -flto -fuse-linker-plugin -fno-fat-lto-objects  compilation failed to produce executable
FAIL: c-c++-common/asan/sleep-before-dying-1.c  -O2  (test for excess errors)
UNRESOLVED: c-c++-common/asan/sleep-before-dying-1.c  -O2  compilation failed to produce executable
FAIL: c-c++-common/asan/sleep-before-dying-1.c  -O2 -flto -fno-use-linker-plugin -flto-partition=none  (test for excess errors)
UNRESOLVED: c-c++-common/asan/sleep-before-dying-1.c  -O2 -flto -fno-use-linker-plugin -flto-partition=none  compilation failed to produce executable
FAIL: c-c++-common/asan/sleep-before-dying-1.c  -O2 -flto -fuse-linker-plugin -fno-fat-lto-objects  (test for excess errors)
UNRESOLVED: c-c++-common/asan/sleep-before-dying-1.c  -O2 -flto -fuse-linker-plugin -fno-fat-lto-objects  compilation failed to produce executable
FAIL: c-c++-common/asan/stack-overflow-1.c  -O0  (test for excess errors)
UNRESOLVED: c-c++-common/asan/stack-overflow-1.c  -O0  compilation failed to produce executable
FAIL: c-c++-common/asan/stack-overflow-1.c  -O1  (test for excess errors)
UNRESOLVED: c-c++-common/asan/stack-overflow-1.c  -O1  compilation failed to produce executable
FAIL: c-c++-common/asan/stack-overflow-1.c  -O2  (test for excess errors)
UNRESOLVED: c-c++-common/asan/stack-overflow-1.c  -O2  compilation failed to produce executable
FAIL: c-c++-common/asan/stack-overflow-1.c  -O3 -fomit-frame-pointer  (test for excess errors)
UNRESOLVED: c-c++-common/asan/stack-overflow-1.c  -O3 -fomit-frame-pointer  compilation failed to produce executable
FAIL: c-c++-common/asan/stack-overflow-1.c  -O3 -g  (test for excess errors)
UNRESOLVED: c-c++-common/asan/stack-overflow-1.c  -O3 -g  compilation failed to produce executable
FAIL: c-c++-common/asan/stack-overflow-1.c  -Os  (test for excess errors)
UNRESOLVED: c-c++-common/asan/stack-overflow-1.c  -Os  compilation failed to produce executable
FAIL: c-c++-common/asan/stack-overflow-1.c  -O2 -flto -fno-use-linker-plugin -flto-partition=none  (test for excess errors)
UNRESOLVED: c-c++-common/asan/stack-overflow-1.c  -O2 -flto -fno-use-linker-plugin -flto-partition=none  compilation failed to produce executable
FAIL: c-c++-common/asan/stack-overflow-1.c  -O2 -flto -fuse-linker-plugin -fno-fat-lto-objects  (test for excess errors)
UNRESOLVED: c-c++-common/asan/stack-overflow-1.c  -O2 -flto -fuse-linker-plugin -fno-fat-lto-objects  compilation failed to produce executable
FAIL: c-c++-common/asan/strip-path-prefix-1.c  -O2  (test for excess errors)
UNRESOLVED: c-c++-common/asan/strip-path-prefix-1.c  -O2  compilation failed to produce executable
FAIL: c-c++-common/asan/strip-path-prefix-1.c  -O2 -flto -fno-use-linker-plugin -flto-partition=none  (test for excess errors)
UNRESOLVED: c-c++-common/asan/strip-path-prefix-1.c  -O2 -flto -fno-use-linker-plugin -flto-partition=none  compilation failed to produce executable
FAIL: c-c++-common/asan/strip-path-prefix-1.c  -O2 -flto -fuse-linker-plugin -fno-fat-lto-objects  (test for excess errors)
UNRESOLVED: c-c++-common/asan/strip-path-prefix-1.c  -O2 -flto -fuse-linker-plugin -fno-fat-lto-objects  compilation failed to produce executable
FAIL: c-c++-common/asan/strncpy-overflow-1.c  -O0  (test for excess errors)
UNRESOLVED: c-c++-common/asan/strncpy-overflow-1.c  -O0  compilation failed to produce executable
FAIL: c-c++-common/asan/strncpy-overflow-1.c  -O1  (test for excess errors)
UNRESOLVED: c-c++-common/asan/strncpy-overflow-1.c  -O1  compilation failed to produce executable
FAIL: c-c++-common/asan/strncpy-overflow-1.c  -O2  (test for excess errors)
UNRESOLVED: c-c++-common/asan/strncpy-overflow-1.c  -O2  compilation failed to produce executable
FAIL: c-c++-common/asan/strncpy-overflow-1.c  -O3 -fomit-frame-pointer  (test for excess errors)
UNRESOLVED: c-c++-common/asan/strncpy-overflow-1.c  -O3 -fomit-frame-pointer  compilation failed to produce executable
FAIL: c-c++-common/asan/strncpy-overflow-1.c  -O3 -g  (test for excess errors)
UNRESOLVED: c-c++-common/asan/strncpy-overflow-1.c  -O3 -g  compilation failed to produce executable
FAIL: c-c++-common/asan/strncpy-overflow-1.c  -Os  (test for excess errors)
UNRESOLVED: c-c++-common/asan/strncpy-overflow-1.c  -Os  compilation failed to produce executable
FAIL: c-c++-common/asan/strncpy-overflow-1.c  -O2 -flto -fno-use-linker-plugin -flto-partition=none  (test for excess errors)
UNRESOLVED: c-c++-common/asan/strncpy-overflow-1.c  -O2 -flto -fno-use-linker-plugin -flto-partition=none  compilation failed to produce executable
FAIL: c-c++-common/asan/strncpy-overflow-1.c  -O2 -flto -fuse-linker-plugin -fno-fat-lto-objects  (test for excess errors)
UNRESOLVED: c-c++-common/asan/strncpy-overflow-1.c  -O2 -flto -fuse-linker-plugin -fno-fat-lto-objects  compilation failed to produce executable
FAIL: c-c++-common/asan/use-after-free-1.c  -O0  (test for excess errors)
UNRESOLVED: c-c++-common/asan/use-after-free-1.c  -O0  compilation failed to produce executable
FAIL: c-c++-common/asan/use-after-free-1.c  -O1  (test for excess errors)
UNRESOLVED: c-c++-common/asan/use-after-free-1.c  -O1  compilation failed to produce executable
FAIL: c-c++-common/asan/use-after-free-1.c  -O2  (test for excess errors)
UNRESOLVED: c-c++-common/asan/use-after-free-1.c  -O2  compilation failed to produce executable
FAIL: c-c++-common/asan/use-after-free-1.c  -O3 -fomit-frame-pointer  (test for excess errors)
UNRESOLVED: c-c++-common/asan/use-after-free-1.c  -O3 -fomit-frame-pointer  compilation failed to produce executable
FAIL: c-c++-common/asan/use-after-free-1.c  -O3 -g  (test for excess errors)
UNRESOLVED: c-c++-common/asan/use-after-free-1.c  -O3 -g  compilation failed to produce executable
FAIL: c-c++-common/asan/use-after-free-1.c  -Os  (test for excess errors)
UNRESOLVED: c-c++-common/asan/use-after-free-1.c  -Os  compilation failed to produce executable
FAIL: c-c++-common/asan/use-after-free-1.c  -O2 -flto -fno-use-linker-plugin -flto-partition=none  (test for excess errors)
UNRESOLVED: c-c++-common/asan/use-after-free-1.c  -O2 -flto -fno-use-linker-plugin -flto-partition=none  compilation failed to produce executable
FAIL: c-c++-common/asan/use-after-free-1.c  -O2 -flto -fuse-linker-plugin -fno-fat-lto-objects  (test for excess errors)
UNRESOLVED: c-c++-common/asan/use-after-free-1.c  -O2 -flto -fuse-linker-plugin -fno-fat-lto-objects  compilation failed to produce executable
XPASS: gcc.dg/guality/example.c  -O0  execution test
XPASS: gcc.dg/guality/example.c  -O2  execution test
XPASS: gcc.dg/guality/example.c  -O2 -flto -fno-use-linker-plugin -flto-partition=none  execution test
XPASS: gcc.dg/guality/guality.c  -O0  execution test
XPASS: gcc.dg/guality/guality.c  -O1  execution test
XPASS: gcc.dg/guality/guality.c  -O2  execution test
XPASS: gcc.dg/guality/guality.c  -O3 -fomit-frame-pointer  execution test
XPASS: gcc.dg/guality/guality.c  -O3 -g  execution test
XPASS: gcc.dg/guality/guality.c  -Os  execution test
XPASS: gcc.dg/guality/guality.c  -O2 -flto -fno-use-linker-plugin -flto-partition=none  execution test
XPASS: gcc.dg/guality/guality.c  -O2 -flto -fuse-linker-plugin -fno-fat-lto-objects  execution test
XPASS: gcc.dg/guality/inline-params.c  -O2  execution test
XPASS: gcc.dg/guality/inline-params.c  -O3 -fomit-frame-pointer  execution test
XPASS: gcc.dg/guality/inline-params.c  -O3 -g  execution test
XPASS: gcc.dg/guality/inline-params.c  -Os  execution test
XPASS: gcc.dg/guality/inline-params.c  -O2 -flto -fno-use-linker-plugin -flto-partition=none  execution test
XPASS: gcc.dg/guality/pr41353-1.c  -O0  line 28 j == 28 + 37
XPASS: gcc.dg/guality/pr41353-1.c  -O1  line 28 j == 28 + 37
XPASS: gcc.dg/guality/pr41353-1.c  -O2  line 28 j == 28 + 37
XPASS: gcc.dg/guality/pr41353-1.c  -O3 -fomit-frame-pointer  line 28 j == 28 + 37
XPASS: gcc.dg/guality/pr41353-1.c  -O3 -g  line 28 j == 28 + 37
XPASS: gcc.dg/guality/pr41353-1.c  -Os  line 28 j == 28 + 37
XPASS: gcc.dg/guality/pr41353-1.c  -O2 -flto -fno-use-linker-plugin -flto-partition=none  line 28 j == 28 + 37
XPASS: gcc.dg/guality/pr41353-1.c  -O2 -flto -fuse-linker-plugin -fno-fat-lto-objects  line 28 j == 28 + 37
XPASS: gcc.dg/guality/pr41447-1.c  -O0  execution test
XPASS: gcc.dg/guality/pr41447-1.c  -O1  execution test
XPASS: gcc.dg/guality/pr41447-1.c  -O2  execution test
XPASS: gcc.dg/guality/pr41447-1.c  -O3 -fomit-frame-pointer  execution test
XPASS: gcc.dg/guality/pr41447-1.c  -O3 -g  execution test
XPASS: gcc.dg/guality/pr41447-1.c  -Os  execution test
XPASS: gcc.dg/guality/pr41447-1.c  -O2 -flto -fno-use-linker-plugin -flto-partition=none  execution test
XPASS: gcc.dg/guality/pr41447-1.c  -O2 -flto -fuse-linker-plugin -fno-fat-lto-objects  execution test
XPASS: gcc.dg/guality/pr41616-1.c  -O0  execution test
XPASS: gcc.dg/guality/pr41616-1.c  -O1  execution test
XPASS: gcc.dg/guality/pr41616-1.c  -O2  execution test
XPASS: gcc.dg/guality/pr41616-1.c  -O3 -fomit-frame-pointer  execution test
XPASS: gcc.dg/guality/pr41616-1.c  -O3 -g  execution test
XPASS: gcc.dg/guality/pr41616-1.c  -Os  execution test
XPASS: gcc.dg/guality/pr41616-1.c  -O2 -flto -fno-use-linker-plugin -flto-partition=none  execution test
FAIL: gcc.dg/guality/pr43051-1.c  -O3 -fomit-frame-pointer -funroll-loops  line 39 c == &a[0]
FAIL: gcc.dg/guality/pr43051-1.c  -O3 -fomit-frame-pointer -funroll-all-loops -finline-functions  line 39 c == &a[0]
FAIL: gcc.dg/guality/pr54200.c  -Os  line 20 z == 3
FAIL: gcc.dg/guality/pr54519-1.c  -O2 -flto -fno-use-linker-plugin -flto-partition=none  line 20 y == 25
FAIL: gcc.dg/guality/pr54519-1.c  -O2 -flto -fno-use-linker-plugin -flto-partition=none  line 20 z == 6
FAIL: gcc.dg/guality/pr54519-1.c  -O2 -flto -fno-use-linker-plugin -flto-partition=none  line 23 y == 117
FAIL: gcc.dg/guality/pr54519-1.c  -O2 -flto -fno-use-linker-plugin -flto-partition=none  line 23 z == 8
FAIL: gcc.dg/guality/pr54519-1.c  -O2 -flto -fuse-linker-plugin -fno-fat-lto-objects  line 20 y == 25
FAIL: gcc.dg/guality/pr54519-1.c  -O2 -flto -fuse-linker-plugin -fno-fat-lto-objects  line 20 z == 6
FAIL: gcc.dg/guality/pr54519-2.c  -O2 -flto -fno-use-linker-plugin -flto-partition=none  line 17 y == 25
FAIL: gcc.dg/guality/pr54519-2.c  -O2 -flto -fuse-linker-plugin -fno-fat-lto-objects  line 17 y == 25
FAIL: gcc.dg/guality/pr54519-3.c  -O2 -flto -fuse-linker-plugin -fno-fat-lto-objects  line 20 z == 6
FAIL: gcc.dg/guality/pr54519-3.c  -O2 -flto -fuse-linker-plugin -fno-fat-lto-objects  line 23 z == 8
FAIL: gcc.dg/guality/pr54519-4.c  -O2 -flto -fuse-linker-plugin -fno-fat-lto-objects  line 17 y == 25
FAIL: gcc.dg/guality/pr54519-5.c  -O2 -flto -fno-use-linker-plugin -flto-partition=none  line 17 y == 25
FAIL: gcc.dg/guality/pr54519-5.c  -O2 -flto -fuse-linker-plugin -fno-fat-lto-objects  line 17 y == 25
FAIL: gcc.dg/guality/pr54693-2.c  -Os  line 21 x == 10 - i
FAIL: gcc.dg/guality/pr54693-2.c  -Os  line 21 y == 20 - 2 * i
FAIL: gcc.dg/guality/vla-1.c  -O0  line 17 sizeof (a) == 6
FAIL: gcc.dg/guality/vla-1.c  -O0  line 24 sizeof (a) == 17 * sizeof (short)
FAIL: gcc.dg/guality/vla-1.c  -O1  line 17 sizeof (a) == 6
FAIL: gcc.dg/guality/vla-1.c  -O1  line 24 sizeof (a) == 17 * sizeof (short)
FAIL: gcc.dg/guality/vla-1.c  -O2  line 17 sizeof (a) == 6
FAIL: gcc.dg/guality/vla-1.c  -O2  line 24 sizeof (a) == 17 * sizeof (short)
FAIL: gcc.dg/guality/vla-1.c  -O3 -fomit-frame-pointer  line 17 sizeof (a) == 6
FAIL: gcc.dg/guality/vla-1.c  -O3 -fomit-frame-pointer  line 24 sizeof (a) == 17 * sizeof (short)
FAIL: gcc.dg/guality/vla-1.c  -O3 -g  line 17 sizeof (a) == 6
FAIL: gcc.dg/guality/vla-1.c  -O3 -g  line 24 sizeof (a) == 17 * sizeof (short)
FAIL: gcc.dg/guality/vla-1.c  -Os  line 17 sizeof (a) == 6
FAIL: gcc.dg/guality/vla-1.c  -Os  line 24 sizeof (a) == 17 * sizeof (short)
FAIL: gcc.dg/guality/vla-1.c  -O2 -flto -fno-use-linker-plugin -flto-partition=none  line 17 sizeof (a) == 6
FAIL: gcc.dg/guality/vla-1.c  -O2 -flto -fno-use-linker-plugin -flto-partition=none  line 24 sizeof (a) == 17 * sizeof (short)
FAIL: gcc.dg/guality/vla-1.c  -O2 -flto -fuse-linker-plugin -fno-fat-lto-objects  line 17 sizeof (a) == 6
FAIL: gcc.dg/guality/vla-1.c  -O2 -flto -fuse-linker-plugin -fno-fat-lto-objects  line 24 sizeof (a) == 17 * sizeof (short)
FAIL: gcc.dg/guality/vla-2.c  -O0  line 16 sizeof (a) == 5 * sizeof (int)
FAIL: gcc.dg/guality/vla-2.c  -O0  line 25 sizeof (a) == 6 * sizeof (int)
FAIL: gcc.dg/guality/vla-2.c  -O1  line 16 sizeof (a) == 5 * sizeof (int)
FAIL: gcc.dg/guality/vla-2.c  -O1  line 25 sizeof (a) == 6 * sizeof (int)
FAIL: gcc.dg/guality/vla-2.c  -O2  line 16 sizeof (a) == 5 * sizeof (int)
FAIL: gcc.dg/guality/vla-2.c  -O2  line 25 sizeof (a) == 6 * sizeof (int)
FAIL: gcc.dg/guality/vla-2.c  -O3 -fomit-frame-pointer  line 16 sizeof (a) == 5 * sizeof (int)
FAIL: gcc.dg/guality/vla-2.c  -O3 -fomit-frame-pointer  line 25 sizeof (a) == 6 * sizeof (int)
FAIL: gcc.dg/guality/vla-2.c  -O3 -g  line 16 sizeof (a) == 5 * sizeof (int)
FAIL: gcc.dg/guality/vla-2.c  -O3 -g  line 25 sizeof (a) == 6 * sizeof (int)
FAIL: gcc.dg/guality/vla-2.c  -Os  line 16 sizeof (a) == 5 * sizeof (int)
FAIL: gcc.dg/guality/vla-2.c  -Os  line 25 sizeof (a) == 6 * sizeof (int)
FAIL: gcc.dg/guality/vla-2.c  -O2 -flto -fno-use-linker-plugin -flto-partition=none  line 16 sizeof (a) == 5 * sizeof (int)
FAIL: gcc.dg/guality/vla-2.c  -O2 -flto -fno-use-linker-plugin -flto-partition=none  line 25 sizeof (a) == 6 * sizeof (int)
FAIL: gcc.dg/guality/vla-2.c  -O2 -flto -fuse-linker-plugin -fno-fat-lto-objects  line 16 sizeof (a) == 5 * sizeof (int)
FAIL: gcc.dg/guality/vla-2.c  -O2 -flto -fuse-linker-plugin -fno-fat-lto-objects  line 25 sizeof (a) == 6 * sizeof (int)

		=== gcc Summary ===

# of expected passes		96549
# of unexpected failures	120
# of unexpected successes	39
# of expected failures		270
# of unresolved testcases	70
# of unsupported tests		1405
/home/aaro/git/own/gcctest/build/gcc/xgcc  version 4.8.2 (GCC) 

		=== libatomic tests ===


Running target unix
FAIL: libatomic.c/atomic-compare-exchange-1.c (test for excess errors)
FAIL: libatomic.c/atomic-compare-exchange-2.c (test for excess errors)
FAIL: libatomic.c/atomic-compare-exchange-3.c (test for excess errors)
FAIL: libatomic.c/atomic-exchange-1.c (test for excess errors)
FAIL: libatomic.c/atomic-exchange-2.c (test for excess errors)
FAIL: libatomic.c/atomic-exchange-3.c (test for excess errors)
FAIL: libatomic.c/atomic-generic.c (test for excess errors)
FAIL: libatomic.c/atomic-load-1.c (test for excess errors)
FAIL: libatomic.c/atomic-load-2.c (test for excess errors)
FAIL: libatomic.c/atomic-load-3.c (test for excess errors)
FAIL: libatomic.c/atomic-op-1.c (test for excess errors)
FAIL: libatomic.c/atomic-op-2.c (test for excess errors)
FAIL: libatomic.c/atomic-op-3.c (test for excess errors)
FAIL: libatomic.c/atomic-store-1.c (test for excess errors)
FAIL: libatomic.c/atomic-store-2.c (test for excess errors)
FAIL: libatomic.c/atomic-store-3.c (test for excess errors)
FAIL: libatomic.c/generic-2.c (test for excess errors)

		=== libatomic Summary ===

# of expected passes		17
# of unexpected failures	17
# of unsupported tests		10
		=== libgomp tests ===


Running target unix

		=== libgomp Summary ===

# of expected passes		1317
		=== libitm tests ===


Running target unix

		=== libitm Summary ===

# of expected passes		26
# of expected failures		3
# of unsupported tests		1
		=== libmudflap tests ===


Running target unix
FAIL: externs-12 linkage -O0
FAIL: externs-21 linkage -O0
WARNING: program timed out.
FAIL: externs-12 execution -O0
WARNING: program timed out.
FAIL: externs-21 execution -O0
FAIL: externs-12 linkage -O2
FAIL: externs-21 linkage -O2
WARNING: program timed out.
FAIL: externs-12 execution -O2
WARNING: program timed out.
FAIL: externs-21 execution -O2
FAIL: externs-12 linkage -O3
FAIL: externs-21 linkage -O3
WARNING: program timed out.
FAIL: externs-12 execution -O3
WARNING: program timed out.
FAIL: externs-21 execution -O3
FAIL: libmudflap.c++/pass41-frag.cxx ( -O) execution test
FAIL: libmudflap.c++/pass41-frag.cxx (-O2) execution test
FAIL: libmudflap.c++/pass41-frag.cxx (-O3) execution test
FAIL: ctors-12 linkage -O0
FAIL: ctors-21 linkage -O0
WARNING: program timed out.
FAIL: ctors-12 execution -O0
WARNING: program timed out.
FAIL: ctors-21 execution -O0
FAIL: ctors-12 linkage -O2
FAIL: ctors-21 linkage -O2
WARNING: program timed out.
FAIL: ctors-12 execution -O2
WARNING: program timed out.
FAIL: ctors-21 execution -O2
FAIL: ctors-12 linkage -O3
FAIL: ctors-21 linkage -O3
WARNING: program timed out.
FAIL: ctors-12 execution -O3
WARNING: program timed out.
FAIL: ctors-21 execution -O3
ERROR: tcl error sourcing /home/aaro/git/own/gcctest/gcc-4.8.2/libmudflap/testsuite/libmudflap.cth/cthfrags.exp.
ERROR: couldn't compile regular expression pattern: out of memory

		=== libmudflap Summary ===

# of expected passes		1229
# of unexpected failures	27
		=== libstdc++ tests ===


Running target unix

		=== libstdc++ Summary ===

# of expected passes		8655
# of expected failures		45
# of unsupported tests		522

Compiler version: 4.8.2 (GCC) 
Platform: x86_64-unknown-linux-gnu
configure flags: --with-arch=nocona --disable-multilib --disable-nls --enable-languages=c,c++ --host=x86_64-unknown-linux-gnu --build=x86_64-unknown-linux-gnu --target=x86_64-unknown-linux-gnu --with-system-zlib --disable-static --enable-shared


Index Nav: [Date Index] [Subject Index] [Author Index] [Thread Index]
Message Nav: [Date Prev] [Date Next] [Thread Prev] [Thread Next]