This is the mail archive of the
gcc-testresults@gcc.gnu.org
mailing list for the GCC project.
Results for 4.9.0 20140212 (experimental) [trunk revision 207743] (GCC) testsuite on cris-axis-elf
- From: Hans-Peter Nilsson <hans-peter dot nilsson at axis dot com>
- To: gcc-testresults at gcc dot gnu dot org
- Date: Thu, 13 Feb 2014 11:33:11 +0100
- Subject: Results for 4.9.0 20140212 (experimental) [trunk revision 207743] (GCC) testsuite on cris-axis-elf
- Authentication-results: sourceware.org; auth=none
LAST_UPDATED: Wed Feb 12 23:42:02 UTC 2014 (revision 207743)
Target is cris-axis-elf
Host is cris-axis-elf
=== libstdc++ tests ===
Running target cris-sim
FAIL: 27_io/objects/char/6.cc execution test
FAIL: 27_io/objects/wchar_t/6.cc execution test
=== libstdc++ Summary ===
# of expected passes 8273
# of unexpected failures 2
# of expected failures 41
# of unsupported tests 660
Host is x86_64-unknown-linux-gnu
=== newlib tests ===
Running target cris-sim
FAIL: newlib.locale/UTF-8.c output
=== newlib Summary ===
# of expected passes 29
# of unexpected failures 1
Host is x86_64-unknown-linux-gnu
=== newlib tests ===
Running target cris-sim
FAIL: newlib.locale/UTF-8.c output
=== newlib Summary ===
# of expected passes 29
# of unexpected failures 1
Host is x86_64-unknown-linux-gnu
=== newlib tests ===
Running target cris-sim
FAIL: newlib.iconv/iconvjp.c compilation
UNRESOLVED: newlib.iconv/iconvjp.c execution
FAIL: newlib.iconv/iconvru.c compilation
UNRESOLVED: newlib.iconv/iconvru.c execution
FAIL: newlib.iconv/iconvnm.c compilation
UNRESOLVED: newlib.iconv/iconvnm.c execution
FAIL: newlib.locale/UTF-8.c compilation
UNRESOLVED: newlib.locale/UTF-8.c output
FAIL: newlib.search/hsearchtest.c compilation
UNRESOLVED: newlib.search/hsearchtest.c execution
FAIL: newlib.stdio/swprintf.c compilation
UNRESOLVED: newlib.stdio/swprintf.c execution
FAIL: newlib.stdlib/atexit.c compilation
UNRESOLVED: newlib.stdlib/atexit.c output
FAIL: newlib.stdlib/size_max.c compilation
UNRESOLVED: newlib.stdlib/size_max.c execution
FAIL: newlib.string/memmove1.c compilation
UNRESOLVED: newlib.string/memmove1.c execution
FAIL: newlib.string/strcmp-1.c compilation
UNRESOLVED: newlib.string/strcmp-1.c execution
FAIL: newlib.string/tstring.c compilation
UNRESOLVED: newlib.string/tstring.c execution
FAIL: newlib.string/memcpy-1.c compilation
UNRESOLVED: newlib.string/memcpy-1.c execution
FAIL: newlib.wctype/tiswctype.c compilation
UNRESOLVED: newlib.wctype/tiswctype.c execution
FAIL: newlib.wctype/twctrans.c compilation
UNRESOLVED: newlib.wctype/twctrans.c execution
FAIL: newlib.wctype/twctype.c compilation
UNRESOLVED: newlib.wctype/twctype.c execution
=== newlib Summary ===
# of unexpected failures 15
# of unresolved testcases 15
Host is x86_64-unknown-linux-gnu
=== newlib tests ===
Running target cris-sim
FAIL: newlib.locale/UTF-8.c output
=== newlib Summary ===
# of expected passes 29
# of unexpected failures 1
Host is x86_64-unknown-linux-gnu
=== g++ tests ===
Running target cris-sim
FAIL: g++.dg/abi/vbase10.C -std=gnu++98 (test for warnings, line 13)
FAIL: g++.dg/abi/vbase10.C -std=gnu++11 (test for warnings, line 13)
FAIL: g++.dg/cpp0x/gen-attrs-17.2.C -std=c++11 (test for errors, line 19)
FAIL: g++.dg/cpp0x/gen-attrs-21.C -std=c++11 (test for excess errors)
FAIL: g++.dg/cpp0x/gen-attrs-39.C -std=gnu++11 (test for excess errors)
FAIL: g++.dg/cpp0x/gen-attrs-51.C -std=c++11 (test for excess errors)
FAIL: g++.dg/cpp0x/gen-attrs-52.C -std=c++11 (test for excess errors)
=== g++ Summary ===
# of expected passes 51472
# of unexpected failures 7
# of expected failures 284
# of unsupported tests 1281
/tmp/hpautotest-gcc1/cris-elf/gccobj/gcc/testsuite/g++/../../xg++ version 4.9.0 20140212 (experimental) [trunk revision 207743] (GCC)
Host is x86_64-unknown-linux-gnu
=== gcc tests ===
Running target cris-sim
FAIL: gcc.dg/binop-xor1.c scan-tree-dump-times optimized "\\\\^" 1
FAIL: gcc.dg/c11-align-4.c (test for errors, line 9)
FAIL: gcc.dg/pr42629.c (test for excess errors)
FAIL: gcc.dg/stack-usage-1.c (test for excess errors)
FAIL: gcc.dg/stack-usage-1.c scan-file foo\\t(256|264)\\tstatic
FAIL: gcc.dg/stack-usage-2.c (test for bogus messages, line 9)
FAIL: gcc.dg/stack-usage-2.c (test for warnings, line 16)
FAIL: gcc.dg/stack-usage-2.c (test for warnings, line 26)
FAIL: gcc.dg/stack-usage-2.c (test for warnings, line 33)
FAIL: gcc.dg/strlenopt-10.c scan-tree-dump-times strlen "memcpy \\\\(" 8
FAIL: gcc.dg/strlenopt-11.c scan-tree-dump-times strlen "memcpy \\\\(" 7
FAIL: gcc.dg/strlenopt-11.c scan-tree-dump-times strlen " _[0-9]* = strlen \\\\([^\\n\\r]*;[\\n\\r]* l.0. = " 1
FAIL: gcc.dg/strlenopt-11.c scan-tree-dump-times strlen " _[0-9]* = strlen \\\\([^\\n\\r]*;[\\n\\r]* l.6. = " 1
FAIL: gcc.dg/strlenopt-11.c scan-tree-dump-times strlen " _[0-9]* = strlen \\\\([^\\n\\r]*;[\\n\\r]* l.9. = " 1
FAIL: gcc.dg/strlenopt-13.c scan-tree-dump-times strlen "memcpy \\\\(" 7
FAIL: gcc.dg/strlenopt-13.c scan-tree-dump-times strlen " _[0-9]* = strlen \\\\([^\\n\\r]*;[\\n\\r]* l.0. = " 1
FAIL: gcc.dg/strlenopt-13.c scan-tree-dump-times strlen " _[0-9]* = strlen \\\\([^\\n\\r]*;[\\n\\r]* l.1. = " 1
FAIL: gcc.dg/strlenopt-13.c scan-tree-dump-times strlen " _[0-9]* = strlen \\\\([^\\n\\r]*;[\\n\\r]* l.5. = " 1
FAIL: gcc.dg/strlenopt-13.c scan-tree-dump-times strlen " _[0-9]* = strlen \\\\([^\\n\\r]*;[\\n\\r]* l.6. = " 1
FAIL: gcc.dg/trampoline-1.c execution test
FAIL: gcc.dg/tree-ssa/slsr-13.c scan-tree-dump-times optimized " \\\\* 4" 2
FAIL: gcc.dg/tree-ssa/slsr-13.c scan-tree-dump-times optimized " \\\\* 5" 0
FAIL: gcc.dg/tree-ssa/ssa-dom-thread-4.c scan-tree-dump-times dom1 "Threaded" 3
FAIL: gcc.dg/tree-ssa/vrp47.c scan-tree-dump-times vrp1 "[xy][^ ]* !=" 0
FAIL: gcc.dg/tree-ssa/vrp47.c scan-tree-dump-times vrp1 "x[^ ]* [|] y" 1
=== gcc Summary ===
# of expected passes 82852
# of unexpected failures 25
# of expected failures 101
# of unsupported tests 1625
/tmp/hpautotest-gcc1/cris-elf/gccobj/gcc/xgcc version 4.9.0 20140212 (experimental) [trunk revision 207743] (GCC)
Host is x86_64-unknown-linux-gnu
=== gfortran tests ===
Running target cris-sim
FAIL: gfortran.dg/chmod_1.f90 -O0 (test for excess errors)
WARNING: gfortran.dg/chmod_1.f90 -O0 compilation failed to produce executable
FAIL: gfortran.dg/chmod_1.f90 -O1 (test for excess errors)
WARNING: gfortran.dg/chmod_1.f90 -O1 compilation failed to produce executable
FAIL: gfortran.dg/chmod_1.f90 -O2 (test for excess errors)
WARNING: gfortran.dg/chmod_1.f90 -O2 compilation failed to produce executable
FAIL: gfortran.dg/chmod_1.f90 -O3 -fomit-frame-pointer (test for excess errors)
WARNING: gfortran.dg/chmod_1.f90 -O3 -fomit-frame-pointer compilation failed to produce executable
FAIL: gfortran.dg/chmod_1.f90 -O3 -fomit-frame-pointer -funroll-loops (test for excess errors)
WARNING: gfortran.dg/chmod_1.f90 -O3 -fomit-frame-pointer -funroll-loops compilation failed to produce executable
FAIL: gfortran.dg/chmod_1.f90 -O3 -fomit-frame-pointer -funroll-all-loops -finline-functions (test for excess errors)
WARNING: gfortran.dg/chmod_1.f90 -O3 -fomit-frame-pointer -funroll-all-loops -finline-functions compilation failed to produce executable
FAIL: gfortran.dg/chmod_1.f90 -O3 -g (test for excess errors)
WARNING: gfortran.dg/chmod_1.f90 -O3 -g compilation failed to produce executable
FAIL: gfortran.dg/chmod_1.f90 -Os (test for excess errors)
WARNING: gfortran.dg/chmod_1.f90 -Os compilation failed to produce executable
FAIL: gfortran.dg/chmod_2.f90 -O0 (test for excess errors)
WARNING: gfortran.dg/chmod_2.f90 -O0 compilation failed to produce executable
FAIL: gfortran.dg/chmod_2.f90 -O1 (test for excess errors)
WARNING: gfortran.dg/chmod_2.f90 -O1 compilation failed to produce executable
FAIL: gfortran.dg/chmod_2.f90 -O2 (test for excess errors)
WARNING: gfortran.dg/chmod_2.f90 -O2 compilation failed to produce executable
FAIL: gfortran.dg/chmod_2.f90 -O3 -fomit-frame-pointer (test for excess errors)
WARNING: gfortran.dg/chmod_2.f90 -O3 -fomit-frame-pointer compilation failed to produce executable
FAIL: gfortran.dg/chmod_2.f90 -O3 -fomit-frame-pointer -funroll-loops (test for excess errors)
WARNING: gfortran.dg/chmod_2.f90 -O3 -fomit-frame-pointer -funroll-loops compilation failed to produce executable
FAIL: gfortran.dg/chmod_2.f90 -O3 -fomit-frame-pointer -funroll-all-loops -finline-functions (test for excess errors)
WARNING: gfortran.dg/chmod_2.f90 -O3 -fomit-frame-pointer -funroll-all-loops -finline-functions compilation failed to produce executable
FAIL: gfortran.dg/chmod_2.f90 -O3 -g (test for excess errors)
WARNING: gfortran.dg/chmod_2.f90 -O3 -g compilation failed to produce executable
FAIL: gfortran.dg/chmod_2.f90 -Os (test for excess errors)
WARNING: gfortran.dg/chmod_2.f90 -Os compilation failed to produce executable
FAIL: gfortran.dg/chmod_3.f90 -O0 (test for excess errors)
WARNING: gfortran.dg/chmod_3.f90 -O0 compilation failed to produce executable
FAIL: gfortran.dg/chmod_3.f90 -O1 (test for excess errors)
WARNING: gfortran.dg/chmod_3.f90 -O1 compilation failed to produce executable
FAIL: gfortran.dg/chmod_3.f90 -O2 (test for excess errors)
WARNING: gfortran.dg/chmod_3.f90 -O2 compilation failed to produce executable
FAIL: gfortran.dg/chmod_3.f90 -O3 -fomit-frame-pointer (test for excess errors)
WARNING: gfortran.dg/chmod_3.f90 -O3 -fomit-frame-pointer compilation failed to produce executable
FAIL: gfortran.dg/chmod_3.f90 -O3 -fomit-frame-pointer -funroll-loops (test for excess errors)
WARNING: gfortran.dg/chmod_3.f90 -O3 -fomit-frame-pointer -funroll-loops compilation failed to produce executable
FAIL: gfortran.dg/chmod_3.f90 -O3 -fomit-frame-pointer -funroll-all-loops -finline-functions (test for excess errors)
WARNING: gfortran.dg/chmod_3.f90 -O3 -fomit-frame-pointer -funroll-all-loops -finline-functions compilation failed to produce executable
FAIL: gfortran.dg/chmod_3.f90 -O3 -g (test for excess errors)
WARNING: gfortran.dg/chmod_3.f90 -O3 -g compilation failed to produce executable
FAIL: gfortran.dg/chmod_3.f90 -Os (test for excess errors)
WARNING: gfortran.dg/chmod_3.f90 -Os compilation failed to produce executable
FAIL: gfortran.dg/common_14.f90 -O (test for warnings, line 16)
FAIL: gfortran.dg/common_14.f90 -O (test for warnings, line 22)
FAIL: gfortran.dg/common_14.f90 -O (test for excess errors)
FAIL: gfortran.dg/common_16.f90 -O (test for warnings, line 10)
FAIL: gfortran.dg/common_5.f -O (test for warnings, line 7)
FAIL: gfortran.dg/common_align_2.f90 -O0 (test for warnings, line 23)
FAIL: gfortran.dg/common_align_2.f90 -O0 execution test
FAIL: gfortran.dg/common_align_2.f90 -O1 (test for warnings, line 23)
FAIL: gfortran.dg/common_align_2.f90 -O1 execution test
FAIL: gfortran.dg/common_align_2.f90 -O2 (test for warnings, line 23)
FAIL: gfortran.dg/common_align_2.f90 -O2 execution test
FAIL: gfortran.dg/common_align_2.f90 -O3 -fomit-frame-pointer (test for warnings, line 23)
FAIL: gfortran.dg/common_align_2.f90 -O3 -fomit-frame-pointer execution test
FAIL: gfortran.dg/common_align_2.f90 -O3 -fomit-frame-pointer -funroll-loops (test for warnings, line 23)
FAIL: gfortran.dg/common_align_2.f90 -O3 -fomit-frame-pointer -funroll-loops execution test
FAIL: gfortran.dg/common_align_2.f90 -O3 -fomit-frame-pointer -funroll-all-loops -finline-functions (test for warnings, line 23)
FAIL: gfortran.dg/common_align_2.f90 -O3 -fomit-frame-pointer -funroll-all-loops -finline-functions execution test
FAIL: gfortran.dg/common_align_2.f90 -O3 -g (test for warnings, line 23)
FAIL: gfortran.dg/common_align_2.f90 -O3 -g execution test
FAIL: gfortran.dg/common_align_2.f90 -Os (test for warnings, line 23)
FAIL: gfortran.dg/common_align_2.f90 -Os execution test
FAIL: gfortran.dg/mclock.f90 -O0 execution test
FAIL: gfortran.dg/mclock.f90 -O1 execution test
FAIL: gfortran.dg/mclock.f90 -O2 execution test
FAIL: gfortran.dg/mclock.f90 -O3 -fomit-frame-pointer execution test
FAIL: gfortran.dg/mclock.f90 -O3 -fomit-frame-pointer -funroll-loops execution test
FAIL: gfortran.dg/mclock.f90 -O3 -fomit-frame-pointer -funroll-all-loops -finline-functions execution test
FAIL: gfortran.dg/mclock.f90 -O3 -g execution test
FAIL: gfortran.dg/mclock.f90 -Os execution test
FAIL: gfortran.dg/open_errors.f90 -O0 (test for excess errors)
WARNING: gfortran.dg/open_errors.f90 -O0 compilation failed to produce executable
FAIL: gfortran.dg/open_errors.f90 -O1 (test for excess errors)
WARNING: gfortran.dg/open_errors.f90 -O1 compilation failed to produce executable
FAIL: gfortran.dg/open_errors.f90 -O2 (test for excess errors)
WARNING: gfortran.dg/open_errors.f90 -O2 compilation failed to produce executable
FAIL: gfortran.dg/open_errors.f90 -O3 -fomit-frame-pointer (test for excess errors)
WARNING: gfortran.dg/open_errors.f90 -O3 -fomit-frame-pointer compilation failed to produce executable
FAIL: gfortran.dg/open_errors.f90 -O3 -fomit-frame-pointer -funroll-loops (test for excess errors)
WARNING: gfortran.dg/open_errors.f90 -O3 -fomit-frame-pointer -funroll-loops compilation failed to produce executable
FAIL: gfortran.dg/open_errors.f90 -O3 -fomit-frame-pointer -funroll-all-loops -finline-functions (test for excess errors)
WARNING: gfortran.dg/open_errors.f90 -O3 -fomit-frame-pointer -funroll-all-loops -finline-functions compilation failed to produce executable
FAIL: gfortran.dg/open_errors.f90 -O3 -g (test for excess errors)
WARNING: gfortran.dg/open_errors.f90 -O3 -g compilation failed to produce executable
FAIL: gfortran.dg/open_errors.f90 -Os (test for excess errors)
WARNING: gfortran.dg/open_errors.f90 -Os compilation failed to produce executable
FAIL: gfortran.dg/pr43808.f90 -O0 (test for excess errors)
FAIL: gfortran.dg/pr43808.f90 -O1 (test for excess errors)
FAIL: gfortran.dg/pr43808.f90 -O2 (test for excess errors)
FAIL: gfortran.dg/pr43808.f90 -O3 -fomit-frame-pointer (test for excess errors)
FAIL: gfortran.dg/pr43808.f90 -O3 -fomit-frame-pointer -funroll-loops (test for excess errors)
FAIL: gfortran.dg/pr43808.f90 -O3 -fomit-frame-pointer -funroll-all-loops -finline-functions (test for excess errors)
FAIL: gfortran.dg/pr43808.f90 -O3 -g (test for excess errors)
FAIL: gfortran.dg/pr43808.f90 -Os (test for excess errors)
FAIL: gfortran.dg/pr46804.f90 -O0 (test for excess errors)
WARNING: gfortran.dg/pr46804.f90 -O0 compilation failed to produce executable
FAIL: gfortran.dg/pr46804.f90 -O1 (test for excess errors)
WARNING: gfortran.dg/pr46804.f90 -O1 compilation failed to produce executable
FAIL: gfortran.dg/pr46804.f90 -O2 (test for excess errors)
WARNING: gfortran.dg/pr46804.f90 -O2 compilation failed to produce executable
FAIL: gfortran.dg/pr46804.f90 -O3 -fomit-frame-pointer (test for excess errors)
WARNING: gfortran.dg/pr46804.f90 -O3 -fomit-frame-pointer compilation failed to produce executable
FAIL: gfortran.dg/pr46804.f90 -O3 -fomit-frame-pointer -funroll-loops (test for excess errors)
WARNING: gfortran.dg/pr46804.f90 -O3 -fomit-frame-pointer -funroll-loops compilation failed to produce executable
FAIL: gfortran.dg/pr46804.f90 -O3 -fomit-frame-pointer -funroll-all-loops -finline-functions (test for excess errors)
WARNING: gfortran.dg/pr46804.f90 -O3 -fomit-frame-pointer -funroll-all-loops -finline-functions compilation failed to produce executable
FAIL: gfortran.dg/pr46804.f90 -O3 -g (test for excess errors)
WARNING: gfortran.dg/pr46804.f90 -O3 -g compilation failed to produce executable
FAIL: gfortran.dg/pr46804.f90 -Os (test for excess errors)
WARNING: gfortran.dg/pr46804.f90 -Os compilation failed to produce executable
FAIL: gfortran.dg/pr55330.f90 -O (test for excess errors)
FAIL: gfortran.dg/scratch_1.f90 -O0 execution test
FAIL: gfortran.dg/scratch_1.f90 -O1 execution test
FAIL: gfortran.dg/scratch_1.f90 -O2 execution test
FAIL: gfortran.dg/scratch_1.f90 -O3 -fomit-frame-pointer execution test
FAIL: gfortran.dg/scratch_1.f90 -O3 -fomit-frame-pointer -funroll-loops execution test
FAIL: gfortran.dg/scratch_1.f90 -O3 -fomit-frame-pointer -funroll-all-loops -finline-functions execution test
FAIL: gfortran.dg/scratch_1.f90 -O3 -g execution test
FAIL: gfortran.dg/scratch_1.f90 -Os execution test
FAIL: gfortran.dg/stat_1.f90 -O0 (test for excess errors)
WARNING: gfortran.dg/stat_1.f90 -O0 compilation failed to produce executable
FAIL: gfortran.dg/stat_1.f90 -O1 (test for excess errors)
WARNING: gfortran.dg/stat_1.f90 -O1 compilation failed to produce executable
FAIL: gfortran.dg/stat_1.f90 -O2 (test for excess errors)
WARNING: gfortran.dg/stat_1.f90 -O2 compilation failed to produce executable
FAIL: gfortran.dg/stat_1.f90 -O3 -fomit-frame-pointer (test for excess errors)
WARNING: gfortran.dg/stat_1.f90 -O3 -fomit-frame-pointer compilation failed to produce executable
FAIL: gfortran.dg/stat_1.f90 -O3 -fomit-frame-pointer -funroll-loops (test for excess errors)
WARNING: gfortran.dg/stat_1.f90 -O3 -fomit-frame-pointer -funroll-loops compilation failed to produce executable
FAIL: gfortran.dg/stat_1.f90 -O3 -fomit-frame-pointer -funroll-all-loops -finline-functions (test for excess errors)
WARNING: gfortran.dg/stat_1.f90 -O3 -fomit-frame-pointer -funroll-all-loops -finline-functions compilation failed to produce executable
FAIL: gfortran.dg/stat_1.f90 -O3 -g (test for excess errors)
WARNING: gfortran.dg/stat_1.f90 -O3 -g compilation failed to produce executable
FAIL: gfortran.dg/stat_1.f90 -Os (test for excess errors)
WARNING: gfortran.dg/stat_1.f90 -Os compilation failed to produce executable
FAIL: gfortran.dg/stat_2.f90 -O0 (test for excess errors)
WARNING: gfortran.dg/stat_2.f90 -O0 compilation failed to produce executable
FAIL: gfortran.dg/stat_2.f90 -O1 (test for excess errors)
WARNING: gfortran.dg/stat_2.f90 -O1 compilation failed to produce executable
FAIL: gfortran.dg/stat_2.f90 -O2 (test for excess errors)
WARNING: gfortran.dg/stat_2.f90 -O2 compilation failed to produce executable
FAIL: gfortran.dg/stat_2.f90 -O3 -fomit-frame-pointer (test for excess errors)
WARNING: gfortran.dg/stat_2.f90 -O3 -fomit-frame-pointer compilation failed to produce executable
FAIL: gfortran.dg/stat_2.f90 -O3 -fomit-frame-pointer -funroll-loops (test for excess errors)
WARNING: gfortran.dg/stat_2.f90 -O3 -fomit-frame-pointer -funroll-loops compilation failed to produce executable
FAIL: gfortran.dg/stat_2.f90 -O3 -fomit-frame-pointer -funroll-all-loops -finline-functions (test for excess errors)
WARNING: gfortran.dg/stat_2.f90 -O3 -fomit-frame-pointer -funroll-all-loops -finline-functions compilation failed to produce executable
FAIL: gfortran.dg/stat_2.f90 -O3 -g (test for excess errors)
WARNING: gfortran.dg/stat_2.f90 -O3 -g compilation failed to produce executable
FAIL: gfortran.dg/stat_2.f90 -Os (test for excess errors)
WARNING: gfortran.dg/stat_2.f90 -Os compilation failed to produce executable
FAIL: gfortran.dg/lto/20091016-1 f_lto_20091016-1_0.o assemble, -flto -g -fPIC -r -nostdlib
UNRESOLVED: gfortran.dg/lto/20091016-1 f_lto_20091016-1_0.o-f_lto_20091016-1_0.o link -flto -g -fPIC -r -nostdlib
UNRESOLVED: gfortran.dg/lto/20091016-1 f_lto_20091016-1_0.o-f_lto_20091016-1_0.o execute -flto -g -fPIC -r -nostdlib
FAIL: gfortran.dg/lto/20091016-1 f_lto_20091016-1_0.o assemble, -O -flto -g -fPIC -r -nostdlib
UNRESOLVED: gfortran.dg/lto/20091016-1 f_lto_20091016-1_0.o-f_lto_20091016-1_0.o link -O -flto -g -fPIC -r -nostdlib
UNRESOLVED: gfortran.dg/lto/20091016-1 f_lto_20091016-1_0.o-f_lto_20091016-1_0.o execute -O -flto -g -fPIC -r -nostdlib
=== gfortran Summary ===
# of expected passes 42747
# of unexpected failures 104
# of expected failures 35
# of unresolved testcases 4
# of unsupported tests 740
/tmp/hpautotest-gcc1/cris-elf/gccobj/gcc/testsuite/gfortran/../../gfortran version 4.9.0 20140212 (experimental) [trunk revision 207743] (GCC)
Host is x86_64-unknown-linux-gnu
=== objc tests ===
Running target cris-sim
=== objc Summary ===
# of expected passes 2994
# of unsupported tests 74
/tmp/hpautotest-gcc1/cris-elf/gccobj/gcc/xgcc version 4.9.0 20140212 (experimental) [trunk revision 207743] (GCC)
Compiler version: 4.9.0 20140212 (experimental) [trunk revision 207743] (GCC)
Platform: cris-axis-elf
configure flags: --prefix=/tmp/hpautotest-gcc1/cris-elf/pre --target=cris-elf --with-gnu-ld --with-gnu-as --with-newlib