This is the mail archive of the
gcc-testresults@gcc.gnu.org
mailing list for the GCC project.
Results for 4.9.0 20140209 (experimental) [trunk revision 207643] (GCC) testsuite on mips64-unknown-linux-gnu
- From: Richard Sandiford <rdsandiford at googlemail dot com>
- To: gcc-testresults at gcc dot gnu dot org
- Date: Sun, 09 Feb 2014 19:50:03 +0000
- Subject: Results for 4.9.0 20140209 (experimental) [trunk revision 207643] (GCC) testsuite on mips64-unknown-linux-gnu
- Authentication-results: sourceware.org; auth=none
Target is mips64-unknown-linux-gnu
=== gcc tests ===
Running target qemu64eb/-mabi=32
XPASS: gcc.dg/guality/example.c -O0 execution test
XPASS: gcc.dg/guality/example.c -O1 execution test
XPASS: gcc.dg/guality/example.c -O2 execution test
XPASS: gcc.dg/guality/example.c -O2 -flto -fno-use-linker-plugin -flto-partition=none execution test
XPASS: gcc.dg/guality/guality.c -O0 execution test
XPASS: gcc.dg/guality/guality.c -O1 execution test
XPASS: gcc.dg/guality/guality.c -O2 execution test
XPASS: gcc.dg/guality/guality.c -O3 -fomit-frame-pointer execution test
XPASS: gcc.dg/guality/guality.c -O3 -g execution test
XPASS: gcc.dg/guality/guality.c -Os execution test
XPASS: gcc.dg/guality/guality.c -O2 -flto -fno-use-linker-plugin -flto-partition=none execution test
XPASS: gcc.dg/guality/guality.c -O2 -flto -fuse-linker-plugin -fno-fat-lto-objects execution test
XPASS: gcc.dg/guality/inline-params.c -O2 execution test
XPASS: gcc.dg/guality/inline-params.c -O3 -fomit-frame-pointer execution test
XPASS: gcc.dg/guality/inline-params.c -O3 -g execution test
XPASS: gcc.dg/guality/inline-params.c -Os execution test
XPASS: gcc.dg/guality/inline-params.c -O2 -flto -fno-use-linker-plugin -flto-partition=none execution test
XPASS: gcc.dg/guality/pr41447-1.c -O0 execution test
XPASS: gcc.dg/guality/pr41447-1.c -O1 execution test
XPASS: gcc.dg/guality/pr41447-1.c -O2 execution test
XPASS: gcc.dg/guality/pr41447-1.c -O3 -fomit-frame-pointer execution test
XPASS: gcc.dg/guality/pr41447-1.c -O3 -g execution test
XPASS: gcc.dg/guality/pr41447-1.c -Os execution test
XPASS: gcc.dg/guality/pr41447-1.c -O2 -flto -fno-use-linker-plugin -flto-partition=none execution test
XPASS: gcc.dg/guality/pr41447-1.c -O2 -flto -fuse-linker-plugin -fno-fat-lto-objects execution test
XPASS: gcc.dg/guality/pr41616-1.c -O0 execution test
XPASS: gcc.dg/guality/pr41616-1.c -O1 execution test
XPASS: gcc.dg/guality/pr41616-1.c -O2 execution test
XPASS: gcc.dg/guality/pr41616-1.c -O3 -fomit-frame-pointer execution test
XPASS: gcc.dg/guality/pr41616-1.c -O3 -g execution test
XPASS: gcc.dg/guality/pr41616-1.c -Os execution test
XPASS: gcc.dg/guality/pr41616-1.c -O2 -flto -fno-use-linker-plugin -flto-partition=none execution test
=== gcc Summary for qemu64eb/-mabi=32 ===
# of expected passes 98944
# of unexpected successes 32
# of expected failures 146
# of unsupported tests 1619
Running target qemu64eb/-mabi=64
XPASS: gcc.dg/guality/example.c -O0 execution test
XPASS: gcc.dg/guality/example.c -O1 execution test
XPASS: gcc.dg/guality/guality.c -O0 execution test
XPASS: gcc.dg/guality/guality.c -O1 execution test
XPASS: gcc.dg/guality/guality.c -Os execution test
XPASS: gcc.dg/guality/guality.c -O2 -flto -fuse-linker-plugin -fno-fat-lto-objects execution test
XPASS: gcc.dg/guality/inline-params.c -O2 execution test
XPASS: gcc.dg/guality/inline-params.c -O3 -fomit-frame-pointer execution test
XPASS: gcc.dg/guality/inline-params.c -O3 -g execution test
XPASS: gcc.dg/guality/inline-params.c -Os execution test
XPASS: gcc.dg/guality/inline-params.c -O2 -flto -fno-use-linker-plugin -flto-partition=none execution test
XPASS: gcc.dg/guality/pr41447-1.c -O0 execution test
XPASS: gcc.dg/guality/pr41447-1.c -O1 execution test
XPASS: gcc.dg/guality/pr41447-1.c -O2 execution test
XPASS: gcc.dg/guality/pr41447-1.c -O3 -fomit-frame-pointer execution test
XPASS: gcc.dg/guality/pr41447-1.c -O3 -g execution test
XPASS: gcc.dg/guality/pr41447-1.c -Os execution test
XPASS: gcc.dg/guality/pr41447-1.c -O2 -flto -fno-use-linker-plugin -flto-partition=none execution test
XPASS: gcc.dg/guality/pr41447-1.c -O2 -flto -fuse-linker-plugin -fno-fat-lto-objects execution test
XPASS: gcc.dg/guality/pr41616-1.c -O0 execution test
XPASS: gcc.dg/guality/pr41616-1.c -O1 execution test
XPASS: gcc.dg/guality/pr41616-1.c -O2 execution test
XPASS: gcc.dg/guality/pr41616-1.c -O3 -fomit-frame-pointer execution test
XPASS: gcc.dg/guality/pr41616-1.c -O3 -g execution test
XPASS: gcc.dg/guality/pr41616-1.c -Os execution test
XPASS: gcc.dg/guality/pr41616-1.c -O2 -flto -fno-use-linker-plugin -flto-partition=none execution test
FAIL: gcc.dg/vect/pr60012.c scan-tree-dump vect "LOOP VECTORIZED"
FAIL: gcc.dg/vect/pr60012.c -flto -ffat-lto-objects scan-tree-dump vect "LOOP VECTORIZED"
=== gcc Summary for qemu64eb/-mabi=64 ===
# of expected passes 100215
# of unexpected failures 2
# of unexpected successes 26
# of expected failures 172
# of unsupported tests 2789
Running target qemu64eb/-mabi=n32
XPASS: gcc.dg/guality/example.c -O0 execution test
XPASS: gcc.dg/guality/example.c -O1 execution test
XPASS: gcc.dg/guality/guality.c -O0 execution test
XPASS: gcc.dg/guality/guality.c -O1 execution test
XPASS: gcc.dg/guality/guality.c -O2 execution test
XPASS: gcc.dg/guality/guality.c -O3 -fomit-frame-pointer execution test
XPASS: gcc.dg/guality/guality.c -O3 -g execution test
XPASS: gcc.dg/guality/guality.c -Os execution test
XPASS: gcc.dg/guality/guality.c -O2 -flto -fno-use-linker-plugin -flto-partition=none execution test
XPASS: gcc.dg/guality/guality.c -O2 -flto -fuse-linker-plugin -fno-fat-lto-objects execution test
XPASS: gcc.dg/guality/inline-params.c -O2 execution test
XPASS: gcc.dg/guality/inline-params.c -O3 -fomit-frame-pointer execution test
XPASS: gcc.dg/guality/inline-params.c -O3 -g execution test
XPASS: gcc.dg/guality/inline-params.c -Os execution test
XPASS: gcc.dg/guality/inline-params.c -O2 -flto -fno-use-linker-plugin -flto-partition=none execution test
XPASS: gcc.dg/guality/pr41447-1.c -O0 execution test
XPASS: gcc.dg/guality/pr41447-1.c -O1 execution test
XPASS: gcc.dg/guality/pr41447-1.c -O2 execution test
XPASS: gcc.dg/guality/pr41447-1.c -O3 -fomit-frame-pointer execution test
XPASS: gcc.dg/guality/pr41447-1.c -O3 -g execution test
XPASS: gcc.dg/guality/pr41447-1.c -Os execution test
XPASS: gcc.dg/guality/pr41447-1.c -O2 -flto -fno-use-linker-plugin -flto-partition=none execution test
XPASS: gcc.dg/guality/pr41447-1.c -O2 -flto -fuse-linker-plugin -fno-fat-lto-objects execution test
XPASS: gcc.dg/guality/pr41616-1.c -O0 execution test
XPASS: gcc.dg/guality/pr41616-1.c -O1 execution test
XPASS: gcc.dg/guality/pr41616-1.c -O2 execution test
XPASS: gcc.dg/guality/pr41616-1.c -O3 -fomit-frame-pointer execution test
XPASS: gcc.dg/guality/pr41616-1.c -O3 -g execution test
XPASS: gcc.dg/guality/pr41616-1.c -Os execution test
XPASS: gcc.dg/guality/pr41616-1.c -O2 -flto -fno-use-linker-plugin -flto-partition=none execution test
FAIL: gcc.dg/vect/pr60012.c scan-tree-dump vect "LOOP VECTORIZED"
FAIL: gcc.dg/vect/pr60012.c -flto -ffat-lto-objects scan-tree-dump vect "LOOP VECTORIZED"
=== gcc Summary for qemu64eb/-mabi=n32 ===
# of expected passes 100249
# of unexpected failures 2
# of unexpected successes 30
# of expected failures 165
# of unsupported tests 2787
Running target qemu64eb/-mips16/-mabi=32
FAIL: gcc.c-torture/execute/ieee/compare-fp-1.c compilation, -O2 -flto -fuse-linker-plugin -fno-fat-lto-objects
UNRESOLVED: gcc.c-torture/execute/ieee/compare-fp-1.c execution, -O2 -flto -fuse-linker-plugin -fno-fat-lto-objects
UNRESOLVED: gcc.dg/unroll_2.c scan-rtl-dump-times loop2_unroll "loop turned into non-loop; it never loops" 1
UNRESOLVED: gcc.dg/unroll_3.c scan-rtl-dump-times loop2_unroll "loop turned into non-loop; it never loops" 1
UNRESOLVED: gcc.dg/unroll_4.c scan-rtl-dump-times loop2_unroll "loop turned into non-loop; it never loops" 1
XPASS: gcc.dg/guality/example.c -O0 execution test
XPASS: gcc.dg/guality/example.c -O1 execution test
XPASS: gcc.dg/guality/guality.c -O0 execution test
XPASS: gcc.dg/guality/guality.c -O1 execution test
XPASS: gcc.dg/guality/guality.c -O2 execution test
XPASS: gcc.dg/guality/guality.c -O3 -fomit-frame-pointer execution test
XPASS: gcc.dg/guality/guality.c -O3 -g execution test
XPASS: gcc.dg/guality/guality.c -Os execution test
XPASS: gcc.dg/guality/guality.c -O2 -flto -fno-use-linker-plugin -flto-partition=none execution test
XPASS: gcc.dg/guality/guality.c -O2 -flto -fuse-linker-plugin -fno-fat-lto-objects execution test
XPASS: gcc.dg/guality/inline-params.c -O2 execution test
XPASS: gcc.dg/guality/inline-params.c -O3 -fomit-frame-pointer execution test
XPASS: gcc.dg/guality/inline-params.c -O3 -g execution test
XPASS: gcc.dg/guality/inline-params.c -Os execution test
XPASS: gcc.dg/guality/inline-params.c -O2 -flto -fno-use-linker-plugin -flto-partition=none execution test
XPASS: gcc.dg/guality/pr41447-1.c -O0 execution test
XPASS: gcc.dg/guality/pr41447-1.c -O1 execution test
XPASS: gcc.dg/guality/pr41447-1.c -O2 execution test
XPASS: gcc.dg/guality/pr41447-1.c -O3 -fomit-frame-pointer execution test
XPASS: gcc.dg/guality/pr41447-1.c -O3 -g execution test
XPASS: gcc.dg/guality/pr41447-1.c -Os execution test
XPASS: gcc.dg/guality/pr41447-1.c -O2 -flto -fno-use-linker-plugin -flto-partition=none execution test
XPASS: gcc.dg/guality/pr41447-1.c -O2 -flto -fuse-linker-plugin -fno-fat-lto-objects execution test
XPASS: gcc.dg/guality/pr41616-1.c -O0 execution test
XPASS: gcc.dg/guality/pr41616-1.c -O1 execution test
XPASS: gcc.dg/guality/pr41616-1.c -O2 execution test
XPASS: gcc.dg/guality/pr41616-1.c -O3 -fomit-frame-pointer execution test
XPASS: gcc.dg/guality/pr41616-1.c -O3 -g execution test
XPASS: gcc.dg/guality/pr41616-1.c -Os execution test
XPASS: gcc.dg/guality/pr41616-1.c -O2 -flto -fno-use-linker-plugin -flto-partition=none execution test
=== gcc Summary for qemu64eb/-mips16/-mabi=32 ===
# of expected passes 98899
# of unexpected failures 1
# of unexpected successes 30
# of expected failures 147
# of unresolved testcases 4
# of unsupported tests 1626
=== gcc Summary ===
# of expected passes 398307
# of unexpected failures 5
# of unexpected successes 118
# of expected failures 630
# of unresolved testcases 4
# of unsupported tests 8821
/home/richards/gcc/HEAD/mips64-linux-gnu/x86_64-unknown-linux-gnu/gcc/xgcc version 4.9.0 20140209 (experimental) [trunk revision 207643] (GCC)
=== gfortran tests ===
Running target qemu64eb/-mabi=32
=== gfortran Summary for qemu64eb/-mabi=32 ===
# of expected passes 43965
# of expected failures 38
# of unsupported tests 401
Running target qemu64eb/-mabi=64
=== gfortran Summary for qemu64eb/-mabi=64 ===
# of expected passes 45197
# of expected failures 38
# of unsupported tests 94
Running target qemu64eb/-mabi=n32
=== gfortran Summary for qemu64eb/-mabi=n32 ===
# of expected passes 45197
# of expected failures 38
# of unsupported tests 94
Running target qemu64eb/-mips16/-mabi=32
=== gfortran Summary for qemu64eb/-mips16/-mabi=32 ===
# of expected passes 43964
# of expected failures 39
# of unsupported tests 401
=== gfortran Summary ===
# of expected passes 178323
# of expected failures 153
# of unsupported tests 990
/home/richards/gcc/HEAD/mips64-linux-gnu/x86_64-unknown-linux-gnu/gcc/testsuite/gfortran/../../gfortran version 4.9.0 20140209 (experimental) [trunk revision 207643] (GCC)
=== g++ tests ===
Running target qemu64eb/-mabi=32
=== g++ Summary for qemu64eb/-mabi=32 ===
# of expected passes 54760
# of expected failures 289
# of unsupported tests 1150
Running target qemu64eb/-mabi=64
=== g++ Summary for qemu64eb/-mabi=64 ===
# of expected passes 55989
# of expected failures 285
# of unsupported tests 1177
Running target qemu64eb/-mabi=n32
=== g++ Summary for qemu64eb/-mabi=n32 ===
# of expected passes 56124
# of expected failures 289
# of unsupported tests 1153
Running target qemu64eb/-mips16/-mabi=32
=== g++ Summary for qemu64eb/-mips16/-mabi=32 ===
# of expected passes 54756
# of expected failures 289
# of unsupported tests 1152
=== g++ Summary ===
# of expected passes 221629
# of expected failures 1152
# of unsupported tests 4632
/home/richards/gcc/HEAD/mips64-linux-gnu/x86_64-unknown-linux-gnu/gcc/testsuite/g++/../../xg++ version 4.9.0 20140209 (experimental) [trunk revision 207643] (GCC)
=== objc tests ===
Running target qemu64eb/-mabi=32
=== objc Summary for qemu64eb/-mabi=32 ===
# of expected passes 2994
# of unsupported tests 74
Running target qemu64eb/-mabi=64
=== objc Summary for qemu64eb/-mabi=64 ===
# of expected passes 2994
# of unsupported tests 74
Running target qemu64eb/-mabi=n32
=== objc Summary for qemu64eb/-mabi=n32 ===
# of expected passes 2994
# of unsupported tests 74
Running target qemu64eb/-mips16/-mabi=32
=== objc Summary for qemu64eb/-mips16/-mabi=32 ===
# of expected passes 2994
# of unsupported tests 74
=== objc Summary ===
# of expected passes 11976
# of unsupported tests 296
/home/richards/gcc/HEAD/mips64-linux-gnu/x86_64-unknown-linux-gnu/gcc/xgcc version 4.9.0 20140209 (experimental) [trunk revision 207643] (GCC)
Host is mips64-unknown-linux-gnu
=== libatomic tests ===
Running target qemu64eb
=== libatomic Summary ===
# of expected passes 54
Host is mips64-unknown-linux-gnu
=== libgomp tests ===
Running target qemu64eb/-mips16/-mabi=32
WARNING: program timed out.
FAIL: libgomp.c/depend-3.c execution test
=== libgomp Summary for qemu64eb/-mips16/-mabi=32 ===
# of expected passes 2321
# of unexpected failures 1
# of unsupported tests 22
Running target qemu64eb/-mabi=n32
WARNING: program timed out.
FAIL: libgomp.c/depend-3.c execution test
=== libgomp Summary for qemu64eb/-mabi=n32 ===
# of expected passes 2321
# of unexpected failures 1
# of unsupported tests 22
Running target qemu64eb/-mabi=32
WARNING: program timed out.
FAIL: libgomp.c/depend-3.c execution test
=== libgomp Summary for qemu64eb/-mabi=32 ===
# of expected passes 2321
# of unexpected failures 1
# of unsupported tests 22
Running target qemu64eb/-mabi=64
WARNING: program timed out.
FAIL: libgomp.c/depend-3.c execution test
=== libgomp Summary for qemu64eb/-mabi=64 ===
# of expected passes 2321
# of unexpected failures 1
# of unsupported tests 22
=== libgomp Summary ===
# of expected passes 9284
# of unexpected failures 4
# of unsupported tests 88
=== libstdc++ tests ===
Running target qemu64eb/-mabi=32
=== libstdc++ Summary for qemu64eb/-mabi=32 ===
# of expected passes 8999
# of expected failures 41
# of unsupported tests 594
Running target qemu64eb/-mabi=64
=== libstdc++ Summary for qemu64eb/-mabi=64 ===
# of expected passes 8999
# of expected failures 41
# of unsupported tests 594
Running target qemu64eb/-mabi=n32
=== libstdc++ Summary for qemu64eb/-mabi=n32 ===
# of expected passes 8999
# of expected failures 41
# of unsupported tests 594
Running target qemu64eb/-mips16/-mabi=32
=== libstdc++ Summary for qemu64eb/-mips16/-mabi=32 ===
# of expected passes 8999
# of expected failures 41
# of unsupported tests 594
=== libstdc++ Summary ===
# of expected passes 35996
# of expected failures 164
# of unsupported tests 2376
Compiler version: 4.9.0 20140209 (experimental) [trunk revision 207643] (GCC)
Platform: mips64-unknown-linux-gnu
configure flags: --enable-checking=yes,rtl,df --enable-languages=c,c++,objc,fortran --with-mips-plt --with-arch=mips64r2