This is the mail archive of the
gcc-testresults@gcc.gnu.org
mailing list for the GCC project.
Results for 4.9.0 20140205 (experimental) [trunk revision 207523] (GCC) testsuite on powerpc-apple-darwin9.8.0
- From: dominiq at lps dot ens dot fr (Dominique Dhumieres)
- To: gcc-testresults at gcc dot gnu dot org
- Date: Sat, 08 Feb 2014 08:14:09 +0100
- Subject: Results for 4.9.0 20140205 (experimental) [trunk revision 207523] (GCC) testsuite on powerpc-apple-darwin9.8.0
- Authentication-results: sourceware.org; auth=none
LAST_UPDATED: Updated Wed Feb 5 22:05:14 CET 2014 to revision 207523.
=== acats tests ===
FAIL: c52103x
FAIL: c52104x
FAIL: c52104y
=== acats Summary ===
# of expected passes 2317
# of unexpected failures 3
Native configuration is powerpc-apple-darwin9.8.0
=== g++ tests ===
Running target unix/-m32
FAIL: g++.dg/cpp0x/constexpr-attribute2.C (test for excess errors)
FAIL: g++.dg/ext/alignof2.C -std=c++98 execution test
FAIL: g++.dg/ext/alignof2.C -std=c++11 execution test
FAIL: g++.dg/ext/altivec-7.C -std=gnu++98 scan-assembler _Z3fooDv16_h
FAIL: g++.dg/ext/altivec-7.C -std=gnu++98 scan-assembler _Z3fooDv16_a
FAIL: g++.dg/ext/altivec-7.C -std=gnu++98 scan-assembler _Z3fooDv16_U6__boolc
FAIL: g++.dg/ext/altivec-7.C -std=gnu++98 scan-assembler _Z3fooDv8_t
FAIL: g++.dg/ext/altivec-7.C -std=gnu++98 scan-assembler _Z3fooDv8_s
FAIL: g++.dg/ext/altivec-7.C -std=gnu++98 scan-assembler _Z3fooDv8_U6__bools
FAIL: g++.dg/ext/altivec-7.C -std=gnu++98 scan-assembler _Z3fooDv4_j
FAIL: g++.dg/ext/altivec-7.C -std=gnu++98 scan-assembler _Z3fooDv4_i
FAIL: g++.dg/ext/altivec-7.C -std=gnu++98 scan-assembler _Z3fooDv4_U6__booli
FAIL: g++.dg/ext/altivec-7.C -std=gnu++98 scan-assembler _Z3fooDv4_f
FAIL: g++.dg/ext/altivec-7.C -std=gnu++98 scan-assembler _Z3fooDv8_u7__pixel
FAIL: g++.dg/ext/altivec-7.C -std=gnu++11 scan-assembler _Z3fooDv16_h
FAIL: g++.dg/ext/altivec-7.C -std=gnu++11 scan-assembler _Z3fooDv16_a
FAIL: g++.dg/ext/altivec-7.C -std=gnu++11 scan-assembler _Z3fooDv16_U6__boolc
FAIL: g++.dg/ext/altivec-7.C -std=gnu++11 scan-assembler _Z3fooDv8_t
FAIL: g++.dg/ext/altivec-7.C -std=gnu++11 scan-assembler _Z3fooDv8_s
FAIL: g++.dg/ext/altivec-7.C -std=gnu++11 scan-assembler _Z3fooDv8_U6__bools
FAIL: g++.dg/ext/altivec-7.C -std=gnu++11 scan-assembler _Z3fooDv4_j
FAIL: g++.dg/ext/altivec-7.C -std=gnu++11 scan-assembler _Z3fooDv4_i
FAIL: g++.dg/ext/altivec-7.C -std=gnu++11 scan-assembler _Z3fooDv4_U6__booli
FAIL: g++.dg/ext/altivec-7.C -std=gnu++11 scan-assembler _Z3fooDv4_f
FAIL: g++.dg/ext/altivec-7.C -std=gnu++11 scan-assembler _Z3fooDv8_u7__pixel
FAIL: g++.dg/opt/vt4.C -std=gnu++98 scan-assembler-not _ZTV.A
FAIL: g++.dg/opt/vt4.C -std=gnu++11 scan-assembler-not _ZTV.A
=== g++ Summary for unix/-m32 ===
# of expected passes 55033
# of unexpected failures 27
# of expected failures 288
# of unsupported tests 1107
Running target unix/-m64
FAIL: g++.dg/cpp0x/constexpr-attribute2.C (test for excess errors)
FAIL: g++.dg/ext/altivec-7.C -std=gnu++98 scan-assembler _Z3fooDv16_h
FAIL: g++.dg/ext/altivec-7.C -std=gnu++98 scan-assembler _Z3fooDv16_a
FAIL: g++.dg/ext/altivec-7.C -std=gnu++98 scan-assembler _Z3fooDv16_U6__boolc
FAIL: g++.dg/ext/altivec-7.C -std=gnu++98 scan-assembler _Z3fooDv8_t
FAIL: g++.dg/ext/altivec-7.C -std=gnu++98 scan-assembler _Z3fooDv8_s
FAIL: g++.dg/ext/altivec-7.C -std=gnu++98 scan-assembler _Z3fooDv8_U6__bools
FAIL: g++.dg/ext/altivec-7.C -std=gnu++98 scan-assembler _Z3fooDv4_j
FAIL: g++.dg/ext/altivec-7.C -std=gnu++98 scan-assembler _Z3fooDv4_i
FAIL: g++.dg/ext/altivec-7.C -std=gnu++98 scan-assembler _Z3fooDv4_U6__booli
FAIL: g++.dg/ext/altivec-7.C -std=gnu++98 scan-assembler _Z3fooDv4_f
FAIL: g++.dg/ext/altivec-7.C -std=gnu++98 scan-assembler _Z3fooDv8_u7__pixel
FAIL: g++.dg/ext/altivec-7.C -std=gnu++11 scan-assembler _Z3fooDv16_h
FAIL: g++.dg/ext/altivec-7.C -std=gnu++11 scan-assembler _Z3fooDv16_a
FAIL: g++.dg/ext/altivec-7.C -std=gnu++11 scan-assembler _Z3fooDv16_U6__boolc
FAIL: g++.dg/ext/altivec-7.C -std=gnu++11 scan-assembler _Z3fooDv8_t
FAIL: g++.dg/ext/altivec-7.C -std=gnu++11 scan-assembler _Z3fooDv8_s
FAIL: g++.dg/ext/altivec-7.C -std=gnu++11 scan-assembler _Z3fooDv8_U6__bools
FAIL: g++.dg/ext/altivec-7.C -std=gnu++11 scan-assembler _Z3fooDv4_j
FAIL: g++.dg/ext/altivec-7.C -std=gnu++11 scan-assembler _Z3fooDv4_i
FAIL: g++.dg/ext/altivec-7.C -std=gnu++11 scan-assembler _Z3fooDv4_U6__booli
FAIL: g++.dg/ext/altivec-7.C -std=gnu++11 scan-assembler _Z3fooDv4_f
FAIL: g++.dg/ext/altivec-7.C -std=gnu++11 scan-assembler _Z3fooDv8_u7__pixel
FAIL: g++.dg/ext/sync-4.C -std=gnu++98 (test for excess errors)
UNRESOLVED: g++.dg/ext/sync-4.C -std=gnu++98 compilation failed to produce executable
FAIL: g++.dg/ext/sync-4.C -std=gnu++11 (test for excess errors)
UNRESOLVED: g++.dg/ext/sync-4.C -std=gnu++11 compilation failed to produce executable
FAIL: g++.dg/opt/vt4.C -std=gnu++98 scan-assembler-not _ZTV.A
FAIL: g++.dg/opt/vt4.C -std=gnu++11 scan-assembler-not _ZTV.A
FAIL: g++.dg/torture/pr45843.C -O3 -g (test for excess errors)
UNRESOLVED: g++.dg/torture/pr45843.C -O3 -g compilation failed to produce executable
=== g++ Summary for unix/-m64 ===
# of expected passes 56271
# of unexpected failures 28
# of expected failures 288
# of unresolved testcases 3
# of unsupported tests 1095
=== g++ Summary ===
# of expected passes 111304
# of unexpected failures 55
# of expected failures 576
# of unresolved testcases 3
# of unsupported tests 2202
/opt/gcc/build_c/gcc/testsuite/g++/../../xg++ version 4.9.0 20140205 (experimental) [trunk revision 207523] (GCC)
=== gcc tests ===
Running target unix/-m32
FAIL: gcc.dg/atomic/c11-atomic-exec-5.c -O0 execution test
FAIL: gcc.dg/atomic/c11-atomic-exec-5.c -O1 execution test
FAIL: gcc.dg/atomic/c11-atomic-exec-5.c -O2 execution test
FAIL: gcc.dg/atomic/c11-atomic-exec-5.c -O3 -fomit-frame-pointer execution test
FAIL: gcc.dg/atomic/c11-atomic-exec-5.c -O3 -fomit-frame-pointer -funroll-loops execution test
FAIL: gcc.dg/atomic/c11-atomic-exec-5.c -O3 -fomit-frame-pointer -funroll-all-loops -finline-functions execution test
FAIL: gcc.dg/atomic/c11-atomic-exec-5.c -O3 -g execution test
FAIL: gcc.dg/atomic/c11-atomic-exec-5.c -Os execution test
FAIL: gcc.dg/atomic/c11-atomic-exec-5.c -O2 -flto -flto-partition=none execution test
FAIL: gcc.dg/atomic/c11-atomic-exec-5.c -O2 -flto execution test
FAIL: gcc.dg/debug/dwarf2/pr53948.c scan-assembler .loc 1 8 0|[#/!][ \\t]+line 8
FAIL: gcc.dg/and-1.c scan-assembler-not nand
FAIL: gcc.dg/atomic-flag.c execution test
FAIL: gcc.dg/pr56228.c (test for excess errors)
FAIL: gcc.dg/pr56837.c scan-tree-dump-times optimized "memset ..b, 1, 1024.;" 1
FAIL: gcc.dg/simulate-thread/atomic-other-int.c -O0 -g thread simulation test
FAIL: gcc.dg/simulate-thread/atomic-other-int.c -O2 -g thread simulation test
FAIL: gcc.dg/simulate-thread/atomic-other-int.c -O3 -g thread simulation test
FAIL: gcc.dg/simulate-thread/atomic-other-short.c -O0 -g thread simulation test
FAIL: gcc.dg/simulate-thread/atomic-other-short.c -O2 -g thread simulation test
FAIL: gcc.dg/simulate-thread/atomic-other-short.c -O3 -g thread simulation test
FAIL: gcc.dg/torture/pr53922.c -O0 execution test
FAIL: gcc.dg/torture/pr53922.c -O1 execution test
FAIL: gcc.dg/torture/pr53922.c -O2 execution test
FAIL: gcc.dg/torture/pr53922.c -O3 -fomit-frame-pointer execution test
FAIL: gcc.dg/torture/pr53922.c -O3 -g execution test
FAIL: gcc.dg/torture/pr53922.c -Os execution test
FAIL: gcc.dg/torture/pr53922.c -O2 -flto -flto-partition=none execution test
FAIL: gcc.dg/torture/pr53922.c -O2 -flto execution test
FAIL: gcc.dg/tree-ssa/sra-12.c scan-tree-dump-times release_ssa "l;" 0
FAIL: gcc.dg/tree-ssa/ssa-dom-thread-4.c scan-tree-dump-times dom1 "Threaded" 3
FAIL: gcc.dg/tree-ssa/vrp47.c scan-tree-dump-times vrp1 "[xy][^ ]* !=" 0
FAIL: gcc.dg/vect/costmodel/ppc/costmodel-bb-slp-9a.c scan-tree-dump-times slp "basic block vectorized using SLP" 1
FAIL: gcc.dg/vect/no-vfa-vect-depend-2.c execution test
FAIL: gcc.dg/vect/no-vfa-vect-depend-2.c scan-tree-dump-times vect "vectorized 1 loops" 1
FAIL: gcc.dg/vect/no-vfa-vect-depend-3.c scan-tree-dump-times vect "vectorized 1 loops" 4
FAIL: gcc.target/powerpc/405-dlmzb-strlen-1.c scan-assembler dlmzb\\\\.
FAIL: gcc.target/powerpc/440-dlmzb-strlen-1.c scan-assembler dlmzb\\\\.
UNRESOLVED: gcc.target/powerpc/dfmode_off.c object-size text == 320
UNRESOLVED: gcc.target/powerpc/dimode_off.c object-size text <= 640
UNRESOLVED: gcc.target/powerpc/tfmode_off.c object-size text == 544
=== gcc Summary for unix/-m32 ===
# of expected passes 92379
# of unexpected failures 38
# of expected failures 220
# of unresolved testcases 3
# of unsupported tests 1779
Running target unix/-m64
FAIL: gcc.dg/atomic/c11-atomic-exec-5.c -O0 execution test
FAIL: gcc.dg/atomic/c11-atomic-exec-5.c -O1 execution test
FAIL: gcc.dg/atomic/c11-atomic-exec-5.c -O2 execution test
FAIL: gcc.dg/atomic/c11-atomic-exec-5.c -O3 -fomit-frame-pointer execution test
FAIL: gcc.dg/atomic/c11-atomic-exec-5.c -O3 -fomit-frame-pointer -funroll-loops execution test
FAIL: gcc.dg/atomic/c11-atomic-exec-5.c -O3 -fomit-frame-pointer -funroll-all-loops -finline-functions execution test
FAIL: gcc.dg/atomic/c11-atomic-exec-5.c -O3 -g execution test
FAIL: gcc.dg/atomic/c11-atomic-exec-5.c -Os execution test
FAIL: gcc.dg/atomic/c11-atomic-exec-5.c -O2 -flto -flto-partition=none execution test
FAIL: gcc.dg/atomic/c11-atomic-exec-5.c -O2 -flto execution test
FAIL: gcc.dg/debug/dwarf2/pr53948.c scan-assembler .loc 1 8 0|[#/!][ \\t]+line 8
FAIL: gcc.dg/and-1.c scan-assembler-not nand
FAIL: gcc.dg/darwin-segaddr.c execution test
FAIL: gcc.dg/ira-shrinkwrap-prep-2.c scan-rtl-dump pro_and_epilogue "Performing shrink-wrapping"
FAIL: gcc.dg/pr56228.c (test for excess errors)
FAIL: gcc.dg/sms-4.c scan-rtl-dump-times sms "SMS succeeded" 1
FAIL: gcc.dg/simulate-thread/atomic-other-int.c -O0 -g thread simulation test
FAIL: gcc.dg/simulate-thread/atomic-other-int.c -O2 -g thread simulation test
FAIL: gcc.dg/simulate-thread/atomic-other-int.c -O3 -g thread simulation test
FAIL: gcc.dg/simulate-thread/atomic-other-longlong.c -O0 -g thread simulation test
FAIL: gcc.dg/simulate-thread/atomic-other-longlong.c -O2 -g thread simulation test
FAIL: gcc.dg/simulate-thread/atomic-other-longlong.c -O3 -g thread simulation test
FAIL: gcc.dg/simulate-thread/atomic-other-short.c -O0 -g thread simulation test
FAIL: gcc.dg/simulate-thread/atomic-other-short.c -O2 -g thread simulation test
FAIL: gcc.dg/simulate-thread/atomic-other-short.c -O3 -g thread simulation test
FAIL: gcc.dg/torture/pr53922.c -O0 execution test
FAIL: gcc.dg/torture/pr53922.c -O1 execution test
FAIL: gcc.dg/torture/pr53922.c -O2 execution test
FAIL: gcc.dg/torture/pr53922.c -O3 -fomit-frame-pointer execution test
FAIL: gcc.dg/torture/pr53922.c -O3 -g execution test
FAIL: gcc.dg/torture/pr53922.c -Os execution test
FAIL: gcc.dg/torture/pr53922.c -O2 -flto -flto-partition=none execution test
FAIL: gcc.dg/torture/pr53922.c -O2 -flto execution test
FAIL: gcc.dg/tree-ssa/ssa-dom-thread-4.c scan-tree-dump-times dom1 "Threaded" 3
FAIL: gcc.dg/tree-ssa/vrp47.c scan-tree-dump-times vrp1 "[xy][^ ]* !=" 0
FAIL: gcc.dg/vect/costmodel/ppc/costmodel-pr37194.c scan-tree-dump-times vect "vectorization not profitable" 1
FAIL: gcc.dg/vect/costmodel/ppc/costmodel-pr37194.c scan-tree-dump-times vect "vectorized 1 loops" 1
FAIL: gcc.dg/vect/costmodel/ppc/costmodel-bb-slp-9a.c scan-tree-dump-times slp "basic block vectorized using SLP" 1
FAIL: gcc.dg/vect/pr48765.c (internal compiler error)
FAIL: gcc.dg/vect/pr48765.c (test for excess errors)
FAIL: gcc.dg/vect/pr48765.c -flto -ffat-lto-objects (internal compiler error)
FAIL: gcc.dg/vect/pr48765.c -flto -ffat-lto-objects (test for excess errors)
FAIL: gcc.dg/vect/no-vfa-vect-depend-2.c scan-tree-dump-times vect "vectorized 1 loops" 1
FAIL: gcc.dg/vect/no-vfa-vect-depend-3.c scan-tree-dump-times vect "vectorized 1 loops" 4
UNRESOLVED: gcc.target/powerpc/dfmode_off.c object-size text == 320
UNRESOLVED: gcc.target/powerpc/dimode_off.c object-size text == 440
FAIL: gcc.target/powerpc/optimize-bswapdi-3.c scan-assembler ldbrx
FAIL: gcc.target/powerpc/optimize-bswapdi-3.c scan-assembler stdbrx
UNRESOLVED: gcc.target/powerpc/tfmode_off.c object-size text == 544
UNRESOLVED: gcc.target/powerpc/timode_off.c object-size text <= 700
=== gcc Summary for unix/-m64 ===
# of expected passes 93012
# of unexpected failures 46
# of expected failures 236
# of unresolved testcases 4
# of unsupported tests 1784
=== gcc Summary ===
# of expected passes 185391
# of unexpected failures 84
# of expected failures 456
# of unresolved testcases 7
# of unsupported tests 3563
/opt/gcc/build_c/gcc/xgcc version 4.9.0 20140205 (experimental) [trunk revision 207523] (GCC)
=== gfortran tests ===
Running target unix/-m32
FAIL: gfortran.dg/data_namelist_conflict.f90 -O3 -g (test for excess errors)
FAIL: gfortran.dg/erf_3.F90 -O0 execution test
FAIL: gfortran.dg/erf_3.F90 -O1 execution test
FAIL: gfortran.dg/erf_3.F90 -O2 execution test
FAIL: gfortran.dg/erf_3.F90 -O3 -fomit-frame-pointer execution test
FAIL: gfortran.dg/erf_3.F90 -O3 -fomit-frame-pointer -funroll-loops execution test
FAIL: gfortran.dg/erf_3.F90 -O3 -fomit-frame-pointer -funroll-all-loops -finline-functions execution test
FAIL: gfortran.dg/erf_3.F90 -O3 -g execution test
FAIL: gfortran.dg/erf_3.F90 -Os execution test
FAIL: gfortran.dg/f2003_io_4.f03 -O3 -g (test for excess errors)
FAIL: gfortran.dg/f2003_io_5.f03 -O3 -g (test for excess errors)
FAIL: gfortran.dg/f2003_io_6.f03 -O3 -g (test for excess errors)
FAIL: gfortran.dg/large_real_kind_3.F90 -O0 execution test
FAIL: gfortran.dg/namelist_11.f -O3 -g (test for excess errors)
FAIL: gfortran.dg/namelist_12.f -O3 -g (test for excess errors)
FAIL: gfortran.dg/namelist_13.f90 -O3 -g (test for excess errors)
FAIL: gfortran.dg/namelist_14.f90 -O3 -g (test for excess errors)
FAIL: gfortran.dg/namelist_15.f90 -O3 -g (test for excess errors)
FAIL: gfortran.dg/namelist_16.f90 -O3 -g (test for excess errors)
FAIL: gfortran.dg/namelist_17.f90 -O3 -g (test for excess errors)
FAIL: gfortran.dg/namelist_18.f90 -O3 -g (test for excess errors)
FAIL: gfortran.dg/namelist_19.f90 -O3 -g (test for excess errors)
FAIL: gfortran.dg/namelist_20.f90 -O3 -g (test for excess errors)
FAIL: gfortran.dg/namelist_21.f90 -O3 -g (test for excess errors)
FAIL: gfortran.dg/namelist_22.f90 -O3 -g (test for excess errors)
FAIL: gfortran.dg/namelist_23.f90 -O3 -g (test for excess errors)
FAIL: gfortran.dg/namelist_24.f90 -O3 -g (test for excess errors)
FAIL: gfortran.dg/namelist_26.f90 -O3 -g (test for excess errors)
FAIL: gfortran.dg/namelist_27.f90 -O3 -g (test for excess errors)
FAIL: gfortran.dg/namelist_28.f90 -O3 -g (test for excess errors)
FAIL: gfortran.dg/namelist_29.f90 -O3 -g (test for excess errors)
FAIL: gfortran.dg/namelist_37.f90 -O3 -g (test for excess errors)
FAIL: gfortran.dg/namelist_38.f90 -O3 -g (test for excess errors)
FAIL: gfortran.dg/namelist_39.f90 -O3 -g (test for excess errors)
FAIL: gfortran.dg/namelist_40.f90 -O3 -g (test for excess errors)
FAIL: gfortran.dg/namelist_41.f90 -O3 -g (test for excess errors)
FAIL: gfortran.dg/namelist_42.f90 -O3 -g (test for excess errors)
FAIL: gfortran.dg/namelist_43.f90 -O3 -g (test for excess errors)
FAIL: gfortran.dg/namelist_44.f90 -O3 -g (test for excess errors)
FAIL: gfortran.dg/namelist_45.f90 -O3 -g (test for excess errors)
FAIL: gfortran.dg/namelist_46.f90 -O3 -g (test for excess errors)
FAIL: gfortran.dg/namelist_47.f90 -O3 -g (test for excess errors)
FAIL: gfortran.dg/namelist_48.f90 -O3 -g (test for excess errors)
FAIL: gfortran.dg/namelist_49.f90 -O3 -g (test for excess errors)
FAIL: gfortran.dg/namelist_50.f90 -O3 -g (test for excess errors)
FAIL: gfortran.dg/namelist_51.f90 -O3 -g (test for excess errors)
FAIL: gfortran.dg/namelist_53.f90 -O3 -g (test for excess errors)
FAIL: gfortran.dg/namelist_54.f90 -O3 -g (test for excess errors)
FAIL: gfortran.dg/namelist_55.f90 -O3 -g (test for excess errors)
FAIL: gfortran.dg/namelist_56.f90 -O3 -g (test for excess errors)
FAIL: gfortran.dg/namelist_57.f90 -O3 -g (test for excess errors)
FAIL: gfortran.dg/namelist_58.f90 -O3 -g (test for excess errors)
FAIL: gfortran.dg/namelist_59.f90 -O3 -g (test for excess errors)
FAIL: gfortran.dg/namelist_60.f90 -O3 -g (test for excess errors)
FAIL: gfortran.dg/namelist_61.f90 -O3 -g (test for excess errors)
FAIL: gfortran.dg/namelist_64.f90 -O3 -g (test for excess errors)
FAIL: gfortran.dg/namelist_65.f90 -O3 -g (test for excess errors)
FAIL: gfortran.dg/namelist_66.f90 -O3 -g (test for excess errors)
FAIL: gfortran.dg/namelist_67.f90 -O3 -g (test for excess errors)
FAIL: gfortran.dg/namelist_68.f90 -O3 -g (test for excess errors)
FAIL: gfortran.dg/namelist_69.f90 -O3 -g (test for excess errors)
FAIL: gfortran.dg/namelist_70.f90 -O3 -g (test for excess errors)
FAIL: gfortran.dg/namelist_71.f90 -O3 -g (test for excess errors)
FAIL: gfortran.dg/namelist_72.f -O3 -g (test for excess errors)
FAIL: gfortran.dg/namelist_73.f90 -O3 -g (test for excess errors)
FAIL: gfortran.dg/namelist_77.f90 -O3 -g (test for excess errors)
FAIL: gfortran.dg/namelist_78.f90 -O3 -g (test for excess errors)
FAIL: gfortran.dg/namelist_79.f90 -O3 -g (test for excess errors)
FAIL: gfortran.dg/namelist_80.f90 -O3 -g (test for excess errors)
FAIL: gfortran.dg/namelist_81.f90 -O3 -g (test for excess errors)
FAIL: gfortran.dg/namelist_82.f90 -O3 -g (test for excess errors)
FAIL: gfortran.dg/namelist_char_only.f90 -O3 -g (test for excess errors)
FAIL: gfortran.dg/namelist_internal.f90 -O3 -g (test for excess errors)
FAIL: gfortran.dg/namelist_print_1.f -O3 -g (test for excess errors)
FAIL: gfortran.dg/pr12884.f -O3 -g (test for excess errors)
FAIL: gfortran.dg/pr17285.f90 -O3 -g (test for excess errors)
FAIL: gfortran.dg/pr17286.f90 -O3 -g (test for excess errors)
FAIL: gfortran.dg/pr18122.f90 -O3 -g (test for excess errors)
FAIL: gfortran.dg/pr18210.f90 -O3 -g (test for excess errors)
FAIL: gfortran.dg/pr18392.f90 -O3 -g (test for excess errors)
FAIL: gfortran.dg/pr19467.f90 -O3 -g (test for excess errors)
FAIL: gfortran.dg/pr19657.f -O3 -g (test for excess errors)
FAIL: gfortran.dg/read_eof_7.f90 -O3 -g (test for excess errors)
=== gfortran Summary for unix/-m32 ===
# of expected passes 44828
# of unexpected failures 83
# of expected failures 85
# of unsupported tests 250
Running target unix/-m64
FAIL: gfortran.dg/data_namelist_conflict.f90 -O3 -g (test for excess errors)
FAIL: gfortran.dg/erf_3.F90 -O0 execution test
FAIL: gfortran.dg/erf_3.F90 -O1 execution test
FAIL: gfortran.dg/erf_3.F90 -O2 execution test
FAIL: gfortran.dg/erf_3.F90 -O3 -fomit-frame-pointer execution test
FAIL: gfortran.dg/erf_3.F90 -O3 -fomit-frame-pointer -funroll-loops execution test
FAIL: gfortran.dg/erf_3.F90 -O3 -fomit-frame-pointer -funroll-all-loops -finline-functions execution test
FAIL: gfortran.dg/erf_3.F90 -O3 -g execution test
FAIL: gfortran.dg/erf_3.F90 -Os execution test
FAIL: gfortran.dg/f2003_io_4.f03 -O3 -g (test for excess errors)
FAIL: gfortran.dg/f2003_io_5.f03 -O3 -g (test for excess errors)
FAIL: gfortran.dg/f2003_io_6.f03 -O3 -g (test for excess errors)
FAIL: gfortran.dg/large_real_kind_3.F90 -O0 execution test
FAIL: gfortran.dg/namelist_11.f -O3 -g (test for excess errors)
FAIL: gfortran.dg/namelist_12.f -O3 -g (test for excess errors)
FAIL: gfortran.dg/namelist_13.f90 -O3 -g (test for excess errors)
FAIL: gfortran.dg/namelist_14.f90 -O3 -g (test for excess errors)
FAIL: gfortran.dg/namelist_15.f90 -O3 -g (test for excess errors)
FAIL: gfortran.dg/namelist_16.f90 -O3 -g (test for excess errors)
FAIL: gfortran.dg/namelist_17.f90 -O3 -g (test for excess errors)
FAIL: gfortran.dg/namelist_18.f90 -O3 -g (test for excess errors)
FAIL: gfortran.dg/namelist_19.f90 -O3 -g (test for excess errors)
FAIL: gfortran.dg/namelist_20.f90 -O3 -g (test for excess errors)
FAIL: gfortran.dg/namelist_21.f90 -O3 -g (test for excess errors)
FAIL: gfortran.dg/namelist_22.f90 -O3 -g (test for excess errors)
FAIL: gfortran.dg/namelist_23.f90 -O3 -g (test for excess errors)
FAIL: gfortran.dg/namelist_24.f90 -O3 -g (test for excess errors)
FAIL: gfortran.dg/namelist_26.f90 -O3 -g (test for excess errors)
FAIL: gfortran.dg/namelist_27.f90 -O3 -g (test for excess errors)
FAIL: gfortran.dg/namelist_28.f90 -O3 -g (test for excess errors)
FAIL: gfortran.dg/namelist_29.f90 -O3 -g (test for excess errors)
FAIL: gfortran.dg/namelist_37.f90 -O3 -g (test for excess errors)
FAIL: gfortran.dg/namelist_38.f90 -O3 -g (test for excess errors)
FAIL: gfortran.dg/namelist_39.f90 -O3 -g (test for excess errors)
FAIL: gfortran.dg/namelist_40.f90 -O3 -g (test for excess errors)
FAIL: gfortran.dg/namelist_41.f90 -O3 -g (test for excess errors)
FAIL: gfortran.dg/namelist_42.f90 -O3 -g (test for excess errors)
FAIL: gfortran.dg/namelist_43.f90 -O3 -g (test for excess errors)
FAIL: gfortran.dg/namelist_44.f90 -O3 -g (test for excess errors)
FAIL: gfortran.dg/namelist_45.f90 -O3 -g (test for excess errors)
FAIL: gfortran.dg/namelist_46.f90 -O3 -g (test for excess errors)
FAIL: gfortran.dg/namelist_47.f90 -O3 -g (test for excess errors)
FAIL: gfortran.dg/namelist_48.f90 -O3 -g (test for excess errors)
FAIL: gfortran.dg/namelist_49.f90 -O3 -g (test for excess errors)
FAIL: gfortran.dg/namelist_50.f90 -O3 -g (test for excess errors)
FAIL: gfortran.dg/namelist_51.f90 -O3 -g (test for excess errors)
FAIL: gfortran.dg/namelist_53.f90 -O3 -g (test for excess errors)
FAIL: gfortran.dg/namelist_54.f90 -O3 -g (test for excess errors)
FAIL: gfortran.dg/namelist_55.f90 -O3 -g (test for excess errors)
FAIL: gfortran.dg/namelist_56.f90 -O3 -g (test for excess errors)
FAIL: gfortran.dg/namelist_57.f90 -O3 -g (test for excess errors)
FAIL: gfortran.dg/namelist_58.f90 -O3 -g (test for excess errors)
FAIL: gfortran.dg/namelist_59.f90 -O3 -g (test for excess errors)
FAIL: gfortran.dg/namelist_60.f90 -O3 -g (test for excess errors)
FAIL: gfortran.dg/namelist_61.f90 -O3 -g (test for excess errors)
FAIL: gfortran.dg/namelist_64.f90 -O3 -g (test for excess errors)
FAIL: gfortran.dg/namelist_65.f90 -O3 -g (test for excess errors)
FAIL: gfortran.dg/namelist_66.f90 -O3 -g (test for excess errors)
FAIL: gfortran.dg/namelist_67.f90 -O3 -g (test for excess errors)
FAIL: gfortran.dg/namelist_68.f90 -O3 -g (test for excess errors)
FAIL: gfortran.dg/namelist_69.f90 -O3 -g (test for excess errors)
FAIL: gfortran.dg/namelist_70.f90 -O3 -g (test for excess errors)
FAIL: gfortran.dg/namelist_71.f90 -O3 -g (test for excess errors)
FAIL: gfortran.dg/namelist_72.f -O3 -g (test for excess errors)
FAIL: gfortran.dg/namelist_73.f90 -O3 -g (test for excess errors)
FAIL: gfortran.dg/namelist_77.f90 -O3 -g (test for excess errors)
FAIL: gfortran.dg/namelist_78.f90 -O3 -g (test for excess errors)
FAIL: gfortran.dg/namelist_79.f90 -O3 -g (test for excess errors)
FAIL: gfortran.dg/namelist_80.f90 -O3 -g (test for excess errors)
FAIL: gfortran.dg/namelist_81.f90 -O3 -g (test for excess errors)
FAIL: gfortran.dg/namelist_82.f90 -O3 -g (test for excess errors)
FAIL: gfortran.dg/namelist_char_only.f90 -O3 -g (test for excess errors)
FAIL: gfortran.dg/namelist_internal.f90 -O3 -g (test for excess errors)
FAIL: gfortran.dg/namelist_print_1.f -O3 -g (test for excess errors)
FAIL: gfortran.dg/pr12884.f -O3 -g (test for excess errors)
FAIL: gfortran.dg/pr17285.f90 -O3 -g (test for excess errors)
FAIL: gfortran.dg/pr17286.f90 -O3 -g (test for excess errors)
FAIL: gfortran.dg/pr18122.f90 -O3 -g (test for excess errors)
FAIL: gfortran.dg/pr18210.f90 -O3 -g (test for excess errors)
FAIL: gfortran.dg/pr18392.f90 -O3 -g (test for excess errors)
FAIL: gfortran.dg/pr19467.f90 -O3 -g (test for excess errors)
FAIL: gfortran.dg/pr19657.f -O3 -g (test for excess errors)
FAIL: gfortran.dg/pr44691.f -O (internal compiler error)
FAIL: gfortran.dg/pr44691.f -O (test for excess errors)
FAIL: gfortran.dg/read_eof_7.f90 -O3 -g (test for excess errors)
=== gfortran Summary for unix/-m64 ===
# of expected passes 45153
# of unexpected failures 85
# of expected failures 91
# of unsupported tests 89
=== gfortran Summary ===
# of expected passes 89981
# of unexpected failures 168
# of expected failures 176
# of unsupported tests 339
/opt/gcc/build_c/gcc/testsuite/gfortran/../../gfortran version 4.9.0 20140205 (experimental) [trunk revision 207523] (GCC)
=== gnat tests ===
Running target unix/-m32
FAIL: gnat.dg/alignment8.adb execution test
FAIL: gnat.dg/lto13.adb (test for excess errors)
=== gnat Summary for unix/-m32 ===
# of expected passes 1196
# of unexpected failures 2
# of expected failures 18
# of unsupported tests 13
Running target unix/-m64
FAIL: gnat.dg/lto13.adb (test for excess errors)
=== gnat Summary for unix/-m64 ===
# of expected passes 1197
# of unexpected failures 1
# of expected failures 18
# of unsupported tests 13
=== gnat Summary ===
# of expected passes 2393
# of unexpected failures 3
# of expected failures 36
# of unsupported tests 26
/opt/gcc/build_c/gcc/gnatmake version 4.9.0 20140205 (experimental) [trunk revision 207523]
=== obj-c++ tests ===
Running target unix/-m32
=== obj-c++ Summary for unix/-m32 ===
# of expected passes 3157
# of expected failures 2
# of unsupported tests 68
Running target unix/-m64
=== obj-c++ Summary for unix/-m64 ===
# of expected passes 3107
# of expected failures 19
# of unsupported tests 73
=== obj-c++ Summary ===
# of expected passes 6264
# of expected failures 21
# of unsupported tests 141
/opt/gcc/build_c/gcc/testsuite/obj-c++/../../xg++ version 4.9.0 20140205 (experimental) [trunk revision 207523] (GCC)
=== objc tests ===
Running target unix/-m32
FAIL: objc.dg/exceptions-2.m -fnext-runtime execution test
=== objc Summary for unix/-m32 ===
# of expected passes 5989
# of unexpected failures 1
# of expected failures 4
# of unsupported tests 84
Running target unix/-m64
=== objc Summary for unix/-m64 ===
# of expected passes 6060
# of expected failures 8
# of unsupported tests 91
=== objc Summary ===
# of expected passes 12049
# of unexpected failures 1
# of expected failures 12
# of unsupported tests 175
/opt/gcc/build_c/gcc/xgcc version 4.9.0 20140205 (experimental) [trunk revision 207523] (GCC)
=== boehm-gc tests ===
Running target unix/-m32
=== boehm-gc Summary for unix/-m32 ===
# of expected passes 12
# of unsupported tests 1
Running target unix/-m64
=== boehm-gc Summary for unix/-m64 ===
# of expected passes 12
# of unsupported tests 1
=== boehm-gc Summary ===
# of expected passes 24
# of unsupported tests 2
=== libatomic tests ===
Running target unix/-m32
=== libatomic Summary for unix/-m32 ===
# of expected passes 44
# of unsupported tests 5
Running target unix/-m64
=== libatomic Summary for unix/-m64 ===
# of expected passes 54
=== libatomic Summary ===
# of expected passes 98
# of unsupported tests 5
=== libffi tests ===
Running target unix/-m32
FAIL: libffi.call/nested_struct5.c -O0 -W -Wall execution test
FAIL: libffi.call/nested_struct5.c -O2 execution test
FAIL: libffi.call/nested_struct5.c -O3 execution test
FAIL: libffi.call/nested_struct5.c -Os execution test
FAIL: libffi.call/nested_struct5.c -O2 -fomit-frame-pointer execution test
FAIL: libffi.special/unwindtest.cc -shared-libgcc -lstdc++ execution test
FAIL: libffi.special/unwindtest_ffi_call.cc -shared-libgcc -lstdc++ execution test
FAIL: libffi.special/unwindtest.cc -shared-libgcc -lstdc++ execution test
FAIL: libffi.special/unwindtest_ffi_call.cc -shared-libgcc -lstdc++ execution test
FAIL: libffi.special/unwindtest.cc -shared-libgcc -lstdc++ execution test
FAIL: libffi.special/unwindtest_ffi_call.cc -shared-libgcc -lstdc++ execution test
FAIL: libffi.special/unwindtest.cc -shared-libgcc -lstdc++ execution test
FAIL: libffi.special/unwindtest_ffi_call.cc -shared-libgcc -lstdc++ execution test
=== libffi Summary for unix/-m32 ===
# of expected passes 1793
# of unexpected failures 13
# of unsupported tests 55
Running target unix/-m64
FAIL: libffi.special/unwindtest.cc -shared-libgcc -lstdc++ execution test
FAIL: libffi.special/unwindtest_ffi_call.cc -shared-libgcc -lstdc++ execution test
FAIL: libffi.special/unwindtest.cc -shared-libgcc -lstdc++ execution test
FAIL: libffi.special/unwindtest_ffi_call.cc -shared-libgcc -lstdc++ execution test
FAIL: libffi.special/unwindtest.cc -shared-libgcc -lstdc++ execution test
FAIL: libffi.special/unwindtest_ffi_call.cc -shared-libgcc -lstdc++ execution test
FAIL: libffi.special/unwindtest.cc -shared-libgcc -lstdc++ execution test
FAIL: libffi.special/unwindtest_ffi_call.cc -shared-libgcc -lstdc++ execution test
=== libffi Summary for unix/-m64 ===
# of expected passes 1803
# of unexpected failures 8
# of unsupported tests 55
=== libffi Summary ===
# of expected passes 3596
# of unexpected failures 21
# of unsupported tests 110
=== libgomp tests ===
Running target unix/-m32
WARNING: program timed out.
FAIL: libgomp.c/depend-3.c execution test
FAIL: libgomp.graphite/bounds.c scan-tree-dump-times graphite "0 loops carried no dependency" 1
FAIL: libgomp.graphite/force-parallel-4.c scan-tree-dump-times graphite "2 loops carried no dependency" 1
FAIL: libgomp.graphite/force-parallel-6.c scan-tree-dump-times graphite "1 loops carried no dependency" 1
FAIL: libgomp.graphite/pr41118.c scan-tree-dump-times optimized "loopfn" 0
=== libgomp Summary for unix/-m32 ===
# of expected passes 2383
# of unexpected failures 5
# of unsupported tests 3
Running target unix/-m64
WARNING: program timed out.
FAIL: libgomp.c/depend-3.c execution test
FAIL: libgomp.graphite/bounds.c scan-tree-dump-times graphite "0 loops carried no dependency" 1
FAIL: libgomp.graphite/force-parallel-4.c scan-tree-dump-times graphite "2 loops carried no dependency" 1
FAIL: libgomp.graphite/force-parallel-6.c scan-tree-dump-times graphite "1 loops carried no dependency" 1
FAIL: libgomp.graphite/pr41118.c scan-tree-dump-times optimized "loopfn" 0
=== libgomp Summary for unix/-m64 ===
# of expected passes 2383
# of unexpected failures 5
# of unsupported tests 3
=== libgomp Summary ===
# of expected passes 4766
# of unexpected failures 10
# of unsupported tests 6
=== libitm tests ===
Running target unix/-m32
=== libitm Summary for unix/-m32 ===
# of expected passes 26
# of expected failures 3
# of unsupported tests 1
Running target unix/-m64
=== libitm Summary for unix/-m64 ===
# of expected passes 26
# of expected failures 3
# of unsupported tests 1
=== libitm Summary ===
# of expected passes 52
# of expected failures 6
# of unsupported tests 2
=== libjava tests ===
Running target unix/-m32
FAIL: noclass execution - gij test
FAIL: pr11951 run
FAIL: throwit execution - gij test
FAIL: pr29812 execution - gij test
FAIL: ExtraClassLoader execution - source compiled test
FAIL: ExtraClassLoader -findirect-dispatch execution - source compiled test
FAIL: ExtraClassLoader -O3 execution - source compiled test
FAIL: ExtraClassLoader -O3 -findirect-dispatch execution - source compiled test
FAIL: Thread_Sleep_2 output - source compiled test
FAIL: Thread_Sleep_2 -findirect-dispatch output - source compiled test
FAIL: Thread_Sleep_2 -O3 output - source compiled test
FAIL: Thread_Sleep_2 -O3 -findirect-dispatch output - source compiled test
FAIL: invokethrow execution - source compiled test
FAIL: invokethrow -findirect-dispatch execution - source compiled test
FAIL: invokethrow -O3 execution - source compiled test
FAIL: invokethrow -O3 -findirect-dispatch execution - source compiled test
FAIL: sourcelocation output - source compiled test
FAIL: sourcelocation -findirect-dispatch output - source compiled test
FAIL: sourcelocation -O3 output - source compiled test
FAIL: sourcelocation -O3 -findirect-dispatch output - source compiled test
=== libjava Summary for unix/-m32 ===
# of expected passes 2553
# of unexpected failures 20
# of untested testcases 12
Running target unix/-m64
FAIL: noclass execution - gij test
FAIL: pr11951 run
FAIL: throwit execution - gij test
FAIL: PR16923 run
FAIL: pr29812 execution - gij test
FAIL: ExtraClassLoader execution - source compiled test
FAIL: ExtraClassLoader -findirect-dispatch execution - source compiled test
FAIL: ExtraClassLoader -O3 execution - source compiled test
FAIL: ExtraClassLoader -O3 -findirect-dispatch execution - source compiled test
FAIL: Thread_Sleep_2 -findirect-dispatch output - source compiled test
FAIL: Thread_Sleep_2 -O3 output - source compiled test
FAIL: invokethrow execution - source compiled test
FAIL: invokethrow -findirect-dispatch execution - source compiled test
FAIL: invokethrow -O3 execution - source compiled test
FAIL: invokethrow -O3 -findirect-dispatch execution - source compiled test
FAIL: sourcelocation output - source compiled test
FAIL: sourcelocation -findirect-dispatch output - source compiled test
FAIL: sourcelocation -O3 output - source compiled test
FAIL: sourcelocation -O3 -findirect-dispatch output - source compiled test
=== libjava Summary for unix/-m64 ===
# of expected passes 2554
# of unexpected failures 19
# of untested testcases 13
=== libjava Summary ===
# of expected passes 5107
# of unexpected failures 39
# of untested testcases 25
=== libstdc++ tests ===
Running target unix/-m32
WARNING: program timed out.
FAIL: 30_threads/condition_variable/54185.cc execution test
FAIL: ext/mt_allocator/deallocate_global_thread-1.cc execution test
FAIL: ext/mt_allocator/deallocate_global_thread-3.cc execution test
=== libstdc++ Summary for unix/-m32 ===
# of expected passes 8748
# of unexpected failures 3
# of expected failures 41
# of unsupported tests 672
Running target unix/-m64
WARNING: program timed out.
FAIL: 30_threads/condition_variable/54185.cc execution test
FAIL: ext/mt_allocator/deallocate_global_thread-1.cc execution test
FAIL: ext/mt_allocator/deallocate_global_thread-3.cc execution test
=== libstdc++ Summary for unix/-m64 ===
# of expected passes 8746
# of unexpected failures 3
# of expected failures 41
# of unsupported tests 673
=== libstdc++ Summary ===
# of expected passes 17494
# of unexpected failures 6
# of expected failures 82
# of unsupported tests 1345
Compiler version: 4.9.0 20140205 (experimental) [trunk revision 207523] (GCC)
Platform: powerpc-apple-darwin9.8.0
configure flags: --prefix=/opt/gcc/gcc4.9c --enable-languages=c,c++,fortran,objc,obj-c++,java,ada,lto --with-gmp=/opt/mp --with-system-zlib --with-isl=/opt/mp --enable-lto --enable-plugin