This is the mail archive of the
gcc-testresults@gcc.gnu.org
mailing list for the GCC project.
Results for 4.9.0 20140131 (experimental) [trunk revision 207346] (GCC) testsuite on sparc-sun-solaris2.9
- From: Rainer Orth <ro at CeBiTec dot Uni-Bielefeld dot DE>
- To: gcc-testresults at gcc dot gnu dot org
- Date: Sun, 2 Feb 2014 00:02:54 +0100 (MET)
- Subject: Results for 4.9.0 20140131 (experimental) [trunk revision 207346] (GCC) testsuite on sparc-sun-solaris2.9
- Authentication-results: sourceware.org; auth=none
LAST_UPDATED: Fri Jan 31 15:27:34 UTC 2014 (revision 207346)
=== acats tests ===
=== acats Summary ===
# of expected passes 2320
# of unexpected failures 0
Native configuration is sparc-sun-solaris2.9
=== g++ tests ===
Running target unix
UNRESOLVED: g++.dg/ext/vector26.C -std=c++98 scan-assembler-not globl[ \\t]*_Z3bar
FAIL: g++.dg/init/dso_handle2.C -std=c++98 (test for errors, line 10)
FAIL: g++.dg/init/dso_handle2.C -std=c++11 (test for errors, line 10)
FAIL: g++.dg/torture/pr31863.C -O2 -flto (test for excess errors)
FAIL: g++.dg/vect/pr33426-ivdep-3.cc (test for warnings, line )
FAIL: g++.dg/vect/pr33426-ivdep-4.cc (test for warnings, line )
=== g++ Summary for unix ===
# of expected passes 54355
# of unexpected failures 5
# of expected failures 292
# of unresolved testcases 1
# of unsupported tests 1294
Running target unix/-m64
UNRESOLVED: g++.dg/ext/vector26.C -std=c++98 scan-assembler-not globl[ \\t]*_Z3bar
FAIL: g++.dg/init/dso_handle2.C -std=c++98 (test for errors, line 10)
FAIL: g++.dg/init/dso_handle2.C -std=c++11 (test for errors, line 10)
WARNING: program timed out.
FAIL: g++.dg/tree-ssa/inline-3.C -std=gnu++11 (test for excess errors)
UNRESOLVED: g++.dg/tree-ssa/inline-3.C -std=gnu++11 scan-tree-dump-times einline "Inlining void inline_me\\\\(" 1
UNRESOLVED: g++.dg/tree-ssa/inline-3.C -std=gnu++11 scan-tree-dump-times einline "Inlining void inline_me_too\\\\(" 1
FAIL: g++.dg/torture/pr31863.C -O2 -flto (test for excess errors)
FAIL: g++.dg/vect/pr33426-ivdep-3.cc (test for warnings, line )
FAIL: g++.dg/vect/pr33426-ivdep-4.cc (test for warnings, line )
=== g++ Summary for unix/-m64 ===
# of expected passes 55586
# of unexpected failures 6
# of expected failures 292
# of unresolved testcases 3
# of unsupported tests 1286
=== g++ Summary ===
# of expected passes 109941
# of unexpected failures 11
# of expected failures 584
# of unresolved testcases 4
# of unsupported tests 2580
/var/gcc/regression/trunk/9-gcc/build/gcc/testsuite/g++/../../xg++ version 4.9.0 20140131 (experimental) [trunk revision 207346] (GCC)
=== gcc tests ===
Running target unix
FAIL: gcc.c-torture/compile/pr28865.c -O0 (test for excess errors)
FAIL: gcc.dg/atomic/c11-atomic-exec-1.c -O2 -flto (test for excess errors)
WARNING: program timed out.
FAIL: gcc.dg/atomic/c11-atomic-exec-2.c -O2 (test for excess errors)
WARNING: gcc.dg/atomic/c11-atomic-exec-2.c -O2 compilation failed to produce executable
WARNING: program timed out.
FAIL: gcc.dg/atomic/c11-atomic-exec-2.c -O3 -fomit-frame-pointer (test for excess errors)
WARNING: gcc.dg/atomic/c11-atomic-exec-2.c -O3 -fomit-frame-pointer compilation failed to produce executable
WARNING: program timed out.
FAIL: gcc.dg/atomic/c11-atomic-exec-2.c -O3 -fomit-frame-pointer -funroll-loops (test for excess errors)
WARNING: gcc.dg/atomic/c11-atomic-exec-2.c -O3 -fomit-frame-pointer -funroll-loops compilation failed to produce executable
WARNING: program timed out.
FAIL: gcc.dg/atomic/c11-atomic-exec-2.c -O3 -fomit-frame-pointer -funroll-all-loops -finline-functions (test for excess errors)
WARNING: gcc.dg/atomic/c11-atomic-exec-2.c -O3 -fomit-frame-pointer -funroll-all-loops -finline-functions compilation failed to produce executable
WARNING: program timed out.
FAIL: gcc.dg/atomic/c11-atomic-exec-2.c -O3 -g (test for excess errors)
WARNING: gcc.dg/atomic/c11-atomic-exec-2.c -O3 -g compilation failed to produce executable
WARNING: program timed out.
FAIL: gcc.dg/atomic/c11-atomic-exec-2.c -O2 -flto -flto-partition=none (test for excess errors)
WARNING: program timed out.
FAIL: gcc.dg/atomic/c11-atomic-exec-2.c -O2 -flto (test for excess errors)
WARNING: program timed out.
FAIL: gcc.dg/atomic/c11-atomic-exec-3.c -O3 -fomit-frame-pointer -funroll-loops (test for excess errors)
WARNING: gcc.dg/atomic/c11-atomic-exec-3.c -O3 -fomit-frame-pointer -funroll-loops compilation failed to produce executable
WARNING: program timed out.
FAIL: gcc.dg/atomic/c11-atomic-exec-3.c -O3 -fomit-frame-pointer -funroll-all-loops -finline-functions (test for excess errors)
WARNING: gcc.dg/atomic/c11-atomic-exec-3.c -O3 -fomit-frame-pointer -funroll-all-loops -finline-functions compilation failed to produce executable
WARNING: program timed out.
FAIL: gcc.dg/atomic/c11-atomic-exec-3.c -O3 -g (test for excess errors)
WARNING: gcc.dg/atomic/c11-atomic-exec-3.c -O3 -g compilation failed to produce executable
FAIL: gcc.dg/atomic/c11-atomic-exec-3.c -O2 -flto (test for excess errors)
FAIL: gcc.dg/atomic/c11-atomic-exec-4.c -O2 -flto (test for excess errors)
WARNING: program timed out.
FAIL: tmpdir-gcc.dg-struct-layout-1/t026 c_compat_y_tst.o compile
XPASS: gcc.dg/binop-xor1.c scan-tree-dump-times optimized "\\\\^" 1
WARNING: program timed out.
FAIL: gcc.dg/c11-atomic-2.c (test for excess errors)
FAIL: gcc.dg/simulate-thread/atomic-other-int.c -O0 -g thread simulation test
FAIL: gcc.dg/simulate-thread/atomic-other-int.c -O2 -g thread simulation test
FAIL: gcc.dg/simulate-thread/atomic-other-int.c -O3 -g thread simulation test
FAIL: gcc.dg/simulate-thread/speculative-store-4.c -O0 -g thread simulation test
FAIL: gcc.dg/simulate-thread/speculative-store-4.c -O2 -g thread simulation test
FAIL: gcc.dg/simulate-thread/speculative-store-4.c -O3 -g thread simulation test
FAIL: gcc.dg/simulate-thread/speculative-store.c -O0 -g thread simulation test
=== gcc Summary for unix ===
# of expected passes 88409
# of unexpected failures 23
# of unexpected successes 1
# of expected failures 321
# of unsupported tests 1888
Running target unix/-m64
FAIL: gcc.c-torture/compile/pr28865.c -O0 (test for excess errors)
FAIL: gcc.dg/atomic/c11-atomic-exec-1.c -O2 -flto (test for excess errors)
WARNING: program timed out.
FAIL: gcc.dg/atomic/c11-atomic-exec-2.c -O3 -fomit-frame-pointer -funroll-all-loops -finline-functions (test for excess errors)
WARNING: gcc.dg/atomic/c11-atomic-exec-2.c -O3 -fomit-frame-pointer -funroll-all-loops -finline-functions compilation failed to produce executable
WARNING: program timed out.
FAIL: gcc.dg/atomic/c11-atomic-exec-2.c -O2 -flto -flto-partition=none (test for excess errors)
FAIL: gcc.dg/atomic/c11-atomic-exec-2.c -O2 -flto (test for excess errors)
WARNING: program timed out.
FAIL: gcc.dg/atomic/c11-atomic-exec-3.c -O3 -fomit-frame-pointer -funroll-all-loops -finline-functions (test for excess errors)
WARNING: gcc.dg/atomic/c11-atomic-exec-3.c -O3 -fomit-frame-pointer -funroll-all-loops -finline-functions compilation failed to produce executable
WARNING: program timed out.
FAIL: gcc.dg/atomic/c11-atomic-exec-3.c -O3 -g (test for excess errors)
WARNING: gcc.dg/atomic/c11-atomic-exec-3.c -O3 -g compilation failed to produce executable
FAIL: gcc.dg/atomic/c11-atomic-exec-3.c -O2 -flto (test for excess errors)
FAIL: gcc.dg/atomic/c11-atomic-exec-4.c -O2 -flto (test for excess errors)
WARNING: program timed out.
FAIL: tmpdir-gcc.dg-struct-layout-1/t003 c_compat_y_tst.o compile
UNRESOLVED: tmpdir-gcc.dg-struct-layout-1/t003 c_compat_x_tst.o-c_compat_y_tst.o link
UNRESOLVED: tmpdir-gcc.dg-struct-layout-1/t003 c_compat_x_tst.o-c_compat_y_tst.o execute
XPASS: gcc.dg/binop-xor1.c scan-tree-dump-times optimized "\\\\^" 1
WARNING: program timed out.
FAIL: gcc.dg/c11-atomic-2.c (test for excess errors)
WARNING: program timed out.
FAIL: gcc.dg/torture/fp-int-convert-long-double.c -O3 -g (test for excess errors)
WARNING: gcc.dg/torture/fp-int-convert-long-double.c -O3 -g compilation failed to produce executable
WARNING: program timed out.
FAIL: gcc.dg/torture/pr55882.c -O2 -flto -flto-partition=none (test for excess errors)
WARNING: program timed out.
FAIL: gcc.dg/tree-ssa/ssa-pre-7.c (test for excess errors)
=== gcc Summary for unix/-m64 ===
# of expected passes 89176
# of unexpected failures 14
# of unexpected successes 1
# of expected failures 310
# of unresolved testcases 2
# of unsupported tests 1838
=== gcc Summary ===
# of expected passes 177585
# of unexpected failures 37
# of unexpected successes 2
# of expected failures 631
# of unresolved testcases 2
# of unsupported tests 3726
/var/gcc/regression/trunk/9-gcc/build/gcc/xgcc version 4.9.0 20140131 (experimental) [trunk revision 207346] (GCC)
=== gfortran tests ===
Running target unix
FAIL: gfortran.dg/erf_3.F90 -O0 (test for excess errors)
WARNING: gfortran.dg/erf_3.F90 -O0 compilation failed to produce executable
FAIL: gfortran.dg/erf_3.F90 -O1 (test for excess errors)
WARNING: gfortran.dg/erf_3.F90 -O1 compilation failed to produce executable
FAIL: gfortran.dg/erf_3.F90 -O2 (test for excess errors)
WARNING: gfortran.dg/erf_3.F90 -O2 compilation failed to produce executable
FAIL: gfortran.dg/erf_3.F90 -O3 -fomit-frame-pointer (test for excess errors)
WARNING: gfortran.dg/erf_3.F90 -O3 -fomit-frame-pointer compilation failed to produce executable
FAIL: gfortran.dg/erf_3.F90 -O3 -fomit-frame-pointer -funroll-loops (test for excess errors)
WARNING: gfortran.dg/erf_3.F90 -O3 -fomit-frame-pointer -funroll-loops compilation failed to produce executable
FAIL: gfortran.dg/erf_3.F90 -O3 -fomit-frame-pointer -funroll-all-loops -finline-functions (test for excess errors)
WARNING: gfortran.dg/erf_3.F90 -O3 -fomit-frame-pointer -funroll-all-loops -finline-functions compilation failed to produce executable
FAIL: gfortran.dg/erf_3.F90 -O3 -g (test for excess errors)
WARNING: gfortran.dg/erf_3.F90 -O3 -g compilation failed to produce executable
FAIL: gfortran.dg/erf_3.F90 -Os (test for excess errors)
WARNING: gfortran.dg/erf_3.F90 -Os compilation failed to produce executable
FAIL: gfortran.dg/minlocval_3.f90 -O3 -fomit-frame-pointer -funroll-loops (test for excess errors)
WARNING: gfortran.dg/minlocval_3.f90 -O3 -fomit-frame-pointer -funroll-loops compilation failed to produce executable
FAIL: gfortran.dg/minlocval_3.f90 -O3 -fomit-frame-pointer -funroll-all-loops -finline-functions (test for excess errors)
WARNING: gfortran.dg/minlocval_3.f90 -O3 -fomit-frame-pointer -funroll-all-loops -finline-functions compilation failed to produce executable
FAIL: gfortran.dg/minlocval_3.f90 -O3 -g (test for excess errors)
WARNING: gfortran.dg/minlocval_3.f90 -O3 -g compilation failed to produce executable
FAIL: gfortran.dg/round_4.f90 -O0 (test for excess errors)
WARNING: gfortran.dg/round_4.f90 -O0 compilation failed to produce executable
FAIL: gfortran.dg/round_4.f90 -O1 (test for excess errors)
WARNING: gfortran.dg/round_4.f90 -O1 compilation failed to produce executable
FAIL: gfortran.dg/round_4.f90 -O2 (test for excess errors)
WARNING: gfortran.dg/round_4.f90 -O2 compilation failed to produce executable
FAIL: gfortran.dg/round_4.f90 -O3 -fomit-frame-pointer (test for excess errors)
WARNING: gfortran.dg/round_4.f90 -O3 -fomit-frame-pointer compilation failed to produce executable
FAIL: gfortran.dg/round_4.f90 -O3 -fomit-frame-pointer -funroll-loops (test for excess errors)
WARNING: gfortran.dg/round_4.f90 -O3 -fomit-frame-pointer -funroll-loops compilation failed to produce executable
FAIL: gfortran.dg/round_4.f90 -O3 -fomit-frame-pointer -funroll-all-loops -finline-functions (test for excess errors)
WARNING: gfortran.dg/round_4.f90 -O3 -fomit-frame-pointer -funroll-all-loops -finline-functions compilation failed to produce executable
FAIL: gfortran.dg/round_4.f90 -O3 -g (test for excess errors)
WARNING: gfortran.dg/round_4.f90 -O3 -g compilation failed to produce executable
FAIL: gfortran.dg/round_4.f90 -Os (test for excess errors)
WARNING: gfortran.dg/round_4.f90 -Os compilation failed to produce executable
WARNING: program timed out.
WARNING: program timed out.
WARNING: program timed out.
=== gfortran Summary for unix ===
# of expected passes 44537
# of unexpected failures 19
# of expected failures 54
# of unsupported tests 436
Running target unix/-m64
FAIL: gfortran.dg/erf_3.F90 -O0 (test for excess errors)
WARNING: gfortran.dg/erf_3.F90 -O0 compilation failed to produce executable
FAIL: gfortran.dg/erf_3.F90 -O1 (test for excess errors)
WARNING: gfortran.dg/erf_3.F90 -O1 compilation failed to produce executable
FAIL: gfortran.dg/erf_3.F90 -O2 (test for excess errors)
WARNING: gfortran.dg/erf_3.F90 -O2 compilation failed to produce executable
FAIL: gfortran.dg/erf_3.F90 -O3 -fomit-frame-pointer (test for excess errors)
WARNING: gfortran.dg/erf_3.F90 -O3 -fomit-frame-pointer compilation failed to produce executable
FAIL: gfortran.dg/erf_3.F90 -O3 -fomit-frame-pointer -funroll-loops (test for excess errors)
WARNING: gfortran.dg/erf_3.F90 -O3 -fomit-frame-pointer -funroll-loops compilation failed to produce executable
FAIL: gfortran.dg/erf_3.F90 -O3 -fomit-frame-pointer -funroll-all-loops -finline-functions (test for excess errors)
WARNING: gfortran.dg/erf_3.F90 -O3 -fomit-frame-pointer -funroll-all-loops -finline-functions compilation failed to produce executable
FAIL: gfortran.dg/erf_3.F90 -O3 -g (test for excess errors)
WARNING: gfortran.dg/erf_3.F90 -O3 -g compilation failed to produce executable
FAIL: gfortran.dg/erf_3.F90 -Os (test for excess errors)
WARNING: gfortran.dg/erf_3.F90 -Os compilation failed to produce executable
FAIL: gfortran.dg/minlocval_3.f90 -O3 -fomit-frame-pointer (test for excess errors)
WARNING: gfortran.dg/minlocval_3.f90 -O3 -fomit-frame-pointer compilation failed to produce executable
FAIL: gfortran.dg/minlocval_3.f90 -O3 -fomit-frame-pointer -funroll-loops (test for excess errors)
WARNING: gfortran.dg/minlocval_3.f90 -O3 -fomit-frame-pointer -funroll-loops compilation failed to produce executable
FAIL: gfortran.dg/minlocval_3.f90 -O3 -fomit-frame-pointer -funroll-all-loops -finline-functions (test for excess errors)
WARNING: gfortran.dg/minlocval_3.f90 -O3 -fomit-frame-pointer -funroll-all-loops -finline-functions compilation failed to produce executable
FAIL: gfortran.dg/minlocval_3.f90 -O3 -g (test for excess errors)
WARNING: gfortran.dg/minlocval_3.f90 -O3 -g compilation failed to produce executable
FAIL: gfortran.dg/round_4.f90 -O0 (test for excess errors)
WARNING: gfortran.dg/round_4.f90 -O0 compilation failed to produce executable
FAIL: gfortran.dg/round_4.f90 -O1 (test for excess errors)
WARNING: gfortran.dg/round_4.f90 -O1 compilation failed to produce executable
FAIL: gfortran.dg/round_4.f90 -O2 (test for excess errors)
WARNING: gfortran.dg/round_4.f90 -O2 compilation failed to produce executable
FAIL: gfortran.dg/round_4.f90 -O3 -fomit-frame-pointer (test for excess errors)
WARNING: gfortran.dg/round_4.f90 -O3 -fomit-frame-pointer compilation failed to produce executable
FAIL: gfortran.dg/round_4.f90 -O3 -fomit-frame-pointer -funroll-loops (test for excess errors)
WARNING: gfortran.dg/round_4.f90 -O3 -fomit-frame-pointer -funroll-loops compilation failed to produce executable
FAIL: gfortran.dg/round_4.f90 -O3 -fomit-frame-pointer -funroll-all-loops -finline-functions (test for excess errors)
WARNING: gfortran.dg/round_4.f90 -O3 -fomit-frame-pointer -funroll-all-loops -finline-functions compilation failed to produce executable
FAIL: gfortran.dg/round_4.f90 -O3 -g (test for excess errors)
WARNING: gfortran.dg/round_4.f90 -O3 -g compilation failed to produce executable
FAIL: gfortran.dg/round_4.f90 -Os (test for excess errors)
WARNING: gfortran.dg/round_4.f90 -Os compilation failed to produce executable
FAIL: gfortran.dg/value_4.f90 -O3 -fomit-frame-pointer -funroll-loops execution test
WARNING: program timed out.
WARNING: program timed out.
WARNING: program timed out.
WARNING: program timed out.
=== gfortran Summary for unix/-m64 ===
# of expected passes 44813
# of unexpected failures 21
# of expected failures 54
# of unsupported tests 299
=== gfortran Summary ===
# of expected passes 89350
# of unexpected failures 40
# of expected failures 108
# of unsupported tests 735
/var/gcc/regression/trunk/9-gcc/build/gcc/testsuite/gfortran/../../gfortran version 4.9.0 20140131 (experimental) [trunk revision 207346] (GCC)
=== gnat tests ===
Running target unix
=== gnat Summary for unix ===
# of expected passes 1200
# of expected failures 18
# of unsupported tests 13
Running target unix/-m64
=== gnat Summary for unix/-m64 ===
# of expected passes 1200
# of expected failures 18
# of unsupported tests 13
=== gnat Summary ===
# of expected passes 2400
# of expected failures 36
# of unsupported tests 26
/var/gcc/regression/trunk/9-gcc/build/gcc/gnatmake version 4.9.0 20140131 (experimental) [trunk revision 207346]
=== go tests ===
Running target unix
FAIL: ./64bit-out.go compilation, -O0 -g -fno-var-tracking-assignments
FAIL: ./bug449-out.go compilation, -O0 -g -fno-var-tracking-assignments
FAIL: ./index0-out.go compilation, -O0 -g -fno-var-tracking-assignments
FAIL: ./slice3-out.go compilation, -O0 -g -fno-var-tracking-assignments
FAIL: go.test/test/cmplxdivide.go
FAIL: go.test/test/recover.go execution, -O2 -g
WARNING: program timed out.
WARNING: program timed out.
WARNING: program timed out.
WARNING: program timed out.
WARNING: program timed out.
=== go Summary for unix ===
# of expected passes 7358
# of unexpected failures 6
# of expected failures 1
# of untested testcases 14
# of unsupported tests 3
Running target unix/-m64
FAIL: ./bug449-out.go compilation, -O0 -g -fno-var-tracking-assignments
FAIL: ./index0-out.go compilation, -O0 -g -fno-var-tracking-assignments
FAIL: ./slice3-out.go compilation, -O0 -g -fno-var-tracking-assignments
FAIL: go.test/test/fixedbugs/issue4348.go -O (test for excess errors)
FAIL: go.test/test/recover.go execution, -O2 -g
WARNING: program timed out.
WARNING: program timed out.
WARNING: program timed out.
=== go Summary for unix/-m64 ===
# of expected passes 7240
# of unexpected failures 5
# of expected failures 1
# of untested testcases 13
# of unsupported tests 3
=== go Summary ===
# of expected passes 14598
# of unexpected failures 11
# of expected failures 2
# of untested testcases 27
# of unsupported tests 6
/var/gcc/regression/trunk/9-gcc/build/gcc/testsuite/go/../../gccgo version 4.9.0 20140131 (experimental) [trunk revision 207346] (GCC)
=== obj-c++ tests ===
Running target unix
=== obj-c++ Summary for unix ===
# of expected passes 1449
# of expected failures 2
# of unsupported tests 86
Running target unix/-m64
=== obj-c++ Summary for unix/-m64 ===
# of expected passes 1441
# of expected failures 10
# of unsupported tests 86
=== obj-c++ Summary ===
# of expected passes 2890
# of expected failures 12
# of unsupported tests 172
/var/gcc/regression/trunk/9-gcc/build/gcc/testsuite/obj-c++/../../xg++ version 4.9.0 20140131 (experimental) [trunk revision 207346] (GCC)
=== objc tests ===
Running target unix
=== objc Summary for unix ===
# of expected passes 2994
# of unsupported tests 74
Running target unix/-m64
=== objc Summary for unix/-m64 ===
# of expected passes 2994
# of unsupported tests 74
=== objc Summary ===
# of expected passes 5988
# of unsupported tests 148
/var/gcc/regression/trunk/9-gcc/build/gcc/xgcc version 4.9.0 20140131 (experimental) [trunk revision 207346] (GCC)
=== boehm-gc tests ===
Running target unix
=== boehm-gc Summary for unix ===
# of expected passes 12
# of unsupported tests 1
Running target unix/-m64
=== boehm-gc Summary for unix/-m64 ===
# of expected passes 12
# of unsupported tests 1
=== boehm-gc Summary ===
# of expected passes 24
# of unsupported tests 2
=== libatomic tests ===
Running target unix
=== libatomic Summary for unix ===
# of expected passes 44
# of unsupported tests 5
Running target unix/-m64
=== libatomic Summary for unix/-m64 ===
# of expected passes 54
=== libatomic Summary ===
# of expected passes 98
# of unsupported tests 5
=== libffi tests ===
Running target unix
=== libffi Summary for unix ===
# of expected passes 1819
# of unsupported tests 55
Running target unix/-m64
FAIL: libffi.call/cls_double_va.c -O0 -W -Wall output pattern test, is 7.0
FAIL: libffi.call/cls_double_va.c -O2 output pattern test, is 7.0
FAIL: libffi.call/cls_double_va.c -O3 output pattern test, is 7.0
FAIL: libffi.call/cls_double_va.c -Os output pattern test, is 7.0
FAIL: libffi.call/cls_double_va.c -O2 -fomit-frame-pointer output pattern test, is 7.0
=== libffi Summary for unix/-m64 ===
# of expected passes 1814
# of unexpected failures 5
# of unsupported tests 55
=== libffi Summary ===
# of expected passes 3633
# of unexpected failures 5
# of unsupported tests 110
=== libgo tests ===
Running target unix
FAIL: net
FAIL: runtime
FAIL: log/syslog
FAIL: os/exec
FAIL: runtime/pprof
FAIL: text/template
FAIL: testing/quick
=== libgo Summary for unix ===
# of expected passes 115
# of unexpected failures 7
Running target unix/-m64
FAIL: net
FAIL: strconv
FAIL: compress/gzip
FAIL: log/syslog
FAIL: runtime/pprof
FAIL: text/template
=== libgo Summary for unix/-m64 ===
# of expected passes 116
# of unexpected failures 6
=== libgo Summary ===
# of expected passes 231
# of unexpected failures 13
=== libgomp tests ===
Running target unix
FAIL: libgomp.graphite/bounds.c scan-tree-dump-times graphite "0 loops carried no dependency" 1
FAIL: libgomp.graphite/force-parallel-4.c execution test
FAIL: libgomp.graphite/force-parallel-4.c scan-tree-dump-times graphite "2 loops carried no dependency" 1
FAIL: libgomp.graphite/force-parallel-6.c scan-tree-dump-times graphite "1 loops carried no dependency" 1
FAIL: libgomp.graphite/pr41118.c scan-tree-dump-times optimized "loopfn" 0
=== libgomp Summary for unix ===
# of expected passes 2383
# of unexpected failures 5
# of unsupported tests 3
Running target unix/-m64
FAIL: libgomp.graphite/bounds.c scan-tree-dump-times graphite "0 loops carried no dependency" 1
FAIL: libgomp.graphite/force-parallel-4.c execution test
FAIL: libgomp.graphite/force-parallel-4.c scan-tree-dump-times graphite "2 loops carried no dependency" 1
FAIL: libgomp.graphite/force-parallel-6.c scan-tree-dump-times graphite "1 loops carried no dependency" 1
FAIL: libgomp.graphite/pr41118.c scan-tree-dump-times optimized "loopfn" 0
=== libgomp Summary for unix/-m64 ===
# of expected passes 2383
# of unexpected failures 5
# of unsupported tests 3
=== libgomp Summary ===
# of expected passes 4766
# of unexpected failures 10
# of unsupported tests 6
=== libitm tests ===
Running target unix
=== libitm Summary for unix ===
# of expected passes 26
# of expected failures 3
# of unsupported tests 1
Running target unix/-m64
=== libitm Summary for unix/-m64 ===
# of expected passes 26
# of expected failures 3
# of unsupported tests 1
=== libitm Summary ===
# of expected passes 52
# of expected failures 6
# of unsupported tests 2
=== libjava tests ===
Running target unix
FAIL: InvokeInterface execution - source compiled test
FAIL: InvokeInterface -O3 execution - source compiled test
FAIL: sourcelocation output - source compiled test
FAIL: sourcelocation -findirect-dispatch output - source compiled test
FAIL: sourcelocation -O3 output - source compiled test
FAIL: sourcelocation -O3 -findirect-dispatch output - source compiled test
=== libjava Summary for unix ===
# of expected passes 2578
# of unexpected failures 6
# of untested testcases 2
Running target unix/-m64
FAIL: InvokeInterface execution - source compiled test
FAIL: InvokeInterface -O3 execution - source compiled test
FAIL: sourcelocation output - source compiled test
FAIL: sourcelocation -findirect-dispatch output - source compiled test
FAIL: sourcelocation -O3 output - source compiled test
FAIL: sourcelocation -O3 -findirect-dispatch output - source compiled test
=== libjava Summary for unix/-m64 ===
# of expected passes 2578
# of unexpected failures 6
# of untested testcases 2
=== libjava Summary ===
# of expected passes 5156
# of unexpected failures 12
# of untested testcases 4
=== libstdc++ tests ===
Running target unix
=== libstdc++ Summary for unix ===
# of expected passes 8290
# of expected failures 43
# of unsupported tests 937
Running target unix/-m64
FAIL: 23_containers/multimap/requirements/typedefs.cc (test for excess errors)
FAIL: 23_containers/unordered_map/requirements/exception/propagation_consistent.cc (test for excess errors)
WARNING: 23_containers/unordered_map/requirements/exception/propagation_consistent.cc compilation failed to produce executable
FAIL: 23_containers/unordered_multiset/modifiers/emplace.cc (test for excess errors)
WARNING: 23_containers/unordered_multiset/modifiers/emplace.cc compilation failed to produce executable
FAIL: 23_containers/unordered_multiset/requirements/cliterators.cc (test for excess errors)
WARNING: 23_containers/unordered_multiset/requirements/cliterators.cc compilation failed to produce executable
FAIL: 23_containers/unordered_multiset/requirements/debug.cc (test for excess errors)
FAIL: 23_containers/unordered_multiset/requirements/exception/basic.cc (test for excess errors)
WARNING: 23_containers/unordered_multiset/requirements/exception/basic.cc compilation failed to produce executable
FAIL: 23_containers/unordered_multiset/requirements/exception/generation_prohibited.cc (test for excess errors)
WARNING: 23_containers/unordered_multiset/requirements/exception/generation_prohibited.cc compilation failed to produce executable
FAIL: 23_containers/unordered_multiset/requirements/exception/propagation_consistent.cc (test for excess errors)
WARNING: 23_containers/unordered_multiset/requirements/exception/propagation_consistent.cc compilation failed to produce executable
FAIL: 28_regex/algorithms/regex_match/ecma/char/57173.cc (test for excess errors)
WARNING: 28_regex/algorithms/regex_match/ecma/char/57173.cc compilation failed to produce executable
FAIL: 28_regex/algorithms/regex_match/ecma/char/58576.cc (test for excess errors)
WARNING: 28_regex/algorithms/regex_match/ecma/char/58576.cc compilation failed to produce executable
FAIL: 28_regex/algorithms/regex_match/ecma/char/backref.cc (test for excess errors)
WARNING: 28_regex/algorithms/regex_match/ecma/char/backref.cc compilation failed to produce executable
FAIL: 28_regex/algorithms/regex_match/extended/string_range_00_03.cc (test for excess errors)
WARNING: 28_regex/algorithms/regex_match/extended/string_range_00_03.cc compilation failed to produce executable
FAIL: 28_regex/algorithms/regex_match/extended/string_range_01_03.cc (test for excess errors)
WARNING: 28_regex/algorithms/regex_match/extended/string_range_01_03.cc compilation failed to produce executable
FAIL: 28_regex/algorithms/regex_replace/char/51711.cc (test for excess errors)
FAIL: 28_regex/algorithms/regex_replace/char/basic_replace.cc (test for excess errors)
WARNING: 28_regex/algorithms/regex_replace/char/basic_replace.cc compilation failed to produce executable
FAIL: 28_regex/algorithms/regex_replace/wchar_t/51711.cc (test for excess errors)
FAIL: 28_regex/algorithms/regex_search/basic/string_01.cc (test for excess errors)
WARNING: 28_regex/algorithms/regex_search/basic/string_01.cc compilation failed to produce executable
FAIL: 28_regex/algorithms/regex_search/ecma/assertion.cc (test for excess errors)
WARNING: 28_regex/algorithms/regex_search/ecma/assertion.cc compilation failed to produce executable
FAIL: 28_regex/algorithms/regex_search/ecma/flags.cc (test for excess errors)
WARNING: 28_regex/algorithms/regex_search/ecma/flags.cc compilation failed to produce executable
FAIL: 28_regex/algorithms/regex_search/ecma/greedy.cc (test for excess errors)
WARNING: 28_regex/algorithms/regex_search/ecma/greedy.cc compilation failed to produce executable
FAIL: 28_regex/traits/char/ctor.cc (test for excess errors)
FAIL: 28_regex/traits/char/translate_nocase.cc (test for excess errors)
WARNING: 28_regex/traits/char/translate_nocase.cc compilation failed to produce executable
FAIL: 28_regex/traits/char/user_defined.cc (test for excess errors)
WARNING: 28_regex/traits/char/user_defined.cc compilation failed to produce executable
FAIL: 28_regex/traits/char/value.cc (test for excess errors)
WARNING: 28_regex/traits/char/value.cc compilation failed to produce executable
FAIL: 28_regex/traits/wchar_t/ctor.cc (test for excess errors)
FAIL: 28_regex/traits/wchar_t/isctype.cc (test for excess errors)
WARNING: 28_regex/traits/wchar_t/isctype.cc compilation failed to produce executable
FAIL: 28_regex/traits/wchar_t/length.cc (test for excess errors)
WARNING: 28_regex/traits/wchar_t/length.cc compilation failed to produce executable
FAIL: ext/pb_ds/regression/trie_map_rand.cc (test for excess errors)
WARNING: ext/pb_ds/regression/trie_map_rand.cc compilation failed to produce executable
FAIL: ext/pb_ds/regression/trie_set_rand.cc (test for excess errors)
WARNING: ext/pb_ds/regression/trie_set_rand.cc compilation failed to produce executable
FAIL: ext/random/arcsine_distribution/cons/default.cc (test for excess errors)
WARNING: ext/random/arcsine_distribution/cons/default.cc compilation failed to produce executable
WARNING: program timed out.
WARNING: program timed out.
WARNING: program timed out.
WARNING: program timed out.
WARNING: program timed out.
WARNING: program timed out.
WARNING: program timed out.
WARNING: program timed out.
WARNING: program timed out.
WARNING: program timed out.
WARNING: program timed out.
WARNING: program timed out.
WARNING: program timed out.
WARNING: program timed out.
WARNING: program timed out.
WARNING: program timed out.
WARNING: program timed out.
WARNING: program timed out.
WARNING: program timed out.
WARNING: program timed out.
WARNING: program timed out.
WARNING: program timed out.
WARNING: program timed out.
WARNING: program timed out.
WARNING: program timed out.
WARNING: program timed out.
WARNING: program timed out.
WARNING: program timed out.
WARNING: program timed out.
WARNING: program timed out.
WARNING: program timed out.
=== libstdc++ Summary for unix/-m64 ===
# of expected passes 8236
# of unexpected failures 30
# of expected failures 43
# of unsupported tests 937
=== libstdc++ Summary ===
# of expected passes 16526
# of unexpected failures 30
# of expected failures 86
# of unsupported tests 1874
Compiler version: 4.9.0 20140131 (experimental) [trunk revision 207346] (GCC)
Platform: sparc-sun-solaris2.9
configure flags: --prefix=/vol/gcc --target=sparc-sun-solaris2.9 --enable-obsolete --enable-objc-gc --with-gmp-include=/vol/gcc/include --with-gmp-lib=/vol/gcc/lib --with-mpfr-include=/vol/gcc/include --with-mpfr-lib=/vol/gcc/lib --with-mpc-include=/vol/gcc/include --with-mpc-lib=/vol/gcc/lib --enable-languages=all,ada,obj-c++,go --with-isl-include=/vol/gcc/include --with-isl-lib=/vol/gcc/lib --with-cloog-include=/vol/gcc/include --with-cloog-lib=/vol/gcc/lib --enable-cloog-backend=isl
BOOT_CFLAGS=-g -O2