This is the mail archive of the
gcc-testresults@gcc.gnu.org
mailing list for the GCC project.
Results for 4.9.0 20140131 (experimental) [trunk revision 207336] (GCC) testsuite on mipsisa64-sde-elf
- From: Richard Sandiford <rdsandiford at googlemail dot com>
- To: gcc-testresults at gcc dot gnu dot org
- Date: Sat, 01 Feb 2014 08:51:35 +0000
- Subject: Results for 4.9.0 20140131 (experimental) [trunk revision 207336] (GCC) testsuite on mipsisa64-sde-elf
- Authentication-results: sourceware.org; auth=none
Target is mipsisa64-sde-elf
=== g++ tests ===
Running target mips-sde-sim32-el/-EL/-mips32r2
UNRESOLVED: g++.dg/ext/vector26.C -std=c++98 scan-assembler-not globl[ \\t]*_Z3bar
=== g++ Summary for mips-sde-sim32-el/-EL/-mips32r2 ===
# of expected passes 44842
# of expected failures 283
# of unresolved testcases 1
# of unsupported tests 999
Running target mips-sde-sim32-el/-EL/-mips32r2/-mfp64
UNRESOLVED: g++.dg/ext/vector26.C -std=c++98 scan-assembler-not globl[ \\t]*_Z3bar
=== g++ Summary for mips-sde-sim32-el/-EL/-mips32r2/-mfp64 ===
# of expected passes 44886
# of expected failures 283
# of unresolved testcases 1
# of unsupported tests 1011
Running target mips-sde-sim32-el/-EL/-mips32r2/-mfp64/-mips16
UNRESOLVED: g++.dg/ext/vector26.C -std=c++98 scan-assembler-not globl[ \\t]*_Z3bar
=== g++ Summary for mips-sde-sim32-el/-EL/-mips32r2/-mfp64/-mips16 ===
# of expected passes 44842
# of expected failures 283
# of unresolved testcases 1
# of unsupported tests 999
Running target mips-sde-sim32-el/-EL/-mips32r2/-mips16
UNRESOLVED: g++.dg/ext/vector26.C -std=c++98 scan-assembler-not globl[ \\t]*_Z3bar
=== g++ Summary for mips-sde-sim32-el/-EL/-mips32r2/-mips16 ===
# of expected passes 44842
# of expected failures 283
# of unresolved testcases 1
# of unsupported tests 999
Running target mips-sde-sim32-el/-EL/-mips32r2/-msoft-float
UNRESOLVED: g++.dg/ext/vector26.C -std=c++98 scan-assembler-not globl[ \\t]*_Z3bar
=== g++ Summary for mips-sde-sim32-el/-EL/-mips32r2/-msoft-float ===
# of expected passes 44842
# of expected failures 283
# of unresolved testcases 1
# of unsupported tests 999
Running target mips-sde-sim32-el/-EL/-mips32r2/-msoft-float/-mips16
UNRESOLVED: g++.dg/ext/vector26.C -std=c++98 scan-assembler-not globl[ \\t]*_Z3bar
=== g++ Summary for mips-sde-sim32-el/-EL/-mips32r2/-msoft-float/-mips16 ===
# of expected passes 44842
# of expected failures 283
# of unresolved testcases 1
# of unsupported tests 999
Running target mips-sde-sim32/-EB/-mips32r2
UNRESOLVED: g++.dg/ext/vector26.C -std=c++98 scan-assembler-not globl[ \\t]*_Z3bar
=== g++ Summary for mips-sde-sim32/-EB/-mips32r2 ===
# of expected passes 44842
# of expected failures 283
# of unresolved testcases 1
# of unsupported tests 999
Running target mips-sde-sim32/-EB/-mips32r2/-mfp64
UNRESOLVED: g++.dg/ext/vector26.C -std=c++98 scan-assembler-not globl[ \\t]*_Z3bar
=== g++ Summary for mips-sde-sim32/-EB/-mips32r2/-mfp64 ===
# of expected passes 44886
# of expected failures 283
# of unresolved testcases 1
# of unsupported tests 1011
Running target mips-sde-sim32/-EB/-mips32r2/-mfp64/-mips16
UNRESOLVED: g++.dg/ext/vector26.C -std=c++98 scan-assembler-not globl[ \\t]*_Z3bar
=== g++ Summary for mips-sde-sim32/-EB/-mips32r2/-mfp64/-mips16 ===
# of expected passes 44842
# of expected failures 283
# of unresolved testcases 1
# of unsupported tests 999
Running target mips-sde-sim32/-EB/-mips32r2/-mips16
UNRESOLVED: g++.dg/ext/vector26.C -std=c++98 scan-assembler-not globl[ \\t]*_Z3bar
=== g++ Summary for mips-sde-sim32/-EB/-mips32r2/-mips16 ===
# of expected passes 44842
# of expected failures 283
# of unresolved testcases 1
# of unsupported tests 999
Running target mips-sde-sim32/-EB/-mips32r2/-msoft-float
UNRESOLVED: g++.dg/ext/vector26.C -std=c++98 scan-assembler-not globl[ \\t]*_Z3bar
=== g++ Summary for mips-sde-sim32/-EB/-mips32r2/-msoft-float ===
# of expected passes 44842
# of expected failures 283
# of unresolved testcases 1
# of unsupported tests 999
Running target mips-sde-sim32/-EB/-mips32r2/-msoft-float/-mips16
UNRESOLVED: g++.dg/ext/vector26.C -std=c++98 scan-assembler-not globl[ \\t]*_Z3bar
=== g++ Summary for mips-sde-sim32/-EB/-mips32r2/-msoft-float/-mips16 ===
# of expected passes 44842
# of expected failures 283
# of unresolved testcases 1
# of unsupported tests 999
Running target mips-sde-sim64-el/-EL/-mips64r2
UNRESOLVED: g++.dg/ext/vector26.C -std=c++98 scan-assembler-not globl[ \\t]*_Z3bar
=== g++ Summary for mips-sde-sim64-el/-EL/-mips64r2 ===
# of expected passes 46199
# of expected failures 283
# of unresolved testcases 1
# of unsupported tests 996
Running target mips-sde-sim64-el/-EL/-mips64r2/-msoft-float
UNRESOLVED: g++.dg/ext/vector26.C -std=c++98 scan-assembler-not globl[ \\t]*_Z3bar
=== g++ Summary for mips-sde-sim64-el/-EL/-mips64r2/-msoft-float ===
# of expected passes 151099
# of expected failures 283
# of unresolved testcases 1
# of unsupported tests 5448
Running target mips-sde-sim64/-EB/-mips64r2
UNRESOLVED: g++.dg/ext/vector26.C -std=c++98 scan-assembler-not globl[ \\t]*_Z3bar
=== g++ Summary for mips-sde-sim64/-EB/-mips64r2 ===
# of expected passes 46199
# of expected failures 283
# of unresolved testcases 1
# of unsupported tests 996
Running target mips-sde-sim64/-EB/-mips64r2/-msoft-float
UNRESOLVED: g++.dg/ext/vector26.C -std=c++98 scan-assembler-not globl[ \\t]*_Z3bar
=== g++ Summary for mips-sde-sim64/-EB/-mips64r2/-msoft-float ===
# of expected passes 46155
# of expected failures 283
# of unresolved testcases 1
# of unsupported tests 984
=== g++ Summary ===
# of expected passes 827844
# of expected failures 4528
# of unresolved testcases 16
# of unsupported tests 20436
/data/scratch/rsandifo/gcc/HEAD/mipsisa64-sde-elf/x86_64-unknown-linux-gnu/gcc/testsuite/g++/../../xg++ version 4.9.0 20140131 (experimental) [trunk revision 207336] (GCC)
=== gcc tests ===
Running target mips-sde-sim32-el/-EL/-mips32r2
FAIL: gcc.dg/tree-ssa/ssa-dom-thread-4.c scan-tree-dump-times dom1 "Threaded" 6
=== gcc Summary for mips-sde-sim32-el/-EL/-mips32r2 ===
# of expected passes 43011
# of expected failures 57
# of unsupported tests 885
Running target mips-sde-sim32-el/-EL/-mips32r2/-mfp64
WARNING: program timed out.
FAIL: gcc.dg/pr59605.c execution test
FAIL: gcc.dg/tree-ssa/ssa-dom-thread-4.c scan-tree-dump-times dom1 "Threaded" 6
FAIL: gcc.dg/vect/pr56787.c scan-tree-dump vect "vectorized 1 loops"
FAIL: gcc.dg/vect/pr57741-3.c scan-tree-dump-times vect "vectorized 1 loop" 1
FAIL: gcc.dg/vect/vect-119.c scan-tree-dump-times vect "Detected interleaving of size 2" 1
FAIL: gcc.dg/vect/vect-outer-4c-big-array.c scan-tree-dump-times vect "zero step in outer loop." 1
FAIL: gcc.dg/vect/vect-outer-4c.c scan-tree-dump vect "zero step in outer loop."
XPASS: gcc.dg/vect/vect-outer-5.c scan-tree-dump vect "zero step in outer loop."
FAIL: gcc.dg/vect/pr56787.c -flto -ffat-lto-objects scan-tree-dump vect "vectorized 1 loops"
FAIL: gcc.dg/vect/pr57741-3.c -flto -ffat-lto-objects scan-tree-dump-times vect "vectorized 1 loop" 1
FAIL: gcc.dg/vect/vect-119.c -flto -ffat-lto-objects scan-tree-dump-times vect "Detected interleaving of size 2" 1
FAIL: gcc.dg/vect/vect-outer-4c-big-array.c -flto -ffat-lto-objects scan-tree-dump-times vect "zero step in outer loop." 1
FAIL: gcc.dg/vect/vect-outer-4c.c -flto -ffat-lto-objects scan-tree-dump vect "zero step in outer loop."
XPASS: gcc.dg/vect/vect-outer-5.c -flto -ffat-lto-objects scan-tree-dump vect "zero step in outer loop."
=== gcc Summary for mips-sde-sim32-el/-EL/-mips32r2/-mfp64 ===
# of expected passes 43756
# of unexpected failures 11
# of unexpected successes 2
# of expected failures 137
# of unsupported tests 1947
Running target mips-sde-sim32-el/-EL/-mips32r2/-mfp64/-mips16
WARNING: program timed out.
FAIL: gcc.dg/pr59605.c execution test
UNRESOLVED: gcc.dg/unroll_2.c scan-rtl-dump-times loop2_unroll "loop turned into non-loop; it never loops" 1
UNRESOLVED: gcc.dg/unroll_3.c scan-rtl-dump-times loop2_unroll "loop turned into non-loop; it never loops" 1
UNRESOLVED: gcc.dg/unroll_4.c scan-rtl-dump-times loop2_unroll "loop turned into non-loop; it never loops" 1
FAIL: gcc.dg/tree-ssa/ssa-dom-thread-4.c scan-tree-dump-times dom1 "Threaded" 6
=== gcc Summary for mips-sde-sim32-el/-EL/-mips32r2/-mfp64/-mips16 ===
# of expected passes 43003
# of unexpected failures 1
# of expected failures 56
# of unresolved testcases 3
# of unsupported tests 887
Running target mips-sde-sim32-el/-EL/-mips32r2/-mips16
WARNING: program timed out.
FAIL: gcc.dg/pr59605.c execution test
UNRESOLVED: gcc.dg/unroll_2.c scan-rtl-dump-times loop2_unroll "loop turned into non-loop; it never loops" 1
UNRESOLVED: gcc.dg/unroll_3.c scan-rtl-dump-times loop2_unroll "loop turned into non-loop; it never loops" 1
UNRESOLVED: gcc.dg/unroll_4.c scan-rtl-dump-times loop2_unroll "loop turned into non-loop; it never loops" 1
FAIL: gcc.dg/tree-ssa/ssa-dom-thread-4.c scan-tree-dump-times dom1 "Threaded" 6
=== gcc Summary for mips-sde-sim32-el/-EL/-mips32r2/-mips16 ===
# of expected passes 43003
# of unexpected failures 1
# of expected failures 56
# of unresolved testcases 3
# of unsupported tests 887
Running target mips-sde-sim32-el/-EL/-mips32r2/-msoft-float
WARNING: program timed out.
FAIL: gcc.dg/pr59605.c execution test
FAIL: gcc.dg/tree-ssa/ssa-dom-thread-4.c scan-tree-dump-times dom1 "Threaded" 6
=== gcc Summary for mips-sde-sim32-el/-EL/-mips32r2/-msoft-float ===
# of expected passes 43006
# of unexpected failures 1
# of expected failures 56
# of unsupported tests 887
Running target mips-sde-sim32-el/-EL/-mips32r2/-msoft-float/-mips16
WARNING: program timed out.
FAIL: gcc.dg/pr59605.c execution test
UNRESOLVED: gcc.dg/unroll_2.c scan-rtl-dump-times loop2_unroll "loop turned into non-loop; it never loops" 1
UNRESOLVED: gcc.dg/unroll_3.c scan-rtl-dump-times loop2_unroll "loop turned into non-loop; it never loops" 1
UNRESOLVED: gcc.dg/unroll_4.c scan-rtl-dump-times loop2_unroll "loop turned into non-loop; it never loops" 1
FAIL: gcc.dg/tree-ssa/ssa-dom-thread-4.c scan-tree-dump-times dom1 "Threaded" 6
=== gcc Summary for mips-sde-sim32-el/-EL/-mips32r2/-msoft-float/-mips16 ===
# of expected passes 43003
# of unexpected failures 1
# of expected failures 56
# of unresolved testcases 3
# of unsupported tests 887
Running target mips-sde-sim32/-EB/-mips32r2
WARNING: program timed out.
FAIL: gcc.dg/pr59605.c execution test
FAIL: gcc.dg/tree-ssa/ssa-dom-thread-4.c scan-tree-dump-times dom1 "Threaded" 6
=== gcc Summary for mips-sde-sim32/-EB/-mips32r2 ===
# of expected passes 43010
# of unexpected failures 1
# of expected failures 57
# of unsupported tests 885
Running target mips-sde-sim32/-EB/-mips32r2/-mfp64
WARNING: program timed out.
FAIL: gcc.dg/pr59605.c execution test
FAIL: gcc.dg/tree-ssa/ssa-dom-thread-4.c scan-tree-dump-times dom1 "Threaded" 6
FAIL: gcc.dg/vect/pr56787.c scan-tree-dump vect "vectorized 1 loops"
FAIL: gcc.dg/vect/pr57741-3.c scan-tree-dump-times vect "vectorized 1 loop" 1
FAIL: gcc.dg/vect/vect-119.c scan-tree-dump-times vect "Detected interleaving of size 2" 1
FAIL: gcc.dg/vect/vect-outer-4c-big-array.c scan-tree-dump-times vect "zero step in outer loop." 1
FAIL: gcc.dg/vect/vect-outer-4c.c scan-tree-dump vect "zero step in outer loop."
XPASS: gcc.dg/vect/vect-outer-5.c scan-tree-dump vect "zero step in outer loop."
FAIL: gcc.dg/vect/pr56787.c -flto -ffat-lto-objects scan-tree-dump vect "vectorized 1 loops"
FAIL: gcc.dg/vect/pr57741-3.c -flto -ffat-lto-objects scan-tree-dump-times vect "vectorized 1 loop" 1
FAIL: gcc.dg/vect/vect-119.c -flto -ffat-lto-objects scan-tree-dump-times vect "Detected interleaving of size 2" 1
FAIL: gcc.dg/vect/vect-outer-4c-big-array.c -flto -ffat-lto-objects scan-tree-dump-times vect "zero step in outer loop." 1
FAIL: gcc.dg/vect/vect-outer-4c.c -flto -ffat-lto-objects scan-tree-dump vect "zero step in outer loop."
XPASS: gcc.dg/vect/vect-outer-5.c -flto -ffat-lto-objects scan-tree-dump vect "zero step in outer loop."
=== gcc Summary for mips-sde-sim32/-EB/-mips32r2/-mfp64 ===
# of expected passes 43756
# of unexpected failures 11
# of unexpected successes 2
# of expected failures 137
# of unsupported tests 1947
Running target mips-sde-sim32/-EB/-mips32r2/-mfp64/-mips16
WARNING: program timed out.
FAIL: gcc.dg/pr59605.c execution test
UNRESOLVED: gcc.dg/unroll_2.c scan-rtl-dump-times loop2_unroll "loop turned into non-loop; it never loops" 1
UNRESOLVED: gcc.dg/unroll_3.c scan-rtl-dump-times loop2_unroll "loop turned into non-loop; it never loops" 1
UNRESOLVED: gcc.dg/unroll_4.c scan-rtl-dump-times loop2_unroll "loop turned into non-loop; it never loops" 1
FAIL: gcc.dg/tree-ssa/ssa-dom-thread-4.c scan-tree-dump-times dom1 "Threaded" 6
=== gcc Summary for mips-sde-sim32/-EB/-mips32r2/-mfp64/-mips16 ===
# of expected passes 43003
# of unexpected failures 1
# of expected failures 56
# of unresolved testcases 3
# of unsupported tests 887
Running target mips-sde-sim32/-EB/-mips32r2/-mips16
WARNING: program timed out.
FAIL: gcc.dg/pr59605.c execution test
UNRESOLVED: gcc.dg/unroll_2.c scan-rtl-dump-times loop2_unroll "loop turned into non-loop; it never loops" 1
UNRESOLVED: gcc.dg/unroll_3.c scan-rtl-dump-times loop2_unroll "loop turned into non-loop; it never loops" 1
UNRESOLVED: gcc.dg/unroll_4.c scan-rtl-dump-times loop2_unroll "loop turned into non-loop; it never loops" 1
FAIL: gcc.dg/tree-ssa/ssa-dom-thread-4.c scan-tree-dump-times dom1 "Threaded" 6
=== gcc Summary for mips-sde-sim32/-EB/-mips32r2/-mips16 ===
# of expected passes 43003
# of unexpected failures 1
# of expected failures 56
# of unresolved testcases 3
# of unsupported tests 887
Running target mips-sde-sim32/-EB/-mips32r2/-msoft-float
WARNING: program timed out.
FAIL: gcc.dg/pr59605.c execution test
FAIL: gcc.dg/tree-ssa/ssa-dom-thread-4.c scan-tree-dump-times dom1 "Threaded" 6
=== gcc Summary for mips-sde-sim32/-EB/-mips32r2/-msoft-float ===
# of expected passes 43006
# of unexpected failures 1
# of expected failures 56
# of unsupported tests 887
Running target mips-sde-sim32/-EB/-mips32r2/-msoft-float/-mips16
WARNING: program timed out.
FAIL: gcc.dg/pr59605.c execution test
UNRESOLVED: gcc.dg/unroll_2.c scan-rtl-dump-times loop2_unroll "loop turned into non-loop; it never loops" 1
UNRESOLVED: gcc.dg/unroll_3.c scan-rtl-dump-times loop2_unroll "loop turned into non-loop; it never loops" 1
UNRESOLVED: gcc.dg/unroll_4.c scan-rtl-dump-times loop2_unroll "loop turned into non-loop; it never loops" 1
FAIL: gcc.dg/tree-ssa/ssa-dom-thread-4.c scan-tree-dump-times dom1 "Threaded" 6
=== gcc Summary for mips-sde-sim32/-EB/-mips32r2/-msoft-float/-mips16 ===
# of expected passes 43003
# of unexpected failures 1
# of expected failures 56
# of unresolved testcases 3
# of unsupported tests 887
Running target mips-sde-sim64-el/-EL/-mips64r2
WARNING: program timed out.
FAIL: gcc.dg/pr59605.c execution test
FAIL: gcc.dg/tree-ssa/ssa-dom-thread-4.c scan-tree-dump-times dom1 "Threaded" 6
FAIL: gcc.dg/vect/pr56787.c scan-tree-dump vect "vectorized 1 loops"
XPASS: gcc.dg/vect/vect-outer-5.c scan-tree-dump vect "zero step in outer loop."
FAIL: gcc.dg/vect/pr56787.c -flto -ffat-lto-objects scan-tree-dump vect "vectorized 1 loops"
XPASS: gcc.dg/vect/vect-outer-5.c -flto -ffat-lto-objects scan-tree-dump vect "zero step in outer loop."
=== gcc Summary for mips-sde-sim64-el/-EL/-mips64r2 ===
# of expected passes 44468
# of unexpected failures 3
# of unexpected successes 2
# of expected failures 137
# of unsupported tests 1909
Running target mips-sde-sim64-el/-EL/-mips64r2/-msoft-float
WARNING: program timed out.
FAIL: gcc.dg/pr59605.c execution test
FAIL: gcc.dg/tree-ssa/ssa-dom-thread-4.c scan-tree-dump-times dom1 "Threaded" 6
=== gcc Summary for mips-sde-sim64-el/-EL/-mips64r2/-msoft-float ===
# of expected passes 584788
# of unexpected failures 41
# of unexpected successes 8
# of expected failures 1560
# of unsupported tests 17085
Running target mips-sde-sim64/-EB/-mips64r2
WARNING: program timed out.
FAIL: gcc.dg/pr59605.c execution test
FAIL: gcc.dg/tree-ssa/ssa-dom-thread-4.c scan-tree-dump-times dom1 "Threaded" 6
FAIL: gcc.dg/vect/pr56787.c scan-tree-dump vect "vectorized 1 loops"
XPASS: gcc.dg/vect/vect-outer-5.c scan-tree-dump vect "zero step in outer loop."
FAIL: gcc.dg/vect/pr56787.c -flto -ffat-lto-objects scan-tree-dump vect "vectorized 1 loops"
XPASS: gcc.dg/vect/vect-outer-5.c -flto -ffat-lto-objects scan-tree-dump vect "zero step in outer loop."
=== gcc Summary for mips-sde-sim64/-EB/-mips64r2 ===
# of expected passes 44468
# of unexpected failures 3
# of unexpected successes 2
# of expected failures 137
# of unsupported tests 1909
Running target mips-sde-sim64/-EB/-mips64r2/-msoft-float
WARNING: program timed out.
FAIL: gcc.dg/pr59605.c execution test
FAIL: gcc.dg/tree-ssa/ssa-dom-thread-4.c scan-tree-dump-times dom1 "Threaded" 6
=== gcc Summary for mips-sde-sim64/-EB/-mips64r2/-msoft-float ===
# of expected passes 43710
# of unexpected failures 1
# of expected failures 56
# of unsupported tests 849
=== gcc Summary ===
# of expected passes 1234997
# of unexpected failures 79
# of unexpected successes 16
# of expected failures 2726
# of unresolved testcases 18
# of unsupported tests 34512
/data/scratch/rsandifo/gcc/HEAD/mipsisa64-sde-elf/x86_64-unknown-linux-gnu/gcc/xgcc version 4.9.0 20140131 (experimental) [trunk revision 207336] (GCC)
=== objc tests ===
Running target mips-sde-sim32-el/-EL/-mips32r2
=== objc Summary for mips-sde-sim32-el/-EL/-mips32r2 ===
# of expected passes 1262
# of unsupported tests 24
Running target mips-sde-sim32-el/-EL/-mips32r2/-mfp64
=== objc Summary for mips-sde-sim32-el/-EL/-mips32r2/-mfp64 ===
# of expected passes 1262
# of unsupported tests 24
Running target mips-sde-sim32-el/-EL/-mips32r2/-mfp64/-mips16
=== objc Summary for mips-sde-sim32-el/-EL/-mips32r2/-mfp64/-mips16 ===
# of expected passes 1262
# of unsupported tests 24
Running target mips-sde-sim32-el/-EL/-mips32r2/-mips16
=== objc Summary for mips-sde-sim32-el/-EL/-mips32r2/-mips16 ===
# of expected passes 1262
# of unsupported tests 24
Running target mips-sde-sim32-el/-EL/-mips32r2/-msoft-float
=== objc Summary for mips-sde-sim32-el/-EL/-mips32r2/-msoft-float ===
# of expected passes 1262
# of unsupported tests 24
Running target mips-sde-sim32-el/-EL/-mips32r2/-msoft-float/-mips16
=== objc Summary for mips-sde-sim32-el/-EL/-mips32r2/-msoft-float/-mips16 ===
# of expected passes 1262
# of unsupported tests 24
Running target mips-sde-sim32/-EB/-mips32r2
=== objc Summary for mips-sde-sim32/-EB/-mips32r2 ===
# of expected passes 1262
# of unsupported tests 24
Running target mips-sde-sim32/-EB/-mips32r2/-mfp64
=== objc Summary for mips-sde-sim32/-EB/-mips32r2/-mfp64 ===
# of expected passes 1262
# of unsupported tests 24
Running target mips-sde-sim32/-EB/-mips32r2/-mfp64/-mips16
=== objc Summary for mips-sde-sim32/-EB/-mips32r2/-mfp64/-mips16 ===
# of expected passes 1262
# of unsupported tests 24
Running target mips-sde-sim32/-EB/-mips32r2/-mips16
=== objc Summary for mips-sde-sim32/-EB/-mips32r2/-mips16 ===
# of expected passes 1262
# of unsupported tests 24
Running target mips-sde-sim32/-EB/-mips32r2/-msoft-float
=== objc Summary for mips-sde-sim32/-EB/-mips32r2/-msoft-float ===
# of expected passes 1262
# of unsupported tests 24
Running target mips-sde-sim32/-EB/-mips32r2/-msoft-float/-mips16
=== objc Summary for mips-sde-sim32/-EB/-mips32r2/-msoft-float/-mips16 ===
# of expected passes 1262
# of unsupported tests 24
Running target mips-sde-sim64-el/-EL/-mips64r2
=== objc Summary for mips-sde-sim64-el/-EL/-mips64r2 ===
# of expected passes 1262
# of unsupported tests 24
Running target mips-sde-sim64-el/-EL/-mips64r2/-msoft-float
=== objc Summary for mips-sde-sim64-el/-EL/-mips64r2/-msoft-float ===
# of expected passes 1262
# of unsupported tests 24
Running target mips-sde-sim64/-EB/-mips64r2
=== objc Summary for mips-sde-sim64/-EB/-mips64r2 ===
# of expected passes 1262
# of unsupported tests 24
Running target mips-sde-sim64/-EB/-mips64r2/-msoft-float
=== objc Summary for mips-sde-sim64/-EB/-mips64r2/-msoft-float ===
# of expected passes 1262
# of unsupported tests 24
=== objc Summary ===
# of expected passes 20192
# of unsupported tests 384
/data/scratch/rsandifo/gcc/HEAD/mipsisa64-sde-elf/x86_64-unknown-linux-gnu/gcc/xgcc version 4.9.0 20140131 (experimental) [trunk revision 207336] (GCC)
=== libstdc++ tests ===
Running target mips-sde-sim32-el/-EL/-mips32r2
FAIL: 27_io/headers/cstdio/functions_std.cc (test for excess errors)
FAIL: 29_atomics/atomic/requirements/compare_exchange_lowering.cc (test for excess errors)
=== libstdc++ Summary for mips-sde-sim32-el/-EL/-mips32r2 ===
# of expected passes 7783
# of unexpected failures 2
# of expected failures 40
# of unsupported tests 682
Running target mips-sde-sim32-el/-EL/-mips32r2/-mfp64
FAIL: 27_io/headers/cstdio/functions_std.cc (test for excess errors)
FAIL: 29_atomics/atomic/requirements/compare_exchange_lowering.cc (test for excess errors)
=== libstdc++ Summary for mips-sde-sim32-el/-EL/-mips32r2/-mfp64 ===
# of expected passes 7783
# of unexpected failures 2
# of expected failures 40
# of unsupported tests 682
Running target mips-sde-sim32-el/-EL/-mips32r2/-mfp64/-mips16
FAIL: 27_io/headers/cstdio/functions_std.cc (test for excess errors)
FAIL: 29_atomics/atomic/requirements/compare_exchange_lowering.cc (test for excess errors)
=== libstdc++ Summary for mips-sde-sim32-el/-EL/-mips32r2/-mfp64/-mips16 ===
# of expected passes 7783
# of unexpected failures 2
# of expected failures 40
# of unsupported tests 682
Running target mips-sde-sim32-el/-EL/-mips32r2/-mips16
FAIL: 27_io/headers/cstdio/functions_std.cc (test for excess errors)
FAIL: 29_atomics/atomic/requirements/compare_exchange_lowering.cc (test for excess errors)
=== libstdc++ Summary for mips-sde-sim32-el/-EL/-mips32r2/-mips16 ===
# of expected passes 7783
# of unexpected failures 2
# of expected failures 40
# of unsupported tests 682
Running target mips-sde-sim32-el/-EL/-mips32r2/-msoft-float
FAIL: 27_io/headers/cstdio/functions_std.cc (test for excess errors)
FAIL: 29_atomics/atomic/requirements/compare_exchange_lowering.cc (test for excess errors)
=== libstdc++ Summary for mips-sde-sim32-el/-EL/-mips32r2/-msoft-float ===
# of expected passes 7783
# of unexpected failures 2
# of expected failures 40
# of unsupported tests 682
Running target mips-sde-sim32-el/-EL/-mips32r2/-msoft-float/-mips16
FAIL: 27_io/headers/cstdio/functions_std.cc (test for excess errors)
FAIL: 29_atomics/atomic/requirements/compare_exchange_lowering.cc (test for excess errors)
=== libstdc++ Summary for mips-sde-sim32-el/-EL/-mips32r2/-msoft-float/-mips16 ===
# of expected passes 7783
# of unexpected failures 2
# of expected failures 40
# of unsupported tests 682
Running target mips-sde-sim32/-EB/-mips32r2
FAIL: 27_io/headers/cstdio/functions_std.cc (test for excess errors)
FAIL: 29_atomics/atomic/requirements/compare_exchange_lowering.cc (test for excess errors)
=== libstdc++ Summary for mips-sde-sim32/-EB/-mips32r2 ===
# of expected passes 7767
# of unexpected failures 2
# of expected failures 40
# of unsupported tests 690
Running target mips-sde-sim32/-EB/-mips32r2/-mfp64
FAIL: 27_io/headers/cstdio/functions_std.cc (test for excess errors)
FAIL: 29_atomics/atomic/requirements/compare_exchange_lowering.cc (test for excess errors)
=== libstdc++ Summary for mips-sde-sim32/-EB/-mips32r2/-mfp64 ===
# of expected passes 7767
# of unexpected failures 2
# of expected failures 40
# of unsupported tests 690
Running target mips-sde-sim32/-EB/-mips32r2/-mfp64/-mips16
FAIL: 27_io/headers/cstdio/functions_std.cc (test for excess errors)
FAIL: 29_atomics/atomic/requirements/compare_exchange_lowering.cc (test for excess errors)
=== libstdc++ Summary for mips-sde-sim32/-EB/-mips32r2/-mfp64/-mips16 ===
# of expected passes 7767
# of unexpected failures 2
# of expected failures 40
# of unsupported tests 690
Running target mips-sde-sim32/-EB/-mips32r2/-mips16
FAIL: 27_io/headers/cstdio/functions_std.cc (test for excess errors)
FAIL: 29_atomics/atomic/requirements/compare_exchange_lowering.cc (test for excess errors)
=== libstdc++ Summary for mips-sde-sim32/-EB/-mips32r2/-mips16 ===
# of expected passes 7767
# of unexpected failures 2
# of expected failures 40
# of unsupported tests 690
Running target mips-sde-sim32/-EB/-mips32r2/-msoft-float
FAIL: 27_io/headers/cstdio/functions_std.cc (test for excess errors)
FAIL: 29_atomics/atomic/requirements/compare_exchange_lowering.cc (test for excess errors)
=== libstdc++ Summary for mips-sde-sim32/-EB/-mips32r2/-msoft-float ===
# of expected passes 7767
# of unexpected failures 2
# of expected failures 40
# of unsupported tests 690
Running target mips-sde-sim32/-EB/-mips32r2/-msoft-float/-mips16
FAIL: 27_io/headers/cstdio/functions_std.cc (test for excess errors)
FAIL: 29_atomics/atomic/requirements/compare_exchange_lowering.cc (test for excess errors)
=== libstdc++ Summary for mips-sde-sim32/-EB/-mips32r2/-msoft-float/-mips16 ===
# of expected passes 7767
# of unexpected failures 2
# of expected failures 40
# of unsupported tests 690
Running target mips-sde-sim64-el/-EL/-mips64r2
FAIL: 27_io/headers/cstdio/functions_std.cc (test for excess errors)
FAIL: 29_atomics/atomic/requirements/compare_exchange_lowering.cc (test for excess errors)
=== libstdc++ Summary for mips-sde-sim64-el/-EL/-mips64r2 ===
# of expected passes 7783
# of unexpected failures 2
# of expected failures 40
# of unsupported tests 682
Running target mips-sde-sim64-el/-EL/-mips64r2/-msoft-float
FAIL: 27_io/headers/cstdio/functions_std.cc (test for excess errors)
FAIL: 29_atomics/atomic/requirements/compare_exchange_lowering.cc (test for excess errors)
=== libstdc++ Summary for mips-sde-sim64-el/-EL/-mips64r2/-msoft-float ===
# of expected passes 7783
# of unexpected failures 2
# of expected failures 40
# of unsupported tests 682
Running target mips-sde-sim64/-EB/-mips64r2
FAIL: 27_io/headers/cstdio/functions_std.cc (test for excess errors)
FAIL: 29_atomics/atomic/requirements/compare_exchange_lowering.cc (test for excess errors)
=== libstdc++ Summary for mips-sde-sim64/-EB/-mips64r2 ===
# of expected passes 7767
# of unexpected failures 2
# of expected failures 40
# of unsupported tests 690
Running target mips-sde-sim64/-EB/-mips64r2/-msoft-float
FAIL: 27_io/headers/cstdio/functions_std.cc (test for excess errors)
FAIL: 29_atomics/atomic/requirements/compare_exchange_lowering.cc (test for excess errors)
=== libstdc++ Summary for mips-sde-sim64/-EB/-mips64r2/-msoft-float ===
# of expected passes 7767
# of unexpected failures 2
# of expected failures 40
# of unsupported tests 690
=== libstdc++ Summary ===
# of expected passes 124400
# of unexpected failures 32
# of expected failures 640
# of unsupported tests 10976
Compiler version: 4.9.0 20140131 (experimental) [trunk revision 207336] (GCC)
Platform: mipsisa64-sde-elf
configure flags: --enable-checking=yes,rtl,df