This is the mail archive of the
gcc-testresults@gcc.gnu.org
mailing list for the GCC project.
Results for 4.8.3 20140112 (prerelease) (GCC) testsuite on s390-ibm-linux-gnu default
- From: Andreas Krebbel <Andreas dot Krebbel at de dot ibm dot com>
- To: gcc-testresults at gcc dot gnu dot org
- Date: Sun, 12 Jan 2014 09:13:00 +0100
- Subject: Results for 4.8.3 20140112 (prerelease) (GCC) testsuite on s390-ibm-linux-gnu default
- Authentication-results: sourceware.org; auth=none
LAST_UPDATED: Sun Jan 12 06:59:39 UTC 2014 (revision 206563)
Native configuration is s390-ibm-linux-gnu default
=== g++ tests ===
Running target unix
FAIL: g++.dg/init/const9.C -std=c++98 scan-assembler-not rodata
FAIL: g++.dg/init/const9.C -std=c++11 scan-assembler-not rodata
WARNING: program timed out.
=== g++ Summary ===
# of expected passes 50903
# of unexpected failures 2
# of expected failures 290
# of unsupported tests 982
-default/gcc/testsuite/g++/../../xg++ version 4.8.3 20140112 (prerelease) (GCC)
=== gcc tests ===
Running target unix
FAIL: gcc.dg/c99-stdint-1.c (test for excess errors)
FAIL: gcc.dg/gcc-have-sync-compare-and-swap.c (test for excess errors)
FAIL: gcc.dg/hoist-register-pressure-1.c scan-rtl-dump hoist "PRE/HOIST: end of bb .* copying expression"
FAIL: gcc.dg/hoist-register-pressure-2.c scan-rtl-dump hoist "PRE/HOIST: end of bb .* copying expression"
FAIL: gcc.dg/hoist-register-pressure-3.c scan-rtl-dump hoist "PRE/HOIST: end of bb .* copying expression"
FAIL: gcc.dg/lower-subreg-1.c scan-rtl-dump subreg1 "Splitting reg"
FAIL: gcc.dg/uninit-13.c unconditional (test for warnings, line 8)
FAIL: gcc.dg/uninit-13.c (test for excess errors)
WARNING: program timed out.
XPASS: gcc.dg/tree-ssa/20040204-1.c scan-tree-dump-times optimized "link_error" 0
=== gcc Summary ===
# of expected passes 82096
# of unexpected failures 8
# of unexpected successes 1
# of expected failures 113
# of unsupported tests 1272
-default/gcc/xgcc version 4.8.3 20140112 (prerelease) (GCC)
=== gfortran tests ===
Running target unix
FAIL: gfortran.dg/lto/pr45586-2 f_lto_pr45586-2_0.o-f_lto_pr45586-2_0.o link, -O0 -flto -flto-partition=none -fuse-linker-plugin (internal compiler error)
UNRESOLVED: gfortran.dg/lto/pr45586-2 f_lto_pr45586-2_0.o-f_lto_pr45586-2_0.o execute -O0 -flto -flto-partition=none -fuse-linker-plugin
FAIL: gfortran.dg/lto/pr45586-2 f_lto_pr45586-2_0.o-f_lto_pr45586-2_0.o link, -O0 -flto -flto-partition=1to1 -fno-use-linker-plugin (internal compiler error)
UNRESOLVED: gfortran.dg/lto/pr45586-2 f_lto_pr45586-2_0.o-f_lto_pr45586-2_0.o execute -O0 -flto -flto-partition=1to1 -fno-use-linker-plugin
FAIL: gfortran.dg/lto/pr45586-2 f_lto_pr45586-2_0.o-f_lto_pr45586-2_0.o link, -O0 -flto -fuse-linker-plugin -fno-fat-lto-objects (internal compiler error)
UNRESOLVED: gfortran.dg/lto/pr45586-2 f_lto_pr45586-2_0.o-f_lto_pr45586-2_0.o execute -O0 -flto -fuse-linker-plugin -fno-fat-lto-objects
FAIL: gfortran.dg/lto/pr45586 f_lto_pr45586_0.o-f_lto_pr45586_0.o link, -O0 -flto -flto-partition=none -fuse-linker-plugin (internal compiler error)
UNRESOLVED: gfortran.dg/lto/pr45586 f_lto_pr45586_0.o-f_lto_pr45586_0.o execute -O0 -flto -flto-partition=none -fuse-linker-plugin
FAIL: gfortran.dg/lto/pr45586 f_lto_pr45586_0.o-f_lto_pr45586_0.o link, -O0 -flto -flto-partition=1to1 -fno-use-linker-plugin (internal compiler error)
UNRESOLVED: gfortran.dg/lto/pr45586 f_lto_pr45586_0.o-f_lto_pr45586_0.o execute -O0 -flto -flto-partition=1to1 -fno-use-linker-plugin
FAIL: gfortran.dg/lto/pr45586 f_lto_pr45586_0.o-f_lto_pr45586_0.o link, -O0 -flto -fuse-linker-plugin -fno-fat-lto-objects (internal compiler error)
UNRESOLVED: gfortran.dg/lto/pr45586 f_lto_pr45586_0.o-f_lto_pr45586_0.o execute -O0 -flto -fuse-linker-plugin -fno-fat-lto-objects
=== gfortran Summary ===
# of expected passes 42723
# of unexpected failures 6
# of expected failures 42
# of unresolved testcases 6
# of unsupported tests 246
-default/gcc/testsuite/gfortran/../../gfortran version 4.8.3 20140112 (prerelease) (GCC)
=== obj-c++ tests ===
Running target unix
=== obj-c++ Summary ===
# of expected passes 1450
# of expected failures 2
# of unsupported tests 86
-default/gcc/testsuite/obj-c++/../../xg++ version 4.8.3 20140112 (prerelease) (GCC)
=== objc tests ===
Running target unix
=== objc Summary ===
# of expected passes 2994
# of unsupported tests 74
-default/gcc/xgcc version 4.8.3 20140112 (prerelease) (GCC)
=== libatomic tests ===
Running target unix
=== libatomic Summary ===
# of expected passes 34
# of unsupported tests 10
=== libgomp tests ===
Running target unix
=== libgomp Summary ===
# of expected passes 3005
# of unsupported tests 1
=== libitm tests ===
Running target unix
=== libitm Summary ===
# of expected passes 26
# of expected failures 3
# of unsupported tests 1
=== libmudflap tests ===
Running target unix
FAIL: libmudflap.c++/pass41-frag.cxx (-static) execution test
FAIL: libmudflap.c++/pass41-frag.cxx ( -O) execution test
FAIL: libmudflap.c++/pass41-frag.cxx (-O2) execution test
FAIL: libmudflap.c++/pass41-frag.cxx (-O3) execution test
=== libmudflap Summary ===
# of expected passes 1902
# of unexpected failures 4
=== libstdc++ tests ===
Running target unix
FAIL: 23_containers/list/modifiers/insert/25288.cc execution test
=== libstdc++ Summary ===
# of expected passes 9258
# of unexpected failures 1
# of expected failures 45
# of unsupported tests 229
Version: 4.8.3 20140112 (prerelease) (GCC)
Platform: s390-ibm-linux-gnu default
configure flags: --prefix=/build/build-system/build/20140111/gcc-4.8/install-s390-default --enable-shared --with-system-zlib --enable-threads=posix --enable-__cxa_atexit --enable-checking --enable-languages=c,c++,objc,obj-c++,fortran --with-mode=zarch
GCC version: