This is the mail archive of the
gcc-testresults@gcc.gnu.org
mailing list for the GCC project.
Results for 4.8.3 20140106 (prerelease) (GCC) testsuite on i686-pc-linux-gnu
- From: CodeSourcery Automatic Testing System <gcc at codesourcery dot com>
- To: <gcc-testresults at gcc dot gnu dot org>
- Date: Tue, 7 Jan 2014 17:24:21 -0800
- Subject: Results for 4.8.3 20140106 (prerelease) (GCC) testsuite on i686-pc-linux-gnu
- Authentication-results: sourceware.org; auth=none
LAST_UPDATED: Mon Jan 6 08:47:20 UTC 2014 (/branches/gcc-4_8-branch revision 206353)
Native configuration is i686-pc-linux-gnu
=== g++ tests ===
Running target localhost
=== g++ Summary ===
# of expected passes 51634
# of expected failures 290
# of unsupported tests 597
/scratch/gcc/nightly-2014-01-06-4.8/i686-pc-linux-gnu/obj/test-4.8-0-i686-pc-linux-gnu/host-i686-pc-linux-gnu/fsf-4.8/bin/i686-pc-linux-gnu-g++ version 4.8.3 20140106 (prerelease) (GCC)
=== Summary adjusted for local xfails ===
# of expected passes 51634
# of expected failures 290
# of unsupported tests 597
=== gcc tests ===
Running target localhost
WARNING: program timed out.
FAIL: gcc.c-torture/compile/pr37669-2.c -Os (test for excess errors)
FAIL: gcc.dg/cproj-fails-with-broken-glibc.c execution test
=== gcc Summary ===
# of expected passes 93711
# of unexpected failures 2
# of expected failures 263
# of unsupported tests 1080
/scratch/gcc/nightly-2014-01-06-4.8/i686-pc-linux-gnu/obj/test-4.8-0-i686-pc-linux-gnu/host-i686-pc-linux-gnu/fsf-4.8/bin/i686-pc-linux-gnu-gcc version 4.8.3 20140106 (prerelease) (GCC)
=== Summary adjusted for local xfails ===
# of unexpected failures 2
# of expected passes 93711
# of expected failures 263
# of unsupported tests 1080
=== gfortran tests ===
Running target localhost
=== gfortran Summary ===
# of expected passes 43481
# of expected failures 56
# of unsupported tests 221
/scratch/gcc/nightly-2014-01-06-4.8/i686-pc-linux-gnu/obj/test-4.8-0-i686-pc-linux-gnu/host-i686-pc-linux-gnu/fsf-4.8/bin/i686-pc-linux-gnu-gfortran version 4.8.3 20140106 (prerelease) (GCC)
=== Summary adjusted for local xfails ===
# of expected passes 43481
# of expected failures 56
# of unsupported tests 221
=== libstdc++ tests ===
Running target localhost
ERROR: tcl error sourcing /scratch/gcc/nightly-2014-01-06-4.8/src/gcc-4.8/libstdc++-v3/testsuite/libstdc++-abi/abi.exp.
ERROR: can't read "baseline_subdir_switch": no such variable
FAIL: 20_util/duration/cons/2.cc execution test
FAIL: 29_atomics/atomic_flag/test_and_set/explicit-hle.cc scan-assembler-times xacquire|.byte[^\\n\\r]*0xf2 14
FAIL: 29_atomics/atomic_flag/test_and_set/explicit-hle.cc scan-assembler-times xrelease|.byte[^\\n\\r]*0xf3 14
=== libstdc++ Summary ===
# of expected passes 8630
# of unexpected failures 3
# of expected failures 45
# of unsupported tests 525
=== Summary adjusted for local xfails ===
# of errors 2
# of unexpected failures 3
# of expected passes 8630
# of expected failures 45
# of unsupported tests 525
=== g++ tests ===
Running target localhost/-m64
=== g++ Summary ===
# of expected passes 52368
# of expected failures 290
# of unsupported tests 854
/scratch/gcc/nightly-2014-01-06-4.8/i686-pc-linux-gnu/obj/test-4.8-0-i686-pc-linux-gnu/host-i686-pc-linux-gnu/fsf-4.8/bin/i686-pc-linux-gnu-g++ version 4.8.3 20140106 (prerelease) (GCC)
=== Summary adjusted for local xfails ===
# of expected passes 52368
# of expected failures 290
# of unsupported tests 854
=== gcc tests ===
Running target localhost/-m64
FAIL: gcc.dg/cproj-fails-with-broken-glibc.c execution test
=== gcc Summary ===
# of expected passes 94110
# of unexpected failures 1
# of expected failures 265
# of unsupported tests 1383
/scratch/gcc/nightly-2014-01-06-4.8/i686-pc-linux-gnu/obj/test-4.8-0-i686-pc-linux-gnu/host-i686-pc-linux-gnu/fsf-4.8/bin/i686-pc-linux-gnu-gcc version 4.8.3 20140106 (prerelease) (GCC)
=== Summary adjusted for local xfails ===
# of unexpected failures 1
# of expected passes 94110
# of expected failures 265
# of unsupported tests 1383
=== gfortran tests ===
Running target localhost/-m64
=== gfortran Summary ===
# of expected passes 43768
# of expected failures 56
# of unsupported tests 83
/scratch/gcc/nightly-2014-01-06-4.8/i686-pc-linux-gnu/obj/test-4.8-0-i686-pc-linux-gnu/host-i686-pc-linux-gnu/fsf-4.8/bin/i686-pc-linux-gnu-gfortran version 4.8.3 20140106 (prerelease) (GCC)
=== Summary adjusted for local xfails ===
# of expected passes 43768
# of expected failures 56
# of unsupported tests 83
=== libstdc++ tests ===
Running target localhost/-m64
ERROR: tcl error sourcing /scratch/gcc/nightly-2014-01-06-4.8/src/gcc-4.8/libstdc++-v3/testsuite/libstdc++-abi/abi.exp.
ERROR: can't read "baseline_subdir_switch": no such variable
FAIL: 29_atomics/atomic/cons/user_pod.cc (test for excess errors)
FAIL: 29_atomics/atomic_flag/test_and_set/explicit-hle.cc scan-assembler-times xacquire|.byte[^\\n\\r]*0xf2 14
FAIL: 29_atomics/atomic_flag/test_and_set/explicit-hle.cc scan-assembler-times xrelease|.byte[^\\n\\r]*0xf3 14
=== libstdc++ Summary ===
# of expected passes 8630
# of unexpected failures 3
# of expected failures 45
# of unsupported tests 525
=== Summary adjusted for local xfails ===
# of errors 2
# of unexpected failures 3
# of expected passes 8630
# of expected failures 45
# of unsupported tests 525
Compiler version: 4.8.3 20140106 (prerelease) (GCC)
Platform: i686-pc-linux-gnu
configure flags: --build=i686-pc-linux-gnu --host=i686-pc-linux-gnu --target=i686-pc-linux-gnu --enable-threads --disable-libmudflap --disable-libssp --disable-libstdcxx-pch --enable-targets=all --with-gnu-as --with-gnu-ld --enable-languages=c,c++,fortran --enable-shared --enable-lto --disable-nls --prefix=/scratch/gcc/nightly-2014-01-06-4.8/i686-pc-linux-gnu/install --with-gmp=/scratch/gcc/nightly-2014-01-06-4.8/i686-pc-linux-gnu/obj/pkg-4.8-0-i686-pc-linux-gnu/fsf-4.8-0-i686-pc-linux-gnu.extras/host-libs-i686-pc-linux-gnu/usr --with-mpfr=/scratch/gcc/nightly-2014-01-06-4.8/i686-pc-linux-gnu/obj/pkg-4.8-0-i686-pc-linux-gnu/fsf-4.8-0-i686-pc-linux-gnu.extras/host-libs-i686-pc-linux-gnu/usr --with-mpc=/scratch/gcc/nightly-2014-01-06-4.8/i686-pc-linux-gnu/obj/pkg-4.8-0-i686-pc-linux-gnu/fsf-4.8-0-i686-pc-linux-gnu.extras/host-libs-i686-pc-linux-gnu/usr --with-host-libstdcxx='-L/usr/local/tools/gcc-4.7.3/i686-pc-linux-gnu/lib -static-libgcc -Wl,-Bstatic,-lstdc++,-Bdynamic -lm' -
-with-isl=/scratch/gcc/nightly-2014-01-06-4.8/i686-pc-linux-gnu/obj/pkg-4.8-0-i686-pc-linux-gnu/fsf-4.8-0-i686-pc-linux-gnu.extras/host-libs-i686-pc-linux-gnu/usr --with-cloog=/scratch/gcc/nightly-2014-01-06-4.8/i686-pc-linux-gnu/obj/pkg-4.8-0-i686-pc-linux-gnu/fsf-4.8-0-i686-pc-linux-gnu.extras/host-libs-i686-pc-linux-gnu/usr --disable-libgomp --disable-libitm --disable-libssp --with-build-time-tools=/scratch/gcc/nightly-2014-01-06-4.8/i686-pc-linux-gnu/install/i686-pc-linux-gnu/bin --with-build-time-tools=/scratch/gcc/nightly-2014-01-06-4.8/i686-pc-linux-gnu/install/i686-pc-linux-gnu/bin SED=sed