This is the mail archive of the
gcc-testresults@gcc.gnu.org
mailing list for the GCC project.
Results for 4.9.0 20140105 (experimental) testsuite on sparc-unknown-linux-gnu
- From: Mikael Pettersson <mikpelinux at gmail dot com>
- To: gcc-testresults at gcc dot gnu dot org
- Date: Tue, 7 Jan 2014 01:17:23 +0100
- Subject: Results for 4.9.0 20140105 (experimental) testsuite on sparc-unknown-linux-gnu
- Authentication-results: sourceware.org; auth=none
LAST_UPDATED: Obtained from SVN: trunk revision 206348
=== acats tests ===
FAIL: c52103x
FAIL: c52104x
FAIL: c52104y
=== acats Summary ===
# of expected passes 2317
# of unexpected failures 3
Native configuration is sparc-unknown-linux-gnu
=== g++ tests ===
Running target unix
=== g++ Summary ===
# of expected passes 52767
# of expected failures 288
# of unsupported tests 1231
/mnt/scratch/objdir49/gcc/testsuite/g++/../../xg++ version 4.9.0 20140105 (experimental) (GCC)
=== gcc tests ===
Running target unix
XPASS: gcc.dg/binop-xor1.c scan-tree-dump-times optimized "\\\\^" 1
FAIL: gcc.dg/tree-prof/crossmodule-indircall-1a.c compilation, -fprofile-generate -D_PROFILE_GENERATE
UNRESOLVED: gcc.dg/tree-prof/crossmodule-indircall-1a.c execution, -fprofile-generate -D_PROFILE_GENERATE
UNRESOLVED: gcc.dg/tree-prof/crossmodule-indircall-1a.c compilation, -fprofile-use -D_PROFILE_USE
UNRESOLVED: gcc.dg/tree-prof/crossmodule-indircall-1a.c execution, -fprofile-use -D_PROFILE_USE
=== gcc Summary ===
# of expected passes 74340
# of unexpected failures 1
# of unexpected successes 1
# of expected failures 221
# of unresolved testcases 3
# of unsupported tests 1472
/mnt/scratch/objdir49/gcc/xgcc version 4.9.0 20140105 (experimental) (GCC)
=== gfortran tests ===
Running target unix
FAIL: gfortran.dg/class_48.f90 -O2 (test for excess errors)
FAIL: gfortran.dg/class_48.f90 -Os (test for excess errors)
=== gfortran Summary ===
# of expected passes 44538
# of unexpected failures 2
# of expected failures 40
# of unsupported tests 279
/mnt/scratch/objdir49/gcc/testsuite/gfortran/../../gfortran version 4.9.0 20140105 (experimental) (GCC)
=== gnat tests ===
Running target unix
FAIL: gnat.dg/null_pointer_deref1.adb execution test
FAIL: gnat.dg/null_pointer_deref3.adb execution test
=== gnat Summary ===
# of expected passes 1198
# of unexpected failures 2
# of expected failures 18
# of unsupported tests 11
/mnt/scratch/objdir49/gcc/gnatmake version 4.9.0 20140105 (experimental)
=== libatomic tests ===
Running target unix
=== libatomic Summary ===
# of expected passes 44
# of unsupported tests 5
=== libgomp tests ===
Running target unix
=== libgomp Summary ===
# of expected passes 2343
# of unsupported tests 1
=== libitm tests ===
Running target unix
=== libitm Summary ===
# of expected passes 26
# of expected failures 3
# of unsupported tests 1
=== libstdc++ tests ===
Running target unix
FAIL: libstdc++-abi/abi_check
FAIL: 22_locale/messages/members/char/1.cc execution test
FAIL: 22_locale/messages/members/char/2.cc execution test
FAIL: 22_locale/messages/members/char/wrapped_env.cc execution test
FAIL: 22_locale/messages/members/char/wrapped_locale.cc execution test
FAIL: 22_locale/messages_byname/named_equivalence.cc execution test
=== libstdc++ Summary ===
# of expected passes 9653
# of unexpected failures 6
# of expected failures 40
# of unsupported tests 259
Compiler version: 4.9.0 20140105 (experimental)
Platform: sparc-unknown-linux-gnu
configure flags: --prefix=/mnt/scratch/install49 --with-gmp=/home/mikpe/pkgs/linux-sparc64/gmp-5.1.3 --with-mpfr=/home/mikpe/pkgs/linux-sparc64/mpfr-3.1.2 --with-mpc=/home/mikpe/pkgs/linux-sparc64/mpc-1.0.1 --enable-multilib --disable-plugin --disable-lto --disable-nls --enable-threads=posix --enable-checking=release --disable-libmudflap --enable-languages=c,ada,c++,fortran --build=sparc-unknown-linux --target=sparc-unknown-linux --with-cpu=ultrasparc --enable-targets=all --disable-libsanitizer
BOOT_CFLAGS=-g -O2