This is the mail archive of the
gcc-testresults@gcc.gnu.org
mailing list for the GCC project.
Results for 4.9.0 20140106 (experimental) (GCC) testsuite on arm-none-eabi
- From: CodeSourcery Automatic Testing System <gcc at codesourcery dot com>
- To: <gcc-testresults at gcc dot gnu dot org>
- Date: Mon, 6 Jan 2014 12:14:42 -0800
- Subject: Results for 4.9.0 20140106 (experimental) (GCC) testsuite on arm-none-eabi
- Authentication-results: sourceware.org; auth=none
LAST_UPDATED: Mon Jan 6 08:08:55 UTC 2014 (/trunk revision 206353)
Target is arm-none-eabi
Host is i686-pc-linux-gnu
=== g++ tests ===
Running target arm-sim-fsf
FAIL: g++.dg/cilk-plus/CK/catch_exc.cc -fcilkplus (test for excess errors)
UNRESOLVED: g++.dg/cilk-plus/CK/catch_exc.cc -fcilkplus compilation failed to produce executable
FAIL: g++.dg/cilk-plus/CK/const_spawn.cc -fcilkplus (test for excess errors)
UNRESOLVED: g++.dg/cilk-plus/CK/const_spawn.cc -fcilkplus compilation failed to produce executable
FAIL: g++.dg/cilk-plus/CK/fib-opr-overload.cc -fcilkplus (test for excess errors)
UNRESOLVED: g++.dg/cilk-plus/CK/fib-opr-overload.cc -fcilkplus compilation failed to produce executable
FAIL: g++.dg/cilk-plus/CK/fib-tplt.cc -fcilkplus (test for excess errors)
UNRESOLVED: g++.dg/cilk-plus/CK/fib-tplt.cc -fcilkplus compilation failed to produce executable
FAIL: g++.dg/cilk-plus/CK/lambda_spawns.cc -fcilkplus (test for excess errors)
UNRESOLVED: g++.dg/cilk-plus/CK/lambda_spawns.cc -fcilkplus compilation failed to produce executable
FAIL: g++.dg/cilk-plus/CK/lambda_spawns_tplt.cc -fcilkplus (test for excess errors)
UNRESOLVED: g++.dg/cilk-plus/CK/lambda_spawns_tplt.cc -fcilkplus compilation failed to produce executable
FAIL: g++.dg/cilk-plus/CK/catch_exc.cc -O1 -fcilkplus (test for excess errors)
UNRESOLVED: g++.dg/cilk-plus/CK/catch_exc.cc -O1 -fcilkplus compilation failed to produce executable
FAIL: g++.dg/cilk-plus/CK/const_spawn.cc -O1 -fcilkplus (test for excess errors)
UNRESOLVED: g++.dg/cilk-plus/CK/const_spawn.cc -O1 -fcilkplus compilation failed to produce executable
FAIL: g++.dg/cilk-plus/CK/fib-opr-overload.cc -O1 -fcilkplus (test for excess errors)
UNRESOLVED: g++.dg/cilk-plus/CK/fib-opr-overload.cc -O1 -fcilkplus compilation failed to produce executable
FAIL: g++.dg/cilk-plus/CK/fib-tplt.cc -O1 -fcilkplus (test for excess errors)
UNRESOLVED: g++.dg/cilk-plus/CK/fib-tplt.cc -O1 -fcilkplus compilation failed to produce executable
FAIL: g++.dg/cilk-plus/CK/lambda_spawns.cc -O1 -fcilkplus (test for excess errors)
UNRESOLVED: g++.dg/cilk-plus/CK/lambda_spawns.cc -O1 -fcilkplus compilation failed to produce executable
FAIL: g++.dg/cilk-plus/CK/lambda_spawns_tplt.cc -O1 -fcilkplus (test for excess errors)
UNRESOLVED: g++.dg/cilk-plus/CK/lambda_spawns_tplt.cc -O1 -fcilkplus compilation failed to produce executable
FAIL: g++.dg/cilk-plus/CK/catch_exc.cc -O2 -fcilkplus (test for excess errors)
UNRESOLVED: g++.dg/cilk-plus/CK/catch_exc.cc -O2 -fcilkplus compilation failed to produce executable
FAIL: g++.dg/cilk-plus/CK/const_spawn.cc -O2 -fcilkplus (test for excess errors)
UNRESOLVED: g++.dg/cilk-plus/CK/const_spawn.cc -O2 -fcilkplus compilation failed to produce executable
FAIL: g++.dg/cilk-plus/CK/fib-opr-overload.cc -O2 -fcilkplus (test for excess errors)
UNRESOLVED: g++.dg/cilk-plus/CK/fib-opr-overload.cc -O2 -fcilkplus compilation failed to produce executable
FAIL: g++.dg/cilk-plus/CK/fib-tplt.cc -O2 -fcilkplus (test for excess errors)
UNRESOLVED: g++.dg/cilk-plus/CK/fib-tplt.cc -O2 -fcilkplus compilation failed to produce executable
FAIL: g++.dg/cilk-plus/CK/lambda_spawns.cc -O2 -fcilkplus (test for excess errors)
UNRESOLVED: g++.dg/cilk-plus/CK/lambda_spawns.cc -O2 -fcilkplus compilation failed to produce executable
FAIL: g++.dg/cilk-plus/CK/lambda_spawns_tplt.cc -O2 -fcilkplus (test for excess errors)
UNRESOLVED: g++.dg/cilk-plus/CK/lambda_spawns_tplt.cc -O2 -fcilkplus compilation failed to produce executable
FAIL: g++.dg/cilk-plus/CK/catch_exc.cc -O3 -fcilkplus (test for excess errors)
UNRESOLVED: g++.dg/cilk-plus/CK/catch_exc.cc -O3 -fcilkplus compilation failed to produce executable
FAIL: g++.dg/cilk-plus/CK/const_spawn.cc -O3 -fcilkplus (test for excess errors)
UNRESOLVED: g++.dg/cilk-plus/CK/const_spawn.cc -O3 -fcilkplus compilation failed to produce executable
FAIL: g++.dg/cilk-plus/CK/fib-opr-overload.cc -O3 -fcilkplus (test for excess errors)
UNRESOLVED: g++.dg/cilk-plus/CK/fib-opr-overload.cc -O3 -fcilkplus compilation failed to produce executable
FAIL: g++.dg/cilk-plus/CK/fib-tplt.cc -O3 -fcilkplus (test for excess errors)
UNRESOLVED: g++.dg/cilk-plus/CK/fib-tplt.cc -O3 -fcilkplus compilation failed to produce executable
FAIL: g++.dg/cilk-plus/CK/lambda_spawns.cc -O3 -fcilkplus (test for excess errors)
UNRESOLVED: g++.dg/cilk-plus/CK/lambda_spawns.cc -O3 -fcilkplus compilation failed to produce executable
FAIL: g++.dg/cilk-plus/CK/lambda_spawns_tplt.cc -O3 -fcilkplus (test for excess errors)
UNRESOLVED: g++.dg/cilk-plus/CK/lambda_spawns_tplt.cc -O3 -fcilkplus compilation failed to produce executable
FAIL: g++.dg/cilk-plus/CK/catch_exc.cc -g -fcilkplus (test for excess errors)
UNRESOLVED: g++.dg/cilk-plus/CK/catch_exc.cc -g -fcilkplus compilation failed to produce executable
FAIL: g++.dg/cilk-plus/CK/const_spawn.cc -g -fcilkplus (test for excess errors)
UNRESOLVED: g++.dg/cilk-plus/CK/const_spawn.cc -g -fcilkplus compilation failed to produce executable
FAIL: g++.dg/cilk-plus/CK/fib-opr-overload.cc -g -fcilkplus (test for excess errors)
UNRESOLVED: g++.dg/cilk-plus/CK/fib-opr-overload.cc -g -fcilkplus compilation failed to produce executable
FAIL: g++.dg/cilk-plus/CK/fib-tplt.cc -g -fcilkplus (test for excess errors)
UNRESOLVED: g++.dg/cilk-plus/CK/fib-tplt.cc -g -fcilkplus compilation failed to produce executable
FAIL: g++.dg/cilk-plus/CK/lambda_spawns.cc -g -fcilkplus (test for excess errors)
UNRESOLVED: g++.dg/cilk-plus/CK/lambda_spawns.cc -g -fcilkplus compilation failed to produce executable
FAIL: g++.dg/cilk-plus/CK/lambda_spawns_tplt.cc -g -fcilkplus (test for excess errors)
UNRESOLVED: g++.dg/cilk-plus/CK/lambda_spawns_tplt.cc -g -fcilkplus compilation failed to produce executable
FAIL: g++.dg/cilk-plus/CK/catch_exc.cc -g -O2 -fcilkplus (test for excess errors)
UNRESOLVED: g++.dg/cilk-plus/CK/catch_exc.cc -g -O2 -fcilkplus compilation failed to produce executable
FAIL: g++.dg/cilk-plus/CK/const_spawn.cc -g -O2 -fcilkplus (test for excess errors)
UNRESOLVED: g++.dg/cilk-plus/CK/const_spawn.cc -g -O2 -fcilkplus compilation failed to produce executable
FAIL: g++.dg/cilk-plus/CK/fib-opr-overload.cc -g -O2 -fcilkplus (test for excess errors)
UNRESOLVED: g++.dg/cilk-plus/CK/fib-opr-overload.cc -g -O2 -fcilkplus compilation failed to produce executable
FAIL: g++.dg/cilk-plus/CK/fib-tplt.cc -g -O2 -fcilkplus (test for excess errors)
UNRESOLVED: g++.dg/cilk-plus/CK/fib-tplt.cc -g -O2 -fcilkplus compilation failed to produce executable
FAIL: g++.dg/cilk-plus/CK/lambda_spawns.cc -g -O2 -fcilkplus (test for excess errors)
UNRESOLVED: g++.dg/cilk-plus/CK/lambda_spawns.cc -g -O2 -fcilkplus compilation failed to produce executable
FAIL: g++.dg/cilk-plus/CK/lambda_spawns_tplt.cc -g -O2 -fcilkplus (test for excess errors)
UNRESOLVED: g++.dg/cilk-plus/CK/lambda_spawns_tplt.cc -g -O2 -fcilkplus compilation failed to produce executable
FAIL: g++.dg/cilk-plus/CK/catch_exc.cc -g -O3 -fcilkplus (test for excess errors)
UNRESOLVED: g++.dg/cilk-plus/CK/catch_exc.cc -g -O3 -fcilkplus compilation failed to produce executable
FAIL: g++.dg/cilk-plus/CK/const_spawn.cc -g -O3 -fcilkplus (test for excess errors)
UNRESOLVED: g++.dg/cilk-plus/CK/const_spawn.cc -g -O3 -fcilkplus compilation failed to produce executable
FAIL: g++.dg/cilk-plus/CK/fib-opr-overload.cc -g -O3 -fcilkplus (test for excess errors)
UNRESOLVED: g++.dg/cilk-plus/CK/fib-opr-overload.cc -g -O3 -fcilkplus compilation failed to produce executable
FAIL: g++.dg/cilk-plus/CK/fib-tplt.cc -g -O3 -fcilkplus (test for excess errors)
UNRESOLVED: g++.dg/cilk-plus/CK/fib-tplt.cc -g -O3 -fcilkplus compilation failed to produce executable
FAIL: g++.dg/cilk-plus/CK/lambda_spawns.cc -g -O3 -fcilkplus (test for excess errors)
UNRESOLVED: g++.dg/cilk-plus/CK/lambda_spawns.cc -g -O3 -fcilkplus compilation failed to produce executable
FAIL: g++.dg/cilk-plus/CK/lambda_spawns_tplt.cc -g -O3 -fcilkplus (test for excess errors)
UNRESOLVED: g++.dg/cilk-plus/CK/lambda_spawns_tplt.cc -g -O3 -fcilkplus compilation failed to produce executable
FAIL: g++.dg/debug/ra1.C -gdwarf-2 -g1 (test for excess errors)
FAIL: g++.dg/debug/ra1.C -gdwarf-2 -g1 -O2 (test for excess errors)
FAIL: g++.dg/debug/ra1.C -gdwarf-2 -g1 -O3 (test for excess errors)
FAIL: g++.dg/debug/ra1.C -gdwarf-2 (test for excess errors)
FAIL: g++.dg/debug/ra1.C -gdwarf-2 -O2 (test for excess errors)
FAIL: g++.dg/debug/ra1.C -gdwarf-2 -O3 (test for excess errors)
FAIL: g++.dg/debug/ra1.C -gdwarf-2 -g3 (test for excess errors)
FAIL: g++.dg/debug/ra1.C -gdwarf-2 -g3 -O2 (test for excess errors)
FAIL: g++.dg/debug/ra1.C -gdwarf-2 -g3 -O3 (test for excess errors)
FAIL: g++.dg/debug/ra1.C -gstabs1 (test for excess errors)
FAIL: g++.dg/debug/ra1.C -gstabs1 -O2 (test for excess errors)
FAIL: g++.dg/debug/ra1.C -gstabs1 -O3 (test for excess errors)
FAIL: g++.dg/debug/ra1.C -gstabs (test for excess errors)
FAIL: g++.dg/debug/ra1.C -gstabs -O2 (test for excess errors)
FAIL: g++.dg/debug/ra1.C -gstabs -O3 (test for excess errors)
FAIL: g++.dg/debug/ra1.C -gstabs3 (test for excess errors)
FAIL: g++.dg/debug/ra1.C -gstabs3 -O2 (test for excess errors)
FAIL: g++.dg/debug/ra1.C -gstabs3 -O3 (test for excess errors)
FAIL: g++.dg/debug/ra1.C -gstabs+1 (test for excess errors)
FAIL: g++.dg/debug/ra1.C -gstabs+1 -O2 (test for excess errors)
FAIL: g++.dg/debug/ra1.C -gstabs+1 -O3 (test for excess errors)
FAIL: g++.dg/debug/ra1.C -gstabs+ (test for excess errors)
FAIL: g++.dg/debug/ra1.C -gstabs+ -O2 (test for excess errors)
FAIL: g++.dg/debug/ra1.C -gstabs+ -O3 (test for excess errors)
FAIL: g++.dg/debug/ra1.C -gstabs+3 (test for excess errors)
FAIL: g++.dg/debug/ra1.C -gstabs+3 -O2 (test for excess errors)
FAIL: g++.dg/debug/ra1.C -gstabs+3 -O3 (test for excess errors)
FAIL: g++.dg/parse/enum5.C -std=c++98 (test for excess errors)
FAIL: g++.dg/parse/enum5.C -std=c++11 (test for excess errors)
=== g++ Summary ===
# of expected passes 51636
# of unexpected failures 71
# of expected failures 283
# of unresolved testcases 42
# of unsupported tests 1298
/scratch/gcc/nightly-2014-01-06-mainline/arm-none-eabi/obj/test-mainline-0-arm-none-eabi/host-i686-pc-linux-gnu/fsf-mainline/bin/arm-none-eabi-g++ version 4.9.0 20140106 (experimental) (GCC)
=== Summary adjusted for local xfails ===
# of unexpected failures 71
# of expected passes 51636
# of expected failures 283
# of unresolved testcases 42
# of unsupported tests 1298
Host is i686-pc-linux-gnu
=== gcc tests ===
Running target arm-sim-fsf
XPASS: gcc.dg/binop-xor1.c scan-tree-dump-times optimized "\\\\^" 1
FAIL: gcc.dg/builtin-unreachable-6.c (internal compiler error)
FAIL: gcc.dg/builtin-unreachable-6.c (test for excess errors)
FAIL: gcc.dg/uninit-13.c unconditional (test for warnings, line 8)
FAIL: gcc.dg/uninit-13.c (test for excess errors)
FAIL: gcc.dg/tree-ssa/sra-12.c scan-tree-dump-times release_ssa "l;" 0
FAIL: gcc.dg/vect/pr57705.c execution test
FAIL: gcc.dg/vect/pr57741-2.c execution test
FAIL: gcc.dg/vect/pr57741-3.c execution test
FAIL: gcc.dg/vect/pr59591-1.c execution test
FAIL: gcc.dg/vect/pr59591-2.c execution test
WARNING: program timed out.
FAIL: gcc.dg/vect/vect-mask-load-1.c execution test
WARNING: program timed out.
FAIL: gcc.dg/vect/vect-mask-loadstore-1.c execution test
WARNING: program timed out.
FAIL: gcc.dg/vect/vect-nop-move.c execution test
FAIL: gcc.dg/vect/pr57705.c -flto -ffat-lto-objects execution test
WARNING: program timed out.
FAIL: gcc.dg/vect/pr57741-2.c -flto -ffat-lto-objects execution test
WARNING: program timed out.
FAIL: gcc.dg/vect/pr57741-3.c -flto -ffat-lto-objects execution test
FAIL: gcc.dg/vect/pr59591-1.c -flto -ffat-lto-objects execution test
FAIL: gcc.dg/vect/pr59591-2.c -flto -ffat-lto-objects execution test
WARNING: program timed out.
FAIL: gcc.dg/vect/vect-mask-load-1.c -flto -ffat-lto-objects execution test
FAIL: gcc.dg/vect/vect-mask-loadstore-1.c -flto -ffat-lto-objects execution test
WARNING: program timed out.
FAIL: gcc.dg/vect/vect-nop-move.c -flto -ffat-lto-objects execution test
FAIL: gcc.target/arm/fixed_float_conversion.c scan-assembler vcvt.f32.s32
FAIL: gcc.target/arm/fixed_float_conversion.c scan-assembler vcvt.s32.f32
FAIL: gcc.target/arm/neon-vext-execute.c execution test
FAIL: gcc.target/arm/pr42172-1.c scan-assembler-times ldr 1
FAIL: gcc.target/arm/pr42575.c scan-assembler-not mov
FAIL: gcc.target/arm/pr45701-1.c scan-assembler push\\t{r3
FAIL: gcc.target/arm/thumb-cbranchqi.c scan-assembler bhi
FAIL: gcc.target/arm/thumb-ltu.c scan-assembler-not uxtb
=== gcc Summary ===
# of expected passes 91661
# of unexpected failures 29
# of unexpected successes 1
# of expected failures 237
# of unsupported tests 1896
/scratch/gcc/nightly-2014-01-06-mainline/arm-none-eabi/obj/test-mainline-0-arm-none-eabi/host-i686-pc-linux-gnu/fsf-mainline/bin/arm-none-eabi-gcc version 4.9.0 20140106 (experimental) (GCC)
=== Summary adjusted for local xfails ===
# of unexpected failures 29
# of expected passes 91661
# of unexpected successes 1
# of expected failures 237
# of unsupported tests 1896
Host is i686-pc-linux-gnu
=== libstdc++ tests ===
Running target arm-sim-fsf
ERROR: tcl error sourcing /scratch/gcc/nightly-2014-01-06-mainline/src/gcc-mainline/libstdc++-v3/testsuite/libstdc++-abi/abi.exp.
ERROR: can't read "baseline_subdir_switch": no such variable
FAIL: 27_io/basic_filebuf/underflow/wchar_t/11603.cc execution test
FAIL: 29_atomics/atomic/cons/user_pod.cc (test for excess errors)
FAIL: 29_atomics/atomic/operators/integral_assignment.cc (test for excess errors)
UNRESOLVED: 29_atomics/atomic/operators/integral_assignment.cc compilation failed to produce executable
FAIL: 29_atomics/atomic/operators/integral_conversion.cc (test for excess errors)
UNRESOLVED: 29_atomics/atomic/operators/integral_conversion.cc compilation failed to produce executable
FAIL: 29_atomics/atomic_flag/clear/1.cc (test for excess errors)
UNRESOLVED: 29_atomics/atomic_flag/clear/1.cc compilation failed to produce executable
FAIL: 29_atomics/atomic_flag/test_and_set/explicit.cc (test for excess errors)
UNRESOLVED: 29_atomics/atomic_flag/test_and_set/explicit.cc compilation failed to produce executable
FAIL: 29_atomics/atomic_flag/test_and_set/implicit.cc (test for excess errors)
UNRESOLVED: 29_atomics/atomic_flag/test_and_set/implicit.cc compilation failed to produce executable
FAIL: 29_atomics/atomic_integral/operators/integral_assignment.cc (test for excess errors)
UNRESOLVED: 29_atomics/atomic_integral/operators/integral_assignment.cc compilation failed to produce executable
FAIL: 29_atomics/atomic_integral/operators/integral_conversion.cc (test for excess errors)
UNRESOLVED: 29_atomics/atomic_integral/operators/integral_conversion.cc compilation failed to produce executable
XPASS: ext/stdio_filebuf/char/10063-2.cc execution test
XPASS: ext/stdio_filebuf/char/10063-3.cc execution test
=== libstdc++ Summary ===
# of expected passes 8191
# of unexpected failures 9
# of unexpected successes 2
# of expected failures 47
# of unresolved testcases 7
# of unsupported tests 675
=== Summary adjusted for local xfails ===
# of errors 2
# of unexpected failures 9
# of expected passes 8191
# of unexpected successes 2
# of expected failures 47
# of unresolved testcases 7
# of unsupported tests 675
Host is i686-pc-linux-gnu
=== g++ tests ===
Running target arm-sim-fsf/-mthumb
FAIL: g++.dg/cilk-plus/CK/catch_exc.cc -fcilkplus (test for excess errors)
UNRESOLVED: g++.dg/cilk-plus/CK/catch_exc.cc -fcilkplus compilation failed to produce executable
FAIL: g++.dg/cilk-plus/CK/const_spawn.cc -fcilkplus (test for excess errors)
UNRESOLVED: g++.dg/cilk-plus/CK/const_spawn.cc -fcilkplus compilation failed to produce executable
FAIL: g++.dg/cilk-plus/CK/fib-opr-overload.cc -fcilkplus (test for excess errors)
UNRESOLVED: g++.dg/cilk-plus/CK/fib-opr-overload.cc -fcilkplus compilation failed to produce executable
FAIL: g++.dg/cilk-plus/CK/fib-tplt.cc -fcilkplus (test for excess errors)
UNRESOLVED: g++.dg/cilk-plus/CK/fib-tplt.cc -fcilkplus compilation failed to produce executable
FAIL: g++.dg/cilk-plus/CK/lambda_spawns.cc -fcilkplus (test for excess errors)
UNRESOLVED: g++.dg/cilk-plus/CK/lambda_spawns.cc -fcilkplus compilation failed to produce executable
FAIL: g++.dg/cilk-plus/CK/lambda_spawns_tplt.cc -fcilkplus (test for excess errors)
UNRESOLVED: g++.dg/cilk-plus/CK/lambda_spawns_tplt.cc -fcilkplus compilation failed to produce executable
FAIL: g++.dg/cilk-plus/CK/catch_exc.cc -O1 -fcilkplus (test for excess errors)
UNRESOLVED: g++.dg/cilk-plus/CK/catch_exc.cc -O1 -fcilkplus compilation failed to produce executable
FAIL: g++.dg/cilk-plus/CK/const_spawn.cc -O1 -fcilkplus (test for excess errors)
UNRESOLVED: g++.dg/cilk-plus/CK/const_spawn.cc -O1 -fcilkplus compilation failed to produce executable
FAIL: g++.dg/cilk-plus/CK/fib-opr-overload.cc -O1 -fcilkplus (test for excess errors)
UNRESOLVED: g++.dg/cilk-plus/CK/fib-opr-overload.cc -O1 -fcilkplus compilation failed to produce executable
FAIL: g++.dg/cilk-plus/CK/fib-tplt.cc -O1 -fcilkplus (test for excess errors)
UNRESOLVED: g++.dg/cilk-plus/CK/fib-tplt.cc -O1 -fcilkplus compilation failed to produce executable
FAIL: g++.dg/cilk-plus/CK/lambda_spawns.cc -O1 -fcilkplus (test for excess errors)
UNRESOLVED: g++.dg/cilk-plus/CK/lambda_spawns.cc -O1 -fcilkplus compilation failed to produce executable
FAIL: g++.dg/cilk-plus/CK/lambda_spawns_tplt.cc -O1 -fcilkplus (test for excess errors)
UNRESOLVED: g++.dg/cilk-plus/CK/lambda_spawns_tplt.cc -O1 -fcilkplus compilation failed to produce executable
FAIL: g++.dg/cilk-plus/CK/catch_exc.cc -O2 -fcilkplus (test for excess errors)
UNRESOLVED: g++.dg/cilk-plus/CK/catch_exc.cc -O2 -fcilkplus compilation failed to produce executable
FAIL: g++.dg/cilk-plus/CK/const_spawn.cc -O2 -fcilkplus (test for excess errors)
UNRESOLVED: g++.dg/cilk-plus/CK/const_spawn.cc -O2 -fcilkplus compilation failed to produce executable
FAIL: g++.dg/cilk-plus/CK/fib-opr-overload.cc -O2 -fcilkplus (test for excess errors)
UNRESOLVED: g++.dg/cilk-plus/CK/fib-opr-overload.cc -O2 -fcilkplus compilation failed to produce executable
FAIL: g++.dg/cilk-plus/CK/fib-tplt.cc -O2 -fcilkplus (test for excess errors)
UNRESOLVED: g++.dg/cilk-plus/CK/fib-tplt.cc -O2 -fcilkplus compilation failed to produce executable
FAIL: g++.dg/cilk-plus/CK/lambda_spawns.cc -O2 -fcilkplus (test for excess errors)
UNRESOLVED: g++.dg/cilk-plus/CK/lambda_spawns.cc -O2 -fcilkplus compilation failed to produce executable
FAIL: g++.dg/cilk-plus/CK/lambda_spawns_tplt.cc -O2 -fcilkplus (test for excess errors)
UNRESOLVED: g++.dg/cilk-plus/CK/lambda_spawns_tplt.cc -O2 -fcilkplus compilation failed to produce executable
FAIL: g++.dg/cilk-plus/CK/catch_exc.cc -O3 -fcilkplus (test for excess errors)
UNRESOLVED: g++.dg/cilk-plus/CK/catch_exc.cc -O3 -fcilkplus compilation failed to produce executable
FAIL: g++.dg/cilk-plus/CK/const_spawn.cc -O3 -fcilkplus (test for excess errors)
UNRESOLVED: g++.dg/cilk-plus/CK/const_spawn.cc -O3 -fcilkplus compilation failed to produce executable
FAIL: g++.dg/cilk-plus/CK/fib-opr-overload.cc -O3 -fcilkplus (test for excess errors)
UNRESOLVED: g++.dg/cilk-plus/CK/fib-opr-overload.cc -O3 -fcilkplus compilation failed to produce executable
FAIL: g++.dg/cilk-plus/CK/fib-tplt.cc -O3 -fcilkplus (test for excess errors)
UNRESOLVED: g++.dg/cilk-plus/CK/fib-tplt.cc -O3 -fcilkplus compilation failed to produce executable
FAIL: g++.dg/cilk-plus/CK/lambda_spawns.cc -O3 -fcilkplus (test for excess errors)
UNRESOLVED: g++.dg/cilk-plus/CK/lambda_spawns.cc -O3 -fcilkplus compilation failed to produce executable
FAIL: g++.dg/cilk-plus/CK/lambda_spawns_tplt.cc -O3 -fcilkplus (test for excess errors)
UNRESOLVED: g++.dg/cilk-plus/CK/lambda_spawns_tplt.cc -O3 -fcilkplus compilation failed to produce executable
FAIL: g++.dg/cilk-plus/CK/catch_exc.cc -g -fcilkplus (test for excess errors)
UNRESOLVED: g++.dg/cilk-plus/CK/catch_exc.cc -g -fcilkplus compilation failed to produce executable
FAIL: g++.dg/cilk-plus/CK/const_spawn.cc -g -fcilkplus (test for excess errors)
UNRESOLVED: g++.dg/cilk-plus/CK/const_spawn.cc -g -fcilkplus compilation failed to produce executable
FAIL: g++.dg/cilk-plus/CK/fib-opr-overload.cc -g -fcilkplus (test for excess errors)
UNRESOLVED: g++.dg/cilk-plus/CK/fib-opr-overload.cc -g -fcilkplus compilation failed to produce executable
FAIL: g++.dg/cilk-plus/CK/fib-tplt.cc -g -fcilkplus (test for excess errors)
UNRESOLVED: g++.dg/cilk-plus/CK/fib-tplt.cc -g -fcilkplus compilation failed to produce executable
FAIL: g++.dg/cilk-plus/CK/lambda_spawns.cc -g -fcilkplus (test for excess errors)
UNRESOLVED: g++.dg/cilk-plus/CK/lambda_spawns.cc -g -fcilkplus compilation failed to produce executable
FAIL: g++.dg/cilk-plus/CK/lambda_spawns_tplt.cc -g -fcilkplus (test for excess errors)
UNRESOLVED: g++.dg/cilk-plus/CK/lambda_spawns_tplt.cc -g -fcilkplus compilation failed to produce executable
FAIL: g++.dg/cilk-plus/CK/catch_exc.cc -g -O2 -fcilkplus (test for excess errors)
UNRESOLVED: g++.dg/cilk-plus/CK/catch_exc.cc -g -O2 -fcilkplus compilation failed to produce executable
FAIL: g++.dg/cilk-plus/CK/const_spawn.cc -g -O2 -fcilkplus (test for excess errors)
UNRESOLVED: g++.dg/cilk-plus/CK/const_spawn.cc -g -O2 -fcilkplus compilation failed to produce executable
FAIL: g++.dg/cilk-plus/CK/fib-opr-overload.cc -g -O2 -fcilkplus (test for excess errors)
UNRESOLVED: g++.dg/cilk-plus/CK/fib-opr-overload.cc -g -O2 -fcilkplus compilation failed to produce executable
FAIL: g++.dg/cilk-plus/CK/fib-tplt.cc -g -O2 -fcilkplus (test for excess errors)
UNRESOLVED: g++.dg/cilk-plus/CK/fib-tplt.cc -g -O2 -fcilkplus compilation failed to produce executable
FAIL: g++.dg/cilk-plus/CK/lambda_spawns.cc -g -O2 -fcilkplus (test for excess errors)
UNRESOLVED: g++.dg/cilk-plus/CK/lambda_spawns.cc -g -O2 -fcilkplus compilation failed to produce executable
FAIL: g++.dg/cilk-plus/CK/lambda_spawns_tplt.cc -g -O2 -fcilkplus (test for excess errors)
UNRESOLVED: g++.dg/cilk-plus/CK/lambda_spawns_tplt.cc -g -O2 -fcilkplus compilation failed to produce executable
FAIL: g++.dg/cilk-plus/CK/catch_exc.cc -g -O3 -fcilkplus (test for excess errors)
UNRESOLVED: g++.dg/cilk-plus/CK/catch_exc.cc -g -O3 -fcilkplus compilation failed to produce executable
FAIL: g++.dg/cilk-plus/CK/const_spawn.cc -g -O3 -fcilkplus (test for excess errors)
UNRESOLVED: g++.dg/cilk-plus/CK/const_spawn.cc -g -O3 -fcilkplus compilation failed to produce executable
FAIL: g++.dg/cilk-plus/CK/fib-opr-overload.cc -g -O3 -fcilkplus (test for excess errors)
UNRESOLVED: g++.dg/cilk-plus/CK/fib-opr-overload.cc -g -O3 -fcilkplus compilation failed to produce executable
FAIL: g++.dg/cilk-plus/CK/fib-tplt.cc -g -O3 -fcilkplus (test for excess errors)
UNRESOLVED: g++.dg/cilk-plus/CK/fib-tplt.cc -g -O3 -fcilkplus compilation failed to produce executable
FAIL: g++.dg/cilk-plus/CK/lambda_spawns.cc -g -O3 -fcilkplus (test for excess errors)
UNRESOLVED: g++.dg/cilk-plus/CK/lambda_spawns.cc -g -O3 -fcilkplus compilation failed to produce executable
FAIL: g++.dg/cilk-plus/CK/lambda_spawns_tplt.cc -g -O3 -fcilkplus (test for excess errors)
UNRESOLVED: g++.dg/cilk-plus/CK/lambda_spawns_tplt.cc -g -O3 -fcilkplus compilation failed to produce executable
FAIL: g++.dg/debug/ra1.C -gdwarf-2 -g1 (test for excess errors)
FAIL: g++.dg/debug/ra1.C -gdwarf-2 -g1 -O2 (test for excess errors)
FAIL: g++.dg/debug/ra1.C -gdwarf-2 -g1 -O3 (test for excess errors)
FAIL: g++.dg/debug/ra1.C -gdwarf-2 (test for excess errors)
FAIL: g++.dg/debug/ra1.C -gdwarf-2 -O2 (test for excess errors)
FAIL: g++.dg/debug/ra1.C -gdwarf-2 -O3 (test for excess errors)
FAIL: g++.dg/debug/ra1.C -gdwarf-2 -g3 (test for excess errors)
FAIL: g++.dg/debug/ra1.C -gdwarf-2 -g3 -O2 (test for excess errors)
FAIL: g++.dg/debug/ra1.C -gdwarf-2 -g3 -O3 (test for excess errors)
FAIL: g++.dg/debug/ra1.C -gstabs1 (test for excess errors)
FAIL: g++.dg/debug/ra1.C -gstabs1 -O2 (test for excess errors)
FAIL: g++.dg/debug/ra1.C -gstabs1 -O3 (test for excess errors)
FAIL: g++.dg/debug/ra1.C -gstabs (test for excess errors)
FAIL: g++.dg/debug/ra1.C -gstabs -O2 (test for excess errors)
FAIL: g++.dg/debug/ra1.C -gstabs -O3 (test for excess errors)
FAIL: g++.dg/debug/ra1.C -gstabs3 (test for excess errors)
FAIL: g++.dg/debug/ra1.C -gstabs3 -O2 (test for excess errors)
FAIL: g++.dg/debug/ra1.C -gstabs3 -O3 (test for excess errors)
FAIL: g++.dg/debug/ra1.C -gstabs+1 (test for excess errors)
FAIL: g++.dg/debug/ra1.C -gstabs+1 -O2 (test for excess errors)
FAIL: g++.dg/debug/ra1.C -gstabs+1 -O3 (test for excess errors)
FAIL: g++.dg/debug/ra1.C -gstabs+ (test for excess errors)
FAIL: g++.dg/debug/ra1.C -gstabs+ -O2 (test for excess errors)
FAIL: g++.dg/debug/ra1.C -gstabs+ -O3 (test for excess errors)
FAIL: g++.dg/debug/ra1.C -gstabs+3 (test for excess errors)
FAIL: g++.dg/debug/ra1.C -gstabs+3 -O2 (test for excess errors)
FAIL: g++.dg/debug/ra1.C -gstabs+3 -O3 (test for excess errors)
FAIL: g++.dg/parse/enum5.C -std=c++98 (test for excess errors)
FAIL: g++.dg/parse/enum5.C -std=c++11 (test for excess errors)
FAIL: g++.dg/torture/pr58464.C -Os (internal compiler error)
FAIL: g++.dg/torture/pr58464.C -Os (test for excess errors)
=== g++ Summary ===
# of expected passes 51461
# of unexpected failures 73
# of expected failures 283
# of unresolved testcases 42
# of unsupported tests 1312
/scratch/gcc/nightly-2014-01-06-mainline/arm-none-eabi/obj/test-mainline-0-arm-none-eabi/host-i686-pc-linux-gnu/fsf-mainline/bin/arm-none-eabi-g++ version 4.9.0 20140106 (experimental) (GCC)
=== Summary adjusted for local xfails ===
# of unexpected failures 73
# of expected passes 51461
# of expected failures 283
# of unresolved testcases 42
# of unsupported tests 1312
Host is i686-pc-linux-gnu
=== gcc tests ===
Running target arm-sim-fsf/-mthumb
FAIL: gcc.c-torture/compile/920928-2.c -Os (internal compiler error)
FAIL: gcc.c-torture/compile/920928-2.c -Os (test for excess errors)
FAIL: gcc.c-torture/compile/pr54713-1.c -O0 (internal compiler error)
FAIL: gcc.c-torture/compile/pr54713-1.c -O0 (test for excess errors)
WARNING: program timed out.
FAIL: gcc.c-torture/execute/builtins/pr23484-chk.c execution, -Os
WARNING: program timed out.
FAIL: gcc.c-torture/execute/builtins/snprintf-chk.c execution, -O3 -fomit-frame-pointer -funroll-all-loops -finline-functions
WARNING: program timed out.
FAIL: gcc.c-torture/execute/builtins/vsprintf-chk.c execution, -O2 -flto -fuse-linker-plugin -fno-fat-lto-objects
WARNING: program timed out.
FAIL: gcc.c-torture/execute/20021120-3.c execution, -O0
WARNING: program timed out.
FAIL: gcc.c-torture/execute/920501-2.c execution, -O2
WARNING: program timed out.
FAIL: gcc.c-torture/execute/920501-2.c execution, -Os
WARNING: program timed out.
FAIL: gcc.c-torture/execute/920501-2.c execution, -O2 -flto -fno-use-linker-plugin -flto-partition=none
WARNING: program timed out.
FAIL: gcc.c-torture/execute/920501-8.c execution, -O0
WARNING: program timed out.
FAIL: gcc.c-torture/execute/920726-1.c execution, -O0
WARNING: program timed out.
FAIL: gcc.c-torture/execute/980605-1.c execution, -O2 -flto -fuse-linker-plugin -fno-fat-lto-objects
FAIL: gcc.c-torture/execute/builtin-bitops-1.c compilation, -O2 (internal compiler error)
UNRESOLVED: gcc.c-torture/execute/builtin-bitops-1.c execution, -O2
FAIL: gcc.c-torture/execute/builtin-bitops-1.c compilation, -O3 -fomit-frame-pointer -funroll-loops (internal compiler error)
UNRESOLVED: gcc.c-torture/execute/builtin-bitops-1.c execution, -O3 -fomit-frame-pointer -funroll-loops
FAIL: gcc.c-torture/execute/builtin-bitops-1.c compilation, -O3 -fomit-frame-pointer -funroll-all-loops -finline-functions (internal compiler error)
UNRESOLVED: gcc.c-torture/execute/builtin-bitops-1.c execution, -O3 -fomit-frame-pointer -funroll-all-loops -finline-functions
FAIL: gcc.c-torture/execute/builtin-bitops-1.c compilation, -O2 -flto -fno-use-linker-plugin -flto-partition=none (internal compiler error)
UNRESOLVED: gcc.c-torture/execute/builtin-bitops-1.c execution, -O2 -flto -fno-use-linker-plugin -flto-partition=none
FAIL: gcc.c-torture/execute/builtin-bitops-1.c compilation, -O2 -flto -fuse-linker-plugin -fno-fat-lto-objects (internal compiler error)
UNRESOLVED: gcc.c-torture/execute/builtin-bitops-1.c execution, -O2 -flto -fuse-linker-plugin -fno-fat-lto-objects
XPASS: gcc.dg/binop-xor1.c scan-tree-dump-times optimized "\\\\^" 1
FAIL: gcc.dg/uninit-13.c unconditional (test for warnings, line 8)
FAIL: gcc.dg/uninit-13.c (test for excess errors)
FAIL: c-c++-common/torture/vshuf-v4df.c -O0 (internal compiler error)
FAIL: c-c++-common/torture/vshuf-v4df.c -O0 (test for excess errors)
WARNING: program timed out.
FAIL: gcc.dg/torture/matrix-1.c -O3 -fomit-frame-pointer execution test
WARNING: program timed out.
FAIL: gcc.dg/torture/matrix-1.c -O3 -g execution test
WARNING: program timed out.
FAIL: gcc.dg/torture/matrix-5.c -O3 -fomit-frame-pointer execution test
WARNING: program timed out.
FAIL: gcc.dg/torture/matrix-5.c -O3 -g execution test
WARNING: program timed out.
FAIL: gcc.dg/torture/matrix-6.c -O1 execution test
WARNING: program timed out.
FAIL: gcc.dg/torture/matrix-6.c -O2 execution test
WARNING: program timed out.
FAIL: gcc.dg/torture/matrix-6.c -O2 -flto -fno-use-linker-plugin -flto-partition=none execution test
WARNING: program timed out.
FAIL: gcc.dg/torture/matrix-6.c -O2 -flto -fuse-linker-plugin -fno-fat-lto-objects execution test
FAIL: gcc.dg/torture/pr52028.c -Os (internal compiler error)
FAIL: gcc.dg/torture/pr52028.c -Os (test for excess errors)
UNRESOLVED: gcc.dg/torture/pr52028.c -Os compilation failed to produce executable
WARNING: program timed out.
FAIL: gcc.dg/torture/transpose-1.c -O3 -fomit-frame-pointer execution test
WARNING: program timed out.
FAIL: gcc.dg/torture/transpose-1.c -O3 -g execution test
WARNING: program timed out.
FAIL: gcc.dg/torture/transpose-3.c -O0 execution test
WARNING: program timed out.
FAIL: gcc.dg/torture/transpose-3.c -O2 execution test
WARNING: program timed out.
FAIL: gcc.dg/torture/transpose-3.c -O3 -fomit-frame-pointer execution test
WARNING: program timed out.
FAIL: gcc.dg/torture/transpose-3.c -O3 -g execution test
WARNING: program timed out.
FAIL: gcc.dg/torture/transpose-3.c -O2 -flto -fno-use-linker-plugin -flto-partition=none execution test
WARNING: program timed out.
FAIL: gcc.dg/torture/transpose-3.c -O2 -flto -fuse-linker-plugin -fno-fat-lto-objects execution test
WARNING: program timed out.
FAIL: gcc.dg/torture/transpose-4.c -O1 execution test
WARNING: program timed out.
FAIL: gcc.dg/torture/transpose-5.c -O1 execution test
WARNING: program timed out.
FAIL: gcc.dg/torture/transpose-6.c -O1 execution test
FAIL: gcc.dg/tree-ssa/sra-12.c scan-tree-dump-times release_ssa "l;" 0
FAIL: gcc.target/arm/iordi3-opt.c scan-assembler-not mov[\\\\t ]+.+,[\\\\t ]*.+
FAIL: gcc.target/arm/pr42172-1.c scan-assembler-times ldr 1
FAIL: gcc.target/arm/pr45701-1.c scan-assembler push\\t{r3
FAIL: gcc.target/arm/thumb-cbranchqi.c scan-assembler bhi
FAIL: gcc.target/arm/thumb-ltu.c scan-assembler-not uxtb
FAIL: gcc.target/arm/xordi3-opt.c scan-assembler-not mov[\\\\t ]+.+,[\\\\t ]*.+
=== gcc Summary ===
# of expected passes 84263
# of unexpected failures 51
# of unexpected successes 1
# of expected failures 100
# of unresolved testcases 6
# of unsupported tests 3964
/scratch/gcc/nightly-2014-01-06-mainline/arm-none-eabi/obj/test-mainline-0-arm-none-eabi/host-i686-pc-linux-gnu/fsf-mainline/bin/arm-none-eabi-gcc version 4.9.0 20140106 (experimental) (GCC)
=== Summary adjusted for local xfails ===
# of unexpected failures 51
# of expected passes 84263
# of unexpected successes 1
# of expected failures 100
# of unresolved testcases 6
# of unsupported tests 3964
Host is i686-pc-linux-gnu
=== libstdc++ tests ===
Running target arm-sim-fsf/-mthumb
ERROR: tcl error sourcing /scratch/gcc/nightly-2014-01-06-mainline/src/gcc-mainline/libstdc++-v3/testsuite/libstdc++-abi/abi.exp.
ERROR: can't read "baseline_subdir_switch": no such variable
WARNING: program timed out.
WARNING: program timed out.
WARNING: program timed out.
FAIL: 27_io/basic_filebuf/underflow/wchar_t/11603.cc execution test
FAIL: 29_atomics/atomic/cons/user_pod.cc (test for excess errors)
FAIL: 29_atomics/atomic/operators/integral_assignment.cc (test for excess errors)
UNRESOLVED: 29_atomics/atomic/operators/integral_assignment.cc compilation failed to produce executable
FAIL: 29_atomics/atomic/operators/integral_conversion.cc (test for excess errors)
UNRESOLVED: 29_atomics/atomic/operators/integral_conversion.cc compilation failed to produce executable
FAIL: 29_atomics/atomic_flag/clear/1.cc (test for excess errors)
UNRESOLVED: 29_atomics/atomic_flag/clear/1.cc compilation failed to produce executable
FAIL: 29_atomics/atomic_flag/test_and_set/explicit.cc (test for excess errors)
UNRESOLVED: 29_atomics/atomic_flag/test_and_set/explicit.cc compilation failed to produce executable
FAIL: 29_atomics/atomic_flag/test_and_set/implicit.cc (test for excess errors)
UNRESOLVED: 29_atomics/atomic_flag/test_and_set/implicit.cc compilation failed to produce executable
FAIL: 29_atomics/atomic_integral/operators/integral_assignment.cc (test for excess errors)
UNRESOLVED: 29_atomics/atomic_integral/operators/integral_assignment.cc compilation failed to produce executable
FAIL: 29_atomics/atomic_integral/operators/integral_conversion.cc (test for excess errors)
UNRESOLVED: 29_atomics/atomic_integral/operators/integral_conversion.cc compilation failed to produce executable
XPASS: ext/stdio_filebuf/char/10063-2.cc execution test
XPASS: ext/stdio_filebuf/char/10063-3.cc execution test
=== libstdc++ Summary ===
# of expected passes 8191
# of unexpected failures 9
# of unexpected successes 2
# of expected failures 47
# of unresolved testcases 7
# of unsupported tests 675
=== Summary adjusted for local xfails ===
# of errors 2
# of unexpected failures 9
# of expected passes 8191
# of unexpected successes 2
# of expected failures 47
# of unresolved testcases 7
# of unsupported tests 675
Compiler version: 4.9.0 20140106 (experimental) (GCC)
Platform: arm-none-eabi
configure flags: --build=i686-pc-linux-gnu --host=i686-pc-linux-gnu --target=arm-none-eabi --enable-threads --disable-libmudflap --disable-libssp --disable-libstdcxx-pch --with-gnu-as --with-gnu-ld --enable-languages=c,c++ --disable-shared --enable-lto --with-newlib --disable-nls --prefix=/scratch/gcc/nightly-2014-01-06-mainline/arm-none-eabi/install --with-headers=yes --with-sysroot=/scratch/gcc/nightly-2014-01-06-mainline/arm-none-eabi/install/arm-none-eabi --with-gmp=/scratch/gcc/nightly-2014-01-06-mainline/arm-none-eabi/obj/pkg-mainline-0-arm-none-eabi/fsf-mainline-0-arm-none-eabi.extras/host-libs-i686-pc-linux-gnu/usr --with-mpfr=/scratch/gcc/nightly-2014-01-06-mainline/arm-none-eabi/obj/pkg-mainline-0-arm-none-eabi/fsf-mainline-0-arm-none-eabi.extras/host-libs-i686-pc-linux-gnu/usr --with-mpc=/scratch/gcc/nightly-2014-01-06-mainline/arm-none-eabi/obj/pkg-mainline-0-arm-none-eabi/fsf-mainline-0-arm-none-eabi.extras/host-libs-i686-pc-linux-gnu/usr --with-host-libstdcxx='-
static-libgcc -Wl,-Bstatic,-lstdc++,-Bdynamic -lm' --with-isl=/scratch/gcc/nightly-2014-01-06-mainline/arm-none-eabi/obj/pkg-mainline-0-arm-none-eabi/fsf-mainline-0-arm-none-eabi.extras/host-libs-i686-pc-linux-gnu/usr --with-cloog=/scratch/gcc/nightly-2014-01-06-mainline/arm-none-eabi/obj/pkg-mainline-0-arm-none-eabi/fsf-mainline-0-arm-none-eabi.extras/host-libs-i686-pc-linux-gnu/usr --disable-libgomp --disable-libitm --disable-libssp --enable-poison-system-directories --with-build-time-tools=/scratch/gcc/nightly-2014-01-06-mainline/arm-none-eabi/install/arm-none-eabi/bin --with-build-time-tools=/scratch/gcc/nightly-2014-01-06-mainline/arm-none-eabi/install/arm-none-eabi/bin SED=sed