This is the mail archive of the
gcc-testresults@gcc.gnu.org
mailing list for the GCC project.
Results for 4.8.3 20140104 (prerelease) [gcc-4_8-branch revision 206335] (GCC) testsuite on hppa-unknown-linux-gnu
- From: Dave Anglin <dave dot anglin at bell dot net>
- To: dave at mx3210 dot localdomain, gcc-testresults at gcc dot gnu dot org
- Date: Sun, 5 Jan 2014 18:05:23 -0500
- Subject: Results for 4.8.3 20140104 (prerelease) [gcc-4_8-branch revision 206335] (GCC) testsuite on hppa-unknown-linux-gnu
- Authentication-results: sourceware.org; auth=none
LAST_UPDATED: Sat Jan 4 17:39:52 UTC 2014 (revision 206335)
=== acats tests ===
=== acats Summary ===
# of expected passes 2320
# of unexpected failures 0
Native configuration is hppa-unknown-linux-gnu
=== gcc tests ===
Running target unix
XPASS: gcc.dg/tree-ssa/loop-1.c scan-assembler-times foo 5
=== gcc Summary ===
# of expected passes 81224
# of unexpected successes 1
# of expected failures 121
# of unsupported tests 1267
/home/dave/gnu/gcc/objdir/gcc/xgcc version 4.8.3 20140104 (prerelease) [gcc-4_8-branch revision 206335] (GCC)
=== gfortran tests ===
Running target unix
FAIL: gfortran.dg/pr45636.f90 -O scan-tree-dump-times forwprop2 "memset" 0
FAIL: gfortran.dg/size_kind_2.f90 -O scan-tree-dump original "var2 = 4294967300;"
=== gfortran Summary ===
# of expected passes 42537
# of unexpected failures 2
# of expected failures 56
# of unsupported tests 387
/home/dave/gnu/gcc/objdir/gcc/testsuite/gfortran/../../gfortran version 4.8.3 20140104 (prerelease) [gcc-4_8-branch revision 206335] (GCC)
=== g++ tests ===
Running target unix
FAIL: g++.dg/debug/dwarf2/non-virtual-thunk.C -std=gnu++98 scan-assembler thunk.C:30
FAIL: g++.dg/debug/dwarf2/non-virtual-thunk.C -std=gnu++11 scan-assembler thunk.C:30
=== g++ Summary ===
# of expected passes 50433
# of unexpected failures 2
# of expected failures 290
# of unsupported tests 973
/home/dave/gnu/gcc/objdir/gcc/testsuite/g++/../../xg++ version 4.8.3 20140104 (prerelease) [gcc-4_8-branch revision 206335] (GCC)
=== gnat tests ===
Running target unix
=== gnat Summary ===
# of expected passes 1161
# of expected failures 17
# of unsupported tests 9
/home/dave/gnu/gcc/objdir/gcc/gnatmake version 4.8.3 20140104 (prerelease) [gcc-4_8-branch revision 206335]
=== obj-c++ tests ===
Running target unix
=== obj-c++ Summary ===
# of expected passes 1450
# of expected failures 2
# of unsupported tests 86
/home/dave/gnu/gcc/objdir/gcc/testsuite/obj-c++/../../xg++ version 4.8.3 20140104 (prerelease) [gcc-4_8-branch revision 206335] (GCC)
=== objc tests ===
Running target unix
=== objc Summary ===
# of expected passes 2994
# of unsupported tests 74
/home/dave/gnu/gcc/objdir/gcc/xgcc version 4.8.3 20140104 (prerelease) [gcc-4_8-branch revision 206335] (GCC)
=== libstdc++ tests ===
Running target unix
FAIL: libstdc++-abi/abi_check
=== libstdc++ Summary ===
# of expected passes 439
# of unexpected failures 1
# of unsupported tests 15
Compiler version: 4.8.3 20140104 (prerelease) [gcc-4_8-branch revision 206335] (GCC)
Platform: hppa-unknown-linux-gnu
configure flags: --with-gnu-as --with-gnu-ld --enable-shared --enable-multiarch --enable-linker-build-id --build=hppa-linux-gnu --host=hppa-linux-gnu --target=hppa-linux-gnu --prefix=/home/dave/opt/gnu/gcc/gcc-4.9 --with-local-prefix=/home/dave/opt/gnu --enable-threads=posix --enable-__cxa_atexit --build=hppa-linux-gnu --enable-clocale=gnu --enable-java-gc=boehm --enable-languages=c,c++,objc,fortran,obj-c++,java,ada,lto