This is the mail archive of the gcc-testresults@gcc.gnu.org mailing list for the GCC project.


Index Nav: [Date Index] [Subject Index] [Author Index] [Thread Index]
Message Nav: [Date Prev] [Date Next] [Thread Prev] [Thread Next]
Other format: [Raw text]

Results for 4.6.4 (GCC) testsuite on alphaev68-dec-osf5.1a


http://gcc.gnu.org/ml/gcc-testresults/2012-09/msg02465.html for 4.6.3
http://gcc.gnu.org/ml/gcc-testresults/2012-09/msg02474.html for 4.7.2
http://gcc.gnu.org/ml/gcc-testresults/2012-09/msg02469.html for 4.7.2

This is just plain make. Note that 4.7.x requires --enable-obsolete, and 4.8.x
withraws support for this platform.

After a bit of work, it is finally realised that GNU binutils strip
vs DEC strip causes this issue:
Bug 44959 - [4.6 Regression] bootstrap failed at Comparing stages 2 and 3

LAST_UPDATED: Obtained from SVN: tags/gcc_4_6_4_release revision 197895

Native configuration is alphaev68-dec-osf5.1a

		=== libffi tests ===


Running target unix
FAIL: libffi.call/huge_struct.c -O0 -W -Wall execution test
FAIL: libffi.call/huge_struct.c -O2 execution test
FAIL: libffi.call/huge_struct.c -O3 execution test
FAIL: libffi.call/huge_struct.c -Os execution test
FAIL: libffi.call/huge_struct.c -O2 -fomit-frame-pointer execution test

		=== libffi Summary ===

# of expected passes		1624
# of unexpected failures	5
# of expected failures		10
# of unsupported tests		15
		=== libgomp tests ===


Running target unix

		=== libgomp Summary ===

# of expected passes		2630
# of unsupported tests		3
		=== libjava tests ===


Running target unix
FAIL: PR16923.c compilation
FAIL: pr29812 execution - gij test
FAIL: Throw_2 execution - source compiled test
FAIL: Throw_2 -findirect-dispatch execution - source compiled test
FAIL: Throw_2 -O3 execution - source compiled test
FAIL: Throw_2 -O3 -findirect-dispatch execution - source compiled test

		=== libjava Summary ===

# of expected passes		2562
# of unexpected failures	6
# of untested testcases		5
		=== libstdc++ tests ===


Running target unix
FAIL: abi/demangle/regression/cw-16.cc execution test

		=== libstdc++ Summary ===

# of expected passes		6911
# of unexpected failures	1
# of expected failures		81
# of unsupported tests		745
		=== g++ tests ===


Running target unix
FAIL: tmpdir-g++.dg-struct-layout-1/t027 cp_compat_x_tst.o-cp_compat_y_tst.o execute 
FAIL: g++.dg/abi/local1.C execution test
WARNING: g++.dg/ext/label13.C compilation failed to produce executable
FAIL: g++.dg/other/unused1.C scan-assembler (string|ascii?)z?[\\t ]"printer("|\\\\\\\\0)
XPASS: g++.dg/uninit-pred-3_b.C (test for excess errors)
FAIL: g++.dg/tls/diag-1.C (internal compiler error)
FAIL: g++.dg/tls/diag-1.C (test for excess errors)

		=== g++ Summary ===

# of expected passes		24941
# of unexpected failures	5
# of unexpected successes	1
# of expected failures		171
# of unsupported tests		485
/home/htl10/tmp-build/gcc-4.6.4-objdir/gcc/testsuite/g++/../../g++  version 4.6.4 (GCC) 

		=== gcc tests ===


Running target unix
FAIL: tmpdir-gcc.dg-struct-layout-1/t001 c_compat_x_tst.o-c_compat_y_tst.o execute 
FAIL: tmpdir-gcc.dg-struct-layout-1/t002 c_compat_x_tst.o-c_compat_y_tst.o execute 
FAIL: tmpdir-gcc.dg-struct-layout-1/t003 c_compat_x_tst.o-c_compat_y_tst.o execute 
FAIL: tmpdir-gcc.dg-struct-layout-1/t004 c_compat_x_tst.o-c_compat_y_tst.o execute 
FAIL: tmpdir-gcc.dg-struct-layout-1/t005 c_compat_x_tst.o-c_compat_y_tst.o execute 
FAIL: tmpdir-gcc.dg-struct-layout-1/t006 c_compat_x_tst.o-c_compat_y_tst.o execute 
FAIL: tmpdir-gcc.dg-struct-layout-1/t007 c_compat_x_tst.o-c_compat_y_tst.o execute 
FAIL: tmpdir-gcc.dg-struct-layout-1/t008 c_compat_x_tst.o-c_compat_y_tst.o execute 
FAIL: tmpdir-gcc.dg-struct-layout-1/t009 c_compat_x_tst.o-c_compat_y_tst.o execute 
FAIL: tmpdir-gcc.dg-struct-layout-1/t010 c_compat_x_tst.o-c_compat_y_tst.o execute 
FAIL: tmpdir-gcc.dg-struct-layout-1/t011 c_compat_x_tst.o-c_compat_y_tst.o execute 
FAIL: tmpdir-gcc.dg-struct-layout-1/t012 c_compat_x_tst.o-c_compat_y_tst.o execute 
FAIL: tmpdir-gcc.dg-struct-layout-1/t013 c_compat_x_tst.o-c_compat_y_tst.o execute 
FAIL: tmpdir-gcc.dg-struct-layout-1/t014 c_compat_x_tst.o-c_compat_y_tst.o execute 
FAIL: tmpdir-gcc.dg-struct-layout-1/t015 c_compat_x_tst.o-c_compat_y_tst.o execute 
FAIL: tmpdir-gcc.dg-struct-layout-1/t017 c_compat_x_tst.o-c_compat_y_tst.o execute 
FAIL: tmpdir-gcc.dg-struct-layout-1/t018 c_compat_x_tst.o-c_compat_y_tst.o execute 
FAIL: tmpdir-gcc.dg-struct-layout-1/t024 c_compat_x_tst.o-c_compat_y_tst.o execute 
FAIL: tmpdir-gcc.dg-struct-layout-1/t025 c_compat_x_tst.o-c_compat_y_tst.o execute 
FAIL: tmpdir-gcc.dg-struct-layout-1/t026 c_compat_x_tst.o-c_compat_y_tst.o execute 
FAIL: tmpdir-gcc.dg-struct-layout-1/t027 c_compat_x_tst.o-c_compat_y_tst.o execute 
FAIL: tmpdir-gcc.dg-struct-layout-1/t028 c_compat_x_tst.o-c_compat_y_tst.o execute 
FAIL: gcc.dg/debug/pr49032.c -gcoff1 -O (test for excess errors)
FAIL: gcc.dg/debug/pr49032.c -gcoff1 -O3 (test for excess errors)
FAIL: gcc.dg/debug/pr49032.c -gcoff -O (test for excess errors)
FAIL: gcc.dg/debug/pr49032.c -gcoff -O3 (test for excess errors)
FAIL: gcc.dg/debug/pr49032.c -gcoff3 -O (test for excess errors)
FAIL: gcc.dg/debug/pr49032.c -gcoff3 -O3 (test for excess errors)
FAIL: gcc.dg/array-quals-1.c scan-assembler-not \\\\.data(?!\\\\.rel\\\\.ro)
FAIL: gcc.dg/pr48616.c (test for excess errors)

		=== gcc Summary ===

# of expected passes		58241
# of unexpected failures	30
# of expected failures		133
# of unsupported tests		1035
/home/htl10/tmp-build/gcc-4.6.4-objdir/gcc/xgcc  version 4.6.4 (GCC) 

		=== gfortran tests ===


Running target unix
FAIL: gfortran.dg/bessel_6.f90  -O0  execution test
FAIL: gfortran.dg/bessel_6.f90  -O1  execution test
FAIL: gfortran.dg/bessel_6.f90  -O2  execution test
FAIL: gfortran.dg/bessel_6.f90  -O3 -fomit-frame-pointer  execution test
FAIL: gfortran.dg/bessel_6.f90  -O3 -fomit-frame-pointer -funroll-loops  execution test
FAIL: gfortran.dg/bessel_6.f90  -O3 -fomit-frame-pointer -funroll-all-loops -finline-functions  execution test
FAIL: gfortran.dg/bessel_6.f90  -O3 -g  execution test
FAIL: gfortran.dg/bessel_6.f90  -Os  execution test
FAIL: gfortran.dg/large_real_kind_2.F90  -O0  execution test
FAIL: gfortran.dg/large_real_kind_2.F90  -O1  execution test
FAIL: gfortran.dg/large_real_kind_2.F90  -O2  execution test
FAIL: gfortran.dg/large_real_kind_2.F90  -O3 -fomit-frame-pointer  execution test
FAIL: gfortran.dg/large_real_kind_2.F90  -O3 -fomit-frame-pointer -funroll-loops  execution test
FAIL: gfortran.dg/large_real_kind_2.F90  -O3 -fomit-frame-pointer -funroll-all-loops -finline-functions  execution test
FAIL: gfortran.dg/large_real_kind_2.F90  -O3 -g  execution test
FAIL: gfortran.dg/large_real_kind_2.F90  -Os  execution test
FAIL: gfortran.dg/nan_7.f90  -O0  execution test
FAIL: gfortran.dg/nan_7.f90  -O1  execution test
FAIL: gfortran.dg/nan_7.f90  -O2  execution test
FAIL: gfortran.dg/nan_7.f90  -O3 -fomit-frame-pointer  execution test
FAIL: gfortran.dg/nan_7.f90  -O3 -fomit-frame-pointer -funroll-loops  execution test
FAIL: gfortran.dg/nan_7.f90  -O3 -fomit-frame-pointer -funroll-all-loops -finline-functions  execution test
FAIL: gfortran.dg/nan_7.f90  -O3 -g  execution test
FAIL: gfortran.dg/nan_7.f90  -Os  execution test
FAIL: gfortran.dg/nint_2.f90  -O0  execution test
FAIL: gfortran.dg/realloc_on_assign_5.f03  -O0  execution test
FAIL: gfortran.dg/realloc_on_assign_5.f03  -O1  execution test
FAIL: gfortran.dg/realloc_on_assign_5.f03  -O2  execution test
FAIL: gfortran.dg/realloc_on_assign_5.f03  -O3 -fomit-frame-pointer  execution test
FAIL: gfortran.dg/realloc_on_assign_5.f03  -O3 -fomit-frame-pointer -funroll-loops  execution test
FAIL: gfortran.dg/realloc_on_assign_5.f03  -O3 -fomit-frame-pointer -funroll-all-loops -finline-functions  execution test
FAIL: gfortran.dg/realloc_on_assign_5.f03  -O3 -g  execution test
FAIL: gfortran.dg/realloc_on_assign_5.f03  -Os  execution test

		=== gfortran Summary ===

# of expected passes		38969
# of unexpected failures	33
# of expected failures		41
# of unsupported tests		88
/home/htl10/tmp-build/gcc-4.6.4-objdir/gcc/testsuite/gfortran/../../gfortran  version 4.6.4 (GCC) 

		=== objc tests ===


Running target unix

		=== objc Summary ===

# of expected passes		2842
# of expected failures		8
# of unsupported tests		66
/home/htl10/tmp-build/gcc-4.6.4-objdir/gcc/xgcc  version 4.6.4 (GCC) 


Compiler version: 4.6.4 (GCC) 
Platform: alphaev68-dec-osf5.1a
configure flags: none


Index Nav: [Date Index] [Subject Index] [Author Index] [Thread Index]
Message Nav: [Date Prev] [Date Next] [Thread Prev] [Thread Next]