This is the mail archive of the gcc-testresults@gcc.gnu.org mailing list for the GCC project.


Index Nav: [Date Index] [Subject Index] [Author Index] [Thread Index]
Message Nav: [Date Prev] [Date Next] [Thread Prev] [Thread Next]
Other format: [Raw text]

Results for 4.7.3 (GCC) testsuite on alphaev68-dec-osf5.1a


http://gcc.gnu.org/ml/gcc-testresults/2012-09/msg02465.html for 4.6.3
http://gcc.gnu.org/ml/gcc-testresults/2012-09/msg02474.html for 4.7.2
http://gcc.gnu.org/ml/gcc-testresults/2012-09/msg02469.html for 4.7.2

This is just plain make. Note that 4.7.x requires --enable-obsolete, and 4.8.x
withraws support for this platform.

After a bit of work, it is finally realised that GNU binutils strip
vs DEC strip causes this issue:
Bug 44959 - [4.6 Regression] bootstrap failed at Comparing stages 2 and 3

LAST_UPDATED: Obtained from SVN: tags/gcc_4_7_3_release revision 197739

Native configuration is alphaev68-dec-osf5.1a

		=== boehm-gc tests ===


Running target unix

		=== boehm-gc Summary ===

# of expected passes		12
# of unsupported tests		1
		=== libffi tests ===


Running target unix

		=== libffi Summary ===

# of expected passes		1634
# of expected failures		10
# of unsupported tests		55
		=== libgomp tests ===


Running target unix

		=== libgomp Summary ===

# of expected passes		2940
# of unsupported tests		3
		=== libitm tests ===


Running target unix
FAIL: libitm.c/cancel.c (internal compiler error)
FAIL: libitm.c/cancel.c (test for excess errors)
WARNING: libitm.c/cancel.c compilation failed to produce executable
FAIL: libitm.c/clone-1.c (internal compiler error)
FAIL: libitm.c/clone-1.c (test for excess errors)
WARNING: libitm.c/clone-1.c compilation failed to produce executable
FAIL: libitm.c/reentrant.c (internal compiler error)
FAIL: libitm.c/reentrant.c (test for excess errors)
WARNING: libitm.c/reentrant.c compilation failed to produce executable
FAIL: libitm.c/stackundo.c (internal compiler error)
FAIL: libitm.c/stackundo.c (test for excess errors)
WARNING: libitm.c/stackundo.c compilation failed to produce executable
FAIL: libitm.c++/eh-1.C (internal compiler error)
FAIL: libitm.c++/eh-1.C (test for excess errors)
WARNING: libitm.c++/eh-1.C compilation failed to produce executable
FAIL: libitm.c++/throwdown.C (internal compiler error)
FAIL: libitm.c++/throwdown.C (test for excess errors)

		=== libitm Summary ===

# of expected passes		15
# of unexpected failures	12
# of expected failures		3
# of unsupported tests		1
		=== libjava tests ===


Running target unix
FAIL: PR16923.c compilation
FAIL: pr29812 execution - gij test
FAIL: md5test output - source compiled test
FAIL: md5test -findirect-dispatch output - source compiled test
FAIL: md5test -O3 output - source compiled test
FAIL: md5test -O3 -findirect-dispatch output - source compiled test
FAIL: shatest execution - source compiled test
FAIL: shatest -findirect-dispatch execution - source compiled test
FAIL: shatest -O3 execution - source compiled test
FAIL: shatest -O3 -findirect-dispatch execution - source compiled test

		=== libjava Summary ===

# of expected passes		2558
# of unexpected failures	10
# of untested testcases		5
		=== libstdc++ tests ===


Running target unix
FAIL: 23_containers/list/pthread1.cc execution test
FAIL: 30_threads/condition_variable/members/53841.cc (test for excess errors)

		=== libstdc++ Summary ===

# of expected passes		7640
# of unexpected failures	2
# of expected failures		44
# of unsupported tests		668
		=== g++ tests ===


Running target unix
FAIL: g++.dg/bprob/g++-bprob-2.C compilation,  -g  -fbranch-probabilities
UNRESOLVED: g++.dg/bprob/g++-bprob-2.C execution,    -g  -fbranch-probabilities
FAIL: g++.dg/bprob/g++-bprob-2.C compilation,  -O0  -fbranch-probabilities
UNRESOLVED: g++.dg/bprob/g++-bprob-2.C execution,    -O0  -fbranch-probabilities
FAIL: g++.dg/bprob/g++-bprob-2.C compilation,  -O1  -fbranch-probabilities
UNRESOLVED: g++.dg/bprob/g++-bprob-2.C execution,    -O1  -fbranch-probabilities
FAIL: g++.dg/bprob/g++-bprob-2.C compilation,  -O2  -fbranch-probabilities
UNRESOLVED: g++.dg/bprob/g++-bprob-2.C execution,    -O2  -fbranch-probabilities
FAIL: g++.dg/bprob/g++-bprob-2.C compilation,  -O3  -fbranch-probabilities
UNRESOLVED: g++.dg/bprob/g++-bprob-2.C execution,    -O3  -fbranch-probabilities
FAIL: g++.dg/bprob/g++-bprob-2.C compilation,  -O3 -g  -fbranch-probabilities
UNRESOLVED: g++.dg/bprob/g++-bprob-2.C execution,    -O3 -g  -fbranch-probabilities
FAIL: g++.dg/bprob/g++-bprob-2.C compilation,  -Os  -fbranch-probabilities
UNRESOLVED: g++.dg/bprob/g++-bprob-2.C execution,    -Os  -fbranch-probabilities
FAIL: tmpdir-g++.dg-struct-layout-1/t027 cp_compat_x_tst.o-cp_compat_y_tst.o execute 
FAIL: g++.dg/abi/thunk5.C -std=c++98  scan-assembler weak.*ZTv
FAIL: g++.dg/abi/thunk5.C -std=c++11  scan-assembler weak.*ZTv
WARNING: g++.dg/ext/label13.C -std=gnu++98 compilation failed to produce executable
WARNING: g++.dg/ext/label13.C -std=gnu++11 compilation failed to produce executable
FAIL: g++.dg/other/unused1.C -std=gnu++98  scan-assembler (string|ascii?)z?[\\t ]"printer("|\\\\\\\\0)
FAIL: g++.dg/other/unused1.C -std=gnu++11  scan-assembler (string|ascii?)z?[\\t ]"printer("|\\\\\\\\0)
FAIL: g++.dg/tls/diag-1.C -std=c++98 (internal compiler error)
FAIL: g++.dg/tls/diag-1.C -std=c++98 (test for excess errors)
FAIL: g++.dg/tls/diag-1.C -std=c++11 (internal compiler error)
FAIL: g++.dg/tls/diag-1.C -std=c++11 (test for excess errors)
FAIL: c-c++-common/tm/freq.c -std=gnu++98 (internal compiler error)
FAIL: c-c++-common/tm/freq.c -std=gnu++98 (test for excess errors)
FAIL: c-c++-common/tm/freq.c -std=gnu++11 (internal compiler error)
FAIL: c-c++-common/tm/freq.c -std=gnu++11 (test for excess errors)
FAIL: c-c++-common/tm/inline-asm-2.c -std=gnu++98 (internal compiler error)
FAIL: c-c++-common/tm/inline-asm-2.c -std=gnu++98 (test for excess errors)
FAIL: c-c++-common/tm/inline-asm-2.c -std=gnu++11 (internal compiler error)
FAIL: c-c++-common/tm/inline-asm-2.c -std=gnu++11 (test for excess errors)
FAIL: c-c++-common/tm/memcpy-1.c -std=gnu++98 (internal compiler error)
FAIL: c-c++-common/tm/memcpy-1.c -std=gnu++98 (test for excess errors)
FAIL: c-c++-common/tm/memcpy-1.c -std=gnu++11 (internal compiler error)
FAIL: c-c++-common/tm/memcpy-1.c -std=gnu++11 (test for excess errors)
FAIL: g++.dg/tm/20100727.C -std=gnu++98 (internal compiler error)
FAIL: g++.dg/tm/20100727.C -std=gnu++98 (test for excess errors)
FAIL: g++.dg/tm/20100727.C -std=gnu++11 (internal compiler error)
FAIL: g++.dg/tm/20100727.C -std=gnu++11 (test for excess errors)
FAIL: g++.dg/tm/alias.C -std=gnu++98 (internal compiler error)
FAIL: g++.dg/tm/alias.C -std=gnu++98 (test for excess errors)
UNRESOLVED: g++.dg/tm/alias.C -std=gnu++98  scan-assembler _ZGTtN7ItemsetD1Ev
UNRESOLVED: g++.dg/tm/alias.C -std=gnu++98  scan-assembler _ZGTtN7ItemsetD2Ev
FAIL: g++.dg/tm/alias.C -std=gnu++11 (internal compiler error)
FAIL: g++.dg/tm/alias.C -std=gnu++11 (test for excess errors)
UNRESOLVED: g++.dg/tm/alias.C -std=gnu++11  scan-assembler _ZGTtN7ItemsetD1Ev
UNRESOLVED: g++.dg/tm/alias.C -std=gnu++11  scan-assembler _ZGTtN7ItemsetD2Ev
FAIL: g++.dg/tm/attrib-2.C -std=gnu++98 (internal compiler error)
FAIL: g++.dg/tm/attrib-2.C -std=gnu++98 (test for excess errors)
FAIL: g++.dg/tm/attrib-2.C -std=gnu++11 (internal compiler error)
FAIL: g++.dg/tm/attrib-2.C -std=gnu++11 (test for excess errors)
FAIL: g++.dg/tm/attrib-3.C -std=gnu++98 (internal compiler error)
FAIL: g++.dg/tm/attrib-3.C -std=gnu++98 (test for excess errors)
FAIL: g++.dg/tm/attrib-3.C -std=gnu++11 (internal compiler error)
FAIL: g++.dg/tm/attrib-3.C -std=gnu++11 (test for excess errors)
FAIL: g++.dg/tm/nested-1.C -std=gnu++98 (internal compiler error)
FAIL: g++.dg/tm/nested-1.C -std=gnu++98 (test for excess errors)
FAIL: g++.dg/tm/nested-1.C -std=gnu++11 (internal compiler error)
FAIL: g++.dg/tm/nested-1.C -std=gnu++11 (test for excess errors)
FAIL: g++.dg/tm/nested-2.C -std=gnu++98 (internal compiler error)
FAIL: g++.dg/tm/nested-2.C -std=gnu++98 (test for excess errors)
FAIL: g++.dg/tm/nested-2.C -std=gnu++11 (internal compiler error)
FAIL: g++.dg/tm/nested-2.C -std=gnu++11 (test for excess errors)
FAIL: g++.dg/tm/nested-3.C -std=gnu++98 (internal compiler error)
FAIL: g++.dg/tm/nested-3.C -std=gnu++98 (test for excess errors)
FAIL: g++.dg/tm/nested-3.C -std=gnu++11 (internal compiler error)
FAIL: g++.dg/tm/nested-3.C -std=gnu++11 (test for excess errors)
FAIL: g++.dg/tm/pr46269.C -std=gnu++98 (internal compiler error)
FAIL: g++.dg/tm/pr46269.C -std=gnu++98 (test for excess errors)
FAIL: g++.dg/tm/pr46269.C -std=gnu++11 (internal compiler error)
FAIL: g++.dg/tm/pr46269.C -std=gnu++11 (test for excess errors)
FAIL: g++.dg/tm/pr46714.C -std=gnu++98 (internal compiler error)
FAIL: g++.dg/tm/pr46714.C -std=gnu++98 (test for excess errors)
FAIL: g++.dg/tm/pr46714.C -std=gnu++11 (internal compiler error)
FAIL: g++.dg/tm/pr46714.C -std=gnu++11 (test for excess errors)
FAIL: g++.dg/tm/pr46941.C -std=gnu++98 (internal compiler error)
FAIL: g++.dg/tm/pr46941.C -std=gnu++98 (test for excess errors)
UNRESOLVED: g++.dg/tm/pr46941.C -std=gnu++98  scan-assembler _ZGTtnw[mj]
UNRESOLVED: g++.dg/tm/pr46941.C -std=gnu++98  scan-assembler _ZGTtna[mj]
UNRESOLVED: g++.dg/tm/pr46941.C -std=gnu++98  scan-assembler _ZGTtdlPv
UNRESOLVED: g++.dg/tm/pr46941.C -std=gnu++98  scan-assembler _ZGTtdaPv
FAIL: g++.dg/tm/pr46941.C -std=gnu++11 (internal compiler error)
FAIL: g++.dg/tm/pr46941.C -std=gnu++11 (test for excess errors)
UNRESOLVED: g++.dg/tm/pr46941.C -std=gnu++11  scan-assembler _ZGTtnw[mj]
UNRESOLVED: g++.dg/tm/pr46941.C -std=gnu++11  scan-assembler _ZGTtna[mj]
UNRESOLVED: g++.dg/tm/pr46941.C -std=gnu++11  scan-assembler _ZGTtdlPv
UNRESOLVED: g++.dg/tm/pr46941.C -std=gnu++11  scan-assembler _ZGTtdaPv
FAIL: g++.dg/tm/pr47530-2.C -std=gnu++98 (internal compiler error)
FAIL: g++.dg/tm/pr47530-2.C -std=gnu++98 (test for excess errors)
FAIL: g++.dg/tm/pr47530-2.C -std=gnu++11 (internal compiler error)
FAIL: g++.dg/tm/pr47530-2.C -std=gnu++11 (test for excess errors)
FAIL: g++.dg/tm/pr47530.C -std=gnu++98 (internal compiler error)
FAIL: g++.dg/tm/pr47530.C -std=gnu++98 (test for excess errors)
FAIL: g++.dg/tm/pr47530.C -std=gnu++11 (internal compiler error)
FAIL: g++.dg/tm/pr47530.C -std=gnu++11 (test for excess errors)
FAIL: g++.dg/tm/pr47746.C -std=gnu++98 (internal compiler error)
FAIL: g++.dg/tm/pr47746.C -std=gnu++98 (test for excess errors)
FAIL: g++.dg/tm/pr47746.C -std=gnu++11 (internal compiler error)
FAIL: g++.dg/tm/pr47746.C -std=gnu++11 (test for excess errors)
FAIL: g++.dg/tm/pr51411-2.C -std=gnu++98 (internal compiler error)
FAIL: g++.dg/tm/pr51411-2.C -std=gnu++98 (test for excess errors)
UNRESOLVED: g++.dg/tm/pr51411-2.C -std=gnu++98  scan-assembler _ZGTtNKSs7compareERKSs:
FAIL: g++.dg/tm/pr51411-2.C -std=gnu++11 (internal compiler error)
FAIL: g++.dg/tm/pr51411-2.C -std=gnu++11 (test for excess errors)
UNRESOLVED: g++.dg/tm/pr51411-2.C -std=gnu++11  scan-assembler _ZGTtNKSs7compareERKSs:
FAIL: g++.dg/tm/vector-1.C -std=gnu++98 (internal compiler error)
FAIL: g++.dg/tm/vector-1.C -std=gnu++98 (test for excess errors)
FAIL: g++.dg/tm/vector-1.C -std=gnu++11 (internal compiler error)
FAIL: g++.dg/tm/vector-1.C -std=gnu++11 (test for excess errors)

		=== g++ Summary ===

# of expected passes		44702
# of unexpected failures	88
# of expected failures		294
# of unresolved testcases	21
# of unsupported tests		860
/home/htl10/tmp-build/gcc-4.7.3-objdir/gcc/testsuite/g++/../../g++  version 4.7.3 (GCC) 

		=== gcc tests ===


Running target unix
FAIL: tmpdir-gcc.dg-struct-layout-1/t025 c_compat_x_tst.o-c_compat_y_tst.o execute 
FAIL: tmpdir-gcc.dg-struct-layout-1/t027 c_compat_x_tst.o-c_compat_y_tst.o execute 
FAIL: tmpdir-gcc.dg-struct-layout-1/t028 c_compat_x_tst.o-c_compat_y_tst.o execute 
FAIL: gcc.dg/array-quals-1.c scan-assembler-not \\\\.data(?!\\\\.rel\\\\.ro)
FAIL: gcc.dg/simulate-thread/atomic-other-int.c  -O0 -g  thread simulation test
FAIL: gcc.dg/simulate-thread/atomic-other-int.c  -O3 -g  thread simulation test
FAIL: gcc.dg/simulate-thread/atomic-other-longlong.c  -O0 -g  thread simulation test
FAIL: gcc.dg/simulate-thread/atomic-other-longlong.c  -O2 -g  thread simulation test
FAIL: gcc.dg/simulate-thread/atomic-other-longlong.c  -O3 -g  thread simulation test
FAIL: gcc.dg/simulate-thread/atomic-other-short.c  -O0 -g  thread simulation test
FAIL: gcc.dg/simulate-thread/atomic-other-short.c  -O2 -g  thread simulation test
FAIL: gcc.dg/simulate-thread/atomic-other-short.c  -O3 -g  thread simulation test
FAIL: gcc.dg/simulate-thread/strict-align-global.c  -O0 -g  thread simulation test
FAIL: c-c++-common/tm/freq.c (internal compiler error)
FAIL: c-c++-common/tm/freq.c (test for excess errors)
FAIL: c-c++-common/tm/inline-asm-2.c (internal compiler error)
FAIL: c-c++-common/tm/inline-asm-2.c (test for excess errors)
FAIL: c-c++-common/tm/memcpy-1.c (internal compiler error)
FAIL: c-c++-common/tm/memcpy-1.c (test for excess errors)
FAIL: gcc.dg/tm/20100519.c (internal compiler error)
FAIL: gcc.dg/tm/20100519.c (test for excess errors)
FAIL: gcc.dg/tm/20100524-2.c (internal compiler error)
FAIL: gcc.dg/tm/20100524-2.c (test for excess errors)
FAIL: gcc.dg/tm/20100603.c (internal compiler error)
FAIL: gcc.dg/tm/20100603.c (test for excess errors)
FAIL: gcc.dg/tm/20100610.c (internal compiler error)
FAIL: gcc.dg/tm/20100610.c (test for excess errors)
UNRESOLVED: gcc.dg/tm/20100610.c scan-assembler-not ZGTt21calculateCircumCircle
FAIL: gcc.dg/tm/20100615-2.c (internal compiler error)
FAIL: gcc.dg/tm/20100615-2.c (test for excess errors)
FAIL: gcc.dg/tm/20110216.c (internal compiler error)
FAIL: gcc.dg/tm/20110216.c (test for excess errors)
UNRESOLVED: gcc.dg/tm/20110216.c scan-assembler-not _ITM_getTMCloneOrIrrevocable
FAIL: gcc.dg/tm/asm-1.c (internal compiler error)
FAIL: gcc.dg/tm/asm-1.c (test for excess errors)
FAIL: gcc.dg/tm/debug-1.c (internal compiler error)
FAIL: gcc.dg/tm/debug-1.c (test for excess errors)
FAIL: gcc.dg/tm/indirect-2.c (internal compiler error)
FAIL: gcc.dg/tm/indirect-2.c (test for excess errors)
UNRESOLVED: gcc.dg/tm/indirect-2.c scan-assembler _ITM_getTMCloneSafe
FAIL: gcc.dg/tm/ipa-3.c (internal compiler error)
FAIL: gcc.dg/tm/ipa-3.c (test for excess errors)
UNRESOLVED: gcc.dg/tm/ipa-3.c scan-assembler _ZGTt3foo
FAIL: gcc.dg/tm/irrevocable-7.c (internal compiler error)
FAIL: gcc.dg/tm/irrevocable-7.c (test for excess errors)
FAIL: gcc.dg/tm/memset.c (internal compiler error)
FAIL: gcc.dg/tm/memset.c (test for excess errors)
UNRESOLVED: gcc.dg/tm/memset.c scan-assembler _ITM_memsetW
FAIL: gcc.dg/tm/nested-2.c (internal compiler error)
FAIL: gcc.dg/tm/nested-2.c (test for excess errors)
FAIL: gcc.dg/tm/pr46567-2.c (internal compiler error)
FAIL: gcc.dg/tm/pr46567-2.c (test for excess errors)
FAIL: gcc.dg/tm/pr47520.c (internal compiler error)
FAIL: gcc.dg/tm/pr47520.c (test for excess errors)
FAIL: gcc.dg/tm/props-4.c (internal compiler error)
FAIL: gcc.dg/tm/props-4.c (test for excess errors)
FAIL: gcc.dg/tm/unused.c (internal compiler error)
FAIL: gcc.dg/tm/unused.c (test for excess errors)
UNRESOLVED: gcc.dg/tm/unused.c scan-assembler _ZGTt11unused_func:
FAIL: gcc.dg/tm/vector-1.c (internal compiler error)
FAIL: gcc.dg/tm/vector-1.c (test for excess errors)
FAIL: gcc.dg/torture/pr47917.c  -O0  execution test
FAIL: gcc.dg/torture/pr47917.c  -O1  execution test
FAIL: gcc.dg/torture/pr47917.c  -O2  execution test
FAIL: gcc.dg/torture/pr47917.c  -O3 -fomit-frame-pointer  execution test
FAIL: gcc.dg/torture/pr47917.c  -O3 -g  execution test
FAIL: gcc.dg/torture/pr47917.c  -Os  execution test
FAIL: gcc.dg/torture/pr53922.c  -O0  (test for excess errors)
WARNING: gcc.dg/torture/pr53922.c  -O0  compilation failed to produce executable
FAIL: gcc.dg/torture/pr53922.c  -O1  (test for excess errors)
WARNING: gcc.dg/torture/pr53922.c  -O1  compilation failed to produce executable
FAIL: gcc.dg/torture/pr53922.c  -O2  (test for excess errors)
WARNING: gcc.dg/torture/pr53922.c  -O2  compilation failed to produce executable
FAIL: gcc.dg/torture/pr53922.c  -O3 -fomit-frame-pointer  (test for excess errors)
WARNING: gcc.dg/torture/pr53922.c  -O3 -fomit-frame-pointer  compilation failed to produce executable
FAIL: gcc.dg/torture/pr53922.c  -O3 -g  (test for excess errors)
WARNING: gcc.dg/torture/pr53922.c  -O3 -g  compilation failed to produce executable
FAIL: gcc.dg/torture/pr53922.c  -Os  (test for excess errors)
WARNING: gcc.dg/torture/pr53922.c  -Os  compilation failed to produce executable

		=== gcc Summary ===

# of expected passes		61480
# of unexpected failures	67
# of expected failures		112
# of unresolved testcases	6
# of unsupported tests		1199
/home/htl10/tmp-build/gcc-4.7.3-objdir/gcc/xgcc  version 4.7.3 (GCC) 

		=== gfortran tests ===


Running target unix
FAIL: gfortran.dg/bessel_6.f90  -O0  execution test
FAIL: gfortran.dg/bessel_6.f90  -O1  execution test
FAIL: gfortran.dg/bessel_6.f90  -O2  execution test
FAIL: gfortran.dg/bessel_6.f90  -O3 -fomit-frame-pointer  execution test
FAIL: gfortran.dg/bessel_6.f90  -O3 -fomit-frame-pointer -funroll-loops  execution test
FAIL: gfortran.dg/bessel_6.f90  -O3 -fomit-frame-pointer -funroll-all-loops -finline-functions  execution test
FAIL: gfortran.dg/bessel_6.f90  -O3 -g  execution test
FAIL: gfortran.dg/bessel_6.f90  -Os  execution test
FAIL: gfortran.dg/large_real_kind_2.F90  -O0  execution test
FAIL: gfortran.dg/large_real_kind_2.F90  -O1  execution test
FAIL: gfortran.dg/large_real_kind_2.F90  -O2  execution test
FAIL: gfortran.dg/large_real_kind_2.F90  -O3 -fomit-frame-pointer  execution test
FAIL: gfortran.dg/large_real_kind_2.F90  -O3 -fomit-frame-pointer -funroll-loops  execution test
FAIL: gfortran.dg/large_real_kind_2.F90  -O3 -fomit-frame-pointer -funroll-all-loops -finline-functions  execution test
FAIL: gfortran.dg/large_real_kind_2.F90  -O3 -g  execution test
FAIL: gfortran.dg/large_real_kind_2.F90  -Os  execution test
FAIL: gfortran.dg/nint_2.f90  -O0  execution test
FAIL: gfortran.dg/realloc_on_assign_5.f03  -O0  execution test
FAIL: gfortran.dg/realloc_on_assign_5.f03  -O1  execution test
FAIL: gfortran.dg/realloc_on_assign_5.f03  -O2  execution test
FAIL: gfortran.dg/realloc_on_assign_5.f03  -O3 -fomit-frame-pointer  execution test
FAIL: gfortran.dg/realloc_on_assign_5.f03  -O3 -fomit-frame-pointer -funroll-loops  execution test
FAIL: gfortran.dg/realloc_on_assign_5.f03  -O3 -fomit-frame-pointer -funroll-all-loops -finline-functions  execution test
FAIL: gfortran.dg/realloc_on_assign_5.f03  -O3 -g  execution test
FAIL: gfortran.dg/realloc_on_assign_5.f03  -Os  execution test

		=== gfortran Summary ===

# of expected passes		40754
# of unexpected failures	25
# of expected failures		42
# of unsupported tests		73
/home/htl10/tmp-build/gcc-4.7.3-objdir/gcc/testsuite/gfortran/../../gfortran  version 4.7.3 (GCC) 

		=== objc tests ===


Running target unix

		=== objc Summary ===

# of expected passes		2918
# of unsupported tests		66
/home/htl10/tmp-build/gcc-4.7.3-objdir/gcc/xgcc  version 4.7.3 (GCC) 


Compiler version: 4.7.3 (GCC) 
Platform: alphaev68-dec-osf5.1a
configure flags: --enable-obsolete


Index Nav: [Date Index] [Subject Index] [Author Index] [Thread Index]
Message Nav: [Date Prev] [Date Next] [Thread Prev] [Thread Next]