This is the mail archive of the
gcc-testresults@gcc.gnu.org
mailing list for the GCC project.
Results for 4.7.4 20131221 (prerelease) [4.7 branch revision 206161] (GCC) testsuite on x86_64-apple-darwin13.0.0
- From: dominiq at lps dot ens dot fr (Dominique Dhumieres)
- To: gcc-testresults at gcc dot gnu dot org
- Date: Sat, 21 Dec 2013 23:59:28 +0100
- Subject: Results for 4.7.4 20131221 (prerelease) [4.7 branch revision 206161] (GCC) testsuite on x86_64-apple-darwin13.0.0
- Authentication-results: sourceware.org; auth=none
LAST_UPDATED: Updated Sat Dec 21 20:56:07 CET 2013 to revision 206161.
Native configuration is x86_64-apple-darwin13.0.0
=== g++ tests ===
Running target unix/-m32
UNRESOLVED: g++.dg/ext/label13.C -std=gnu++98 compilation failed to produce executable
UNRESOLVED: g++.dg/ext/label13.C -std=gnu++11 compilation failed to produce executable
=== g++ Summary for unix/-m32 ===
# of expected passes 47394
# of expected failures 288
# of unresolved testcases 2
# of unsupported tests 408
Running target unix/-m64
UNRESOLVED: g++.dg/ext/label13.C -std=gnu++98 compilation failed to produce executable
UNRESOLVED: g++.dg/ext/label13.C -std=gnu++11 compilation failed to produce executable
=== g++ Summary for unix/-m64 ===
# of expected passes 48191
# of expected failures 288
# of unresolved testcases 2
# of unsupported tests 634
=== g++ Summary ===
# of expected passes 95585
# of expected failures 576
# of unresolved testcases 4
# of unsupported tests 1042
/opt/gcc/4.7_build/gcc/testsuite/g++/../../g++ version 4.7.4 20131221 (prerelease) [4.7 branch revision 206161] (GCC)
=== gcc tests ===
Running target unix/-m32
FAIL: gcc.dg/cpp/_Pragma3.c (test for excess errors)
FAIL: gcc.dg/matrix/transpose-3.c execution, -fprofile-use -fipa-matrix-reorg -fdump-ipa-matrix-reorg -O3 -fwhole-program -fno-tree-fre
WARNING: program timed out.
FAIL: gcc.dg/pch/save-temps-1.c -O3 -fomit-frame-pointer -I. -Dwith_PCH (test for excess errors)
FAIL: gcc.dg/pch/save-temps-1.c -O3 -fomit-frame-pointer assembly comparison
FAIL: gcc.dg/torture/pr53922.c -O0 (test for excess errors)
UNRESOLVED: gcc.dg/torture/pr53922.c -O0 compilation failed to produce executable
FAIL: gcc.dg/torture/pr53922.c -O1 (test for excess errors)
UNRESOLVED: gcc.dg/torture/pr53922.c -O1 compilation failed to produce executable
FAIL: gcc.dg/torture/pr53922.c -O2 (test for excess errors)
UNRESOLVED: gcc.dg/torture/pr53922.c -O2 compilation failed to produce executable
FAIL: gcc.dg/torture/pr53922.c -O3 -fomit-frame-pointer (test for excess errors)
UNRESOLVED: gcc.dg/torture/pr53922.c -O3 -fomit-frame-pointer compilation failed to produce executable
FAIL: gcc.dg/torture/pr53922.c -O3 -g (test for excess errors)
UNRESOLVED: gcc.dg/torture/pr53922.c -O3 -g compilation failed to produce executable
FAIL: gcc.dg/torture/pr53922.c -Os (test for excess errors)
UNRESOLVED: gcc.dg/torture/pr53922.c -Os compilation failed to produce executable
FAIL: gcc.dg/torture/pr53922.c -O2 -flto -flto-partition=none (test for excess errors)
UNRESOLVED: gcc.dg/torture/pr53922.c -O2 -flto -flto-partition=none compilation failed to produce executable
FAIL: gcc.dg/torture/pr53922.c -O2 -flto (test for excess errors)
UNRESOLVED: gcc.dg/torture/pr53922.c -O2 -flto compilation failed to produce executable
FAIL: gcc.dg/tree-prof/pr52027.c compilation, -fprofile-use -D_PROFILE_USE
UNRESOLVED: gcc.dg/tree-prof/pr52027.c execution, -fprofile-use -D_PROFILE_USE
=== gcc Summary for unix/-m32 ===
# of expected passes 82887
# of unexpected failures 13
# of expected failures 255
# of unresolved testcases 9
# of unsupported tests 1930
Running target unix/-m64
FAIL: gcc.dg/cpp/_Pragma3.c (test for excess errors)
FAIL: gcc.dg/matrix/transpose-3.c execution, -fprofile-use -fipa-matrix-reorg -fdump-ipa-matrix-reorg -O3 -fwhole-program -fno-tree-fre
WARNING: program timed out.
FAIL: gcc.dg/pch/save-temps-1.c -O3 -g -I. -Dwith_PCH (test for excess errors)
FAIL: gcc.dg/pch/save-temps-1.c -O3 -g assembly comparison
FAIL: gcc.dg/torture/pr53922.c -O0 (test for excess errors)
UNRESOLVED: gcc.dg/torture/pr53922.c -O0 compilation failed to produce executable
FAIL: gcc.dg/torture/pr53922.c -O1 (test for excess errors)
UNRESOLVED: gcc.dg/torture/pr53922.c -O1 compilation failed to produce executable
FAIL: gcc.dg/torture/pr53922.c -O2 (test for excess errors)
UNRESOLVED: gcc.dg/torture/pr53922.c -O2 compilation failed to produce executable
FAIL: gcc.dg/torture/pr53922.c -O3 -fomit-frame-pointer (test for excess errors)
UNRESOLVED: gcc.dg/torture/pr53922.c -O3 -fomit-frame-pointer compilation failed to produce executable
FAIL: gcc.dg/torture/pr53922.c -O3 -g (test for excess errors)
UNRESOLVED: gcc.dg/torture/pr53922.c -O3 -g compilation failed to produce executable
FAIL: gcc.dg/torture/pr53922.c -Os (test for excess errors)
UNRESOLVED: gcc.dg/torture/pr53922.c -Os compilation failed to produce executable
FAIL: gcc.dg/torture/pr53922.c -O2 -flto -flto-partition=none (test for excess errors)
UNRESOLVED: gcc.dg/torture/pr53922.c -O2 -flto -flto-partition=none compilation failed to produce executable
FAIL: gcc.dg/torture/pr53922.c -O2 -flto (test for excess errors)
UNRESOLVED: gcc.dg/torture/pr53922.c -O2 -flto compilation failed to produce executable
FAIL: gcc.dg/tree-prof/pr34999.c compilation, -fprofile-use -D_PROFILE_USE
UNRESOLVED: gcc.dg/tree-prof/pr34999.c execution, -fprofile-use -D_PROFILE_USE
FAIL: gcc.dg/tree-prof/pr52027.c compilation, -fprofile-use -D_PROFILE_USE
UNRESOLVED: gcc.dg/tree-prof/pr52027.c execution, -fprofile-use -D_PROFILE_USE
FAIL: gcc.target/i386/pr49866.c (test for excess errors)
=== gcc Summary for unix/-m64 ===
# of expected passes 83118
# of unexpected failures 15
# of expected failures 256
# of unresolved testcases 10
# of unsupported tests 2260
=== gcc Summary ===
# of expected passes 166005
# of unexpected failures 28
# of expected failures 511
# of unresolved testcases 19
# of unsupported tests 4190
/opt/gcc/4.7_build/gcc/xgcc version 4.7.4 20131221 (prerelease) [4.7 branch revision 206161] (GCC)
=== gfortran tests ===
Running target unix/-m32
=== gfortran Summary for unix/-m32 ===
# of expected passes 40906
# of expected failures 42
# of unsupported tests 209
Running target unix/-m64
=== gfortran Summary for unix/-m64 ===
# of expected passes 41195
# of expected failures 42
# of unsupported tests 69
=== gfortran Summary ===
# of expected passes 82101
# of expected failures 84
# of unsupported tests 278
/opt/gcc/4.7_build/gcc/testsuite/gfortran/../../gfortran version 4.7.4 20131221 (prerelease) [4.7 branch revision 206161] (GCC)
=== obj-c++ tests ===
Running target unix/-m32
FAIL: obj-c++.dg/cxx-ivars-3.mm -fnext-runtime execution test
FAIL: obj-c++.dg/gnu-api-2-objc.mm -fnext-runtime execution test
FAIL: obj-c++.dg/torture/strings/string1.mm -O2 -flto -flto-partition=none -fnext-runtime (test for excess errors)
FAIL: obj-c++.dg/torture/strings/string1.mm -O2 -flto -fnext-runtime (test for excess errors)
=== obj-c++ Summary for unix/-m32 ===
# of expected passes 3155
# of unexpected failures 4
# of expected failures 2
# of unsupported tests 68
Running target unix/-m64
FAIL: obj-c++.dg/gnu-api-2-objc.mm -fnext-runtime execution test
FAIL: obj-c++.dg/try-catch-2.mm -fnext-runtime execution test
FAIL: obj-c++.dg/try-catch-9.mm -fnext-runtime execution test
FAIL: obj-c++.dg/torture/strings/string1.mm -O2 -flto -flto-partition=none -fnext-runtime (test for excess errors)
FAIL: obj-c++.dg/torture/strings/string1.mm -O2 -flto -fnext-runtime (test for excess errors)
=== obj-c++ Summary for unix/-m64 ===
# of expected passes 3095
# of unexpected failures 5
# of expected failures 19
# of unsupported tests 74
=== obj-c++ Summary ===
# of expected passes 6250
# of unexpected failures 9
# of expected failures 21
# of unsupported tests 142
/opt/gcc/4.7_build/gcc/testsuite/obj-c++/../../g++ version 4.7.4 20131221 (prerelease) [4.7 branch revision 206161] (GCC)
=== objc tests ===
Running target unix/-m32
FAIL: objc.dg/call-super-2.m -fnext-runtime (test for warnings, line 74)
FAIL: objc.dg/call-super-2.m -fnext-runtime (test for warnings, line 104)
FAIL: objc.dg/gnu-api-2-objc.m -fnext-runtime execution test
FAIL: objc.dg/torture/strings/string1.m -O2 -flto -flto-partition=none -fnext-runtime (test for excess errors)
FAIL: objc.dg/torture/strings/string1.m -O2 -flto -fnext-runtime (test for excess errors)
FAIL: objc.dg/torture/strings/string2.m -O2 -flto -flto-partition=none -fnext-runtime (test for excess errors)
FAIL: objc.dg/torture/strings/string2.m -O2 -flto -fnext-runtime (test for excess errors)
FAIL: objc.dg/torture/strings/string3.m -O2 -flto -flto-partition=none -fnext-runtime (test for excess errors)
FAIL: objc.dg/torture/strings/string3.m -O2 -flto -fnext-runtime (test for excess errors)
FAIL: objc.dg/torture/strings/string4.m -O2 -flto -flto-partition=none -fnext-runtime (test for excess errors)
FAIL: objc.dg/torture/strings/string4.m -O2 -flto -fnext-runtime (test for excess errors)
=== objc Summary for unix/-m32 ===
# of expected passes 6089
# of unexpected failures 11
# of expected failures 6
# of unsupported tests 85
Running target unix/-m64
FAIL: objc.dg/call-super-2.m -fnext-runtime (test for warnings, line 74)
FAIL: objc.dg/call-super-2.m -fnext-runtime (test for warnings, line 104)
FAIL: objc.dg/exceptions-2.m -fnext-runtime execution test
FAIL: objc.dg/gnu-api-2-objc.m -fnext-runtime execution test
FAIL: objc.dg/torture/strings/string1.m -O2 -flto -flto-partition=none -fnext-runtime (test for excess errors)
FAIL: objc.dg/torture/strings/string1.m -O2 -flto -fnext-runtime (test for excess errors)
FAIL: objc.dg/torture/strings/string2.m -O2 -flto -flto-partition=none -fnext-runtime (test for excess errors)
FAIL: objc.dg/torture/strings/string2.m -O2 -flto -fnext-runtime (test for excess errors)
FAIL: objc.dg/torture/strings/string3.m -O2 -flto -flto-partition=none -fnext-runtime (test for excess errors)
FAIL: objc.dg/torture/strings/string3.m -O2 -flto -fnext-runtime (test for excess errors)
FAIL: objc.dg/torture/strings/string4.m -O2 -flto -flto-partition=none -fnext-runtime (test for excess errors)
FAIL: objc.dg/torture/strings/string4.m -O2 -flto -fnext-runtime (test for excess errors)
=== objc Summary for unix/-m64 ===
# of expected passes 5932
# of unexpected failures 12
# of expected failures 6
# of unsupported tests 91
=== objc Summary ===
# of expected passes 12021
# of unexpected failures 23
# of expected failures 12
# of unsupported tests 176
/opt/gcc/4.7_build/gcc/xgcc version 4.7.4 20131221 (prerelease) [4.7 branch revision 206161] (GCC)
=== boehm-gc tests ===
Running target unix/-m32
=== boehm-gc Summary for unix/-m32 ===
# of expected passes 12
# of unsupported tests 1
Running target unix/-m64
=== boehm-gc Summary for unix/-m64 ===
# of expected passes 12
# of unsupported tests 1
=== boehm-gc Summary ===
# of expected passes 24
# of unsupported tests 2
=== libffi tests ===
Running target unix/-m32
=== libffi Summary for unix/-m32 ===
# of expected passes 1634
# of expected failures 10
# of unsupported tests 55
Running target unix/-m64
=== libffi Summary for unix/-m64 ===
# of expected passes 1634
# of expected failures 10
# of unsupported tests 55
=== libffi Summary ===
# of expected passes 3268
# of expected failures 20
# of unsupported tests 110
=== libgomp tests ===
Running target unix/-m32
=== libgomp Summary for unix/-m32 ===
# of expected passes 2940
# of unsupported tests 3
Running target unix/-m64
=== libgomp Summary for unix/-m64 ===
# of expected passes 2940
# of unsupported tests 3
=== libgomp Summary ===
# of expected passes 5880
# of unsupported tests 6
=== libitm tests ===
Running target unix/-m32
=== libitm Summary for unix/-m32 ===
# of expected passes 26
# of expected failures 3
# of unsupported tests 1
Running target unix/-m64
=== libitm Summary for unix/-m64 ===
# of expected passes 26
# of expected failures 3
# of unsupported tests 1
=== libitm Summary ===
# of expected passes 52
# of expected failures 6
# of unsupported tests 2
=== libjava tests ===
Running target unix/-m32
FAIL: PR16923 run
FAIL: Thread_Sleep_2 output - source compiled test
FAIL: Thread_Sleep_2 -findirect-dispatch output - source compiled test
=== libjava Summary for unix/-m32 ===
# of expected passes 2571
# of unexpected failures 3
# of untested testcases 1
Running target unix/-m64
FAIL: PR16923 run
FAIL: Throw_2 execution - source compiled test
FAIL: Throw_2 -findirect-dispatch execution - source compiled test
FAIL: Throw_2 -O3 execution - source compiled test
FAIL: Throw_2 -O3 -findirect-dispatch execution - source compiled test
=== libjava Summary for unix/-m64 ===
# of expected passes 2565
# of unexpected failures 5
# of untested testcases 5
=== libjava Summary ===
# of expected passes 5136
# of unexpected failures 8
# of untested testcases 6
=== libstdc++ tests ===
Running target unix/-m32
=== libstdc++ Summary for unix/-m32 ===
# of expected passes 7902
# of expected failures 45
# of unsupported tests 565
Running target unix/-m64
=== libstdc++ Summary for unix/-m64 ===
# of expected passes 7900
# of expected failures 45
# of unsupported tests 566
Compiler version: 4.7.4 20131221 (prerelease) [4.7 branch revision 206161] (GCC)
Platform: x86_64-apple-darwin13.0.0
configure flags: --prefix=/opt/gcc/gcc4.7c --enable-languages=c,c++,fortran,objc,obj-c++,java,lto --with-gmp=/opt/mp --with-system-zlib --enable-lto --enable-plugin