This is the mail archive of the gcc-testresults@gcc.gnu.org mailing list for the GCC project.


Index Nav: [Date Index] [Subject Index] [Author Index] [Thread Index]
Message Nav: [Date Prev] [Date Next] [Thread Prev] [Thread Next]
Other format: [Raw text]

Results for 4.8.2 (GCC) testsuite on hppa-unknown-linux-gnu


-- Build environment ----------------------------------------------------------
Distro:	los.git rootfs=c30a native=b45c
Kernel:	Linux acidhouse 3.13.0-rc4-los_c30a #1 Thu Dec 19 23:34:05 EET 2013 parisc GNU/Linux
CPU:	processor	: 0
	cpu family	: PA-RISC 2.0
	cpu		: PA8700 (PCX-W2)
	cpu MHz		: 750.000000
	capabilities	: os32 os64 iopdir_fdc nva_supported (0x07)
	model		: 9000/785/C3700
	model name	: Allegro W2
	hversion	: 0x00005dc0
	sversion	: 0x00000481
	I-cache		: 768 KB
	D-cache		: 1536 KB (WB, direct mapped)
	ITLB entries	: 240
	DTLB entries	: 240 - shared with ITLB
	bogomips	: 1488.89
	software id	: 2002408626
-- Time consumed --------------------------------------------------------------
Build:	real	446m38.915s
	user	405m29.710s
	sys	39m4.070s
Test:   real	767m12.502s
	user	507m53.513s
	sys	252m51.100s
-------------------------------------------------------------------------------
LAST_UPDATED: Obtained from SVN: tags/gcc_4_8_2_release revision 203690

Native configuration is hppa-unknown-linux-gnu

		=== g++ tests ===


Running target unix
FAIL: g++.dg/debug/dwarf2/non-virtual-thunk.C -std=gnu++98  scan-assembler thunk.C:30
FAIL: g++.dg/debug/dwarf2/non-virtual-thunk.C -std=gnu++11  scan-assembler thunk.C:30
ERROR: g++.dg/abi/mangle33.C -std=c++98: error executing dg-final: couldn't compile regular expression pattern: out of memory
UNRESOLVED: g++.dg/abi/mangle33.C -std=c++98: error executing dg-final: couldn't compile regular expression pattern: out of memory
ERROR: g++.dg/abi/mangle33.C -std=c++11: error executing dg-final: couldn't compile regular expression pattern: out of memory
UNRESOLVED: g++.dg/abi/mangle33.C -std=c++11: error executing dg-final: couldn't compile regular expression pattern: out of memory
FAIL: g++.dg/init/const9.C -std=c++98  scan-assembler-not rodata
FAIL: g++.dg/init/const9.C -std=c++11  scan-assembler-not rodata
FAIL: c-c++-common/simulate-thread/bitfields-2.c  -Os -g  thread simulation test

		=== g++ Summary ===

# of expected passes		50320
# of unexpected failures	5
# of expected failures		290
# of unresolved testcases	2
# of unsupported tests		967
/home/aaro/gcctest/build/gcc/testsuite/g++/../../xg++  version 4.8.2 (GCC) 

		=== gcc tests ===


Running target unix
FAIL: gcc.dg/pr57518.c scan-rtl-dump-not ira "REG_EQUIV.*mem.*"ip""
XPASS: gcc.dg/tree-ssa/loop-1.c scan-assembler-times foo 5

		=== gcc Summary ===

# of expected passes		80477
# of unexpected failures	1
# of unexpected successes	1
# of expected failures		117
# of unsupported tests		1256
/home/aaro/gcctest/build/gcc/xgcc  version 4.8.2 (GCC) 

		=== libatomic tests ===


Running target unix

		=== libatomic Summary ===

# of expected passes		34
# of unsupported tests		10
		=== libgomp tests ===


Running target unix

		=== libgomp Summary ===

# of expected passes		1315
# of unsupported tests		1
		=== libmudflap tests ===


Running target unix
FAIL: libmudflap.c++/pass41-frag.cxx ( -O) execution test
FAIL: libmudflap.c++/pass41-frag.cxx (-O2) execution test
FAIL: libmudflap.c++/pass41-frag.cxx (-O3) execution test
ERROR: tcl error sourcing /home/aaro/gcctest/gcc-4.8.2/libmudflap/testsuite/libmudflap.cth/cthfrags.exp.
ERROR: couldn't compile regular expression pattern: out of memory

		=== libmudflap Summary ===

# of expected passes		1253
# of unexpected failures	3
		=== libstdc++ tests ===


Running target unix
FAIL: libstdc++-abi/abi_check
FAIL: 30_threads/thread/native_handle/cancel.cc execution test

		=== libstdc++ Summary ===

# of expected passes		8170
# of unexpected failures	2
# of expected failures		45
# of unsupported tests		672

Compiler version: 4.8.2 (GCC) 
Platform: hppa-unknown-linux-gnu
configure flags: --disable-nls --enable-languages=c,c++ --host=hppa-unknown-linux-gnu --build=hppa-unknown-linux-gnu --target=hppa-unknown-linux-gnu --with-system-zlib --disable-static --enable-shared


Index Nav: [Date Index] [Subject Index] [Author Index] [Thread Index]
Message Nav: [Date Prev] [Date Next] [Thread Prev] [Thread Next]