This is the mail archive of the
gcc-testresults@gcc.gnu.org
mailing list for the GCC project.
Results for 4.9.0 20131213 (experimental) [trunk revision 205959] (GCC) testsuite on i386-pc-solaris2.9
- From: Rainer Orth <ro at CeBiTec dot Uni-Bielefeld dot DE>
- To: gcc-testresults at gcc dot gnu dot org
- Date: Sat, 14 Dec 2013 13:45:14 +0100 (MET)
- Subject: Results for 4.9.0 20131213 (experimental) [trunk revision 205959] (GCC) testsuite on i386-pc-solaris2.9
- Authentication-results: sourceware.org; auth=none
LAST_UPDATED: Fri Dec 13 13:25:24 UTC 2013 (revision 205959)
=== acats tests ===
=== acats Summary ===
# of expected passes 2320
# of unexpected failures 0
Native configuration is i386-pc-solaris2.9
=== g++ tests ===
Running target unix
FAIL: g++.dg/warn/Wunused-3.C -std=gnu++98 (test for excess errors)
FAIL: g++.dg/warn/Wunused-3.C -std=gnu++11 (test for excess errors)
=== g++ Summary ===
# of expected passes 55350
# of unexpected failures 2
# of expected failures 292
# of unsupported tests 782
/var/gcc/regression/trunk/9-gcc-gas/build/gcc/testsuite/g++/../../xg++ version 4.9.0 20131213 (experimental) [trunk revision 205959] (GCC)
=== gcc tests ===
Running target unix
XPASS: gcc.dg/binop-xor1.c scan-tree-dump-times optimized "\\\\^" 1
FAIL: gcc.dg/uninit-pred-8_b.c bogus warning (test for bogus messages, line 20)
FAIL: gcc.dg/uninit-pred-9_b.c bogus warning (test for bogus messages, line 24)
FAIL: gcc.dg/torture/tls/run-ld.c -O1 execution test
FAIL: gcc.dg/torture/tls/run-ld.c -O2 execution test
FAIL: gcc.dg/torture/tls/run-ld.c -O3 -fomit-frame-pointer execution test
FAIL: gcc.dg/torture/tls/run-ld.c -O3 -g execution test
FAIL: gcc.dg/torture/tls/run-ld.c -Os execution test
FAIL: gcc.dg/torture/tls/run-ld.c -O1 -fpic execution test
FAIL: gcc.dg/torture/tls/run-ld.c -O2 -fpic execution test
FAIL: gcc.dg/torture/tls/run-ld.c -O3 -fomit-frame-pointer -fpic execution test
FAIL: gcc.dg/torture/tls/run-ld.c -O3 -g -fpic execution test
FAIL: gcc.dg/torture/tls/run-ld.c -Os -fpic execution test
FAIL: gcc.dg/torture/tls/run-ld.c -O1 -fPIC execution test
FAIL: gcc.dg/torture/tls/run-ld.c -O2 -fPIC execution test
FAIL: gcc.dg/torture/tls/run-ld.c -O3 -fomit-frame-pointer -fPIC execution test
FAIL: gcc.dg/torture/tls/run-ld.c -O3 -g -fPIC execution test
FAIL: gcc.dg/torture/tls/run-ld.c -Os -fPIC execution test
FAIL: gcc.dg/torture/tls/run-ld.c -O2 -flto -flto-partition=none execution test
FAIL: gcc.dg/torture/tls/run-ld.c -O2 -flto execution test
FAIL: gcc.dg/torture/tls/thr-init-2.c -O2 -fpic execution test
FAIL: gcc.dg/torture/tls/thr-init-2.c -O3 -fomit-frame-pointer -fpic execution test
FAIL: gcc.dg/torture/tls/thr-init-2.c -O3 -g -fpic execution test
FAIL: gcc.dg/torture/tls/thr-init-2.c -Os -fpic execution test
FAIL: gcc.dg/torture/tls/thr-init-2.c -O2 -fPIC execution test
FAIL: gcc.dg/torture/tls/thr-init-2.c -O3 -fomit-frame-pointer -fPIC execution test
FAIL: gcc.dg/torture/tls/thr-init-2.c -O3 -g -fPIC execution test
FAIL: gcc.dg/torture/tls/thr-init-2.c -Os -fPIC execution test
FAIL: gcc.dg/vect/vect-nop-move.c execution test
FAIL: gcc.dg/vect/vect-nop-move.c -flto -ffat-lto-objects execution test
FAIL: gcc.target/i386/pr59390.c (test for excess errors)
FAIL: gcc.target/i386/pr59390_1.c (test for excess errors)
FAIL: gcc.target/i386/pr59390_2.c (test for excess errors)
=== gcc Summary ===
# of expected passes 97215
# of unexpected failures 32
# of unexpected successes 1
# of expected failures 250
# of unsupported tests 1261
/var/gcc/regression/trunk/9-gcc-gas/build/gcc/xgcc version 4.9.0 20131213 (experimental) [trunk revision 205959] (GCC)
=== gfortran tests ===
Running target unix
FAIL: gfortran.dg/class_48.f90 -O2 (test for excess errors)
FAIL: gfortran.dg/class_48.f90 -Os (test for excess errors)
FAIL: gfortran.dg/round_4.f90 -O0 (test for excess errors)
WARNING: gfortran.dg/round_4.f90 -O0 compilation failed to produce executable
FAIL: gfortran.dg/round_4.f90 -O1 (test for excess errors)
WARNING: gfortran.dg/round_4.f90 -O1 compilation failed to produce executable
FAIL: gfortran.dg/round_4.f90 -O2 (test for excess errors)
WARNING: gfortran.dg/round_4.f90 -O2 compilation failed to produce executable
FAIL: gfortran.dg/round_4.f90 -O3 -fomit-frame-pointer (test for excess errors)
WARNING: gfortran.dg/round_4.f90 -O3 -fomit-frame-pointer compilation failed to produce executable
FAIL: gfortran.dg/round_4.f90 -O3 -fomit-frame-pointer -funroll-loops (test for excess errors)
WARNING: gfortran.dg/round_4.f90 -O3 -fomit-frame-pointer -funroll-loops compilation failed to produce executable
FAIL: gfortran.dg/round_4.f90 -O3 -fomit-frame-pointer -funroll-all-loops -finline-functions (test for excess errors)
WARNING: gfortran.dg/round_4.f90 -O3 -fomit-frame-pointer -funroll-all-loops -finline-functions compilation failed to produce executable
FAIL: gfortran.dg/round_4.f90 -O3 -g (test for excess errors)
WARNING: gfortran.dg/round_4.f90 -O3 -g compilation failed to produce executable
FAIL: gfortran.dg/round_4.f90 -Os (test for excess errors)
WARNING: gfortran.dg/round_4.f90 -Os compilation failed to produce executable
FAIL: gfortran.dg/lto/pr45586-2 f_lto_pr45586-2_0.o-f_lto_pr45586-2_0.o link, -O0 -flto -flto-partition=none (internal compiler error)
UNRESOLVED: gfortran.dg/lto/pr45586-2 f_lto_pr45586-2_0.o-f_lto_pr45586-2_0.o execute -O0 -flto -flto-partition=none
FAIL: gfortran.dg/lto/pr45586-2 f_lto_pr45586-2_0.o-f_lto_pr45586-2_0.o link, -O0 -flto -flto-partition=1to1 (internal compiler error)
UNRESOLVED: gfortran.dg/lto/pr45586-2 f_lto_pr45586-2_0.o-f_lto_pr45586-2_0.o execute -O0 -flto -flto-partition=1to1
FAIL: gfortran.dg/lto/pr45586-2 f_lto_pr45586-2_0.o-f_lto_pr45586-2_0.o link, -O0 -flto (internal compiler error)
UNRESOLVED: gfortran.dg/lto/pr45586-2 f_lto_pr45586-2_0.o-f_lto_pr45586-2_0.o execute -O0 -flto
FAIL: gfortran.dg/lto/pr45586 f_lto_pr45586_0.o-f_lto_pr45586_0.o link, -O0 -flto -flto-partition=none (internal compiler error)
UNRESOLVED: gfortran.dg/lto/pr45586 f_lto_pr45586_0.o-f_lto_pr45586_0.o execute -O0 -flto -flto-partition=none
FAIL: gfortran.dg/lto/pr45586 f_lto_pr45586_0.o-f_lto_pr45586_0.o link, -O0 -flto -flto-partition=1to1 (internal compiler error)
UNRESOLVED: gfortran.dg/lto/pr45586 f_lto_pr45586_0.o-f_lto_pr45586_0.o execute -O0 -flto -flto-partition=1to1
FAIL: gfortran.dg/lto/pr45586 f_lto_pr45586_0.o-f_lto_pr45586_0.o link, -O0 -flto (internal compiler error)
UNRESOLVED: gfortran.dg/lto/pr45586 f_lto_pr45586_0.o-f_lto_pr45586_0.o execute -O0 -flto
=== gfortran Summary ===
# of expected passes 44605
# of unexpected failures 16
# of expected failures 52
# of unresolved testcases 6
# of unsupported tests 367
/var/gcc/regression/trunk/9-gcc-gas/build/gcc/testsuite/gfortran/../../gfortran version 4.9.0 20131213 (experimental) [trunk revision 205959] (GCC)
=== gnat tests ===
Running target unix
=== gnat Summary ===
# of expected passes 1212
# of expected failures 18
# of unsupported tests 6
/var/gcc/regression/trunk/9-gcc-gas/build/gcc/gnatmake version 4.9.0 20131213 (experimental) [trunk revision 205959]
=== go tests ===
Running target unix
FAIL: go.test/test/peano.go execution, -O2 -g
=== go Summary ===
# of expected passes 7388
# of unexpected failures 1
# of expected failures 1
# of untested testcases 5
# of unsupported tests 4
/var/gcc/regression/trunk/9-gcc-gas/build/gcc/testsuite/go/../../gccgo version 4.9.0 20131213 (experimental) [trunk revision 205959] (GCC)
=== obj-c++ tests ===
Running target unix
=== obj-c++ Summary ===
# of expected passes 1449
# of expected failures 2
# of unsupported tests 86
/var/gcc/regression/trunk/9-gcc-gas/build/gcc/testsuite/obj-c++/../../xg++ version 4.9.0 20131213 (experimental) [trunk revision 205959] (GCC)
=== objc tests ===
Running target unix
=== objc Summary ===
# of expected passes 2988
# of expected failures 6
# of unsupported tests 74
/var/gcc/regression/trunk/9-gcc-gas/build/gcc/xgcc version 4.9.0 20131213 (experimental) [trunk revision 205959] (GCC)
=== boehm-gc tests ===
Running target unix
=== boehm-gc Summary ===
# of expected passes 12
# of unsupported tests 1
=== libatomic tests ===
Running target unix
=== libatomic Summary ===
# of expected passes 44
# of unsupported tests 5
=== libffi tests ===
Running target unix
=== libffi Summary ===
# of expected passes 1819
# of unsupported tests 55
=== libgo tests ===
Running target unix
FAIL: net
FAIL: runtime
FAIL: log/syslog
FAIL: os/user
FAIL: sync/atomic
=== libgo Summary ===
# of expected passes 117
# of unexpected failures 5
=== libgomp tests ===
Running target unix
FAIL: libgomp.c/pr58392.c execution test
FAIL: libgomp.c/simd-6.c execution test
FAIL: libgomp.c++/simd-8.C execution test
FAIL: libgomp.graphite/bounds.c scan-tree-dump-times graphite "0 loops carried no dependency" 1
FAIL: libgomp.graphite/force-parallel-4.c execution test
FAIL: libgomp.graphite/force-parallel-4.c scan-tree-dump-times graphite "2 loops carried no dependency" 1
FAIL: libgomp.graphite/force-parallel-6.c scan-tree-dump-times graphite "1 loops carried no dependency" 1
FAIL: libgomp.graphite/pr41118.c scan-tree-dump-times optimized "loopfn" 0
=== libgomp Summary ===
# of expected passes 2378
# of unexpected failures 8
# of unsupported tests 3
=== libitm tests ===
Running target unix
=== libitm Summary ===
# of expected passes 26
# of expected failures 3
# of unsupported tests 1
=== libjava tests ===
Running target unix
FAIL: Divide_1 output - source compiled test
FAIL: Divide_1 -findirect-dispatch output - source compiled test
FAIL: Divide_1 -O3 output - source compiled test
FAIL: Divide_1 -O3 -findirect-dispatch output - source compiled test
FAIL: sourcelocation output - source compiled test
FAIL: sourcelocation -findirect-dispatch output - source compiled test
FAIL: sourcelocation -O3 output - source compiled test
FAIL: sourcelocation -O3 -findirect-dispatch output - source compiled test
=== libjava Summary ===
# of expected passes 2578
# of unexpected failures 8
=== libstdc++ tests ===
Running target unix
XPASS: 22_locale/num_put/put/char/14220.cc execution test
XPASS: 22_locale/num_put/put/wchar_t/14220.cc execution test
=== libstdc++ Summary ===
# of expected passes 8273
# of unexpected successes 2
# of expected failures 42
# of unsupported tests 927
Compiler version: 4.9.0 20131213 (experimental) [trunk revision 205959] (GCC)
Platform: i386-pc-solaris2.9
configure flags: --prefix=/vol/gcc --target=i386-pc-solaris2.9 --enable-obsolete --enable-objc-gc --with-as=/vol/gcc/bin/gas-2.24 --with-gnu-as --with-gmp-include=/vol/gcc/include --with-gmp-lib=/vol/gcc/lib --with-mpfr-include=/vol/gcc/include --with-mpfr-lib=/vol/gcc/lib --with-mpc-include=/vol/gcc/include --with-mpc-lib=/vol/gcc/lib --enable-languages=all,ada,obj-c++,go --with-isl-include=/vol/gcc/include --with-isl-lib=/vol/gcc/lib --with-cloog-include=/vol/gcc/include --with-cloog-lib=/vol/gcc/lib --enable-cloog-backend=isl
BOOT_CFLAGS=-g -O2