This is the mail archive of the
gcc-testresults@gcc.gnu.org
mailing list for the GCC project.
Results for 4.9.0 20131129 (experimental) [trunk revision 205515] (GCC) testsuite on sparcv9-sun-solaris2.11
- From: Rainer Orth <ro at CeBiTec dot Uni-Bielefeld dot DE>
- To: gcc-testresults at gcc dot gnu dot org
- Date: Mon, 2 Dec 2013 16:54:08 +0100 (MET)
- Subject: Results for 4.9.0 20131129 (experimental) [trunk revision 205515] (GCC) testsuite on sparcv9-sun-solaris2.11
- Authentication-results: sourceware.org; auth=none
LAST_UPDATED: Fri Nov 29 12:09:24 UTC 2013 (revision 205515)
=== acats tests ===
=== acats Summary ===
# of expected passes 2320
# of unexpected failures 0
Native configuration is sparcv9-sun-solaris2.11
=== g++ tests ===
Running target unix
FAIL: g++.dg/warn/Wunused-3.C -std=gnu++98 (test for excess errors)
FAIL: g++.dg/warn/Wunused-3.C -std=gnu++11 (test for excess errors)
=== g++ Summary for unix ===
# of expected passes 55529
# of unexpected failures 2
# of expected failures 292
# of unsupported tests 1132
Running target unix/-m32
FAIL: g++.dg/warn/Wunused-3.C -std=gnu++98 (test for excess errors)
FAIL: g++.dg/warn/Wunused-3.C -std=gnu++11 (test for excess errors)
=== g++ Summary for unix/-m32 ===
# of expected passes 54291
# of unexpected failures 2
# of expected failures 292
# of unsupported tests 1142
=== g++ Summary ===
# of expected passes 109820
# of unexpected failures 4
# of expected failures 584
# of unsupported tests 2274
/var/gcc/regression/trunk/11-gcc-gas-64/build/gcc/testsuite/g++/../../xg++ version 4.9.0 20131129 (experimental) [trunk revision 205515] (GCC)
=== gcc tests ===
Running target unix
FAIL: gcc.dg/atomic/c11-atomic-exec-5.c -O0 execution test
FAIL: gcc.dg/atomic/c11-atomic-exec-5.c -O1 execution test
FAIL: gcc.dg/atomic/c11-atomic-exec-5.c -O2 execution test
FAIL: gcc.dg/atomic/c11-atomic-exec-5.c -O3 -fomit-frame-pointer execution test
FAIL: gcc.dg/atomic/c11-atomic-exec-5.c -O3 -fomit-frame-pointer -funroll-loops execution test
FAIL: gcc.dg/atomic/c11-atomic-exec-5.c -O3 -fomit-frame-pointer -funroll-all-loops -finline-functions execution test
FAIL: gcc.dg/atomic/c11-atomic-exec-5.c -O3 -g execution test
FAIL: gcc.dg/atomic/c11-atomic-exec-5.c -Os execution test
FAIL: gcc.dg/atomic/c11-atomic-exec-5.c -O2 -flto -flto-partition=none execution test
FAIL: gcc.dg/atomic/c11-atomic-exec-5.c -O2 -flto execution test
XPASS: gcc.dg/binop-xor1.c scan-tree-dump-times optimized "\\\\^" 1
WARNING: program timed out.
FAIL: gcc.dg/c11-atomic-2.c (test for excess errors)
FAIL: gcc.dg/uninit-pred-8_b.c bogus warning (test for bogus messages, line 20)
FAIL: gcc.dg/uninit-pred-9_b.c bogus warning (test for bogus messages, line 24)
FAIL: gcc.dg/unroll_1.c (test for warnings, line 14)
FAIL: gcc.dg/unroll_1.c (test for warnings, line 24)
FAIL: gcc.dg/vect/pr58508.c scan-tree-dump-times vect "hoist" 8
FAIL: gcc.dg/vect/vect-reduc-pattern-3.c scan-tree-dump-times vect "vectorized 1 loops" 1
FAIL: gcc.dg/vect/pr58508.c -flto -ffat-lto-objects scan-tree-dump-times vect "hoist" 8
FAIL: gcc.dg/vect/vect-reduc-pattern-3.c -flto -ffat-lto-objects scan-tree-dump-times vect "vectorized 1 loops" 1
=== gcc Summary for unix ===
# of expected passes 88541
# of unexpected failures 19
# of unexpected successes 1
# of expected failures 302
# of unsupported tests 1764
Running target unix/-m32
WARNING: program timed out.
FAIL: gcc.dg/atomic/c11-atomic-exec-3.c -O3 -fomit-frame-pointer -funroll-all-loops -finline-functions (test for excess errors)
WARNING: gcc.dg/atomic/c11-atomic-exec-3.c -O3 -fomit-frame-pointer -funroll-all-loops -finline-functions compilation failed to produce executable
FAIL: gcc.dg/atomic/c11-atomic-exec-5.c -O0 execution test
FAIL: gcc.dg/atomic/c11-atomic-exec-5.c -O1 execution test
FAIL: gcc.dg/atomic/c11-atomic-exec-5.c -O2 execution test
FAIL: gcc.dg/atomic/c11-atomic-exec-5.c -O3 -fomit-frame-pointer execution test
FAIL: gcc.dg/atomic/c11-atomic-exec-5.c -O3 -fomit-frame-pointer -funroll-loops execution test
FAIL: gcc.dg/atomic/c11-atomic-exec-5.c -O3 -fomit-frame-pointer -funroll-all-loops -finline-functions execution test
FAIL: gcc.dg/atomic/c11-atomic-exec-5.c -O3 -g execution test
FAIL: gcc.dg/atomic/c11-atomic-exec-5.c -Os execution test
FAIL: gcc.dg/atomic/c11-atomic-exec-5.c -O2 -flto -flto-partition=none execution test
FAIL: gcc.dg/atomic/c11-atomic-exec-5.c -O2 -flto execution test
XPASS: gcc.dg/binop-xor1.c scan-tree-dump-times optimized "\\\\^" 1
WARNING: program timed out.
FAIL: gcc.dg/c11-atomic-2.c (test for excess errors)
FAIL: gcc.dg/uninit-pred-8_b.c bogus warning (test for bogus messages, line 20)
FAIL: gcc.dg/uninit-pred-9_b.c bogus warning (test for bogus messages, line 24)
FAIL: gcc.dg/unroll_1.c (test for warnings, line 14)
FAIL: gcc.dg/unroll_1.c (test for warnings, line 24)
FAIL: gcc.dg/simulate-thread/atomic-other-int.c -O0 -g thread simulation test
FAIL: gcc.dg/simulate-thread/atomic-other-int.c -O2 -g thread simulation test
FAIL: gcc.dg/simulate-thread/atomic-other-int.c -O3 -g thread simulation test
FAIL: gcc.dg/simulate-thread/speculative-store-4.c -O0 -g thread simulation test
FAIL: gcc.dg/simulate-thread/speculative-store-4.c -O2 -g thread simulation test
FAIL: gcc.dg/simulate-thread/speculative-store-4.c -O3 -g thread simulation test
FAIL: gcc.dg/simulate-thread/speculative-store.c -O0 -g thread simulation test
FAIL: gcc.dg/vect/pr58508.c scan-tree-dump-times vect "hoist" 8
FAIL: gcc.dg/vect/vect-reduc-pattern-3.c scan-tree-dump-times vect "vectorized 1 loops" 1
FAIL: gcc.dg/vect/pr58508.c -flto -ffat-lto-objects scan-tree-dump-times vect "hoist" 8
FAIL: gcc.dg/vect/vect-reduc-pattern-3.c -flto -ffat-lto-objects scan-tree-dump-times vect "vectorized 1 loops" 1
=== gcc Summary for unix/-m32 ===
# of expected passes 87751
# of unexpected failures 27
# of unexpected successes 1
# of expected failures 313
# of unsupported tests 1831
=== gcc Summary ===
# of expected passes 176292
# of unexpected failures 46
# of unexpected successes 2
# of expected failures 615
# of unsupported tests 3595
/var/gcc/regression/trunk/11-gcc-gas-64/build/gcc/xgcc version 4.9.0 20131129 (experimental) [trunk revision 205515] (GCC)
=== gfortran tests ===
Running target unix
FAIL: gfortran.dg/erf_3.F90 -O0 execution test
FAIL: gfortran.dg/erf_3.F90 -O1 execution test
FAIL: gfortran.dg/erf_3.F90 -O2 execution test
FAIL: gfortran.dg/erf_3.F90 -O3 -fomit-frame-pointer execution test
FAIL: gfortran.dg/erf_3.F90 -O3 -fomit-frame-pointer -funroll-loops execution test
FAIL: gfortran.dg/erf_3.F90 -O3 -fomit-frame-pointer -funroll-all-loops -finline-functions execution test
FAIL: gfortran.dg/erf_3.F90 -O3 -g execution test
FAIL: gfortran.dg/erf_3.F90 -Os execution test
FAIL: gfortran.dg/lto/pr45586-2 f_lto_pr45586-2_0.o-f_lto_pr45586-2_0.o link, -O0 -flto -flto-partition=none (internal compiler error)
UNRESOLVED: gfortran.dg/lto/pr45586-2 f_lto_pr45586-2_0.o-f_lto_pr45586-2_0.o execute -O0 -flto -flto-partition=none
FAIL: gfortran.dg/lto/pr45586-2 f_lto_pr45586-2_0.o-f_lto_pr45586-2_0.o link, -O0 -flto -flto-partition=1to1 (internal compiler error)
UNRESOLVED: gfortran.dg/lto/pr45586-2 f_lto_pr45586-2_0.o-f_lto_pr45586-2_0.o execute -O0 -flto -flto-partition=1to1
FAIL: gfortran.dg/lto/pr45586-2 f_lto_pr45586-2_0.o-f_lto_pr45586-2_0.o link, -O0 -flto (internal compiler error)
UNRESOLVED: gfortran.dg/lto/pr45586-2 f_lto_pr45586-2_0.o-f_lto_pr45586-2_0.o execute -O0 -flto
FAIL: gfortran.dg/lto/pr45586 f_lto_pr45586_0.o-f_lto_pr45586_0.o link, -O0 -flto -flto-partition=none (internal compiler error)
UNRESOLVED: gfortran.dg/lto/pr45586 f_lto_pr45586_0.o-f_lto_pr45586_0.o execute -O0 -flto -flto-partition=none
FAIL: gfortran.dg/lto/pr45586 f_lto_pr45586_0.o-f_lto_pr45586_0.o link, -O0 -flto -flto-partition=1to1 (internal compiler error)
UNRESOLVED: gfortran.dg/lto/pr45586 f_lto_pr45586_0.o-f_lto_pr45586_0.o execute -O0 -flto -flto-partition=1to1
FAIL: gfortran.dg/lto/pr45586 f_lto_pr45586_0.o-f_lto_pr45586_0.o link, -O0 -flto (internal compiler error)
UNRESOLVED: gfortran.dg/lto/pr45586 f_lto_pr45586_0.o-f_lto_pr45586_0.o execute -O0 -flto
=== gfortran Summary for unix ===
# of expected passes 44994
# of unexpected failures 14
# of expected failures 40
# of unresolved testcases 6
# of unsupported tests 101
Running target unix/-m32
FAIL: gfortran.dg/class_48.f90 -O2 (test for excess errors)
FAIL: gfortran.dg/class_48.f90 -Os (test for excess errors)
FAIL: gfortran.dg/erf_3.F90 -O0 execution test
FAIL: gfortran.dg/erf_3.F90 -O1 execution test
FAIL: gfortran.dg/erf_3.F90 -O2 execution test
FAIL: gfortran.dg/erf_3.F90 -O3 -fomit-frame-pointer execution test
FAIL: gfortran.dg/erf_3.F90 -O3 -fomit-frame-pointer -funroll-loops execution test
FAIL: gfortran.dg/erf_3.F90 -O3 -fomit-frame-pointer -funroll-all-loops -finline-functions execution test
FAIL: gfortran.dg/erf_3.F90 -O3 -g execution test
FAIL: gfortran.dg/erf_3.F90 -Os execution test
FAIL: gfortran.dg/lto/pr45586-2 f_lto_pr45586-2_0.o-f_lto_pr45586-2_0.o link, -O0 -flto -flto-partition=none (internal compiler error)
UNRESOLVED: gfortran.dg/lto/pr45586-2 f_lto_pr45586-2_0.o-f_lto_pr45586-2_0.o execute -O0 -flto -flto-partition=none
FAIL: gfortran.dg/lto/pr45586-2 f_lto_pr45586-2_0.o-f_lto_pr45586-2_0.o link, -O0 -flto -flto-partition=1to1 (internal compiler error)
UNRESOLVED: gfortran.dg/lto/pr45586-2 f_lto_pr45586-2_0.o-f_lto_pr45586-2_0.o execute -O0 -flto -flto-partition=1to1
FAIL: gfortran.dg/lto/pr45586-2 f_lto_pr45586-2_0.o-f_lto_pr45586-2_0.o link, -O0 -flto (internal compiler error)
UNRESOLVED: gfortran.dg/lto/pr45586-2 f_lto_pr45586-2_0.o-f_lto_pr45586-2_0.o execute -O0 -flto
FAIL: gfortran.dg/lto/pr45586 f_lto_pr45586_0.o-f_lto_pr45586_0.o link, -O0 -flto -flto-partition=none (internal compiler error)
UNRESOLVED: gfortran.dg/lto/pr45586 f_lto_pr45586_0.o-f_lto_pr45586_0.o execute -O0 -flto -flto-partition=none
FAIL: gfortran.dg/lto/pr45586 f_lto_pr45586_0.o-f_lto_pr45586_0.o link, -O0 -flto -flto-partition=1to1 (internal compiler error)
UNRESOLVED: gfortran.dg/lto/pr45586 f_lto_pr45586_0.o-f_lto_pr45586_0.o execute -O0 -flto -flto-partition=1to1
FAIL: gfortran.dg/lto/pr45586 f_lto_pr45586_0.o-f_lto_pr45586_0.o link, -O0 -flto (internal compiler error)
UNRESOLVED: gfortran.dg/lto/pr45586 f_lto_pr45586_0.o-f_lto_pr45586_0.o execute -O0 -flto
=== gfortran Summary for unix/-m32 ===
# of expected passes 44665
# of unexpected failures 16
# of expected failures 40
# of unresolved testcases 6
# of unsupported tests 262
=== gfortran Summary ===
# of expected passes 89659
# of unexpected failures 30
# of expected failures 80
# of unresolved testcases 12
# of unsupported tests 363
/var/gcc/regression/trunk/11-gcc-gas-64/build/gcc/testsuite/gfortran/../../gfortran version 4.9.0 20131129 (experimental) [trunk revision 205515] (GCC)
=== gnat tests ===
Running target unix/-m32
=== gnat Summary for unix/-m32 ===
# of expected passes 1189
# of expected failures 18
# of unsupported tests 13
Running target unix
=== gnat Summary for unix ===
# of expected passes 1189
# of expected failures 18
# of unsupported tests 13
=== gnat Summary ===
# of expected passes 2378
# of expected failures 36
# of unsupported tests 26
/var/gcc/regression/trunk/11-gcc-gas-64/build/gcc/gnatmake version 4.9.0 20131129 (experimental) [trunk revision 205515]
=== go tests ===
Running target unix
FAIL: go.go-torture/execute/array-2.go execution, -O2
FAIL: go.go-torture/execute/array-2.go execution, -O2 -fbounds-check
FAIL: go.go-torture/execute/go-3.go execution, -Os
FAIL: go.go-torture/execute/pointer-1.go execution, -O2 -fomit-frame-pointer -finline-functions -funroll-loops
FAIL: go.test/test/64bit.go execution
FAIL: go.test/test/append.go execution, -O2 -g
FAIL: go.test/test/bom.go execution
FAIL: go.test/test/chan/doubleselect.go execution, -O2 -g
FAIL: go.test/test/chan/fifo.go execution, -O2 -g
FAIL: go.test/test/chan/goroutines.go execution, -O2 -g
FAIL: go.test/test/chan/nonblock.go execution, -O2 -g
FAIL: go.test/test/chan/powser1.go execution, -O2 -g
FAIL: go.test/test/chan/powser2.go execution, -O2 -g
FAIL: go.test/test/chan/select3.go execution, -O2 -g
FAIL: go.test/test/chan/select5.go execution
FAIL: go.test/test/chan/sieve1.go execution, -O2 -g
FAIL: go.test/test/cmplxdivide.go
FAIL: go.test/test/compos.go execution, -O2 -g
FAIL: go.test/test/convert.go execution, -O2 -g
FAIL: go.test/test/copy.go execution, -O2 -g
FAIL: go.test/test/crlf.go execution
FAIL: go.test/test/fixedbugs/bug097.go execution, -O2 -g
FAIL: go.test/test/fixedbugs/bug111.go execution, -O2 -g
FAIL: go.test/test/fixedbugs/bug147.go execution, -O2 -g
FAIL: go.test/test/fixedbugs/bug248.go
FAIL: go.test/test/fixedbugs/bug257.go execution, -O2 -g
FAIL: go.test/test/fixedbugs/bug260.go execution, -O2 -g
FAIL: go.test/test/fixedbugs/bug294.go execution, -O2 -g
FAIL: go.test/test/fixedbugs/bug311.go execution, -O2 -g
FAIL: go.test/test/fixedbugs/bug348.go execution, -O0 -g
FAIL: go.test/test/fixedbugs/bug369.go
FAIL: go.test/test/fixedbugs/bug370.go execution, -O2 -g
FAIL: go.test/test/fixedbugs/bug447.go execution
FAIL: go.test/test/fixedbugs/bug449.go execution
FAIL: go.test/test/fixedbugs/issue4316.go execution, -O2 -g
FAIL: go.test/test/fixedbugs/issue4909b.go execution
FAIL: go.test/test/fixedbugs/issue4964.dir/b.go execution, -O2 -g
FAIL: go.test/test/fixedbugs/issue5162.go execution
FAIL: go.test/test/gc1.go execution, -O2 -g
FAIL: go.test/test/gc2.go execution, -O2 -g
FAIL: go.test/test/goprint.go execution
FAIL: go.test/test/index0.go execution
FAIL: go.test/test/index1.go execution
FAIL: go.test/test/index2.go execution
FAIL: go.test/test/interface/bigdata.go execution, -O2 -g
FAIL: go.test/test/ken/chan.go execution, -O2 -g
FAIL: go.test/test/ken/cplx4.go execution, -O2 -g
FAIL: go.test/test/ken/divconst.go execution, -O2 -g
FAIL: go.test/test/ken/modconst.go execution, -O2 -g
FAIL: go.test/test/ken/rob2.go execution, -O2 -g
FAIL: go.test/test/ken/string.go execution
FAIL: go.test/test/mallocfin.go execution, -O2 -g
FAIL: go.test/test/map.go execution, -O2 -g
FAIL: go.test/test/mapnan.go execution, -O2 -g
FAIL: go.test/test/nil.go execution, -O2 -g
FAIL: go.test/test/peano.go execution, -O2 -g
FAIL: go.test/test/rotate0.go execution
FAIL: go.test/test/rotate1.go execution
FAIL: go.test/test/rotate2.go execution
FAIL: go.test/test/rotate3.go execution
=== go Summary for unix ===
# of expected passes 2961
# of unexpected failures 60
# of expected failures 1
# of untested testcases 8
# of unsupported tests 2
Running target unix/-m32
FAIL: ./index0-out.go compilation, -O0 -g -fno-var-tracking-assignments
FAIL: ./rotate0-out.go compilation, -O0 -g -fno-var-tracking-assignments
FAIL: ./rotate1-out.go compilation, -O0 -g -fno-var-tracking-assignments
FAIL: ./rotate2-out.go compilation, -O0 -g -fno-var-tracking-assignments
FAIL: ./rotate3-out.go compilation, -O0 -g -fno-var-tracking-assignments
FAIL: go.test/test/chan/doubleselect.go execution, -O2 -g
FAIL: go.test/test/fixedbugs/bug370.go execution, -O2 -g
FAIL: go.test/test/mallocfin.go execution, -O2 -g
WARNING: program timed out.
WARNING: program timed out.
WARNING: program timed out.
WARNING: program timed out.
WARNING: program timed out.
=== go Summary for unix/-m32 ===
# of expected passes 7233
# of unexpected failures 8
# of expected failures 1
# of untested testcases 11
# of unsupported tests 2
=== go Summary ===
# of expected passes 10194
# of unexpected failures 68
# of expected failures 2
# of untested testcases 19
# of unsupported tests 4
/var/gcc/regression/trunk/11-gcc-gas-64/build/gcc/testsuite/go/../../gccgo version 4.9.0 20131129 (experimental) [trunk revision 205515] (GCC)
=== obj-c++ tests ===
Running target unix/-m32
=== obj-c++ Summary for unix/-m32 ===
# of expected passes 1449
# of expected failures 2
# of unsupported tests 86
Running target unix
=== obj-c++ Summary for unix ===
# of expected passes 1441
# of expected failures 10
# of unsupported tests 86
=== obj-c++ Summary ===
# of expected passes 2890
# of expected failures 12
# of unsupported tests 172
/var/gcc/regression/trunk/11-gcc-gas-64/build/gcc/testsuite/obj-c++/../../xg++ version 4.9.0 20131129 (experimental) [trunk revision 205515] (GCC)
=== objc tests ===
Running target unix
=== objc Summary for unix ===
# of expected passes 2994
# of unsupported tests 74
Running target unix/-m32
=== objc Summary for unix/-m32 ===
# of expected passes 2994
# of unsupported tests 74
=== objc Summary ===
# of expected passes 5988
# of unsupported tests 148
/var/gcc/regression/trunk/11-gcc-gas-64/build/gcc/xgcc version 4.9.0 20131129 (experimental) [trunk revision 205515] (GCC)
=== boehm-gc tests ===
Running target unix/-m32
=== boehm-gc Summary for unix/-m32 ===
# of expected passes 12
# of unsupported tests 1
Running target unix
=== boehm-gc Summary for unix ===
# of expected passes 12
# of unsupported tests 1
=== boehm-gc Summary ===
# of expected passes 24
# of unsupported tests 2
=== libatomic tests ===
Running target unix/-m32
=== libatomic Summary for unix/-m32 ===
# of expected passes 44
# of unsupported tests 5
Running target unix
=== libatomic Summary for unix ===
# of expected passes 54
=== libatomic Summary ===
# of expected passes 98
# of unsupported tests 5
=== libffi tests ===
Running target unix/-m32
=== libffi Summary for unix/-m32 ===
# of expected passes 1819
# of unsupported tests 55
Running target unix
FAIL: libffi.call/cls_double_va.c -O0 -W -Wall output pattern test, is 7.0
FAIL: libffi.call/cls_double_va.c -O2 output pattern test, is 7.0
FAIL: libffi.call/cls_double_va.c -O3 output pattern test, is 7.0
FAIL: libffi.call/cls_double_va.c -Os output pattern test, is 7.0
FAIL: libffi.call/cls_double_va.c -O2 -fomit-frame-pointer output pattern test, is 7.0
=== libffi Summary for unix ===
# of expected passes 1814
# of unexpected failures 5
# of unsupported tests 55
=== libffi Summary ===
# of expected passes 3633
# of unexpected failures 5
# of unsupported tests 110
=== libgo tests ===
Running target unix
FAIL: bufio
FAIL: bytes
FAIL: errors
FAIL: expvar
FAIL: flag
FAIL: fmt
FAIL: html
FAIL: image
FAIL: io
FAIL: log
FAIL: math
FAIL: mime
FAIL: net
FAIL: os
FAIL: path
FAIL: reflect
FAIL: regexp
FAIL: runtime
FAIL: sort
FAIL: strconv
FAIL: strings
FAIL: sync
FAIL: syscall
FAIL: time
FAIL: unicode
FAIL: archive/tar
FAIL: archive/zip
FAIL: compress/bzip2
FAIL: compress/flate
FAIL: compress/gzip
FAIL: compress/lzw
FAIL: compress/zlib
FAIL: container/heap
FAIL: container/list
FAIL: container/ring
FAIL: crypto/aes
FAIL: crypto/cipher
FAIL: crypto/des
FAIL: crypto/ecdsa
FAIL: crypto/elliptic
FAIL: crypto/hmac
FAIL: crypto/md5
FAIL: crypto/rand
FAIL: crypto/rc4
FAIL: crypto/rsa
FAIL: crypto/sha1
FAIL: crypto/sha256
FAIL: crypto/sha512
FAIL: crypto/subtle
FAIL: crypto/tls
FAIL: crypto/x509
FAIL: database/sql
FAIL: database/sql/driver
FAIL: debug/dwarf
FAIL: debug/elf
FAIL: debug/macho
FAIL: debug/pe
FAIL: encoding/ascii85
FAIL: encoding/asn1
FAIL: encoding/base32
FAIL: encoding/base64
FAIL: encoding/binary
FAIL: encoding/csv
FAIL: encoding/gob
FAIL: encoding/hex
FAIL: encoding/json
FAIL: encoding/pem
FAIL: encoding/xml
FAIL: exp/proxy
FAIL: exp/terminal
FAIL: html/template
FAIL: go/ast
FAIL: go/doc
FAIL: go/format
FAIL: go/parser
FAIL: go/printer
FAIL: go/scanner
FAIL: go/token
FAIL: hash/adler32
FAIL: hash/crc32
FAIL: hash/crc64
FAIL: hash/fnv
FAIL: image/color
FAIL: image/draw
FAIL: image/jpeg
FAIL: image/png
FAIL: index/suffixarray
FAIL: io/ioutil
FAIL: log/syslog
FAIL: math/big
FAIL: math/cmplx
FAIL: math/rand
FAIL: mime/multipart
FAIL: net/http
FAIL: net/http/cgi
FAIL: net/http/cookiejar
FAIL: net/http/fcgi
FAIL: net/http/httptest
FAIL: net/http/httputil
FAIL: net/rpc
FAIL: net/smtp
FAIL: net/textproto
FAIL: net/url
FAIL: net/rpc/jsonrpc
FAIL: old/regexp
FAIL: old/template
FAIL: os/exec
FAIL: os/signal
FAIL: os/user
FAIL: path/filepath
FAIL: regexp/syntax
FAIL: runtime/pprof
FAIL: sync/atomic
FAIL: text/scanner
FAIL: text/tabwriter
FAIL: text/template
FAIL: text/template/parse
FAIL: testing/quick
FAIL: unicode/utf16
FAIL: unicode/utf8
=== libgo Summary for unix ===
# of expected passes 2
# of unexpected failures 120
Running target unix/-m32
FAIL: net
FAIL: runtime
FAIL: sync
FAIL: time
FAIL: database/sql
FAIL: net/http
FAIL: os/signal
FAIL: os/user
FAIL: sync/atomic
FAIL: text/template
FAIL: testing/quick
=== libgo Summary for unix/-m32 ===
# of expected passes 111
# of unexpected failures 11
=== libgo Summary ===
# of expected passes 113
# of unexpected failures 131
/var/gcc/regression/trunk/11-gcc-gas-64/build/./gcc/gccgo version 4.9.0 20131129 (experimental) [trunk revision 205515] (GCC)
=== libgomp tests ===
Running target unix/-m32
FAIL: libgomp.c/pr58392.c execution test
=== libgomp Summary for unix/-m32 ===
# of expected passes 2336
# of unexpected failures 1
# of unsupported tests 3
Running target unix
FAIL: libgomp.c/pr58392.c execution test
=== libgomp Summary for unix ===
# of expected passes 2336
# of unexpected failures 1
# of unsupported tests 3
=== libgomp Summary ===
# of expected passes 4672
# of unexpected failures 2
# of unsupported tests 6
=== libitm tests ===
Running target unix/-m32
=== libitm Summary for unix/-m32 ===
# of expected passes 26
# of expected failures 3
# of unsupported tests 1
Running target unix
=== libitm Summary for unix ===
# of expected passes 26
# of expected failures 3
# of unsupported tests 1
=== libitm Summary ===
# of expected passes 52
# of expected failures 6
# of unsupported tests 2
=== libjava tests ===
Running target unix/-m32
FAIL: sourcelocation output - source compiled test
FAIL: sourcelocation -findirect-dispatch output - source compiled test
FAIL: sourcelocation -O3 output - source compiled test
FAIL: sourcelocation -O3 -findirect-dispatch output - source compiled test
=== libjava Summary for unix/-m32 ===
# of expected passes 2582
# of unexpected failures 4
Running target unix
FAIL: sourcelocation output - source compiled test
FAIL: sourcelocation -findirect-dispatch output - source compiled test
FAIL: sourcelocation -O3 output - source compiled test
FAIL: sourcelocation -O3 -findirect-dispatch output - source compiled test
=== libjava Summary for unix ===
# of expected passes 2582
# of unexpected failures 4
=== libjava Summary ===
# of expected passes 5164
# of unexpected failures 8
=== libstdc++ tests ===
Running target unix
=== libstdc++ Summary for unix ===
# of expected passes 8913
# of expected failures 40
# of unsupported tests 599
Running target unix/-m32
=== libstdc++ Summary for unix/-m32 ===
# of expected passes 8913
# of expected failures 40
# of unsupported tests 599
=== libstdc++ Summary ===
# of expected passes 17826
# of expected failures 80
# of unsupported tests 1198
Compiler version: 4.9.0 20131129 (experimental) [trunk revision 205515] (GCC)
Platform: sparcv9-sun-solaris2.11
configure flags: --prefix=/vol/gcc --target=sparcv9-sun-solaris2.11 --enable-objc-gc --enable-libmudflap --with-as=/vol/gcc/bin/gas-2.23.1 --with-gnu-as --with-gmp-include=/vol/gcc/include --with-gmp-lib=/vol/gcc/lib/sparcv9 --with-mpfr-include=/vol/gcc/include --with-mpfr-lib=/vol/gcc/lib/sparcv9 --with-mpc-include=/vol/gcc/include --with-mpc-lib=/vol/gcc/lib/sparcv9 --enable-languages=all,ada,obj-c++,go --without-isl --without-cloog --build=sparcv9-sun-solaris2.11 --host=sparcv9-sun-solaris2.11
BOOT_CFLAGS=-g -O2