This is the mail archive of the
gcc-testresults@gcc.gnu.org
mailing list for the GCC project.
Results for 4.9.0 20131120 (experimental) [trunk revision 205144] (GCC) testsuite on x86_64-unknown-linux-gnu
- From: intel64 at gnu-13 dot sc dot intel dot com (H.J. Lu (Intel64))
- To: gcc-testresults at gcc dot gnu dot org
- Date: Wed, 20 Nov 2013 15:55:50 -0800
- Subject: Results for 4.9.0 20131120 (experimental) [trunk revision 205144] (GCC) testsuite on x86_64-unknown-linux-gnu
- Authentication-results: sourceware.org; auth=none
Native configuration is x86_64-unknown-linux-gnu
=== gcc tests ===
Running target unix
FAIL: gcc.dg/20081223-1.c (test for errors, line 5)
XPASS: gcc.dg/binop-xor1.c scan-tree-dump-times optimized "\\\\^" 1
FAIL: gcc.dg/uninit-pred-8_b.c bogus warning (test for bogus messages, line 20)
FAIL: gcc.dg/uninit-pred-9_b.c bogus warning (test for bogus messages, line 24)
XPASS: gcc.dg/guality/example.c -O0 execution test
XPASS: gcc.dg/guality/example.c -O1 execution test
XPASS: gcc.dg/guality/example.c -O2 execution test
XPASS: gcc.dg/guality/example.c -O2 -flto -fno-use-linker-plugin -flto-partition=none execution test
XPASS: gcc.dg/guality/guality.c -O0 execution test
XPASS: gcc.dg/guality/guality.c -O1 execution test
XPASS: gcc.dg/guality/guality.c -O2 execution test
XPASS: gcc.dg/guality/guality.c -O3 -fomit-frame-pointer execution test
XPASS: gcc.dg/guality/guality.c -O3 -g execution test
XPASS: gcc.dg/guality/guality.c -Os execution test
XPASS: gcc.dg/guality/guality.c -O2 -flto -fno-use-linker-plugin -flto-partition=none execution test
XPASS: gcc.dg/guality/guality.c -O2 -flto -fuse-linker-plugin -fno-fat-lto-objects execution test
XPASS: gcc.dg/guality/inline-params.c -O2 execution test
XPASS: gcc.dg/guality/inline-params.c -O3 -fomit-frame-pointer execution test
XPASS: gcc.dg/guality/inline-params.c -O3 -g execution test
XPASS: gcc.dg/guality/inline-params.c -Os execution test
XPASS: gcc.dg/guality/inline-params.c -O2 -flto -fno-use-linker-plugin -flto-partition=none execution test
XPASS: gcc.dg/guality/pr41353-1.c -O0 line 28 j == 28 + 37
XPASS: gcc.dg/guality/pr41353-1.c -O1 line 28 j == 28 + 37
XPASS: gcc.dg/guality/pr41353-1.c -O2 line 28 j == 28 + 37
XPASS: gcc.dg/guality/pr41353-1.c -O3 -fomit-frame-pointer line 28 j == 28 + 37
XPASS: gcc.dg/guality/pr41353-1.c -O3 -g line 28 j == 28 + 37
XPASS: gcc.dg/guality/pr41353-1.c -Os line 28 j == 28 + 37
XPASS: gcc.dg/guality/pr41353-1.c -O2 -flto -fno-use-linker-plugin -flto-partition=none line 28 j == 28 + 37
XPASS: gcc.dg/guality/pr41353-1.c -O2 -flto -fuse-linker-plugin -fno-fat-lto-objects line 28 j == 28 + 37
XPASS: gcc.dg/guality/pr41447-1.c -O0 execution test
XPASS: gcc.dg/guality/pr41447-1.c -O1 execution test
XPASS: gcc.dg/guality/pr41447-1.c -O2 execution test
XPASS: gcc.dg/guality/pr41447-1.c -O3 -fomit-frame-pointer execution test
XPASS: gcc.dg/guality/pr41447-1.c -O3 -g execution test
XPASS: gcc.dg/guality/pr41447-1.c -Os execution test
XPASS: gcc.dg/guality/pr41447-1.c -O2 -flto -fno-use-linker-plugin -flto-partition=none execution test
XPASS: gcc.dg/guality/pr41447-1.c -O2 -flto -fuse-linker-plugin -fno-fat-lto-objects execution test
XPASS: gcc.dg/guality/pr41616-1.c -O0 execution test
XPASS: gcc.dg/guality/pr41616-1.c -O1 execution test
XPASS: gcc.dg/guality/pr41616-1.c -O2 execution test
XPASS: gcc.dg/guality/pr41616-1.c -O3 -fomit-frame-pointer execution test
XPASS: gcc.dg/guality/pr41616-1.c -O3 -g execution test
XPASS: gcc.dg/guality/pr41616-1.c -Os execution test
XPASS: gcc.dg/guality/pr41616-1.c -O2 -flto -fno-use-linker-plugin -flto-partition=none execution test
FAIL: gcc.dg/guality/pr48437.c -O2 -flto -fno-use-linker-plugin -flto-partition=none line 14 i == 0
FAIL: gcc.dg/guality/pr48437.c -O2 -flto -fuse-linker-plugin -fno-fat-lto-objects line 14 i == 0
FAIL: gcc.dg/guality/pr54200.c -Os line 20 z == 3
FAIL: gcc.dg/guality/pr54519-1.c -O2 -flto -fno-use-linker-plugin -flto-partition=none line 20 y == 25
FAIL: gcc.dg/guality/pr54519-1.c -O2 -flto -fno-use-linker-plugin -flto-partition=none line 20 z == 6
FAIL: gcc.dg/guality/pr54519-1.c -O2 -flto -fno-use-linker-plugin -flto-partition=none line 23 y == 117
FAIL: gcc.dg/guality/pr54519-1.c -O2 -flto -fno-use-linker-plugin -flto-partition=none line 23 z == 8
FAIL: gcc.dg/guality/pr54519-1.c -O2 -flto -fuse-linker-plugin -fno-fat-lto-objects line 20 y == 25
FAIL: gcc.dg/guality/pr54519-1.c -O2 -flto -fuse-linker-plugin -fno-fat-lto-objects line 20 z == 6
FAIL: gcc.dg/guality/pr54519-2.c -O2 -flto -fno-use-linker-plugin -flto-partition=none line 17 y == 25
FAIL: gcc.dg/guality/pr54519-2.c -O2 -flto -fuse-linker-plugin -fno-fat-lto-objects line 17 y == 25
FAIL: gcc.dg/guality/pr54519-3.c -O2 -flto -fno-use-linker-plugin -flto-partition=none line 20 y == 25
FAIL: gcc.dg/guality/pr54519-3.c -O2 -flto -fno-use-linker-plugin -flto-partition=none line 20 z == 6
FAIL: gcc.dg/guality/pr54519-3.c -O2 -flto -fno-use-linker-plugin -flto-partition=none line 23 y == 117
FAIL: gcc.dg/guality/pr54519-3.c -O2 -flto -fno-use-linker-plugin -flto-partition=none line 23 z == 8
FAIL: gcc.dg/guality/pr54519-3.c -O2 -flto -fuse-linker-plugin -fno-fat-lto-objects line 20 y == 25
FAIL: gcc.dg/guality/pr54519-3.c -O2 -flto -fuse-linker-plugin -fno-fat-lto-objects line 20 z == 6
FAIL: gcc.dg/guality/pr54519-3.c -O2 -flto -fuse-linker-plugin -fno-fat-lto-objects line 23 y == 117
FAIL: gcc.dg/guality/pr54519-3.c -O2 -flto -fuse-linker-plugin -fno-fat-lto-objects line 23 z == 8
FAIL: gcc.dg/guality/pr54519-4.c -O2 -flto -fno-use-linker-plugin -flto-partition=none line 17 y == 25
FAIL: gcc.dg/guality/pr54519-4.c -O2 -flto -fuse-linker-plugin -fno-fat-lto-objects line 17 y == 25
FAIL: gcc.dg/guality/pr54519-5.c -O2 -flto -fno-use-linker-plugin -flto-partition=none line 17 y == 25
FAIL: gcc.dg/guality/pr54519-5.c -O2 -flto -fuse-linker-plugin -fno-fat-lto-objects line 17 y == 25
FAIL: gcc.dg/guality/pr54693-2.c -O3 -fomit-frame-pointer -funroll-loops line 21 i == v + 1
FAIL: gcc.dg/guality/pr54693-2.c -O3 -fomit-frame-pointer -funroll-all-loops -finline-functions line 21 i == v + 1
FAIL: gcc.dg/guality/pr54693-2.c -Os line 21 x == 10 - i
FAIL: gcc.dg/guality/pr54693-2.c -Os line 21 y == 20 - 2 * i
FAIL: gcc.dg/guality/sra-1.c -O2 line 43 a.j == 14
FAIL: gcc.dg/guality/sra-1.c -O3 -fomit-frame-pointer line 43 a.j == 14
FAIL: gcc.dg/guality/sra-1.c -O3 -g line 43 a.j == 14
FAIL: gcc.dg/guality/sra-1.c -Os line 43 a.j == 14
FAIL: gcc.dg/guality/sra-1.c -O2 -flto -fno-use-linker-plugin -flto-partition=none line 43 a.j == 14
FAIL: gcc.dg/guality/sra-1.c -O2 -flto -fuse-linker-plugin -fno-fat-lto-objects line 43 a.j == 14
UNRESOLVED: gcc.dg/vect/pr16105.c -flto scan-tree-dump-times vect "vectorized 1 loops" 1
UNRESOLVED: gcc.dg/vect/pr18400.c -flto scan-tree-dump-times vect "vectorized 1 loops" 1
UNRESOLVED: gcc.dg/vect/pr18425.c -flto scan-tree-dump-times vect "vectorized 1 loops" 1
UNRESOLVED: gcc.dg/vect/pr18536.c -flto scan-tree-dump-times vect "vectorized 1 loops" 1
UNRESOLVED: gcc.dg/vect/pr20122.c -flto scan-tree-dump-times vect "vectorized 1 loops" 3
UNRESOLVED: gcc.dg/vect/pr21591.c -flto scan-tree-dump-times vect "vectorized 2 loops" 1
UNRESOLVED: gcc.dg/vect/pr25413.c -flto scan-tree-dump-times vect "vectorized 1 loops" 1
UNRESOLVED: gcc.dg/vect/pr25413a.c -flto scan-tree-dump-times vect "vectorized 1 loops" 1
UNRESOLVED: gcc.dg/vect/pr30771.c -flto scan-tree-dump-times vect "vectorized 1 loops" 1
UNRESOLVED: gcc.dg/vect/pr30795.c -flto scan-tree-dump-times vect "vectorized 1 loops" 1
UNRESOLVED: gcc.dg/vect/pr30843.c -flto scan-tree-dump-times vect "vectorized 1 loops" 1
UNRESOLVED: gcc.dg/vect/pr30858.c -flto scan-tree-dump-times vect "vectorized 0 loops" 1
UNRESOLVED: gcc.dg/vect/pr30858.c -flto scan-tree-dump vect "Unknown def-use cycle pattern."
UNRESOLVED: gcc.dg/vect/pr31699.c -flto scan-tree-dump-times vect "vectorized 1 loops" 2
UNRESOLVED: gcc.dg/vect/pr32824.c -flto scan-tree-dump-times vect "vectorized 1 loops" 1
UNRESOLVED: gcc.dg/vect/pr33804.c -flto scan-tree-dump-times vect "vectorized 1 loops" 1
UNRESOLVED: gcc.dg/vect/pr33804.c -flto scan-tree-dump-times vect "vectorizing stmts using SLP" 1
UNRESOLVED: gcc.dg/vect/pr33866.c -flto scan-tree-dump-times vect "vectorized 1 loops" 1
UNRESOLVED: gcc.dg/vect/pr33953.c -flto scan-tree-dump-times vect "vectorized 1 loops" 1
UNRESOLVED: gcc.dg/vect/pr33953.c -flto scan-tree-dump-times vect "vectorizing stmts using SLP" 1
UNRESOLVED: gcc.dg/vect/pr36228.c -flto scan-tree-dump-times vect "versioning for alias required" 0
UNRESOLVED: gcc.dg/vect/pr36493.c -flto scan-tree-dump-times vect "vectorized 1 loops" 1
UNRESOLVED: gcc.dg/vect/pr36630.c -flto scan-tree-dump-times vect "vectorized 1 loops" 1
UNRESOLVED: gcc.dg/vect/pr37027.c -flto scan-tree-dump-times vect "vectorized 1 loops" 1
UNRESOLVED: gcc.dg/vect/pr37027.c -flto scan-tree-dump-times vect "vectorizing stmts using SLP" 1
UNRESOLVED: gcc.dg/vect/pr37539.c -flto scan-tree-dump-times vect "vectorized 1 loops" 2
UNRESOLVED: gcc.dg/vect/pr38529.c -flto scan-tree-dump-times vect "OUTER LOOP VECTORIZED" 1
UNRESOLVED: gcc.dg/vect/pr40542.c -flto scan-tree-dump-times vect "vectorized 1 loops" 1
UNRESOLVED: gcc.dg/vect/pr43430-1.c -flto scan-tree-dump-times vect "vectorized 1 loops" 1
UNRESOLVED: gcc.dg/vect/pr43430-2.c -flto scan-tree-dump-times vect "vectorized 1 loops" 1
UNRESOLVED: gcc.dg/vect/pr43432.c -flto scan-tree-dump-times vect "vectorized 1 loops" 1
UNRESOLVED: gcc.dg/vect/pr45752.c -flto scan-tree-dump-times vect "vectorized 1 loops" 0
UNRESOLVED: gcc.dg/vect/pr45752.c -flto scan-tree-dump vect "permutation requires at least three vectors"
UNRESOLVED: gcc.dg/vect/pr45752.c -flto scan-tree-dump-times vect "vectorizing stmts using SLP" 0
UNRESOLVED: gcc.dg/vect/pr46009.c -flto scan-tree-dump-times vect "vectorized 1 loops" 2
UNRESOLVED: gcc.dg/vect/pr53773.c -flto scan-tree-dump-times optimized "\\\\* 10" 2
UNRESOLVED: gcc.dg/vect/pr56787.c -flto scan-tree-dump vect "vectorized 1 loops"
UNRESOLVED: gcc.dg/vect/pr57705.c -flto scan-tree-dump-times vect "vectorized 1 loop" 3
UNRESOLVED: gcc.dg/vect/pr57741-2.c -flto scan-tree-dump-times vect "vectorized 2 loop" 1
UNRESOLVED: gcc.dg/vect/pr57741-3.c -flto scan-tree-dump-times vect "vectorized 1 loop" 1
UNRESOLVED: gcc.dg/vect/pr58508.c -flto scan-tree-dump-times vect "hoist" 8
UNRESOLVED: gcc.dg/vect/vect-1-big-array.c -flto scan-tree-dump-times vect "vectorized 6 loops" 1
UNRESOLVED: gcc.dg/vect/vect-1-big-array.c -flto scan-tree-dump-times vect "vectorized 5 loops" 1
UNRESOLVED: gcc.dg/vect/vect-1.c -flto scan-tree-dump-times vect "vectorized 6 loops" 1
UNRESOLVED: gcc.dg/vect/vect-1.c -flto scan-tree-dump-times vect "vectorized 5 loops" 1
UNRESOLVED: gcc.dg/vect/vect-10-big-array.c -flto scan-tree-dump-times vect "vectorized 1 loops" 1
UNRESOLVED: gcc.dg/vect/vect-10.c -flto scan-tree-dump-times vect "vectorized 1 loops" 1
UNRESOLVED: gcc.dg/vect/vect-100.c -flto scan-tree-dump-times vect "vectorized 2 loops" 0
UNRESOLVED: gcc.dg/vect/vect-103.c -flto scan-tree-dump-times vect "vectorized 1 loops" 1
UNRESOLVED: gcc.dg/vect/vect-103.c -flto scan-tree-dump-times vect "dependence distance modulo vf == 0" 1
UNRESOLVED: gcc.dg/vect/vect-104.c -flto scan-tree-dump-times vect "vectorized 1 loops" 0
UNRESOLVED: gcc.dg/vect/vect-104.c -flto scan-tree-dump-times vect "possible dependence between data-refs" 1
UNRESOLVED: gcc.dg/vect/vect-105-big-array.c -flto scan-tree-dump-times vect "vectorized 1 loops" 1
UNRESOLVED: gcc.dg/vect/vect-105-big-array.c -flto scan-tree-dump-times vect "possible dependence between data-refs" 0
UNRESOLVED: gcc.dg/vect/vect-105.c -flto scan-tree-dump-times vect "vectorized 1 loops" 1
UNRESOLVED: gcc.dg/vect/vect-105.c -flto scan-tree-dump-times vect "possible dependence between data-refs" 0
UNRESOLVED: gcc.dg/vect/vect-106.c -flto scan-tree-dump-times vect "vectorized 2 loops" 1
UNRESOLVED: gcc.dg/vect/vect-107.c -flto scan-tree-dump-times vect "vectorized 1 loops" 1
UNRESOLVED: gcc.dg/vect/vect-107.c -flto scan-tree-dump-times vect "vectorized 0 loops" 1
UNRESOLVED: gcc.dg/vect/vect-108.c -flto scan-tree-dump-times vect "vectorized 1 loops" 1
UNRESOLVED: gcc.dg/vect/vect-109.c -flto scan-tree-dump-times vect "vectorized 1 loops" 2
UNRESOLVED: gcc.dg/vect/vect-109.c -flto scan-tree-dump-times vect "not vectorized: unsupported unaligned store" 2
UNRESOLVED: gcc.dg/vect/vect-109.c -flto scan-tree-dump-times vect "Vectorizing an unaligned access" 3
UNRESOLVED: gcc.dg/vect/vect-11.c -flto scan-tree-dump-times vect "vectorized 1 loops" 1
UNRESOLVED: gcc.dg/vect/vect-110.c -flto scan-tree-dump-times vect "vectorized 0 loops" 1
UNRESOLVED: gcc.dg/vect/vect-112-big-array.c -flto scan-tree-dump-times vect "vectorized 1 loops" 1
UNRESOLVED: gcc.dg/vect/vect-112.c -flto scan-tree-dump-times vect "vectorized 1 loops" 1
UNRESOLVED: gcc.dg/vect/vect-113.c -flto scan-tree-dump-times vect "vectorized 1 loops" 1
UNRESOLVED: gcc.dg/vect/vect-114.c -flto scan-tree-dump-times vect "vectorized 1 loops" 1
UNRESOLVED: gcc.dg/vect/vect-115.c -flto scan-tree-dump-times vect "vectorized 2 loops" 1
UNRESOLVED: gcc.dg/vect/vect-117.c -flto scan-tree-dump-times vect "vectorized 1 loops" 1
UNRESOLVED: gcc.dg/vect/vect-117.c -flto scan-tree-dump-times vect "possible dependence between data-refs" 0
UNRESOLVED: gcc.dg/vect/vect-118.c -flto scan-tree-dump-times vect "vectorized 1 loops" 1
UNRESOLVED: gcc.dg/vect/vect-119.c -flto scan-tree-dump-times vect "Detected interleaving of size 2" 1
UNRESOLVED: gcc.dg/vect/vect-11a.c -flto scan-tree-dump-times vect "vectorized 1 loops" 2
UNRESOLVED: gcc.dg/vect/vect-12.c -flto scan-tree-dump-times vect "vectorized 1 loops" 1
UNRESOLVED: gcc.dg/vect/vect-120.c -flto scan-tree-dump-times vect "vectorized 1 loops" 1
UNRESOLVED: gcc.dg/vect/vect-121.c -flto scan-tree-dump vect "vectorized 1 loops"
UNRESOLVED: gcc.dg/vect/vect-123.c -flto scan-tree-dump vect "vectorized 1 loops"
UNRESOLVED: gcc.dg/vect/vect-13.c -flto scan-tree-dump-times vect "vectorized 1 loops" 1
UNRESOLVED: gcc.dg/vect/vect-13.c -flto scan-tree-dump-times vect "Vectorizing an unaligned access" 0
UNRESOLVED: gcc.dg/vect/vect-14.c -flto scan-tree-dump-times vect "vectorized 1 loops" 1
UNRESOLVED: gcc.dg/vect/vect-15-big-array.c -flto scan-tree-dump-times vect "vectorized 1 loops" 1
UNRESOLVED: gcc.dg/vect/vect-15.c -flto scan-tree-dump-times vect "vectorized 1 loops" 1
UNRESOLVED: gcc.dg/vect/vect-17.c -flto scan-tree-dump-times vect "vectorized 3 loops" 1
UNRESOLVED: gcc.dg/vect/vect-17.c -flto scan-tree-dump-times vect "Vectorizing an unaligned access" 0
UNRESOLVED: gcc.dg/vect/vect-18.c -flto scan-tree-dump-times vect "vectorized 3 loops" 1
UNRESOLVED: gcc.dg/vect/vect-18.c -flto scan-tree-dump-times vect "Vectorizing an unaligned access" 0
UNRESOLVED: gcc.dg/vect/vect-19.c -flto scan-tree-dump-times vect "vectorized 3 loops" 1
UNRESOLVED: gcc.dg/vect/vect-19.c -flto scan-tree-dump-times vect "Vectorizing an unaligned access" 0
UNRESOLVED: gcc.dg/vect/vect-2-big-array.c -flto scan-tree-dump-times vect "vectorized 1 loops" 1
UNRESOLVED: gcc.dg/vect/vect-2-big-array.c -flto scan-tree-dump-times vect "Vectorizing an unaligned access" 0
UNRESOLVED: gcc.dg/vect/vect-2.c -flto scan-tree-dump-times vect "vectorized 1 loops" 1
UNRESOLVED: gcc.dg/vect/vect-2.c -flto scan-tree-dump-times vect "Vectorizing an unaligned access" 0
UNRESOLVED: gcc.dg/vect/vect-20.c -flto scan-tree-dump-times vect "vectorized 3 loops" 1
UNRESOLVED: gcc.dg/vect/vect-20.c -flto scan-tree-dump-times vect "Vectorizing an unaligned access" 0
UNRESOLVED: gcc.dg/vect/vect-21.c -flto scan-tree-dump-times vect "vectorized 3 loops" 1
UNRESOLVED: gcc.dg/vect/vect-21.c -flto scan-tree-dump-times vect "Vectorizing an unaligned access" 0
UNRESOLVED: gcc.dg/vect/vect-22.c -flto scan-tree-dump-times vect "vectorized 4 loops" 1
UNRESOLVED: gcc.dg/vect/vect-22.c -flto scan-tree-dump-times vect "Vectorizing an unaligned access" 0
UNRESOLVED: gcc.dg/vect/vect-23.c -flto scan-tree-dump-times vect "vectorized 3 loops" 1
UNRESOLVED: gcc.dg/vect/vect-23.c -flto scan-tree-dump-times vect "Vectorizing an unaligned access" 0
UNRESOLVED: gcc.dg/vect/vect-24.c -flto scan-tree-dump-times vect "vectorized 3 loops" 1
UNRESOLVED: gcc.dg/vect/vect-24.c -flto scan-tree-dump-times vect "Vectorizing an unaligned access" 0
UNRESOLVED: gcc.dg/vect/vect-25.c -flto scan-tree-dump-times vect "vectorized 2 loops" 1
UNRESOLVED: gcc.dg/vect/vect-25.c -flto scan-tree-dump-times vect "Vectorizing an unaligned access" 0
UNRESOLVED: gcc.dg/vect/vect-26.c -flto scan-tree-dump-times vect "vectorized 1 loops" 1
UNRESOLVED: gcc.dg/vect/vect-26.c -flto scan-tree-dump-times vect "Vectorizing an unaligned access" 0
UNRESOLVED: gcc.dg/vect/vect-26.c -flto scan-tree-dump-times vect "Alignment of access forced using peeling" 1
UNRESOLVED: gcc.dg/vect/vect-27.c -flto scan-tree-dump-times vect "vectorized 2 loops" 1
UNRESOLVED: gcc.dg/vect/vect-27.c -flto scan-tree-dump-times vect "Vectorizing an unaligned access" 1
UNRESOLVED: gcc.dg/vect/vect-27.c -flto scan-tree-dump-times vect "Alignment of access forced using peeling" 0
UNRESOLVED: gcc.dg/vect/vect-28.c -flto scan-tree-dump-times vect "vectorized 1 loops" 1
UNRESOLVED: gcc.dg/vect/vect-28.c -flto scan-tree-dump-times vect "Vectorizing an unaligned access" 0
UNRESOLVED: gcc.dg/vect/vect-28.c -flto scan-tree-dump-times vect "Alignment of access forced using peeling" 1
UNRESOLVED: gcc.dg/vect/vect-29.c -flto scan-tree-dump-times vect "vectorized 2 loops" 1
UNRESOLVED: gcc.dg/vect/vect-29.c -flto scan-tree-dump-times vect "Vectorizing an unaligned access" 1
UNRESOLVED: gcc.dg/vect/vect-29.c -flto scan-tree-dump-times vect "Alignment of access forced using peeling" 0
UNRESOLVED: gcc.dg/vect/vect-3.c -flto scan-tree-dump-times vect "vectorized 1 loops" 1
UNRESOLVED: gcc.dg/vect/vect-3.c -flto scan-tree-dump-times vect "Vectorizing an unaligned access" 0
UNRESOLVED: gcc.dg/vect/vect-30.c -flto scan-tree-dump-times vect "vectorized 1 loops" 2
UNRESOLVED: gcc.dg/vect/vect-31-big-array.c -flto scan-tree-dump-times vect "vectorized 4 loops" 1
UNRESOLVED: gcc.dg/vect/vect-31.c -flto scan-tree-dump-times vect "vectorized 4 loops" 1
UNRESOLVED: gcc.dg/vect/vect-32-big-array.c -flto scan-tree-dump-times vect "vectorized 1 loops" 1
UNRESOLVED: gcc.dg/vect/vect-32-big-array.c -flto scan-tree-dump-times vect "Vectorizing an unaligned access" 0
UNRESOLVED: gcc.dg/vect/vect-32.c -flto scan-tree-dump-times vect "vectorized 1 loops" 1
UNRESOLVED: gcc.dg/vect/vect-32.c -flto scan-tree-dump-times vect "Vectorizing an unaligned access" 0
UNRESOLVED: gcc.dg/vect/vect-33-big-array.c -flto scan-tree-dump-times vect "vectorized 1 loops" 1
UNRESOLVED: gcc.dg/vect/vect-33-big-array.c -flto scan-tree-dump-times vect "Vectorizing an unaligned access" 0
UNRESOLVED: gcc.dg/vect/vect-33-big-array.c -flto scan-tree-dump-times vect "Alignment of access forced using peeling" 1
UNRESOLVED: gcc.dg/vect/vect-33.c -flto scan-tree-dump-times vect "vectorized 1 loops" 1
UNRESOLVED: gcc.dg/vect/vect-33.c -flto scan-tree-dump-times vect "Vectorizing an unaligned access" 0
UNRESOLVED: gcc.dg/vect/vect-33.c -flto scan-tree-dump vect "Alignment of access forced using peeling"
UNRESOLVED: gcc.dg/vect/vect-34-big-array.c -flto scan-tree-dump-times vect "vectorized 1 loops" 1
UNRESOLVED: gcc.dg/vect/vect-34.c -flto scan-tree-dump-times vect "vectorized 1 loops" 1
UNRESOLVED: gcc.dg/vect/vect-35-big-array.c -flto scan-tree-dump-times vect "vectorized 2 loops" 1
UNRESOLVED: gcc.dg/vect/vect-35-big-array.c -flto scan-tree-dump-times vect "can't determine dependence between" 1
UNRESOLVED: gcc.dg/vect/vect-35.c -flto scan-tree-dump-times vect "vectorized 2 loops" 1
UNRESOLVED: gcc.dg/vect/vect-35.c -flto scan-tree-dump vect "can't determine dependence between"
UNRESOLVED: gcc.dg/vect/vect-36-big-array.c -flto scan-tree-dump-times vect "vectorized 1 loops" 1
UNRESOLVED: gcc.dg/vect/vect-36.c -flto scan-tree-dump-times vect "vectorized 1 loops" 1
UNRESOLVED: gcc.dg/vect/vect-38.c -flto scan-tree-dump-times vect "vectorized 1 loops" 1
UNRESOLVED: gcc.dg/vect/vect-4.c -flto scan-tree-dump-times vect "vectorized 1 loops" 1
UNRESOLVED: gcc.dg/vect/vect-4.c -flto scan-tree-dump-times vect "Vectorizing an unaligned access" 0
UNRESOLVED: gcc.dg/vect/vect-40.c -flto scan-tree-dump-times vect "vectorized 1 loops" 1
UNRESOLVED: gcc.dg/vect/vect-40.c -flto scan-tree-dump-times vect "Vectorizing an unaligned access" 0
UNRESOLVED: gcc.dg/vect/vect-42.c -flto scan-tree-dump-times vect "vectorized 2 loops" 1
UNRESOLVED: gcc.dg/vect/vect-42.c -flto scan-tree-dump-times vect "Vectorizing an unaligned access" 4
UNRESOLVED: gcc.dg/vect/vect-42.c -flto scan-tree-dump-times vect "Vectorizing an unaligned access" 3
UNRESOLVED: gcc.dg/vect/vect-42.c -flto scan-tree-dump-times vect "Alignment of access forced using peeling" 1
UNRESOLVED: gcc.dg/vect/vect-44.c -flto scan-tree-dump-times vect "vectorized 1 loops" 1
UNRESOLVED: gcc.dg/vect/vect-44.c -flto scan-tree-dump-times vect "Vectorizing an unaligned access" 2
UNRESOLVED: gcc.dg/vect/vect-44.c -flto scan-tree-dump-times vect "Alignment of access forced using peeling" 1
UNRESOLVED: gcc.dg/vect/vect-46.c -flto scan-tree-dump-times vect "vectorized 1 loops" 1
UNRESOLVED: gcc.dg/vect/vect-46.c -flto scan-tree-dump-times vect "Vectorizing an unaligned access" 0
UNRESOLVED: gcc.dg/vect/vect-48.c -flto scan-tree-dump-times vect "vectorized 1 loops" 1
UNRESOLVED: gcc.dg/vect/vect-48.c -flto scan-tree-dump-times vect "Vectorizing an unaligned access" 2
UNRESOLVED: gcc.dg/vect/vect-48.c -flto scan-tree-dump-times vect "Alignment of access forced using peeling" 0
UNRESOLVED: gcc.dg/vect/vect-5.c -flto scan-tree-dump-times vect "vectorized 2 loops" 1
UNRESOLVED: gcc.dg/vect/vect-5.c -flto scan-tree-dump-times vect "Vectorizing an unaligned access" 0
UNRESOLVED: gcc.dg/vect/vect-50.c -flto scan-tree-dump-times vect "vectorized 1 loops" 1
UNRESOLVED: gcc.dg/vect/vect-50.c -flto scan-tree-dump-times vect "Vectorizing an unaligned access" 2
UNRESOLVED: gcc.dg/vect/vect-50.c -flto scan-tree-dump-times vect "Vectorizing an unaligned access" 2
UNRESOLVED: gcc.dg/vect/vect-50.c -flto scan-tree-dump-times vect "Alignment of access forced using peeling" 1
UNRESOLVED: gcc.dg/vect/vect-52.c -flto scan-tree-dump-times vect "vectorized 1 loops" 1
UNRESOLVED: gcc.dg/vect/vect-52.c -flto scan-tree-dump-times vect "Vectorizing an unaligned access" 2
UNRESOLVED: gcc.dg/vect/vect-52.c -flto scan-tree-dump-times vect "Alignment of access forced using peeling" 0
UNRESOLVED: gcc.dg/vect/vect-54.c -flto scan-tree-dump-times vect "vectorized 1 loops" 1
UNRESOLVED: gcc.dg/vect/vect-54.c -flto scan-tree-dump-times vect "Vectorizing an unaligned access" 0
UNRESOLVED: gcc.dg/vect/vect-54.c -flto scan-tree-dump-times vect "Alignment of access forced using peeling" 1
UNRESOLVED: gcc.dg/vect/vect-56.c -flto scan-tree-dump-times vect "vectorized 1 loops" 1
UNRESOLVED: gcc.dg/vect/vect-56.c -flto scan-tree-dump-times vect "Vectorizing an unaligned access" 2
UNRESOLVED: gcc.dg/vect/vect-56.c -flto scan-tree-dump-times vect "Vectorizing an unaligned access" 1
UNRESOLVED: gcc.dg/vect/vect-56.c -flto scan-tree-dump-times vect "Alignment of access forced using peeling" 0
UNRESOLVED: gcc.dg/vect/vect-56.c -flto scan-tree-dump-times vect "Alignment of access forced using peeling" 1
UNRESOLVED: gcc.dg/vect/vect-58.c -flto scan-tree-dump-times vect "vectorized 1 loops" 1
UNRESOLVED: gcc.dg/vect/vect-58.c -flto scan-tree-dump-times vect "Vectorizing an unaligned access" 0
UNRESOLVED: gcc.dg/vect/vect-58.c -flto scan-tree-dump-times vect "Alignment of access forced using peeling" 1
UNRESOLVED: gcc.dg/vect/vect-6-big-array.c -flto scan-tree-dump-times vect "vectorized 2 loops" 1
UNRESOLVED: gcc.dg/vect/vect-6-big-array.c -flto scan-tree-dump-times vect "Vectorizing an unaligned access" 0
UNRESOLVED: gcc.dg/vect/vect-6.c -flto scan-tree-dump-times vect "vectorized 2 loops" 1
UNRESOLVED: gcc.dg/vect/vect-6.c -flto scan-tree-dump-times vect "Vectorizing an unaligned access" 0
UNRESOLVED: gcc.dg/vect/vect-60.c -flto scan-tree-dump-times vect "vectorized 1 loops" 1
UNRESOLVED: gcc.dg/vect/vect-60.c -flto scan-tree-dump-times vect "Vectorizing an unaligned access" 2
UNRESOLVED: gcc.dg/vect/vect-60.c -flto scan-tree-dump-times vect "Vectorizing an unaligned access" 1
UNRESOLVED: gcc.dg/vect/vect-60.c -flto scan-tree-dump-times vect "Alignment of access forced using peeling" 0
UNRESOLVED: gcc.dg/vect/vect-60.c -flto scan-tree-dump-times vect "Alignment of access forced using peeling" 1
UNRESOLVED: gcc.dg/vect/vect-62.c -flto scan-tree-dump-times vect "vectorized 1 loops" 1
UNRESOLVED: gcc.dg/vect/vect-62.c -flto scan-tree-dump-times vect "Vectorizing an unaligned access" 0
UNRESOLVED: gcc.dg/vect/vect-63.c -flto scan-tree-dump-times vect "vectorized 1 loops" 1
UNRESOLVED: gcc.dg/vect/vect-64.c -flto scan-tree-dump-times vect "vectorized 3 loops" 1
UNRESOLVED: gcc.dg/vect/vect-65.c -flto scan-tree-dump-times vect "vectorized 2 loops" 1
UNRESOLVED: gcc.dg/vect/vect-66.c -flto scan-tree-dump-times vect "vectorized 1 loops" 3
UNRESOLVED: gcc.dg/vect/vect-67.c -flto scan-tree-dump-times vect "vectorized 1 loops" 1
UNRESOLVED: gcc.dg/vect/vect-67.c -flto scan-tree-dump-times vect "Vectorizing an unaligned access" 0
UNRESOLVED: gcc.dg/vect/vect-68.c -flto scan-tree-dump-times vect "vectorized 4 loops" 1
UNRESOLVED: gcc.dg/vect/vect-7.c -flto scan-tree-dump-times vect "vectorized 2 loops" 1
UNRESOLVED: gcc.dg/vect/vect-7.c -flto scan-tree-dump-times vect "Vectorizing an unaligned access" 0
UNRESOLVED: gcc.dg/vect/vect-70.c -flto scan-tree-dump-times vect "vectorized 1 loops" 1
UNRESOLVED: gcc.dg/vect/vect-70.c -flto scan-tree-dump-times vect "Vectorizing an unaligned access" 0
UNRESOLVED: gcc.dg/vect/vect-70.c -flto scan-tree-dump-times vect "Alignment of access forced using peeling" 1
UNRESOLVED: gcc.dg/vect/vect-71.c -flto scan-tree-dump-times vect "vectorized 1 loops" 1
UNRESOLVED: gcc.dg/vect/vect-72.c -flto scan-tree-dump-times vect "vectorized 1 loops" 1
UNRESOLVED: gcc.dg/vect/vect-72.c -flto scan-tree-dump-times vect "Vectorizing an unaligned access" 1
UNRESOLVED: gcc.dg/vect/vect-72.c -flto scan-tree-dump-times vect "Alignment of access forced using peeling" 0
UNRESOLVED: gcc.dg/vect/vect-73-big-array.c -flto scan-tree-dump-times vect "vectorized 1 loops" 1
UNRESOLVED: gcc.dg/vect/vect-73-big-array.c -flto scan-tree-dump-times vect "Vectorizing an unaligned access" 0
UNRESOLVED: gcc.dg/vect/vect-73.c -flto scan-tree-dump-times vect "vectorized 1 loops" 1
UNRESOLVED: gcc.dg/vect/vect-73.c -flto scan-tree-dump-times vect "Vectorizing an unaligned access" 0
UNRESOLVED: gcc.dg/vect/vect-74-big-array.c -flto scan-tree-dump-times vect "vectorized 1 loops" 1
UNRESOLVED: gcc.dg/vect/vect-74.c -flto scan-tree-dump-times vect "vectorized 1 loops" 1
UNRESOLVED: gcc.dg/vect/vect-75-big-array.c -flto scan-tree-dump-times vect "vectorized 1 loops" 1
UNRESOLVED: gcc.dg/vect/vect-75-big-array.c -flto scan-tree-dump-times vect "Vectorizing an unaligned access" 1
UNRESOLVED: gcc.dg/vect/vect-75.c -flto scan-tree-dump-times vect "vectorized 1 loops" 1
UNRESOLVED: gcc.dg/vect/vect-75.c -flto scan-tree-dump-times vect "Vectorizing an unaligned access" 1
UNRESOLVED: gcc.dg/vect/vect-76-big-array.c -flto scan-tree-dump-times vect "vectorized 3 loops" 1
UNRESOLVED: gcc.dg/vect/vect-76.c -flto scan-tree-dump-times vect "vectorized 3 loops" 1
UNRESOLVED: gcc.dg/vect/vect-77-alignchecks.c -flto scan-tree-dump-times vect "vectorized 1 loops" 1
UNRESOLVED: gcc.dg/vect/vect-77-alignchecks.c -flto scan-tree-dump-times vect "Vectorizing an unaligned access" 1
UNRESOLVED: gcc.dg/vect/vect-77-global.c -flto scan-tree-dump-times vect "vectorized 1 loops" 1
UNRESOLVED: gcc.dg/vect/vect-77-global.c -flto scan-tree-dump-times vect "Vectorizing an unaligned access" 1
UNRESOLVED: gcc.dg/vect/vect-77-global.c -flto scan-tree-dump-times vect "Alignment of access forced using peeling" 0
UNRESOLVED: gcc.dg/vect/vect-77.c -flto scan-tree-dump-times vect "vectorized 1 loops" 1
UNRESOLVED: gcc.dg/vect/vect-78-alignchecks.c -flto scan-tree-dump-times vect "vectorized 1 loops" 1
UNRESOLVED: gcc.dg/vect/vect-78-alignchecks.c -flto scan-tree-dump-times vect "Vectorizing an unaligned access" 1
UNRESOLVED: gcc.dg/vect/vect-78-global.c -flto scan-tree-dump-times vect "vectorized 1 loops" 1
UNRESOLVED: gcc.dg/vect/vect-78-global.c -flto scan-tree-dump-times vect "Vectorizing an unaligned access" 1
UNRESOLVED: gcc.dg/vect/vect-78-global.c -flto scan-tree-dump-times vect "Alignment of access forced using peeling" 0
UNRESOLVED: gcc.dg/vect/vect-78.c -flto scan-tree-dump-times vect "vectorized 1 loops" 1
UNRESOLVED: gcc.dg/vect/vect-8.c -flto scan-tree-dump-times vect "vectorized 1 loops" 1
UNRESOLVED: gcc.dg/vect/vect-80-big-array.c -flto scan-tree-dump-times vect "vectorized 1 loops" 1
UNRESOLVED: gcc.dg/vect/vect-80.c -flto scan-tree-dump-times vect "vectorized 1 loops" 1
UNRESOLVED: gcc.dg/vect/vect-85-big-array.c -flto scan-tree-dump-times vect "vectorized 1 loops" 1
UNRESOLVED: gcc.dg/vect/vect-85.c -flto scan-tree-dump-times vect "vectorized 1 loops" 1
UNRESOLVED: gcc.dg/vect/vect-86.c -flto scan-tree-dump-times vect "vectorized 1 loops" 1
UNRESOLVED: gcc.dg/vect/vect-86.c -flto scan-tree-dump-times vect "Vectorizing an unaligned access" 0
UNRESOLVED: gcc.dg/vect/vect-86.c -flto scan-tree-dump-times vect "Alignment of access forced using peeling" 0
UNRESOLVED: gcc.dg/vect/vect-87.c -flto scan-tree-dump-times vect "vectorized 1 loops" 1
UNRESOLVED: gcc.dg/vect/vect-87.c -flto scan-tree-dump-times vect "Vectorizing an unaligned access" 0
UNRESOLVED: gcc.dg/vect/vect-87.c -flto scan-tree-dump-times vect "Alignment of access forced using peeling" 1
UNRESOLVED: gcc.dg/vect/vect-88.c -flto scan-tree-dump-times vect "vectorized 1 loops" 1
UNRESOLVED: gcc.dg/vect/vect-88.c -flto scan-tree-dump-times vect "Vectorizing an unaligned access" 0
UNRESOLVED: gcc.dg/vect/vect-88.c -flto scan-tree-dump-times vect "Alignment of access forced using peeling" 1
UNRESOLVED: gcc.dg/vect/vect-89-big-array.c -flto scan-tree-dump-times vect "vectorized 1 loops" 1
UNRESOLVED: gcc.dg/vect/vect-89-big-array.c -flto scan-tree-dump-times vect "Vectorizing an unaligned access" 0
UNRESOLVED: gcc.dg/vect/vect-89-big-array.c -flto scan-tree-dump-times vect "Alignment of access forced using peeling" 1
UNRESOLVED: gcc.dg/vect/vect-89.c -flto scan-tree-dump-times vect "vectorized 1 loops" 1
UNRESOLVED: gcc.dg/vect/vect-89.c -flto scan-tree-dump-times vect "Vectorizing an unaligned access" 0
UNRESOLVED: gcc.dg/vect/vect-89.c -flto scan-tree-dump-times vect "Alignment of access forced using peeling" 1
UNRESOLVED: gcc.dg/vect/vect-9.c -flto scan-tree-dump-times vect "vectorized 1 loops" 1
UNRESOLVED: gcc.dg/vect/vect-91.c -flto scan-tree-dump-times vect "vectorized 1 loops" 3
UNRESOLVED: gcc.dg/vect/vect-91.c -flto scan-tree-dump-times vect "accesses have the same alignment." 3
UNRESOLVED: gcc.dg/vect/vect-91.c -flto scan-tree-dump-times vect "Alignment of access forced using peeling" 3
UNRESOLVED: gcc.dg/vect/vect-92.c -flto scan-tree-dump-times vect "vectorized 1 loops" 3
UNRESOLVED: gcc.dg/vect/vect-92.c -flto scan-tree-dump-times vect "Vectorizing an unaligned access" 0
UNRESOLVED: gcc.dg/vect/vect-92.c -flto scan-tree-dump-times vect "Alignment of access forced using peeling" 3
UNRESOLVED: gcc.dg/vect/vect-93.c -flto scan-tree-dump-times vect "vectorized 2 loops" 2
UNRESOLVED: gcc.dg/vect/vect-93.c -flto scan-tree-dump-times vect "Alignment of access forced using peeling" 3
UNRESOLVED: gcc.dg/vect/vect-93.c -flto scan-tree-dump-times vect "Vectorizing an unaligned access" 1
UNRESOLVED: gcc.dg/vect/vect-95.c -flto scan-tree-dump-times vect "vectorized 1 loops" 1
UNRESOLVED: gcc.dg/vect/vect-95.c -flto scan-tree-dump-times vect "Alignment of access forced using peeling" 0
UNRESOLVED: gcc.dg/vect/vect-95.c -flto scan-tree-dump-times vect "Vectorizing an unaligned access" 2
UNRESOLVED: gcc.dg/vect/vect-95.c -flto scan-tree-dump-times vect "Alignment of access forced using versioning" 2
UNRESOLVED: gcc.dg/vect/vect-96.c -flto scan-tree-dump-times vect "vectorized 1 loops" 1
UNRESOLVED: gcc.dg/vect/vect-96.c -flto scan-tree-dump-times vect "Vectorizing an unaligned access" 1
UNRESOLVED: gcc.dg/vect/vect-96.c -flto scan-tree-dump-times vect "Alignment of access forced using peeling" 1
UNRESOLVED: gcc.dg/vect/vect-97-big-array.c -flto scan-tree-dump-times vect "vectorized 2 loops" 1
UNRESOLVED: gcc.dg/vect/vect-97-big-array.c -flto scan-tree-dump-times vect "Vectorizing an unaligned access" 0
UNRESOLVED: gcc.dg/vect/vect-97.c -flto scan-tree-dump-times vect "vectorized 2 loops" 1
UNRESOLVED: gcc.dg/vect/vect-97.c -flto scan-tree-dump-times vect "Vectorizing an unaligned access" 0
UNRESOLVED: gcc.dg/vect/vect-98-big-array.c -flto scan-tree-dump-times vect "vectorized 1 loops" 1
UNRESOLVED: gcc.dg/vect/vect-98-big-array.c -flto scan-tree-dump-times vect "vectorized 1 loops" 0
UNRESOLVED: gcc.dg/vect/vect-98.c -flto scan-tree-dump-times vect "vectorized 1 loops" 1
UNRESOLVED: gcc.dg/vect/vect-98.c -flto scan-tree-dump-times vect "vectorized 1 loops" 0
UNRESOLVED: gcc.dg/vect/vect-99.c -flto scan-tree-dump-times vect "vectorized 1 loops" 1
UNRESOLVED: gcc.dg/vect/vect-alias-check.c -flto scan-tree-dump-times vect "vectorized 1 loops" 1
UNRESOLVED: gcc.dg/vect/vect-align-1.c -flto scan-tree-dump-times vect "Vectorizing an unaligned access" 1
UNRESOLVED: gcc.dg/vect/vect-align-1.c -flto scan-tree-dump-times vect "Alignment of access forced using versioning" 1
UNRESOLVED: gcc.dg/vect/vect-align-1.c -flto scan-tree-dump-times vect "vectorized 1 loops" 1
UNRESOLVED: gcc.dg/vect/vect-align-2.c -flto scan-tree-dump-times vect "Alignment of access forced using peeling" 0
UNRESOLVED: gcc.dg/vect/vect-align-2.c -flto scan-tree-dump-times vect "Alignment of access forced using versioning" 1
UNRESOLVED: gcc.dg/vect/vect-align-2.c -flto scan-tree-dump-times vect "vectorized 1 loops" 1
UNRESOLVED: gcc.dg/vect/vect-align-3.c -flto scan-tree-dump-not vect "vect_do_peeling_for_loop_bound"
UNRESOLVED: gcc.dg/vect/vect-align-3.c -flto scan-tree-dump-not vect "loop peeled for vectorization"
UNRESOLVED: gcc.dg/vect/vect-all-big-array.c -flto scan-tree-dump-times vect "vectorized 10 loops" 1
UNRESOLVED: gcc.dg/vect/vect-all-big-array.c -flto scan-tree-dump-times vect "Vectorizing an unaligned access" 0
UNRESOLVED: gcc.dg/vect/vect-all-big-array.c -flto scan-tree-dump-times vect "Alignment of access forced using peeling" 0
UNRESOLVED: gcc.dg/vect/vect-all.c -flto scan-tree-dump-times vect "vectorized 10 loops" 1
UNRESOLVED: gcc.dg/vect/vect-all.c -flto scan-tree-dump-times vect "Vectorizing an unaligned access" 0
UNRESOLVED: gcc.dg/vect/vect-all.c -flto scan-tree-dump-times vect "Alignment of access forced using peeling" 0
UNRESOLVED: gcc.dg/vect/vect-bool-1.c -flto scan-tree-dump vect "vectorized 1 loops"
UNRESOLVED: gcc.dg/vect/vect-complex-1.c -flto scan-tree-dump-times vect "vectorized 1 loops" 1
UNRESOLVED: gcc.dg/vect/vect-complex-1.c -flto scan-tree-dump-times vect "vectorizing stmts using SLP" 1
UNRESOLVED: gcc.dg/vect/vect-complex-2.c -flto scan-tree-dump-times vect "vectorized 1 loops" 1
UNRESOLVED: gcc.dg/vect/vect-complex-2.c -flto scan-tree-dump-times vect "vectorizing stmts using SLP" 1
UNRESOLVED: gcc.dg/vect/vect-complex-4.c -flto scan-tree-dump-times vect "vectorized 1 loops" 1
UNRESOLVED: gcc.dg/vect/vect-complex-4.c -flto scan-tree-dump-times vect "vectorizing stmts using SLP" 1
UNRESOLVED: gcc.dg/vect/vect-complex-5.c -flto scan-tree-dump-times vect "vectorizing stmts using SLP" 0
UNRESOLVED: gcc.dg/vect/vect-cond-1.c -flto scan-tree-dump-times vect "OUTER LOOP VECTORIZED" 1
UNRESOLVED: gcc.dg/vect/vect-cond-10.c -flto scan-tree-dump-times vect "note: vectorized 1 loops" 8
UNRESOLVED: gcc.dg/vect/vect-cond-2.c -flto scan-tree-dump-times vect "vectorized 1 loops" 1
UNRESOLVED: gcc.dg/vect/vect-cond-3.c -flto scan-tree-dump-times vect "OUTER LOOP VECTORIZED" 1
UNRESOLVED: gcc.dg/vect/vect-cond-4.c -flto scan-tree-dump-times vect "OUTER LOOP VECTORIZED" 1
UNRESOLVED: gcc.dg/vect/vect-cond-5.c -flto scan-tree-dump-times vect "OUTER LOOP VECTORIZED" 1
UNRESOLVED: gcc.dg/vect/vect-cond-6.c -flto scan-tree-dump-times vect "OUTER LOOP VECTORIZED" 1
UNRESOLVED: gcc.dg/vect/vect-cond-8.c -flto scan-tree-dump-times vect "note: vectorized 1 loops" 5
UNRESOLVED: gcc.dg/vect/vect-cond-9.c -flto scan-tree-dump-times vect "note: vectorized 1 loops" 10
UNRESOLVED: gcc.dg/vect/vect-cselim-1.c -flto scan-tree-dump-times vect "vectorized 1 loops" 1
UNRESOLVED: gcc.dg/vect/vect-cselim-2.c -flto scan-tree-dump-times vect "vectorized 1 loops" 0
UNRESOLVED: gcc.dg/vect/vect-double-reduc-1.c -flto scan-tree-dump-times vect "OUTER LOOP VECTORIZED" 1
UNRESOLVED: gcc.dg/vect/vect-double-reduc-2.c -flto scan-tree-dump-times vect "OUTER LOOP VECTORIZED" 1
UNRESOLVED: gcc.dg/vect/vect-double-reduc-3.c -flto scan-tree-dump-times vect "OUTER LOOP VECTORIZED" 1
UNRESOLVED: gcc.dg/vect/vect-double-reduc-4.c -flto scan-tree-dump-times vect "OUTER LOOP VECTORIZED" 1
UNRESOLVED: gcc.dg/vect/vect-double-reduc-5.c -flto scan-tree-dump-times vect "OUTER LOOP VECTORIZED" 1
UNRESOLVED: gcc.dg/vect/vect-double-reduc-6-big-array.c -flto scan-tree-dump-times vect "OUTER LOOP VECTORIZED" 1
UNRESOLVED: gcc.dg/vect/vect-double-reduc-6.c -flto scan-tree-dump-times vect "OUTER LOOP VECTORIZED" 1
UNRESOLVED: gcc.dg/vect/vect-double-reduc-7.c -flto scan-tree-dump-times vect "OUTER LOOP VECTORIZED" 3
UNRESOLVED: gcc.dg/vect/vect-float-extend-1.c -flto scan-tree-dump-times vect "vectorized 1 loops" 1
UNRESOLVED: gcc.dg/vect/vect-float-truncate-1.c -flto scan-tree-dump-times vect "vectorized 1 loops" 1
UNRESOLVED: gcc.dg/vect/vect-floatint-conversion-1.c -flto scan-tree-dump-times vect "vectorized 1 loops" 1
UNRESOLVED: gcc.dg/vect/vect-floatint-conversion-2.c -flto scan-tree-dump-times vect "vectorized 1 loops" 1
UNRESOLVED: gcc.dg/vect/vect-ifcvt-16.c -flto scan-tree-dump-times vect "vectorized 1 loops" 1
UNRESOLVED: gcc.dg/vect/vect-ifcvt-17.c -flto scan-tree-dump-times vect "vectorized 1 loops" 1
UNRESOLVED: gcc.dg/vect/vect-ifcvt-2.c -flto scan-tree-dump-times vect "vectorized 1 loops" 1
UNRESOLVED: gcc.dg/vect/vect-ifcvt-3.c -flto scan-tree-dump-times vect "vectorized 1 loops" 1
UNRESOLVED: gcc.dg/vect/vect-ifcvt-4.c -flto scan-tree-dump-times vect "vectorized 1 loops" 1
UNRESOLVED: gcc.dg/vect/vect-ifcvt-5.c -flto scan-tree-dump-times vect "vectorized 1 loops" 1
UNRESOLVED: gcc.dg/vect/vect-ifcvt-6.c -flto scan-tree-dump-times vect "vectorized 1 loops" 1
UNRESOLVED: gcc.dg/vect/vect-ifcvt-7.c -flto scan-tree-dump-times vect "vectorized 1 loops" 1
UNRESOLVED: gcc.dg/vect/vect-ifcvt-9.c -flto scan-tree-dump-times vect "vectorized 1 loops" 2
UNRESOLVED: gcc.dg/vect/vect-intfloat-conversion-1.c -flto scan-tree-dump-times vect "vectorized 1 loops" 1
UNRESOLVED: gcc.dg/vect/vect-intfloat-conversion-2.c -flto scan-tree-dump-times vect "vectorized 1 loops" 1
UNRESOLVED: gcc.dg/vect/vect-intfloat-conversion-3.c -flto scan-tree-dump-times vect "vectorized 1 loops" 1
UNRESOLVED: gcc.dg/vect/vect-intfloat-conversion-4a.c -flto scan-tree-dump-times vect "vectorized 1 loops" 1
UNRESOLVED: gcc.dg/vect/vect-intfloat-conversion-4b.c -flto scan-tree-dump-times vect "vectorized 1 loops" 1
UNRESOLVED: gcc.dg/vect/vect-iv-1.c -flto scan-tree-dump-times vect "vectorized 1 loops" 1
UNRESOLVED: gcc.dg/vect/vect-iv-10.c -flto scan-tree-dump-times vect "vectorized 1 loops" 1
UNRESOLVED: gcc.dg/vect/vect-iv-11.c -flto scan-tree-dump-times vect "vectorized 1 loops" 1
UNRESOLVED: gcc.dg/vect/vect-iv-2.c -flto scan-tree-dump-times vect "vectorized 1 loops" 1
UNRESOLVED: gcc.dg/vect/vect-iv-3.c -flto scan-tree-dump-times vect "vectorized 1 loops" 1
UNRESOLVED: gcc.dg/vect/vect-iv-4.c -flto scan-tree-dump-times vect "vectorized 1 loops" 1
UNRESOLVED: gcc.dg/vect/vect-iv-5.c -flto scan-tree-dump-times vect "vectorized 1 loops" 1
UNRESOLVED: gcc.dg/vect/vect-iv-6.c -flto scan-tree-dump-times vect "vectorized 1 loops" 1
UNRESOLVED: gcc.dg/vect/vect-iv-7.c -flto scan-tree-dump-times vect "vectorized 1 loops" 1
UNRESOLVED: gcc.dg/vect/vect-iv-8-big-array.c -flto scan-tree-dump-times vect "vectorized 1 loops" 1
UNRESOLVED: gcc.dg/vect/vect-iv-8.c -flto scan-tree-dump-times vect "vectorized 1 loops" 1
UNRESOLVED: gcc.dg/vect/vect-iv-8a-big-array.c -flto scan-tree-dump-times vect "vectorized 1 loops" 1
UNRESOLVED: gcc.dg/vect/vect-iv-8a.c -flto scan-tree-dump-times vect "vectorized 1 loops" 1
UNRESOLVED: gcc.dg/vect/vect-iv-9.c -flto scan-tree-dump-times vect "vectorized 1 loops" 2
FAIL: gcc.dg/vect/vect-ivdep-1.c -flto (test for warnings, line )
FAIL: gcc.dg/vect/vect-ivdep-2.c -flto (test for warnings, line )
UNRESOLVED: gcc.dg/vect/vect-multitypes-1.c -flto scan-tree-dump-times vect "vectorized 1 loops" 2
UNRESOLVED: gcc.dg/vect/vect-multitypes-1.c -flto scan-tree-dump-times vect "Alignment of access forced using peeling" 2
UNRESOLVED: gcc.dg/vect/vect-multitypes-1.c -flto scan-tree-dump-times vect "Vectorizing an unaligned access" 4
UNRESOLVED: gcc.dg/vect/vect-multitypes-10.c -flto scan-tree-dump-times vect "vectorized 1 loops" 2
UNRESOLVED: gcc.dg/vect/vect-multitypes-11.c -flto scan-tree-dump-times vect "vectorized 1 loops" 2
UNRESOLVED: gcc.dg/vect/vect-multitypes-12.c -flto scan-tree-dump-times vect "vectorized 1 loops" 2
UNRESOLVED: gcc.dg/vect/vect-multitypes-13.c -flto scan-tree-dump-times vect "vectorized 1 loops" 2
UNRESOLVED: gcc.dg/vect/vect-multitypes-14.c -flto scan-tree-dump-times vect "vectorized 1 loops" 1
UNRESOLVED: gcc.dg/vect/vect-multitypes-15.c -flto scan-tree-dump-times vect "vectorized 1 loops" 1
UNRESOLVED: gcc.dg/vect/vect-multitypes-16.c -flto scan-tree-dump-times vect "vectorized 1 loops" 1
UNRESOLVED: gcc.dg/vect/vect-multitypes-17.c -flto scan-tree-dump-times vect "vectorized 1 loops" 1
UNRESOLVED: gcc.dg/vect/vect-multitypes-2.c -flto scan-tree-dump-times vect "vectorized 1 loops" 1
UNRESOLVED: gcc.dg/vect/vect-multitypes-3.c -flto scan-tree-dump-times vect "vectorized 1 loops" 1
UNRESOLVED: gcc.dg/vect/vect-multitypes-3.c -flto scan-tree-dump-times vect "Vectorizing an unaligned access" 3
UNRESOLVED: gcc.dg/vect/vect-multitypes-4.c -flto scan-tree-dump-times vect "vectorized 1 loops" 2
UNRESOLVED: gcc.dg/vect/vect-multitypes-4.c -flto scan-tree-dump-times vect "Alignment of access forced using peeling" 0
UNRESOLVED: gcc.dg/vect/vect-multitypes-4.c -flto scan-tree-dump-times vect "Alignment of access forced using peeling" 2
UNRESOLVED: gcc.dg/vect/vect-multitypes-4.c -flto scan-tree-dump-times vect "Vectorizing an unaligned access" 8
UNRESOLVED: gcc.dg/vect/vect-multitypes-4.c -flto scan-tree-dump-times vect "Vectorizing an unaligned access" 4
UNRESOLVED: gcc.dg/vect/vect-multitypes-5.c -flto scan-tree-dump-times vect "vectorized 1 loops" 1
UNRESOLVED: gcc.dg/vect/vect-multitypes-6.c -flto scan-tree-dump-times vect "vectorized 1 loops" 1
UNRESOLVED: gcc.dg/vect/vect-multitypes-6.c -flto scan-tree-dump-times vect "Vectorizing an unaligned access" 6
UNRESOLVED: gcc.dg/vect/vect-multitypes-7.c -flto scan-tree-dump-times vect "vectorized 1 loops" 1
UNRESOLVED: gcc.dg/vect/vect-multitypes-8.c -flto scan-tree-dump-times vect "vectorized 1 loops" 1
UNRESOLVED: gcc.dg/vect/vect-multitypes-9.c -flto scan-tree-dump-times vect "vectorized 1 loops" 2
UNRESOLVED: gcc.dg/vect/vect-nest-cycle-1.c -flto scan-tree-dump-times vect "OUTER LOOP VECTORIZED" 1
UNRESOLVED: gcc.dg/vect/vect-nest-cycle-2.c -flto scan-tree-dump-times vect "OUTER LOOP VECTORIZED" 1
UNRESOLVED: gcc.dg/vect/vect-nest-cycle-3.c -flto scan-tree-dump-times vect "OUTER LOOP VECTORIZED" 1
UNRESOLVED: gcc.dg/vect/vect-outer-1-big-array.c -flto scan-tree-dump-times vect "OUTER LOOP VECTORIZED" 1
UNRESOLVED: gcc.dg/vect/vect-outer-1-big-array.c -flto scan-tree-dump-times vect "grouped access in outer loop" 1
UNRESOLVED: gcc.dg/vect/vect-outer-1.c -flto scan-tree-dump-times vect "OUTER LOOP VECTORIZED" 1
UNRESOLVED: gcc.dg/vect/vect-outer-1.c -flto scan-tree-dump-times vect "grouped access in outer loop" 1
UNRESOLVED: gcc.dg/vect/vect-outer-1a-big-array.c -flto scan-tree-dump-times vect "OUTER LOOP VECTORIZED" 1
UNRESOLVED: gcc.dg/vect/vect-outer-1a-big-array.c -flto scan-tree-dump-times vect "grouped access in outer loop" 1
UNRESOLVED: gcc.dg/vect/vect-outer-1a.c -flto scan-tree-dump-times vect "OUTER LOOP VECTORIZED" 1
UNRESOLVED: gcc.dg/vect/vect-outer-1a.c -flto scan-tree-dump-times vect "grouped access in outer loop" 1
UNRESOLVED: gcc.dg/vect/vect-outer-1b-big-array.c -flto scan-tree-dump-times vect "OUTER LOOP VECTORIZED" 1
UNRESOLVED: gcc.dg/vect/vect-outer-1b-big-array.c -flto scan-tree-dump-times vect "grouped access in outer loop" 1
UNRESOLVED: gcc.dg/vect/vect-outer-1b.c -flto scan-tree-dump-times vect "OUTER LOOP VECTORIZED" 1
UNRESOLVED: gcc.dg/vect/vect-outer-1b.c -flto scan-tree-dump-times vect "grouped access in outer loop" 1
UNRESOLVED: gcc.dg/vect/vect-outer-2-big-array.c -flto scan-tree-dump-times vect "OUTER LOOP VECTORIZED" 1
UNRESOLVED: gcc.dg/vect/vect-outer-2.c -flto scan-tree-dump-times vect "OUTER LOOP VECTORIZED" 1
UNRESOLVED: gcc.dg/vect/vect-outer-2a-big-array.c -flto scan-tree-dump-times vect "OUTER LOOP VECTORIZED" 1
UNRESOLVED: gcc.dg/vect/vect-outer-2a.c -flto scan-tree-dump-times vect "OUTER LOOP VECTORIZED" 1
UNRESOLVED: gcc.dg/vect/vect-outer-2b.c -flto scan-tree-dump-times vect "grouped access in outer loop" 1
UNRESOLVED: gcc.dg/vect/vect-outer-2c-big-array.c -flto scan-tree-dump-times vect "OUTER LOOP VECTORIZED" 1
UNRESOLVED: gcc.dg/vect/vect-outer-2c.c -flto scan-tree-dump-times vect "OUTER LOOP VECTORIZED" 1
UNRESOLVED: gcc.dg/vect/vect-outer-2d.c -flto scan-tree-dump-times vect "OUTER LOOP VECTORIZED" 0
UNRESOLVED: gcc.dg/vect/vect-outer-3-big-array.c -flto scan-tree-dump-times vect "OUTER LOOP VECTORIZED" 1
UNRESOLVED: gcc.dg/vect/vect-outer-3.c -flto scan-tree-dump-times vect "OUTER LOOP VECTORIZED" 1
UNRESOLVED: gcc.dg/vect/vect-outer-3a-big-array.c -flto scan-tree-dump-times vect "OUTER LOOP VECTORIZED" 1
UNRESOLVED: gcc.dg/vect/vect-outer-3a-big-array.c -flto scan-tree-dump-times vect "step doesn't divide the vector-size" 1
UNRESOLVED: gcc.dg/vect/vect-outer-3a.c -flto scan-tree-dump-times vect "OUTER LOOP VECTORIZED" 1
UNRESOLVED: gcc.dg/vect/vect-outer-3a.c -flto scan-tree-dump-times vect "step doesn't divide the vector-size" 1
UNRESOLVED: gcc.dg/vect/vect-outer-3b.c -flto scan-tree-dump-times vect "OUTER LOOP VECTORIZED" 1
UNRESOLVED: gcc.dg/vect/vect-outer-3b.c -flto scan-tree-dump-times vect "grouped access in outer loop" 2
UNRESOLVED: gcc.dg/vect/vect-outer-3c.c -flto scan-tree-dump-times vect "OUTER LOOP VECTORIZED" 1
UNRESOLVED: gcc.dg/vect/vect-outer-4.c -flto scan-tree-dump-times vect "OUTER LOOP VECTORIZED" 1
UNRESOLVED: gcc.dg/vect/vect-outer-4.c -flto scan-tree-dump-times vect "zero step in outer loop." 1
UNRESOLVED: gcc.dg/vect/vect-outer-4a-big-array.c -flto scan-tree-dump-times vect "OUTER LOOP VECTORIZED" 1
UNRESOLVED: gcc.dg/vect/vect-outer-4a.c -flto scan-tree-dump-times vect "OUTER LOOP VECTORIZED" 1
UNRESOLVED: gcc.dg/vect/vect-outer-4b-big-array.c -flto scan-tree-dump-times vect "OUTER LOOP VECTORIZED" 1
UNRESOLVED: gcc.dg/vect/vect-outer-4b.c -flto scan-tree-dump-times vect "OUTER LOOP VECTORIZED" 1
UNRESOLVED: gcc.dg/vect/vect-outer-4c-big-array.c -flto scan-tree-dump-times vect "OUTER LOOP VECTORIZED" 1
UNRESOLVED: gcc.dg/vect/vect-outer-4c-big-array.c -flto scan-tree-dump-times vect "zero step in outer loop." 1
UNRESOLVED: gcc.dg/vect/vect-outer-4c.c -flto scan-tree-dump-times vect "OUTER LOOP VECTORIZED" 1
UNRESOLVED: gcc.dg/vect/vect-outer-4c.c -flto scan-tree-dump vect "zero step in outer loop."
UNRESOLVED: gcc.dg/vect/vect-outer-4d-big-array.c -flto scan-tree-dump-times vect "OUTER LOOP VECTORIZED" 1
UNRESOLVED: gcc.dg/vect/vect-outer-4d.c -flto scan-tree-dump-times vect "OUTER LOOP VECTORIZED" 1
UNRESOLVED: gcc.dg/vect/vect-outer-4e.c -flto scan-tree-dump-times vect "OUTER LOOP VECTORIZED" 1
UNRESOLVED: gcc.dg/vect/vect-outer-4f.c -flto scan-tree-dump-times vect "OUTER LOOP VECTORIZED" 1
UNRESOLVED: gcc.dg/vect/vect-outer-4g.c -flto scan-tree-dump-times vect "OUTER LOOP VECTORIZED" 1
UNRESOLVED: gcc.dg/vect/vect-outer-4i.c -flto scan-tree-dump-times vect "OUTER LOOP VECTORIZED" 1
UNRESOLVED: gcc.dg/vect/vect-outer-4j.c -flto scan-tree-dump-times vect "OUTER LOOP VECTORIZED" 1
UNRESOLVED: gcc.dg/vect/vect-outer-4k.c -flto scan-tree-dump-times vect "OUTER LOOP VECTORIZED" 1
UNRESOLVED: gcc.dg/vect/vect-outer-4l.c -flto scan-tree-dump-times vect "OUTER LOOP VECTORIZED" 1
UNRESOLVED: gcc.dg/vect/vect-outer-4m-big-array.c -flto scan-tree-dump-times vect "OUTER LOOP VECTORIZED" 1
UNRESOLVED: gcc.dg/vect/vect-outer-4m.c -flto scan-tree-dump-times vect "OUTER LOOP VECTORIZED" 1
UNRESOLVED: gcc.dg/vect/vect-outer-5.c -flto scan-tree-dump-times vect "not vectorized: possible dependence between data-refs" 1
UNRESOLVED: gcc.dg/vect/vect-outer-5.c -flto scan-tree-dump-times vect "OUTER LOOP VECTORIZED" 1
UNRESOLVED: gcc.dg/vect/vect-outer-5.c -flto scan-tree-dump vect "zero step in outer loop."
UNRESOLVED: gcc.dg/vect/vect-outer-6.c -flto scan-tree-dump-times vect "OUTER LOOP VECTORIZED" 1
UNRESOLVED: gcc.dg/vect/vect-outer-6.c -flto scan-tree-dump-times vect "zero step in outer loop." 1
UNRESOLVED: gcc.dg/vect/vect-outer-fir-big-array.c -flto scan-tree-dump-times vect "OUTER LOOP VECTORIZED" 2
UNRESOLVED: gcc.dg/vect/vect-outer-fir-lb-big-array.c -flto scan-tree-dump-times vect "OUTER LOOP VECTORIZED" 2
UNRESOLVED: gcc.dg/vect/vect-outer-fir-lb.c -flto scan-tree-dump-times vect "OUTER LOOP VECTORIZED" 2
UNRESOLVED: gcc.dg/vect/vect-outer-fir.c -flto scan-tree-dump-times vect "OUTER LOOP VECTORIZED" 2
UNRESOLVED: gcc.dg/vect/vect-over-widen-1-big-array.c -flto scan-tree-dump-times vect "vect_recog_over_widening_pattern: detected" 4
UNRESOLVED: gcc.dg/vect/vect-over-widen-1-big-array.c -flto scan-tree-dump-times vect "vectorized 1 loops" 1
UNRESOLVED: gcc.dg/vect/vect-over-widen-1.c -flto scan-tree-dump-times vect "vect_recog_over_widening_pattern: detected" 4
UNRESOLVED: gcc.dg/vect/vect-over-widen-1.c -flto scan-tree-dump-times vect "vectorized 1 loops" 1
UNRESOLVED: gcc.dg/vect/vect-over-widen-2-big-array.c -flto scan-tree-dump-times vect "vect_recog_over_widening_pattern: detected" 0
UNRESOLVED: gcc.dg/vect/vect-over-widen-2-big-array.c -flto scan-tree-dump-times vect "vectorized 1 loops" 1
UNRESOLVED: gcc.dg/vect/vect-over-widen-2.c -flto scan-tree-dump-times vect "vect_recog_over_widening_pattern: detected" 0
UNRESOLVED: gcc.dg/vect/vect-over-widen-2.c -flto scan-tree-dump-times vect "vectorized 1 loops" 1
UNRESOLVED: gcc.dg/vect/vect-over-widen-3-big-array.c -flto scan-tree-dump-times vect "vect_recog_over_widening_pattern: detected" 1
UNRESOLVED: gcc.dg/vect/vect-over-widen-3-big-array.c -flto scan-tree-dump-times vect "vectorized 1 loops" 1
UNRESOLVED: gcc.dg/vect/vect-over-widen-3.c -flto scan-tree-dump vect "vect_recog_over_widening_pattern: detected"
UNRESOLVED: gcc.dg/vect/vect-over-widen-3.c -flto scan-tree-dump-times vect "vectorized 1 loops" 1
UNRESOLVED: gcc.dg/vect/vect-over-widen-4-big-array.c -flto scan-tree-dump-times vect "vect_recog_over_widening_pattern: detected" 4
UNRESOLVED: gcc.dg/vect/vect-over-widen-4-big-array.c -flto scan-tree-dump-times vect "vectorized 1 loops" 1
UNRESOLVED: gcc.dg/vect/vect-over-widen-4.c -flto scan-tree-dump-times vect "vect_recog_over_widening_pattern: detected" 4
UNRESOLVED: gcc.dg/vect/vect-over-widen-4.c -flto scan-tree-dump-times vect "vectorized 1 loops" 1
UNRESOLVED: gcc.dg/vect/vect-peel-1.c -flto scan-tree-dump-times vect "vectorized 1 loops" 1
UNRESOLVED: gcc.dg/vect/vect-peel-1.c -flto scan-tree-dump-times vect "Vectorizing an unaligned access" 1
UNRESOLVED: gcc.dg/vect/vect-peel-1.c -flto scan-tree-dump-times vect "Alignment of access forced using peeling" 1
UNRESOLVED: gcc.dg/vect/vect-peel-2.c -flto scan-tree-dump-times vect "vectorized 1 loops" 1
UNRESOLVED: gcc.dg/vect/vect-peel-2.c -flto scan-tree-dump-times vect "Vectorizing an unaligned access" 1
UNRESOLVED: gcc.dg/vect/vect-peel-2.c -flto scan-tree-dump-times vect "Alignment of access forced using peeling" 1
UNRESOLVED: gcc.dg/vect/vect-peel-3.c -flto scan-tree-dump-times vect "vectorized 1 loops" 1
UNRESOLVED: gcc.dg/vect/vect-peel-3.c -flto scan-tree-dump-times vect "Vectorizing an unaligned access" 1
UNRESOLVED: gcc.dg/vect/vect-peel-3.c -flto scan-tree-dump-times vect "Alignment of access forced using peeling" 1
UNRESOLVED: gcc.dg/vect/vect-peel-4.c -flto scan-tree-dump-times vect "vectorized 1 loops" 1
UNRESOLVED: gcc.dg/vect/vect-peel-4.c -flto scan-tree-dump-times vect "Vectorizing an unaligned access" 1
UNRESOLVED: gcc.dg/vect/vect-peel-4.c -flto scan-tree-dump-times vect "Alignment of access forced using peeling" 0
UNRESOLVED: gcc.dg/vect/vect-pre-interact.c -flto scan-tree-dump-times vect "vectorized 1 loops" 1
UNRESOLVED: gcc.dg/vect/vect-reduc-1.c -flto scan-tree-dump-times vect "vectorized 3 loops" 1
UNRESOLVED: gcc.dg/vect/vect-reduc-1char-big-array.c -flto scan-tree-dump-times vect "vectorized 3 loops" 1
UNRESOLVED: gcc.dg/vect/vect-reduc-1char.c -flto scan-tree-dump-times vect "vectorized 3 loops" 1
UNRESOLVED: gcc.dg/vect/vect-reduc-1short.c -flto scan-tree-dump-times vect "vectorized 3 loops" 1
UNRESOLVED: gcc.dg/vect/vect-reduc-2.c -flto scan-tree-dump-times vect "vectorized 3 loops" 1
UNRESOLVED: gcc.dg/vect/vect-reduc-2char-big-array.c -flto scan-tree-dump-times vect "vectorized 3 loops" 1
UNRESOLVED: gcc.dg/vect/vect-reduc-2char.c -flto scan-tree-dump-times vect "vectorized 3 loops" 1
UNRESOLVED: gcc.dg/vect/vect-reduc-2short.c -flto scan-tree-dump-times vect "vectorized 3 loops" 1
UNRESOLVED: gcc.dg/vect/vect-reduc-3.c -flto scan-tree-dump-times vect "vectorized 1 loops" 1
UNRESOLVED: gcc.dg/vect/vect-reduc-6.c -flto scan-tree-dump-times vect "vectorized 0 loops" 1
UNRESOLVED: gcc.dg/vect/vect-reduc-dot-s16a.c -flto scan-tree-dump-times vect "vect_recog_dot_prod_pattern: detected" 1
UNRESOLVED: gcc.dg/vect/vect-reduc-dot-s16a.c -flto scan-tree-dump-times vect "vectorized 1 loops" 1
UNRESOLVED: gcc.dg/vect/vect-reduc-dot-s16a.c -flto scan-tree-dump-times vect "vectorized 1 loops" 1
UNRESOLVED: gcc.dg/vect/vect-reduc-dot-s16b.c -flto scan-tree-dump-times vect "vectorized 1 loops" 1
UNRESOLVED: gcc.dg/vect/vect-reduc-dot-s16c.c -flto scan-tree-dump-times vect "vectorized 1 loops" 2
UNRESOLVED: gcc.dg/vect/vect-reduc-dot-s8a.c -flto scan-tree-dump-times vect "vect_recog_dot_prod_pattern: detected" 1
UNRESOLVED: gcc.dg/vect/vect-reduc-dot-s8a.c -flto scan-tree-dump-times vect "vect_recog_widen_mult_pattern: detected" 1
UNRESOLVED: gcc.dg/vect/vect-reduc-dot-s8a.c -flto scan-tree-dump-times vect "vectorized 1 loops" 1
UNRESOLVED: gcc.dg/vect/vect-reduc-dot-s8b.c -flto scan-tree-dump-times vect "vect_recog_dot_prod_pattern: detected" 1
UNRESOLVED: gcc.dg/vect/vect-reduc-dot-s8b.c -flto scan-tree-dump-times vect "vect_recog_widen_mult_pattern: detected" 1
UNRESOLVED: gcc.dg/vect/vect-reduc-dot-s8b.c -flto scan-tree-dump-times vect "vectorized 1 loops" 1
UNRESOLVED: gcc.dg/vect/vect-reduc-dot-s8c.c -flto scan-tree-dump-times vect "vectorized 1 loops" 1
UNRESOLVED: gcc.dg/vect/vect-reduc-dot-u16a.c -flto scan-tree-dump-times vect "vect_recog_dot_prod_pattern: detected" 1
UNRESOLVED: gcc.dg/vect/vect-reduc-dot-u16a.c -flto scan-tree-dump-times vect "vectorized 1 loops" 2
UNRESOLVED: gcc.dg/vect/vect-reduc-dot-u16b.c -flto scan-tree-dump-times vect "vect_recog_dot_prod_pattern: detected" 1
UNRESOLVED: gcc.dg/vect/vect-reduc-dot-u16b.c -flto scan-tree-dump-times vect "vectorized 1 loops" 2
UNRESOLVED: gcc.dg/vect/vect-reduc-dot-u16b.c -flto scan-tree-dump-times vect "vectorized 1 loops" 1
UNRESOLVED: gcc.dg/vect/vect-reduc-dot-u8a.c -flto scan-tree-dump-times vect "vect_recog_dot_prod_pattern: detected" 1
UNRESOLVED: gcc.dg/vect/vect-reduc-dot-u8b.c -flto scan-tree-dump-times vect "vect_recog_dot_prod_pattern: detected" 1
UNRESOLVED: gcc.dg/vect/vect-reduc-dot-u8b.c -flto scan-tree-dump-times vect "vectorized 1 loops" 1
UNRESOLVED: gcc.dg/vect/vect-reduc-pattern-1a.c -flto scan-tree-dump-times vect "vect_recog_widen_sum_pattern: detected" 1
UNRESOLVED: gcc.dg/vect/vect-reduc-pattern-1a.c -flto scan-tree-dump-times vect "vectorized 1 loops" 1
UNRESOLVED: gcc.dg/vect/vect-reduc-pattern-1b-big-array.c -flto scan-tree-dump-times vect "vect_recog_widen_sum_pattern: detected" 1
UNRESOLVED: gcc.dg/vect/vect-reduc-pattern-1b-big-array.c -flto scan-tree-dump-times vect "vectorized 1 loops" 1
UNRESOLVED: gcc.dg/vect/vect-reduc-pattern-1b.c -flto scan-tree-dump vect "vect_recog_widen_sum_pattern: detected"
UNRESOLVED: gcc.dg/vect/vect-reduc-pattern-1b.c -flto scan-tree-dump-times vect "vectorized 1 loops" 1
UNRESOLVED: gcc.dg/vect/vect-reduc-pattern-1c-big-array.c -flto scan-tree-dump-times vect "vect_recog_widen_sum_pattern: detected" 1
UNRESOLVED: gcc.dg/vect/vect-reduc-pattern-1c-big-array.c -flto scan-tree-dump-times vect "vectorized 1 loops" 1
UNRESOLVED: gcc.dg/vect/vect-reduc-pattern-1c.c -flto scan-tree-dump vect "vect_recog_widen_sum_pattern: detected"
UNRESOLVED: gcc.dg/vect/vect-reduc-pattern-1c.c -flto scan-tree-dump-times vect "vectorized 1 loops" 1
UNRESOLVED: gcc.dg/vect/vect-reduc-pattern-2a.c -flto scan-tree-dump-times vect "vect_recog_widen_sum_pattern: detected" 1
UNRESOLVED: gcc.dg/vect/vect-reduc-pattern-2a.c -flto scan-tree-dump-times vect "vectorized 1 loops" 1
UNRESOLVED: gcc.dg/vect/vect-reduc-pattern-2b-big-array.c -flto scan-tree-dump-times vect "vect_recog_widen_sum_pattern: detected" 1
UNRESOLVED: gcc.dg/vect/vect-reduc-pattern-2b.c -flto scan-tree-dump vect "vect_recog_widen_sum_pattern: detected"
UNRESOLVED: gcc.dg/vect/vect-reduc-pattern-2c.c -flto scan-tree-dump-times vect "vect_recog_widen_sum_pattern: detected" 1
UNRESOLVED: gcc.dg/vect/vect-reduc-pattern-2c.c -flto scan-tree-dump-times vect "vectorized 1 loops" 1
UNRESOLVED: gcc.dg/vect/vect-reduc-pattern-3.c -flto scan-tree-dump-times vect "vectorized 1 loops" 1
UNRESOLVED: gcc.dg/vect/vect-sdivmod-1.c -flto scan-tree-dump-times vect "vectorized 1 loops" 4
UNRESOLVED: gcc.dg/vect/vect-shift-1.c -flto scan-tree-dump-times vect "vectorized 1 loops" 1
UNRESOLVED: gcc.dg/vect/vect-shift-3.c -flto scan-tree-dump-times vect "vectorized 1 loops" 1
UNRESOLVED: gcc.dg/vect/vect-strided-a-mult.c -flto scan-tree-dump-times vect "vectorized 1 loops" 1
UNRESOLVED: gcc.dg/vect/vect-strided-a-u16-i2.c -flto scan-tree-dump-times vect "vectorized 1 loops" 1
UNRESOLVED: gcc.dg/vect/vect-strided-a-u16-i4.c -flto scan-tree-dump-times vect "vectorized 1 loops" 1
UNRESOLVED: gcc.dg/vect/vect-strided-a-u16-mult.c -flto scan-tree-dump-times vect "vectorized 1 loops" 1
UNRESOLVED: gcc.dg/vect/vect-strided-a-u32-mult.c -flto scan-tree-dump-times vect "vectorized 1 loops" 1
UNRESOLVED: gcc.dg/vect/vect-strided-a-u8-i2-gap.c -flto scan-tree-dump-times vect "vectorized 1 loops" 1
UNRESOLVED: gcc.dg/vect/vect-strided-a-u8-i8-gap2-big-array.c -flto scan-tree-dump-times vect "vectorized 1 loops" 1
UNRESOLVED: gcc.dg/vect/vect-strided-a-u8-i8-gap2.c -flto scan-tree-dump-times vect "vectorized 1 loops" 1
UNRESOLVED: gcc.dg/vect/vect-strided-a-u8-i8-gap7-big-array.c -flto scan-tree-dump-times vect "vectorized 1 loops" 1
UNRESOLVED: gcc.dg/vect/vect-strided-a-u8-i8-gap7.c -flto scan-tree-dump-times vect "vectorized 1 loops" 1
UNRESOLVED: gcc.dg/vect/vect-strided-float.c -flto scan-tree-dump-times vect "vectorized 1 loops" 1
UNRESOLVED: gcc.dg/vect/vect-strided-float.c -flto scan-tree-dump-times vect "vectorized 0 loops" 1
UNRESOLVED: gcc.dg/vect/vect-strided-mult-char-ls.c -flto scan-tree-dump-times vect "vectorized 1 loops" 1
UNRESOLVED: gcc.dg/vect/vect-strided-mult.c -flto scan-tree-dump-times vect "vectorized 1 loops" 1
UNRESOLVED: gcc.dg/vect/vect-strided-same-dr.c -flto scan-tree-dump-times vect "vectorized 1 loops" 1
UNRESOLVED: gcc.dg/vect/vect-strided-store-a-u8-i2.c -flto scan-tree-dump-times vect "vectorized 1 loops" 1
UNRESOLVED: gcc.dg/vect/vect-strided-store-u16-i4.c -flto scan-tree-dump-times vect "vectorized 1 loops" 2
UNRESOLVED: gcc.dg/vect/vect-strided-store-u32-i2.c -flto scan-tree-dump-times vect "vectorized 1 loops" 1
UNRESOLVED: gcc.dg/vect/vect-strided-store-u32-i2.c -flto scan-tree-dump-times vect "vectorized 0 loops" 1
UNRESOLVED: gcc.dg/vect/vect-strided-u16-i2.c -flto scan-tree-dump-times vect "vectorized 1 loops" 1
UNRESOLVED: gcc.dg/vect/vect-strided-u16-i4.c -flto scan-tree-dump-times vect "vectorized 1 loops" 1
UNRESOLVED: gcc.dg/vect/vect-strided-u32-i4.c -flto scan-tree-dump-times vect "vectorized 1 loops" 1
UNRESOLVED: gcc.dg/vect/vect-strided-u32-i8.c -flto scan-tree-dump-times vect "vectorized 1 loops" 1
UNRESOLVED: gcc.dg/vect/vect-strided-u32-mult.c -flto scan-tree-dump-times vect "vectorized 1 loops" 1
UNRESOLVED: gcc.dg/vect/vect-strided-u8-i2-gap.c -flto scan-tree-dump-times vect "vectorized 1 loops" 1
UNRESOLVED: gcc.dg/vect/vect-strided-u8-i2.c -flto scan-tree-dump-times vect "vectorized 1 loops" 1
UNRESOLVED: gcc.dg/vect/vect-strided-u8-i8-gap2-big-array.c -flto scan-tree-dump-times vect "vectorized 1 loops" 1
UNRESOLVED: gcc.dg/vect/vect-strided-u8-i8-gap2.c -flto scan-tree-dump-times vect "vectorized 1 loops" 1
UNRESOLVED: gcc.dg/vect/vect-strided-u8-i8-gap4-big-array.c -flto scan-tree-dump-times vect "vectorized 1 loops" 1
UNRESOLVED: gcc.dg/vect/vect-strided-u8-i8-gap4-unknown.c -flto scan-tree-dump-times vect "vectorized 1 loops" 1
UNRESOLVED: gcc.dg/vect/vect-strided-u8-i8-gap4.c -flto scan-tree-dump-times vect "vectorized 1 loops" 1
UNRESOLVED: gcc.dg/vect/vect-strided-u8-i8-gap7-big-array.c -flto scan-tree-dump-times vect "vectorized 1 loops" 1
UNRESOLVED: gcc.dg/vect/vect-strided-u8-i8-gap7.c -flto scan-tree-dump-times vect "vectorized 1 loops" 1
UNRESOLVED: gcc.dg/vect/vect-strided-u8-i8.c -flto scan-tree-dump-times vect "vectorized 1 loops" 1
UNRESOLVED: gcc.dg/vect/vect-vfa-01.c -flto scan-tree-dump-times vect "vectorized 1 loops" 1
UNRESOLVED: gcc.dg/vect/vect-vfa-02.c -flto scan-tree-dump-times vect "vectorized 1 loops" 1
UNRESOLVED: gcc.dg/vect/vect-vfa-03.c -flto scan-tree-dump-times vect "vectorized 1 loops" 1
UNRESOLVED: gcc.dg/vect/vect-vfa-03.c -flto scan-tree-dump-times vect "vectorized 1 loops" 0
UNRESOLVED: gcc.dg/vect/vect-vfa-04.c -flto scan-tree-dump-times vect "vectorized 1 loops" 1
UNRESOLVED: gcc.dg/vect/vect-vfa-slp.c -flto scan-tree-dump-times vect "vectorized 1 loops" 1
UNRESOLVED: gcc.dg/vect/vect-widen-mult-const-s16.c -flto scan-tree-dump-times vect "vectorized 1 loops" 2
UNRESOLVED: gcc.dg/vect/vect-widen-mult-const-s16.c -flto scan-tree-dump-times vect "vect_recog_widen_mult_pattern: detected" 2
UNRESOLVED: gcc.dg/vect/vect-widen-mult-const-s16.c -flto scan-tree-dump-times vect "pattern recognized" 2
UNRESOLVED: gcc.dg/vect/vect-widen-mult-const-u16.c -flto scan-tree-dump-times vect "vectorized 1 loops" 3
UNRESOLVED: gcc.dg/vect/vect-widen-mult-const-u16.c -flto scan-tree-dump-times vect "vect_recog_widen_mult_pattern: detected" 2
UNRESOLVED: gcc.dg/vect/vect-widen-mult-const-u16.c -flto scan-tree-dump-times vect "pattern recognized" 2
UNRESOLVED: gcc.dg/vect/vect-widen-mult-half-u8.c -flto scan-tree-dump-times vect "vectorized 1 loops" 2
UNRESOLVED: gcc.dg/vect/vect-widen-mult-half-u8.c -flto scan-tree-dump-times vect "vect_recog_widen_mult_pattern: detected" 2
UNRESOLVED: gcc.dg/vect/vect-widen-mult-half-u8.c -flto scan-tree-dump-times vect "pattern recognized" 2
UNRESOLVED: gcc.dg/vect/vect-widen-mult-half.c -flto scan-tree-dump-times vect "vectorized 1 loops" 1
UNRESOLVED: gcc.dg/vect/vect-widen-mult-half.c -flto scan-tree-dump-times vect "vect_recog_widen_mult_pattern: detected" 1
UNRESOLVED: gcc.dg/vect/vect-widen-mult-half.c -flto scan-tree-dump-times vect "pattern recognized" 1
UNRESOLVED: gcc.dg/vect/vect-widen-mult-s16.c -flto scan-tree-dump-times vect "vectorized 1 loops" 1
UNRESOLVED: gcc.dg/vect/vect-widen-mult-s8.c -flto scan-tree-dump-times vect "vectorized 1 loops" 1
UNRESOLVED: gcc.dg/vect/vect-widen-mult-sum.c -flto scan-tree-dump-times vect "vectorized 1 loops" 1
UNRESOLVED: gcc.dg/vect/vect-widen-mult-sum.c -flto scan-tree-dump-times vect "vect_recog_widen_mult_pattern: detected" 1
UNRESOLVED: gcc.dg/vect/vect-widen-mult-u16.c -flto scan-tree-dump-times vect "vectorized 1 loops" 1
UNRESOLVED: gcc.dg/vect/vect-widen-mult-u16.c -flto scan-tree-dump-times vect "vect_recog_widen_mult_pattern: detected" 1
UNRESOLVED: gcc.dg/vect/vect-widen-mult-u16.c -flto scan-tree-dump-times vect "pattern recognized" 1
UNRESOLVED: gcc.dg/vect/vect-widen-mult-u8.c -flto scan-tree-dump-times vect "vectorized 1 loops" 1
UNRESOLVED: gcc.dg/vect/vect-widen-shift-s16.c -flto scan-tree-dump-times vect "vectorized 2 loops" 1
UNRESOLVED: gcc.dg/vect/vect-widen-shift-s8.c -flto scan-tree-dump-times vect "vectorized 1 loops" 1
UNRESOLVED: gcc.dg/vect/vect-widen-shift-u16.c -flto scan-tree-dump-times vect "vectorized 1 loops" 1
UNRESOLVED: gcc.dg/vect/vect-widen-shift-u8.c -flto scan-tree-dump-times vect "vectorized 1 loops" 1
UNRESOLVED: gcc.dg/vect/slp-1.c -flto scan-tree-dump-times vect "vectorized 4 loops" 1
UNRESOLVED: gcc.dg/vect/slp-1.c -flto scan-tree-dump-times vect "vectorizing stmts using SLP" 4
UNRESOLVED: gcc.dg/vect/slp-10.c -flto scan-tree-dump-times vect "vectorized 3 loops" 1
UNRESOLVED: gcc.dg/vect/slp-10.c -flto scan-tree-dump-times vect "vectorizing stmts using SLP" 3
UNRESOLVED: gcc.dg/vect/slp-11a.c -flto scan-tree-dump-times vect "vectorized 1 loops" 1
UNRESOLVED: gcc.dg/vect/slp-11a.c -flto scan-tree-dump-times vect "vectorizing stmts using SLP" 0
UNRESOLVED: gcc.dg/vect/slp-11b.c -flto scan-tree-dump-times vect "vectorized 1 loops" 1
UNRESOLVED: gcc.dg/vect/slp-11b.c -flto scan-tree-dump-times vect "vectorizing stmts using SLP" 0
UNRESOLVED: gcc.dg/vect/slp-11c.c -flto scan-tree-dump-times vect "vectorized 1 loops" 1
UNRESOLVED: gcc.dg/vect/slp-11c.c -flto scan-tree-dump-times vect "vectorizing stmts using SLP" 0
UNRESOLVED: gcc.dg/vect/slp-12a.c -flto scan-tree-dump-times vect "vectorized 1 loops" 1
UNRESOLVED: gcc.dg/vect/slp-12a.c -flto scan-tree-dump-times vect "vectorizing stmts using SLP" 1
UNRESOLVED: gcc.dg/vect/slp-12b.c -flto scan-tree-dump-times vect "vectorized 1 loops" 1
UNRESOLVED: gcc.dg/vect/slp-12b.c -flto scan-tree-dump-times vect "vectorizing stmts using SLP" 1
UNRESOLVED: gcc.dg/vect/slp-12c.c -flto scan-tree-dump-times vect "vectorized 1 loops" 1
UNRESOLVED: gcc.dg/vect/slp-12c.c -flto scan-tree-dump-times vect "vectorizing stmts using SLP" 1
UNRESOLVED: gcc.dg/vect/slp-13-big-array.c -flto scan-tree-dump-times vect "vectorized 2 loops" 1
UNRESOLVED: gcc.dg/vect/slp-13-big-array.c -flto scan-tree-dump-times vect "vectorizing stmts using SLP" 3
UNRESOLVED: gcc.dg/vect/slp-13-big-array.c -flto scan-tree-dump-times vect "vectorizing stmts using SLP" 1
UNRESOLVED: gcc.dg/vect/slp-13.c -flto scan-tree-dump-times vect "vectorized 2 loops" 1
UNRESOLVED: gcc.dg/vect/slp-13.c -flto scan-tree-dump-times vect "vectorizing stmts using SLP" 3
UNRESOLVED: gcc.dg/vect/slp-13.c -flto scan-tree-dump-times vect "vectorizing stmts using SLP" 1
UNRESOLVED: gcc.dg/vect/slp-14.c -flto scan-tree-dump-times vect "vectorized 1 loops" 1
UNRESOLVED: gcc.dg/vect/slp-14.c -flto scan-tree-dump-times vect "vectorizing stmts using SLP" 2
UNRESOLVED: gcc.dg/vect/slp-15.c -flto scan-tree-dump-times vect "vectorized 1 loops" 1
UNRESOLVED: gcc.dg/vect/slp-15.c -flto scan-tree-dump-times vect "vectorizing stmts using SLP" 2
UNRESOLVED: gcc.dg/vect/slp-16.c -flto scan-tree-dump-times vect "vectorized 1 loops" 1
UNRESOLVED: gcc.dg/vect/slp-16.c -flto scan-tree-dump-times vect "vectorizing stmts using SLP" 2
UNRESOLVED: gcc.dg/vect/slp-17.c -flto scan-tree-dump-times vect "vectorized 1 loops" 1
UNRESOLVED: gcc.dg/vect/slp-17.c -flto scan-tree-dump-times vect "vectorizing stmts using SLP" 2
UNRESOLVED: gcc.dg/vect/slp-18.c -flto scan-tree-dump-times vect "vectorized 1 loops" 1
UNRESOLVED: gcc.dg/vect/slp-18.c -flto scan-tree-dump-times vect "vectorizing stmts using SLP" 2
UNRESOLVED: gcc.dg/vect/slp-19a.c -flto scan-tree-dump-times vect "vectorized 1 loops" 1
UNRESOLVED: gcc.dg/vect/slp-19a.c -flto scan-tree-dump-times vect "vectorizing stmts using SLP" 1
UNRESOLVED: gcc.dg/vect/slp-19b.c -flto scan-tree-dump-times vect "vectorized 1 loops" 1
UNRESOLVED: gcc.dg/vect/slp-19b.c -flto scan-tree-dump-times vect "vectorizing stmts using SLP" 1
UNRESOLVED: gcc.dg/vect/slp-19c.c -flto scan-tree-dump-times vect "vectorized 1 loops" 1
UNRESOLVED: gcc.dg/vect/slp-19c.c -flto scan-tree-dump-times vect "vectorizing stmts using SLP" 1
UNRESOLVED: gcc.dg/vect/slp-2.c -flto scan-tree-dump-times vect "vectorized 4 loops" 1
UNRESOLVED: gcc.dg/vect/slp-2.c -flto scan-tree-dump-times vect "vectorizing stmts using SLP" 4
UNRESOLVED: gcc.dg/vect/slp-20.c -flto scan-tree-dump-times vect "vectorized 2 loops" 1
UNRESOLVED: gcc.dg/vect/slp-20.c -flto scan-tree-dump-times vect "vectorizing stmts using SLP" 4
UNRESOLVED: gcc.dg/vect/slp-21.c -flto scan-tree-dump-times vect "vectorized 4 loops" 1
UNRESOLVED: gcc.dg/vect/slp-21.c -flto scan-tree-dump-times vect "vectorizing stmts using SLP" 2
UNRESOLVED: gcc.dg/vect/slp-22.c -flto scan-tree-dump-times vect "vectorized 2 loops" 1
UNRESOLVED: gcc.dg/vect/slp-22.c -flto scan-tree-dump-times vect "vectorizing stmts using SLP" 6
UNRESOLVED: gcc.dg/vect/slp-23.c -flto scan-tree-dump-times vect "vectorized 2 loops" 1
UNRESOLVED: gcc.dg/vect/slp-23.c -flto scan-tree-dump-times vect "vectorizing stmts using SLP" 1
UNRESOLVED: gcc.dg/vect/slp-24-big-array.c -flto scan-tree-dump-times vect "vectorized 1 loops" 1
UNRESOLVED: gcc.dg/vect/slp-24-big-array.c -flto scan-tree-dump-times vect "vectorizing stmts using SLP" 2
UNRESOLVED: gcc.dg/vect/slp-24.c -flto scan-tree-dump-times vect "vectorized 1 loops" 1
UNRESOLVED: gcc.dg/vect/slp-24.c -flto scan-tree-dump-times vect "vectorizing stmts using SLP" 2
UNRESOLVED: gcc.dg/vect/slp-25.c -flto scan-tree-dump-times vect "vectorized 2 loops" 1
UNRESOLVED: gcc.dg/vect/slp-25.c -flto scan-tree-dump-times vect "Vectorizing an unaligned access" 0
UNRESOLVED: gcc.dg/vect/slp-25.c -flto scan-tree-dump-times vect "Alignment of access forced using peeling" 2
UNRESOLVED: gcc.dg/vect/slp-26.c -flto scan-tree-dump-times vect "vectorized 0 loops" 1
UNRESOLVED: gcc.dg/vect/slp-26.c -flto scan-tree-dump-times vect "vectorizing stmts using SLP" 0
UNRESOLVED: gcc.dg/vect/slp-28.c -flto scan-tree-dump-times vect "vectorized 1 loops" 1
UNRESOLVED: gcc.dg/vect/slp-28.c -flto scan-tree-dump-times vect "vectorizing stmts using SLP" 1
UNRESOLVED: gcc.dg/vect/slp-3-big-array.c -flto scan-tree-dump-times vect "vectorized 4 loops" 1
UNRESOLVED: gcc.dg/vect/slp-3-big-array.c -flto scan-tree-dump-times vect "vectorizing stmts using SLP" 4
UNRESOLVED: gcc.dg/vect/slp-3.c -flto scan-tree-dump-times vect "vectorized 3 loops" 1
UNRESOLVED: gcc.dg/vect/slp-3.c -flto scan-tree-dump-times vect "vectorizing stmts using SLP" 3
UNRESOLVED: gcc.dg/vect/slp-33.c -flto scan-tree-dump-times vect "vectorized 3 loops" 1
UNRESOLVED: gcc.dg/vect/slp-33.c -flto scan-tree-dump-times vect "vectorizing stmts using SLP" 3
UNRESOLVED: gcc.dg/vect/slp-34-big-array.c -flto scan-tree-dump-times vect "vectorized 1 loops" 1
UNRESOLVED: gcc.dg/vect/slp-34-big-array.c -flto scan-tree-dump-times vect "vectorizing stmts using SLP" 2
UNRESOLVED: gcc.dg/vect/slp-34.c -flto scan-tree-dump-times vect "vectorized 1 loops" 1
UNRESOLVED: gcc.dg/vect/slp-34.c -flto scan-tree-dump-times vect "vectorizing stmts using SLP" 2
UNRESOLVED: gcc.dg/vect/slp-35.c -flto scan-tree-dump-times vect "vectorized 1 loops" 1
UNRESOLVED: gcc.dg/vect/slp-35.c -flto scan-tree-dump-times vect "vectorizing stmts using SLP" 1
UNRESOLVED: gcc.dg/vect/slp-37.c -flto scan-tree-dump-times vect "vectorized 1 loops" 0
UNRESOLVED: gcc.dg/vect/slp-37.c -flto scan-tree-dump-times vect "vectorizing stmts using SLP" 0
UNRESOLVED: gcc.dg/vect/slp-38.c -flto scan-tree-dump-times vect "vectorized 1 loops in function" 1
UNRESOLVED: gcc.dg/vect/slp-39.c -flto scan-tree-dump-times vect "vectorizing stmts using SLP" 2
UNRESOLVED: gcc.dg/vect/slp-4-big-array.c -flto scan-tree-dump-times vect "vectorized 3 loops" 1
UNRESOLVED: gcc.dg/vect/slp-4-big-array.c -flto scan-tree-dump-times vect "vectorizing stmts using SLP" 3
UNRESOLVED: gcc.dg/vect/slp-4.c -flto scan-tree-dump-times vect "vectorized 3 loops" 1
UNRESOLVED: gcc.dg/vect/slp-4.c -flto scan-tree-dump-times vect "vectorizing stmts using SLP" 3
UNRESOLVED: gcc.dg/vect/slp-5.c -flto scan-tree-dump-times vect "vectorized 3 loops" 1
UNRESOLVED: gcc.dg/vect/slp-5.c -flto scan-tree-dump-times vect "vectorizing stmts using SLP" 3
UNRESOLVED: gcc.dg/vect/slp-6.c -flto scan-tree-dump-times vect "vectorized 3 loops" 1
UNRESOLVED: gcc.dg/vect/slp-6.c -flto scan-tree-dump-times vect "vectorizing stmts using SLP" 3
UNRESOLVED: gcc.dg/vect/slp-7.c -flto scan-tree-dump-times vect "vectorized 3 loops" 1
UNRESOLVED: gcc.dg/vect/slp-7.c -flto scan-tree-dump-times vect "vectorizing stmts using SLP" 3
UNRESOLVED: gcc.dg/vect/slp-8.c -flto scan-tree-dump-times vect "vectorized 1 loops" 1
UNRESOLVED: gcc.dg/vect/slp-8.c -flto scan-tree-dump-times vect "vectorizing stmts using SLP" 1
UNRESOLVED: gcc.dg/vect/slp-9.c -flto scan-tree-dump-times vect "vectorized 1 loops" 1
UNRESOLVED: gcc.dg/vect/slp-9.c -flto scan-tree-dump-times vect "vectorizing stmts using SLP" 1
UNRESOLVED: gcc.dg/vect/slp-cond-1.c -flto scan-tree-dump-times vect "vectorizing stmts using SLP" 3
UNRESOLVED: gcc.dg/vect/slp-cond-2-big-array.c -flto scan-tree-dump-times vect "vectorizing stmts using SLP" 3
UNRESOLVED: gcc.dg/vect/slp-cond-2.c -flto scan-tree-dump-times vect "vectorizing stmts using SLP" 3
UNRESOLVED: gcc.dg/vect/slp-cond-3.c -flto scan-tree-dump-times vect "vectorizing stmts using SLP" 1
UNRESOLVED: gcc.dg/vect/slp-cond-4.c -flto scan-tree-dump-times vect "vectorizing stmts using SLP" 1
UNRESOLVED: gcc.dg/vect/slp-multitypes-1.c -flto scan-tree-dump-times vect "vectorized 1 loops" 1
UNRESOLVED: gcc.dg/vect/slp-multitypes-1.c -flto scan-tree-dump-times vect "vectorizing stmts using SLP" 2
UNRESOLVED: gcc.dg/vect/slp-multitypes-10.c -flto scan-tree-dump-times vect "vectorized 1 loops" 1
UNRESOLVED: gcc.dg/vect/slp-multitypes-10.c -flto scan-tree-dump-times vect "vectorizing stmts using SLP" 1
UNRESOLVED: gcc.dg/vect/slp-multitypes-11-big-array.c -flto scan-tree-dump-times vect "vectorized 1 loops" 1
UNRESOLVED: gcc.dg/vect/slp-multitypes-11-big-array.c -flto scan-tree-dump-times vect "vectorizing stmts using SLP" 1
UNRESOLVED: gcc.dg/vect/slp-multitypes-11.c -flto scan-tree-dump-times vect "vectorized 1 loops" 1
UNRESOLVED: gcc.dg/vect/slp-multitypes-11.c -flto scan-tree-dump-times vect "vectorizing stmts using SLP" 1
UNRESOLVED: gcc.dg/vect/slp-multitypes-12.c -flto scan-tree-dump-times vect "vectorized 1 loops" 1
UNRESOLVED: gcc.dg/vect/slp-multitypes-12.c -flto scan-tree-dump-times vect "vectorizing stmts using SLP" 3
UNRESOLVED: gcc.dg/vect/slp-multitypes-2.c -flto scan-tree-dump-times vect "vectorized 1 loops" 1
UNRESOLVED: gcc.dg/vect/slp-multitypes-2.c -flto scan-tree-dump-times vect "vectorizing stmts using SLP" 2
UNRESOLVED: gcc.dg/vect/slp-multitypes-3.c -flto scan-tree-dump-times vect "vectorized 1 loops" 1
UNRESOLVED: gcc.dg/vect/slp-multitypes-3.c -flto scan-tree-dump-times vect "vectorizing stmts using SLP" 2
UNRESOLVED: gcc.dg/vect/slp-multitypes-4.c -flto scan-tree-dump-times vect "vectorized 1 loops" 1
UNRESOLVED: gcc.dg/vect/slp-multitypes-4.c -flto scan-tree-dump-times vect "vectorizing stmts using SLP" 1
UNRESOLVED: gcc.dg/vect/slp-multitypes-5.c -flto scan-tree-dump-times vect "vectorized 1 loops" 1
UNRESOLVED: gcc.dg/vect/slp-multitypes-5.c -flto scan-tree-dump-times vect "vectorizing stmts using SLP" 1
UNRESOLVED: gcc.dg/vect/slp-multitypes-6.c -flto scan-tree-dump-times vect "vectorized 1 loops" 1
UNRESOLVED: gcc.dg/vect/slp-multitypes-6.c -flto scan-tree-dump-times vect "vectorizing stmts using SLP" 1
UNRESOLVED: gcc.dg/vect/slp-multitypes-7.c -flto scan-tree-dump-times vect "vectorized 1 loops" 1
UNRESOLVED: gcc.dg/vect/slp-multitypes-7.c -flto scan-tree-dump-times vect "vectorizing stmts using SLP" 1
UNRESOLVED: gcc.dg/vect/slp-multitypes-8.c -flto scan-tree-dump-times vect "vectorized 1 loops" 1
UNRESOLVED: gcc.dg/vect/slp-multitypes-8.c -flto scan-tree-dump-times vect "vectorizing stmts using SLP" 1
UNRESOLVED: gcc.dg/vect/slp-multitypes-9.c -flto scan-tree-dump-times vect "vectorized 1 loops" 1
UNRESOLVED: gcc.dg/vect/slp-multitypes-9.c -flto scan-tree-dump-times vect "vectorizing stmts using SLP" 1
UNRESOLVED: gcc.dg/vect/slp-perm-1.c -flto scan-tree-dump-times vect "vectorized 1 loops" 1
UNRESOLVED: gcc.dg/vect/slp-perm-1.c -flto scan-tree-dump-times vect "vectorizing stmts using SLP" 1
UNRESOLVED: gcc.dg/vect/slp-perm-2.c -flto scan-tree-dump-times vect "vectorized 1 loops" 1
UNRESOLVED: gcc.dg/vect/slp-perm-2.c -flto scan-tree-dump-times vect "vectorizing stmts using SLP" 1
UNRESOLVED: gcc.dg/vect/slp-perm-3.c -flto scan-tree-dump-times vect "vectorized 1 loops" 1
UNRESOLVED: gcc.dg/vect/slp-perm-3.c -flto scan-tree-dump-times vect "vectorizing stmts using SLP" 1
UNRESOLVED: gcc.dg/vect/slp-perm-4.c -flto scan-tree-dump-times vect "vectorized 1 loops" 0
UNRESOLVED: gcc.dg/vect/slp-perm-4.c -flto scan-tree-dump vect "permutation requires at least three vectors"
UNRESOLVED: gcc.dg/vect/slp-perm-4.c -flto scan-tree-dump-times vect "vectorizing stmts using SLP" 0
UNRESOLVED: gcc.dg/vect/slp-perm-5.c -flto scan-tree-dump-times vect "vectorized 1 loops" 1
UNRESOLVED: gcc.dg/vect/slp-perm-5.c -flto scan-tree-dump-times vect "vectorizing stmts using SLP" 2
UNRESOLVED: gcc.dg/vect/slp-perm-6.c -flto scan-tree-dump-times vect "vectorized 1 loops" 1
UNRESOLVED: gcc.dg/vect/slp-perm-6.c -flto scan-tree-dump-times vect "vectorizing stmts using SLP" 2
UNRESOLVED: gcc.dg/vect/slp-perm-7.c -flto scan-tree-dump-times vect "vectorized 1 loops" 1
UNRESOLVED: gcc.dg/vect/slp-perm-7.c -flto scan-tree-dump-times vect "vectorizing stmts using SLP" 1
UNRESOLVED: gcc.dg/vect/slp-perm-9.c -flto scan-tree-dump-times vect "vectorized 1 loops" 1
UNRESOLVED: gcc.dg/vect/slp-perm-9.c -flto scan-tree-dump-times vect "vectorizing stmts using SLP" 0
UNRESOLVED: gcc.dg/vect/slp-reduc-1.c -flto scan-tree-dump-times vect "vectorized 1 loops" 1
UNRESOLVED: gcc.dg/vect/slp-reduc-1.c -flto scan-tree-dump-times vect "vectorizing stmts using SLP" 1
UNRESOLVED: gcc.dg/vect/slp-reduc-2.c -flto scan-tree-dump-times vect "vectorized 1 loops" 1
UNRESOLVED: gcc.dg/vect/slp-reduc-2.c -flto scan-tree-dump-times vect "vectorizing stmts using SLP" 1
UNRESOLVED: gcc.dg/vect/slp-reduc-3.c -flto scan-tree-dump-times vect "vect_recog_dot_prod_pattern: detected" 1
UNRESOLVED: gcc.dg/vect/slp-reduc-3.c -flto scan-tree-dump-times vect "vectorized 1 loops" 2
UNRESOLVED: gcc.dg/vect/slp-reduc-3.c -flto scan-tree-dump-times vect "vectorizing stmts using SLP" 1
UNRESOLVED: gcc.dg/vect/slp-reduc-4.c -flto scan-tree-dump-times vect "vectorized 1 loops" 1
UNRESOLVED: gcc.dg/vect/slp-reduc-4.c -flto scan-tree-dump-times vect "vectorizing stmts using SLP" 1
UNRESOLVED: gcc.dg/vect/slp-reduc-5.c -flto scan-tree-dump-times vect "vectorized 1 loops" 2
UNRESOLVED: gcc.dg/vect/slp-reduc-5.c -flto scan-tree-dump-times vect "vectorizing stmts using SLP" 1
UNRESOLVED: gcc.dg/vect/slp-reduc-6.c -flto scan-tree-dump-times vect "vectorized 1 loops" 2
UNRESOLVED: gcc.dg/vect/slp-reduc-6.c -flto scan-tree-dump-times vect "vectorizing stmts using SLP" 0
UNRESOLVED: gcc.dg/vect/slp-reduc-6.c -flto scan-tree-dump-times vect "different interleaving chains in one node" 1
UNRESOLVED: gcc.dg/vect/slp-widen-mult-half.c -flto scan-tree-dump-times vect "vectorized 1 loops" 1
UNRESOLVED: gcc.dg/vect/slp-widen-mult-half.c -flto scan-tree-dump-times vect "vectorizing stmts using SLP" 2
UNRESOLVED: gcc.dg/vect/slp-widen-mult-half.c -flto scan-tree-dump-times vect "vect_recog_widen_mult_pattern: detected" 2
UNRESOLVED: gcc.dg/vect/slp-widen-mult-half.c -flto scan-tree-dump-times vect "pattern recognized" 2
UNRESOLVED: gcc.dg/vect/slp-widen-mult-s16.c -flto scan-tree-dump-times vect "vectorized 1 loops" 1
UNRESOLVED: gcc.dg/vect/slp-widen-mult-s16.c -flto scan-tree-dump-times vect "vectorizing stmts using SLP" 1
UNRESOLVED: gcc.dg/vect/slp-widen-mult-u8.c -flto scan-tree-dump-times vect "vectorized 1 loops" 1
UNRESOLVED: gcc.dg/vect/slp-widen-mult-u8.c -flto scan-tree-dump-times vect "vectorizing stmts using SLP" 1
UNRESOLVED: gcc.dg/vect/bb-slp-1.c -flto scan-tree-dump-times slp "basic block vectorized" 1
UNRESOLVED: gcc.dg/vect/bb-slp-10.c -flto scan-tree-dump-times slp "unsupported alignment in basic block." 1
UNRESOLVED: gcc.dg/vect/bb-slp-10.c -flto scan-tree-dump-times slp "basic block vectorized" 1
UNRESOLVED: gcc.dg/vect/bb-slp-13.c -flto scan-tree-dump-times slp "basic block vectorized" 1
UNRESOLVED: gcc.dg/vect/bb-slp-14.c -flto scan-tree-dump-times slp "basic block vectorized" 0
UNRESOLVED: gcc.dg/vect/bb-slp-15.c -flto scan-tree-dump-times slp "basic block vectorized" 1
UNRESOLVED: gcc.dg/vect/bb-slp-16.c -flto scan-tree-dump-times slp "basic block vectorized" 1
UNRESOLVED: gcc.dg/vect/bb-slp-17.c -flto scan-tree-dump-times slp "basic block vectorized" 1
UNRESOLVED: gcc.dg/vect/bb-slp-18.c -flto scan-tree-dump-times slp "basic block vectorized" 1
UNRESOLVED: gcc.dg/vect/bb-slp-19.c -flto scan-tree-dump-times slp "basic block vectorized" 1
UNRESOLVED: gcc.dg/vect/bb-slp-2.c -flto scan-tree-dump-times slp "basic block vectorized" 1
UNRESOLVED: gcc.dg/vect/bb-slp-20.c -flto scan-tree-dump-times slp "basic block vectorized" 1
UNRESOLVED: gcc.dg/vect/bb-slp-20.c -flto scan-tree-dump-times slp "vectorizing stmts using SLP" 2
UNRESOLVED: gcc.dg/vect/bb-slp-21.c -flto scan-tree-dump-times slp "basic block vectorized" 1
UNRESOLVED: gcc.dg/vect/bb-slp-21.c -flto scan-tree-dump-times slp "vectorizing stmts using SLP" 2
UNRESOLVED: gcc.dg/vect/bb-slp-22.c -flto scan-tree-dump-times slp "basic block vectorized" 2
UNRESOLVED: gcc.dg/vect/bb-slp-23.c -flto scan-tree-dump-times slp "basic block vectorized" 1
UNRESOLVED: gcc.dg/vect/bb-slp-24.c -flto scan-tree-dump-times slp "basic block vectorized" 1
UNRESOLVED: gcc.dg/vect/bb-slp-25.c -flto scan-tree-dump-times slp "basic block vectorized" 1
UNRESOLVED: gcc.dg/vect/bb-slp-27.c -flto scan-tree-dump-times slp "basic block vectorized" 1
UNRESOLVED: gcc.dg/vect/bb-slp-28.c -flto scan-tree-dump-times slp "basic block vectorized" 1
UNRESOLVED: gcc.dg/vect/bb-slp-29.c -flto scan-tree-dump-times slp "basic block vectorized" 1
UNRESOLVED: gcc.dg/vect/bb-slp-3.c -flto scan-tree-dump-times slp "basic block vectorized" 1
UNRESOLVED: gcc.dg/vect/bb-slp-30.c -flto scan-tree-dump-times slp "basic block vectorized" 1
UNRESOLVED: gcc.dg/vect/bb-slp-31.c -flto scan-tree-dump slp "basic block vectorized"
UNRESOLVED: gcc.dg/vect/bb-slp-32.c -flto scan-tree-dump slp "vectorization is not profitable"
UNRESOLVED: gcc.dg/vect/bb-slp-4.c -flto scan-tree-dump-times slp "basic block vectorized" 0
UNRESOLVED: gcc.dg/vect/bb-slp-5.c -flto scan-tree-dump-times slp "basic block vectorized" 1
UNRESOLVED: gcc.dg/vect/bb-slp-6.c -flto scan-tree-dump-times slp "basic block vectorized" 1
UNRESOLVED: gcc.dg/vect/bb-slp-7.c -flto scan-tree-dump-times slp "basic block vectorized" 0
UNRESOLVED: gcc.dg/vect/bb-slp-8.c -flto scan-tree-dump-times slp "basic block vectorized" 1
UNRESOLVED: gcc.dg/vect/bb-slp-8a.c -flto scan-tree-dump-times slp "basic block vectorized" 0
UNRESOLVED: gcc.dg/vect/bb-slp-8b.c -flto scan-tree-dump-times slp "basic block vectorized" 1
UNRESOLVED: gcc.dg/vect/bb-slp-9.c -flto scan-tree-dump-times slp "basic block vectorized" 1
UNRESOLVED: gcc.dg/vect/bb-slp-cond-1.c -flto scan-tree-dump-times slp "basic block vectorized" 1
UNRESOLVED: gcc.dg/vect/bb-slp-pattern-1.c -flto scan-tree-dump-times slp "vectorizing stmts using SLP" 1
UNRESOLVED: gcc.dg/vect/bb-slp-pattern-1.c -flto scan-tree-dump-times slp "vect_recog_widen_mult_pattern: detected" 8
UNRESOLVED: gcc.dg/vect/bb-slp-pattern-1.c -flto scan-tree-dump-times slp "pattern recognized" 8
UNRESOLVED: gcc.dg/vect/bb-slp-pattern-2.c -flto scan-tree-dump-times slp "basic block vectorized" 1
=== gcc Summary for unix ===
# of expected passes 105648
# of unexpected failures 38
# of unexpected successes 41
# of expected failures 244
# of unresolved testcases 777
# of unsupported tests 1636
Running target unix/-m32
FAIL: gcc.dg/20081223-1.c (test for errors, line 5)
XPASS: gcc.dg/binop-xor1.c scan-tree-dump-times optimized "\\\\^" 1
FAIL: gcc.dg/uninit-pred-8_b.c bogus warning (test for bogus messages, line 20)
FAIL: gcc.dg/uninit-pred-9_b.c bogus warning (test for bogus messages, line 24)
XPASS: gcc.dg/guality/example.c -O0 execution test
XPASS: gcc.dg/guality/example.c -O1 execution test
XPASS: gcc.dg/guality/example.c -O2 execution test
XPASS: gcc.dg/guality/example.c -O2 -flto -fno-use-linker-plugin -flto-partition=none execution test
XPASS: gcc.dg/guality/guality.c -O0 execution test
XPASS: gcc.dg/guality/guality.c -O1 execution test
XPASS: gcc.dg/guality/guality.c -O2 execution test
XPASS: gcc.dg/guality/guality.c -O3 -fomit-frame-pointer execution test
XPASS: gcc.dg/guality/guality.c -O3 -g execution test
XPASS: gcc.dg/guality/guality.c -Os execution test
XPASS: gcc.dg/guality/guality.c -O2 -flto -fno-use-linker-plugin -flto-partition=none execution test
XPASS: gcc.dg/guality/guality.c -O2 -flto -fuse-linker-plugin -fno-fat-lto-objects execution test
XPASS: gcc.dg/guality/inline-params.c -O2 execution test
XPASS: gcc.dg/guality/inline-params.c -O3 -fomit-frame-pointer execution test
XPASS: gcc.dg/guality/inline-params.c -O3 -g execution test
XPASS: gcc.dg/guality/inline-params.c -Os execution test
XPASS: gcc.dg/guality/inline-params.c -O2 -flto -fno-use-linker-plugin -flto-partition=none execution test
XPASS: gcc.dg/guality/pr41353-1.c -O0 line 28 j == 28 + 37
XPASS: gcc.dg/guality/pr41353-1.c -O1 line 28 j == 28 + 37
XPASS: gcc.dg/guality/pr41353-1.c -O2 line 28 j == 28 + 37
XPASS: gcc.dg/guality/pr41353-1.c -O3 -fomit-frame-pointer line 28 j == 28 + 37
XPASS: gcc.dg/guality/pr41353-1.c -O3 -g line 28 j == 28 + 37
XPASS: gcc.dg/guality/pr41353-1.c -Os line 28 j == 28 + 37
XPASS: gcc.dg/guality/pr41353-1.c -O2 -flto -fno-use-linker-plugin -flto-partition=none line 28 j == 28 + 37
XPASS: gcc.dg/guality/pr41353-1.c -O2 -flto -fuse-linker-plugin -fno-fat-lto-objects line 28 j == 28 + 37
XPASS: gcc.dg/guality/pr41447-1.c -O0 execution test
XPASS: gcc.dg/guality/pr41447-1.c -O1 execution test
XPASS: gcc.dg/guality/pr41447-1.c -Os execution test
XPASS: gcc.dg/guality/pr41447-1.c -O2 -flto -fuse-linker-plugin -fno-fat-lto-objects execution test
XPASS: gcc.dg/guality/pr41616-1.c -O0 execution test
XPASS: gcc.dg/guality/pr41616-1.c -O1 execution test
XPASS: gcc.dg/guality/pr41616-1.c -O2 execution test
XPASS: gcc.dg/guality/pr41616-1.c -O3 -fomit-frame-pointer execution test
XPASS: gcc.dg/guality/pr41616-1.c -O3 -g execution test
XPASS: gcc.dg/guality/pr41616-1.c -Os execution test
XPASS: gcc.dg/guality/pr41616-1.c -O2 -flto -fno-use-linker-plugin -flto-partition=none execution test
FAIL: gcc.dg/guality/pr48437.c -O2 -flto -fno-use-linker-plugin -flto-partition=none line 14 i == 0
FAIL: gcc.dg/guality/pr48437.c -O2 -flto -fuse-linker-plugin -fno-fat-lto-objects line 14 i == 0
FAIL: gcc.dg/guality/pr54200.c -O2 -flto -fuse-linker-plugin -fno-fat-lto-objects line 20 z == 3
FAIL: gcc.dg/guality/pr54519-1.c -O2 -flto -fno-use-linker-plugin -flto-partition=none line 20 y == 25
FAIL: gcc.dg/guality/pr54519-1.c -O2 -flto -fno-use-linker-plugin -flto-partition=none line 20 z == 6
FAIL: gcc.dg/guality/pr54519-1.c -O2 -flto -fno-use-linker-plugin -flto-partition=none line 23 y == 117
FAIL: gcc.dg/guality/pr54519-1.c -O2 -flto -fno-use-linker-plugin -flto-partition=none line 23 z == 8
FAIL: gcc.dg/guality/pr54519-1.c -O2 -flto -fuse-linker-plugin -fno-fat-lto-objects line 20 y == 25
FAIL: gcc.dg/guality/pr54519-1.c -O2 -flto -fuse-linker-plugin -fno-fat-lto-objects line 20 z == 6
FAIL: gcc.dg/guality/pr54519-2.c -O2 -flto -fno-use-linker-plugin -flto-partition=none line 17 y == 25
FAIL: gcc.dg/guality/pr54519-2.c -O2 -flto -fuse-linker-plugin -fno-fat-lto-objects line 17 y == 25
FAIL: gcc.dg/guality/pr54519-3.c -O2 -flto -fno-use-linker-plugin -flto-partition=none line 20 y == 25
FAIL: gcc.dg/guality/pr54519-3.c -O2 -flto -fno-use-linker-plugin -flto-partition=none line 20 z == 6
FAIL: gcc.dg/guality/pr54519-3.c -O2 -flto -fno-use-linker-plugin -flto-partition=none line 23 y == 117
FAIL: gcc.dg/guality/pr54519-3.c -O2 -flto -fno-use-linker-plugin -flto-partition=none line 23 z == 8
FAIL: gcc.dg/guality/pr54519-3.c -O2 -flto -fuse-linker-plugin -fno-fat-lto-objects line 20 y == 25
FAIL: gcc.dg/guality/pr54519-3.c -O2 -flto -fuse-linker-plugin -fno-fat-lto-objects line 20 z == 6
FAIL: gcc.dg/guality/pr54519-3.c -O2 -flto -fuse-linker-plugin -fno-fat-lto-objects line 23 y == 117
FAIL: gcc.dg/guality/pr54519-3.c -O2 -flto -fuse-linker-plugin -fno-fat-lto-objects line 23 z == 8
FAIL: gcc.dg/guality/pr54519-4.c -O2 -flto -fno-use-linker-plugin -flto-partition=none line 17 y == 25
FAIL: gcc.dg/guality/pr54519-4.c -O2 -flto -fuse-linker-plugin -fno-fat-lto-objects line 17 y == 25
FAIL: gcc.dg/guality/pr54519-5.c -O2 -flto -fno-use-linker-plugin -flto-partition=none line 17 y == 25
FAIL: gcc.dg/guality/pr54519-5.c -O2 -flto -fuse-linker-plugin -fno-fat-lto-objects line 17 y == 25
FAIL: gcc.dg/guality/pr54970.c -Os line 15 a[0] == 1
FAIL: gcc.dg/guality/pr54970.c -Os line 20 a[0] == 1
FAIL: gcc.dg/guality/pr54970.c -Os line 25 a[0] == 1
FAIL: gcc.dg/guality/pr54970.c -Os line 31 *p == 6
FAIL: gcc.dg/guality/pr54970.c -Os line 31 *q == 5
FAIL: gcc.dg/guality/pr54970.c -Os line 36 *p == 26
FAIL: gcc.dg/guality/pr54970.c -Os line 36 *q == 5
FAIL: gcc.dg/guality/pr54970.c -Os line 45 *p == 26
FAIL: gcc.dg/guality/pr54970.c -Os line 45 p[-1] == 25
FAIL: gcc.dg/guality/pr54970.c -Os line 45 p[-2] == 4
FAIL: gcc.dg/guality/pr54970.c -Os line 45 q[-1] == 4
FAIL: gcc.dg/guality/pr54970.c -Os line 45 q[1] == 26
FAIL: gcc.dg/guality/pr54970.c -Os line 45 *q == 25
FAIL: gcc.dg/guality/sra-1.c -O2 -flto -fuse-linker-plugin -fno-fat-lto-objects line 43 a.j == 14
UNRESOLVED: gcc.dg/vect/pr16105.c -flto scan-tree-dump-times vect "vectorized 1 loops" 1
UNRESOLVED: gcc.dg/vect/pr18400.c -flto scan-tree-dump-times vect "vectorized 1 loops" 1
UNRESOLVED: gcc.dg/vect/pr18425.c -flto scan-tree-dump-times vect "vectorized 1 loops" 1
UNRESOLVED: gcc.dg/vect/pr18536.c -flto scan-tree-dump-times vect "vectorized 1 loops" 1
UNRESOLVED: gcc.dg/vect/pr20122.c -flto scan-tree-dump-times vect "vectorized 1 loops" 3
UNRESOLVED: gcc.dg/vect/pr21591.c -flto scan-tree-dump-times vect "vectorized 2 loops" 1
UNRESOLVED: gcc.dg/vect/pr25413a.c -flto scan-tree-dump-times vect "vectorized 1 loops" 1
UNRESOLVED: gcc.dg/vect/pr30771.c -flto scan-tree-dump-times vect "vectorized 1 loops" 1
UNRESOLVED: gcc.dg/vect/pr30795.c -flto scan-tree-dump-times vect "vectorized 1 loops" 1
UNRESOLVED: gcc.dg/vect/pr30843.c -flto scan-tree-dump-times vect "vectorized 1 loops" 1
UNRESOLVED: gcc.dg/vect/pr30858.c -flto scan-tree-dump-times vect "vectorized 0 loops" 1
UNRESOLVED: gcc.dg/vect/pr30858.c -flto scan-tree-dump vect "Unknown def-use cycle pattern."
UNRESOLVED: gcc.dg/vect/pr31699.c -flto scan-tree-dump-times vect "vectorized 1 loops" 2
UNRESOLVED: gcc.dg/vect/pr32824.c -flto scan-tree-dump-times vect "vectorized 1 loops" 1
UNRESOLVED: gcc.dg/vect/pr33804.c -flto scan-tree-dump-times vect "vectorized 1 loops" 1
UNRESOLVED: gcc.dg/vect/pr33804.c -flto scan-tree-dump-times vect "vectorizing stmts using SLP" 1
UNRESOLVED: gcc.dg/vect/pr33866.c -flto scan-tree-dump-times vect "vectorized 1 loops" 1
UNRESOLVED: gcc.dg/vect/pr33953.c -flto scan-tree-dump-times vect "vectorized 1 loops" 1
UNRESOLVED: gcc.dg/vect/pr33953.c -flto scan-tree-dump-times vect "vectorizing stmts using SLP" 1
UNRESOLVED: gcc.dg/vect/pr36228.c -flto scan-tree-dump-times vect "versioning for alias required" 0
UNRESOLVED: gcc.dg/vect/pr36493.c -flto scan-tree-dump-times vect "vectorized 1 loops" 1
UNRESOLVED: gcc.dg/vect/pr36630.c -flto scan-tree-dump-times vect "vectorized 1 loops" 1
UNRESOLVED: gcc.dg/vect/pr37027.c -flto scan-tree-dump-times vect "vectorized 1 loops" 1
UNRESOLVED: gcc.dg/vect/pr37027.c -flto scan-tree-dump-times vect "vectorizing stmts using SLP" 1
UNRESOLVED: gcc.dg/vect/pr37539.c -flto scan-tree-dump-times vect "vectorized 1 loops" 2
UNRESOLVED: gcc.dg/vect/pr38529.c -flto scan-tree-dump-times vect "OUTER LOOP VECTORIZED" 1
UNRESOLVED: gcc.dg/vect/pr40542.c -flto scan-tree-dump-times vect "vectorized 1 loops" 1
UNRESOLVED: gcc.dg/vect/pr43430-1.c -flto scan-tree-dump-times vect "vectorized 1 loops" 1
UNRESOLVED: gcc.dg/vect/pr43430-2.c -flto scan-tree-dump-times vect "vectorized 1 loops" 1
UNRESOLVED: gcc.dg/vect/pr43432.c -flto scan-tree-dump-times vect "vectorized 1 loops" 1
UNRESOLVED: gcc.dg/vect/pr45752.c -flto scan-tree-dump-times vect "vectorized 1 loops" 0
UNRESOLVED: gcc.dg/vect/pr45752.c -flto scan-tree-dump vect "permutation requires at least three vectors"
UNRESOLVED: gcc.dg/vect/pr45752.c -flto scan-tree-dump-times vect "vectorizing stmts using SLP" 0
UNRESOLVED: gcc.dg/vect/pr46009.c -flto scan-tree-dump-times vect "vectorized 1 loops" 2
UNRESOLVED: gcc.dg/vect/pr53773.c -flto scan-tree-dump-times optimized "\\\\* 10" 2
UNRESOLVED: gcc.dg/vect/pr56787.c -flto scan-tree-dump vect "vectorized 1 loops"
UNRESOLVED: gcc.dg/vect/pr57705.c -flto scan-tree-dump-times vect "vectorized 1 loop" 3
UNRESOLVED: gcc.dg/vect/pr57741-2.c -flto scan-tree-dump-times vect "vectorized 2 loop" 1
UNRESOLVED: gcc.dg/vect/pr57741-3.c -flto scan-tree-dump-times vect "vectorized 1 loop" 1
UNRESOLVED: gcc.dg/vect/pr58508.c -flto scan-tree-dump-times vect "hoist" 8
UNRESOLVED: gcc.dg/vect/vect-1-big-array.c -flto scan-tree-dump-times vect "vectorized 6 loops" 1
UNRESOLVED: gcc.dg/vect/vect-1-big-array.c -flto scan-tree-dump-times vect "vectorized 5 loops" 1
UNRESOLVED: gcc.dg/vect/vect-1.c -flto scan-tree-dump-times vect "vectorized 6 loops" 1
UNRESOLVED: gcc.dg/vect/vect-1.c -flto scan-tree-dump-times vect "vectorized 5 loops" 1
UNRESOLVED: gcc.dg/vect/vect-10-big-array.c -flto scan-tree-dump-times vect "vectorized 1 loops" 1
UNRESOLVED: gcc.dg/vect/vect-10.c -flto scan-tree-dump-times vect "vectorized 1 loops" 1
UNRESOLVED: gcc.dg/vect/vect-100.c -flto scan-tree-dump-times vect "vectorized 2 loops" 0
UNRESOLVED: gcc.dg/vect/vect-103.c -flto scan-tree-dump-times vect "vectorized 1 loops" 1
UNRESOLVED: gcc.dg/vect/vect-103.c -flto scan-tree-dump-times vect "dependence distance modulo vf == 0" 1
UNRESOLVED: gcc.dg/vect/vect-104.c -flto scan-tree-dump-times vect "vectorized 1 loops" 0
UNRESOLVED: gcc.dg/vect/vect-104.c -flto scan-tree-dump-times vect "possible dependence between data-refs" 1
UNRESOLVED: gcc.dg/vect/vect-105-big-array.c -flto scan-tree-dump-times vect "vectorized 1 loops" 1
UNRESOLVED: gcc.dg/vect/vect-105-big-array.c -flto scan-tree-dump-times vect "possible dependence between data-refs" 0
UNRESOLVED: gcc.dg/vect/vect-105.c -flto scan-tree-dump-times vect "vectorized 1 loops" 1
UNRESOLVED: gcc.dg/vect/vect-105.c -flto scan-tree-dump-times vect "possible dependence between data-refs" 0
UNRESOLVED: gcc.dg/vect/vect-106.c -flto scan-tree-dump-times vect "vectorized 2 loops" 1
UNRESOLVED: gcc.dg/vect/vect-107.c -flto scan-tree-dump-times vect "vectorized 1 loops" 1
UNRESOLVED: gcc.dg/vect/vect-107.c -flto scan-tree-dump-times vect "vectorized 0 loops" 1
UNRESOLVED: gcc.dg/vect/vect-108.c -flto scan-tree-dump-times vect "vectorized 1 loops" 1
UNRESOLVED: gcc.dg/vect/vect-109.c -flto scan-tree-dump-times vect "vectorized 1 loops" 2
UNRESOLVED: gcc.dg/vect/vect-109.c -flto scan-tree-dump-times vect "not vectorized: unsupported unaligned store" 2
UNRESOLVED: gcc.dg/vect/vect-109.c -flto scan-tree-dump-times vect "Vectorizing an unaligned access" 3
UNRESOLVED: gcc.dg/vect/vect-11.c -flto scan-tree-dump-times vect "vectorized 1 loops" 1
UNRESOLVED: gcc.dg/vect/vect-110.c -flto scan-tree-dump-times vect "vectorized 0 loops" 1
UNRESOLVED: gcc.dg/vect/vect-112-big-array.c -flto scan-tree-dump-times vect "vectorized 1 loops" 1
UNRESOLVED: gcc.dg/vect/vect-112.c -flto scan-tree-dump-times vect "vectorized 1 loops" 1
UNRESOLVED: gcc.dg/vect/vect-113.c -flto scan-tree-dump-times vect "vectorized 1 loops" 1
UNRESOLVED: gcc.dg/vect/vect-114.c -flto scan-tree-dump-times vect "vectorized 1 loops" 1
UNRESOLVED: gcc.dg/vect/vect-115.c -flto scan-tree-dump-times vect "vectorized 2 loops" 1
UNRESOLVED: gcc.dg/vect/vect-117.c -flto scan-tree-dump-times vect "vectorized 1 loops" 1
UNRESOLVED: gcc.dg/vect/vect-117.c -flto scan-tree-dump-times vect "possible dependence between data-refs" 0
UNRESOLVED: gcc.dg/vect/vect-118.c -flto scan-tree-dump-times vect "vectorized 1 loops" 1
UNRESOLVED: gcc.dg/vect/vect-119.c -flto scan-tree-dump-times vect "Detected interleaving of size 2" 1
UNRESOLVED: gcc.dg/vect/vect-11a.c -flto scan-tree-dump-times vect "vectorized 1 loops" 2
UNRESOLVED: gcc.dg/vect/vect-12.c -flto scan-tree-dump-times vect "vectorized 1 loops" 1
UNRESOLVED: gcc.dg/vect/vect-120.c -flto scan-tree-dump-times vect "vectorized 1 loops" 1
UNRESOLVED: gcc.dg/vect/vect-121.c -flto scan-tree-dump vect "vectorized 1 loops"
UNRESOLVED: gcc.dg/vect/vect-123.c -flto scan-tree-dump vect "vectorized 1 loops"
UNRESOLVED: gcc.dg/vect/vect-13.c -flto scan-tree-dump-times vect "vectorized 1 loops" 1
UNRESOLVED: gcc.dg/vect/vect-13.c -flto scan-tree-dump-times vect "Vectorizing an unaligned access" 0
UNRESOLVED: gcc.dg/vect/vect-14.c -flto scan-tree-dump-times vect "vectorized 1 loops" 1
UNRESOLVED: gcc.dg/vect/vect-15-big-array.c -flto scan-tree-dump-times vect "vectorized 1 loops" 1
UNRESOLVED: gcc.dg/vect/vect-15.c -flto scan-tree-dump-times vect "vectorized 1 loops" 1
UNRESOLVED: gcc.dg/vect/vect-17.c -flto scan-tree-dump-times vect "vectorized 3 loops" 1
UNRESOLVED: gcc.dg/vect/vect-17.c -flto scan-tree-dump-times vect "Vectorizing an unaligned access" 0
UNRESOLVED: gcc.dg/vect/vect-18.c -flto scan-tree-dump-times vect "vectorized 3 loops" 1
UNRESOLVED: gcc.dg/vect/vect-18.c -flto scan-tree-dump-times vect "Vectorizing an unaligned access" 0
UNRESOLVED: gcc.dg/vect/vect-19.c -flto scan-tree-dump-times vect "vectorized 3 loops" 1
UNRESOLVED: gcc.dg/vect/vect-19.c -flto scan-tree-dump-times vect "Vectorizing an unaligned access" 0
UNRESOLVED: gcc.dg/vect/vect-2-big-array.c -flto scan-tree-dump-times vect "vectorized 1 loops" 1
UNRESOLVED: gcc.dg/vect/vect-2-big-array.c -flto scan-tree-dump-times vect "Vectorizing an unaligned access" 0
UNRESOLVED: gcc.dg/vect/vect-2.c -flto scan-tree-dump-times vect "vectorized 1 loops" 1
UNRESOLVED: gcc.dg/vect/vect-2.c -flto scan-tree-dump-times vect "Vectorizing an unaligned access" 0
UNRESOLVED: gcc.dg/vect/vect-20.c -flto scan-tree-dump-times vect "vectorized 3 loops" 1
UNRESOLVED: gcc.dg/vect/vect-20.c -flto scan-tree-dump-times vect "Vectorizing an unaligned access" 0
UNRESOLVED: gcc.dg/vect/vect-21.c -flto scan-tree-dump-times vect "vectorized 3 loops" 1
UNRESOLVED: gcc.dg/vect/vect-21.c -flto scan-tree-dump-times vect "Vectorizing an unaligned access" 0
UNRESOLVED: gcc.dg/vect/vect-22.c -flto scan-tree-dump-times vect "vectorized 4 loops" 1
UNRESOLVED: gcc.dg/vect/vect-22.c -flto scan-tree-dump-times vect "Vectorizing an unaligned access" 0
UNRESOLVED: gcc.dg/vect/vect-23.c -flto scan-tree-dump-times vect "vectorized 3 loops" 1
UNRESOLVED: gcc.dg/vect/vect-23.c -flto scan-tree-dump-times vect "Vectorizing an unaligned access" 0
UNRESOLVED: gcc.dg/vect/vect-24.c -flto scan-tree-dump-times vect "vectorized 3 loops" 1
UNRESOLVED: gcc.dg/vect/vect-24.c -flto scan-tree-dump-times vect "Vectorizing an unaligned access" 0
UNRESOLVED: gcc.dg/vect/vect-25.c -flto scan-tree-dump-times vect "vectorized 2 loops" 1
UNRESOLVED: gcc.dg/vect/vect-25.c -flto scan-tree-dump-times vect "Vectorizing an unaligned access" 0
UNRESOLVED: gcc.dg/vect/vect-26.c -flto scan-tree-dump-times vect "vectorized 1 loops" 1
UNRESOLVED: gcc.dg/vect/vect-26.c -flto scan-tree-dump-times vect "Vectorizing an unaligned access" 0
UNRESOLVED: gcc.dg/vect/vect-26.c -flto scan-tree-dump-times vect "Alignment of access forced using peeling" 1
UNRESOLVED: gcc.dg/vect/vect-27.c -flto scan-tree-dump-times vect "vectorized 2 loops" 1
UNRESOLVED: gcc.dg/vect/vect-27.c -flto scan-tree-dump-times vect "Vectorizing an unaligned access" 1
UNRESOLVED: gcc.dg/vect/vect-27.c -flto scan-tree-dump-times vect "Alignment of access forced using peeling" 0
UNRESOLVED: gcc.dg/vect/vect-28.c -flto scan-tree-dump-times vect "vectorized 1 loops" 1
UNRESOLVED: gcc.dg/vect/vect-28.c -flto scan-tree-dump-times vect "Vectorizing an unaligned access" 0
UNRESOLVED: gcc.dg/vect/vect-28.c -flto scan-tree-dump-times vect "Alignment of access forced using peeling" 1
UNRESOLVED: gcc.dg/vect/vect-29.c -flto scan-tree-dump-times vect "vectorized 2 loops" 1
UNRESOLVED: gcc.dg/vect/vect-29.c -flto scan-tree-dump-times vect "Vectorizing an unaligned access" 1
UNRESOLVED: gcc.dg/vect/vect-29.c -flto scan-tree-dump-times vect "Alignment of access forced using peeling" 0
UNRESOLVED: gcc.dg/vect/vect-3.c -flto scan-tree-dump-times vect "vectorized 1 loops" 1
UNRESOLVED: gcc.dg/vect/vect-3.c -flto scan-tree-dump-times vect "Vectorizing an unaligned access" 0
UNRESOLVED: gcc.dg/vect/vect-30.c -flto scan-tree-dump-times vect "vectorized 1 loops" 2
UNRESOLVED: gcc.dg/vect/vect-31-big-array.c -flto scan-tree-dump-times vect "vectorized 4 loops" 1
UNRESOLVED: gcc.dg/vect/vect-31.c -flto scan-tree-dump-times vect "vectorized 4 loops" 1
UNRESOLVED: gcc.dg/vect/vect-32-big-array.c -flto scan-tree-dump-times vect "vectorized 1 loops" 1
UNRESOLVED: gcc.dg/vect/vect-32-big-array.c -flto scan-tree-dump-times vect "Vectorizing an unaligned access" 0
UNRESOLVED: gcc.dg/vect/vect-32.c -flto scan-tree-dump-times vect "vectorized 1 loops" 1
UNRESOLVED: gcc.dg/vect/vect-32.c -flto scan-tree-dump-times vect "Vectorizing an unaligned access" 0
UNRESOLVED: gcc.dg/vect/vect-33-big-array.c -flto scan-tree-dump-times vect "vectorized 1 loops" 1
UNRESOLVED: gcc.dg/vect/vect-33-big-array.c -flto scan-tree-dump-times vect "Vectorizing an unaligned access" 0
UNRESOLVED: gcc.dg/vect/vect-33-big-array.c -flto scan-tree-dump-times vect "Alignment of access forced using peeling" 1
UNRESOLVED: gcc.dg/vect/vect-33.c -flto scan-tree-dump-times vect "vectorized 1 loops" 1
UNRESOLVED: gcc.dg/vect/vect-33.c -flto scan-tree-dump-times vect "Vectorizing an unaligned access" 0
UNRESOLVED: gcc.dg/vect/vect-33.c -flto scan-tree-dump vect "Alignment of access forced using peeling"
UNRESOLVED: gcc.dg/vect/vect-34-big-array.c -flto scan-tree-dump-times vect "vectorized 1 loops" 1
UNRESOLVED: gcc.dg/vect/vect-34.c -flto scan-tree-dump-times vect "vectorized 1 loops" 1
UNRESOLVED: gcc.dg/vect/vect-35-big-array.c -flto scan-tree-dump-times vect "vectorized 2 loops" 1
UNRESOLVED: gcc.dg/vect/vect-35-big-array.c -flto scan-tree-dump-times vect "can't determine dependence between" 1
UNRESOLVED: gcc.dg/vect/vect-35.c -flto scan-tree-dump-times vect "vectorized 2 loops" 1
UNRESOLVED: gcc.dg/vect/vect-35.c -flto scan-tree-dump vect "can't determine dependence between"
UNRESOLVED: gcc.dg/vect/vect-36-big-array.c -flto scan-tree-dump-times vect "vectorized 1 loops" 1
UNRESOLVED: gcc.dg/vect/vect-36.c -flto scan-tree-dump-times vect "vectorized 1 loops" 1
UNRESOLVED: gcc.dg/vect/vect-38.c -flto scan-tree-dump-times vect "vectorized 1 loops" 1
UNRESOLVED: gcc.dg/vect/vect-4.c -flto scan-tree-dump-times vect "vectorized 1 loops" 1
UNRESOLVED: gcc.dg/vect/vect-4.c -flto scan-tree-dump-times vect "Vectorizing an unaligned access" 0
UNRESOLVED: gcc.dg/vect/vect-40.c -flto scan-tree-dump-times vect "vectorized 1 loops" 1
UNRESOLVED: gcc.dg/vect/vect-40.c -flto scan-tree-dump-times vect "Vectorizing an unaligned access" 0
UNRESOLVED: gcc.dg/vect/vect-42.c -flto scan-tree-dump-times vect "vectorized 2 loops" 1
UNRESOLVED: gcc.dg/vect/vect-42.c -flto scan-tree-dump-times vect "Vectorizing an unaligned access" 4
UNRESOLVED: gcc.dg/vect/vect-42.c -flto scan-tree-dump-times vect "Vectorizing an unaligned access" 3
UNRESOLVED: gcc.dg/vect/vect-42.c -flto scan-tree-dump-times vect "Alignment of access forced using peeling" 1
UNRESOLVED: gcc.dg/vect/vect-44.c -flto scan-tree-dump-times vect "vectorized 1 loops" 1
UNRESOLVED: gcc.dg/vect/vect-44.c -flto scan-tree-dump-times vect "Vectorizing an unaligned access" 2
UNRESOLVED: gcc.dg/vect/vect-44.c -flto scan-tree-dump-times vect "Alignment of access forced using peeling" 1
UNRESOLVED: gcc.dg/vect/vect-46.c -flto scan-tree-dump-times vect "vectorized 1 loops" 1
UNRESOLVED: gcc.dg/vect/vect-46.c -flto scan-tree-dump-times vect "Vectorizing an unaligned access" 0
UNRESOLVED: gcc.dg/vect/vect-48.c -flto scan-tree-dump-times vect "vectorized 1 loops" 1
UNRESOLVED: gcc.dg/vect/vect-48.c -flto scan-tree-dump-times vect "Vectorizing an unaligned access" 2
UNRESOLVED: gcc.dg/vect/vect-48.c -flto scan-tree-dump-times vect "Alignment of access forced using peeling" 0
UNRESOLVED: gcc.dg/vect/vect-5.c -flto scan-tree-dump-times vect "vectorized 2 loops" 1
UNRESOLVED: gcc.dg/vect/vect-5.c -flto scan-tree-dump-times vect "Vectorizing an unaligned access" 0
UNRESOLVED: gcc.dg/vect/vect-50.c -flto scan-tree-dump-times vect "vectorized 1 loops" 1
UNRESOLVED: gcc.dg/vect/vect-50.c -flto scan-tree-dump-times vect "Vectorizing an unaligned access" 2
UNRESOLVED: gcc.dg/vect/vect-50.c -flto scan-tree-dump-times vect "Vectorizing an unaligned access" 2
UNRESOLVED: gcc.dg/vect/vect-50.c -flto scan-tree-dump-times vect "Alignment of access forced using peeling" 1
UNRESOLVED: gcc.dg/vect/vect-52.c -flto scan-tree-dump-times vect "vectorized 1 loops" 1
UNRESOLVED: gcc.dg/vect/vect-52.c -flto scan-tree-dump-times vect "Vectorizing an unaligned access" 2
UNRESOLVED: gcc.dg/vect/vect-52.c -flto scan-tree-dump-times vect "Alignment of access forced using peeling" 0
UNRESOLVED: gcc.dg/vect/vect-54.c -flto scan-tree-dump-times vect "vectorized 1 loops" 1
UNRESOLVED: gcc.dg/vect/vect-54.c -flto scan-tree-dump-times vect "Vectorizing an unaligned access" 0
UNRESOLVED: gcc.dg/vect/vect-54.c -flto scan-tree-dump-times vect "Alignment of access forced using peeling" 1
UNRESOLVED: gcc.dg/vect/vect-56.c -flto scan-tree-dump-times vect "vectorized 1 loops" 1
UNRESOLVED: gcc.dg/vect/vect-56.c -flto scan-tree-dump-times vect "Vectorizing an unaligned access" 2
UNRESOLVED: gcc.dg/vect/vect-56.c -flto scan-tree-dump-times vect "Vectorizing an unaligned access" 1
UNRESOLVED: gcc.dg/vect/vect-56.c -flto scan-tree-dump-times vect "Alignment of access forced using peeling" 0
UNRESOLVED: gcc.dg/vect/vect-56.c -flto scan-tree-dump-times vect "Alignment of access forced using peeling" 1
UNRESOLVED: gcc.dg/vect/vect-58.c -flto scan-tree-dump-times vect "vectorized 1 loops" 1
UNRESOLVED: gcc.dg/vect/vect-58.c -flto scan-tree-dump-times vect "Vectorizing an unaligned access" 0
UNRESOLVED: gcc.dg/vect/vect-58.c -flto scan-tree-dump-times vect "Alignment of access forced using peeling" 1
UNRESOLVED: gcc.dg/vect/vect-6-big-array.c -flto scan-tree-dump-times vect "vectorized 2 loops" 1
UNRESOLVED: gcc.dg/vect/vect-6.c -flto scan-tree-dump-times vect "vectorized 2 loops" 1
UNRESOLVED: gcc.dg/vect/vect-60.c -flto scan-tree-dump-times vect "vectorized 1 loops" 1
UNRESOLVED: gcc.dg/vect/vect-60.c -flto scan-tree-dump-times vect "Vectorizing an unaligned access" 2
UNRESOLVED: gcc.dg/vect/vect-60.c -flto scan-tree-dump-times vect "Vectorizing an unaligned access" 1
UNRESOLVED: gcc.dg/vect/vect-60.c -flto scan-tree-dump-times vect "Alignment of access forced using peeling" 0
UNRESOLVED: gcc.dg/vect/vect-60.c -flto scan-tree-dump-times vect "Alignment of access forced using peeling" 1
UNRESOLVED: gcc.dg/vect/vect-62.c -flto scan-tree-dump-times vect "vectorized 1 loops" 1
UNRESOLVED: gcc.dg/vect/vect-62.c -flto scan-tree-dump-times vect "Vectorizing an unaligned access" 0
UNRESOLVED: gcc.dg/vect/vect-63.c -flto scan-tree-dump-times vect "vectorized 1 loops" 1
UNRESOLVED: gcc.dg/vect/vect-64.c -flto scan-tree-dump-times vect "vectorized 3 loops" 1
UNRESOLVED: gcc.dg/vect/vect-65.c -flto scan-tree-dump-times vect "vectorized 2 loops" 1
UNRESOLVED: gcc.dg/vect/vect-66.c -flto scan-tree-dump-times vect "vectorized 1 loops" 3
UNRESOLVED: gcc.dg/vect/vect-67.c -flto scan-tree-dump-times vect "vectorized 1 loops" 1
UNRESOLVED: gcc.dg/vect/vect-67.c -flto scan-tree-dump-times vect "Vectorizing an unaligned access" 0
UNRESOLVED: gcc.dg/vect/vect-68.c -flto scan-tree-dump-times vect "vectorized 4 loops" 1
UNRESOLVED: gcc.dg/vect/vect-7.c -flto scan-tree-dump-times vect "vectorized 2 loops" 1
UNRESOLVED: gcc.dg/vect/vect-7.c -flto scan-tree-dump-times vect "Vectorizing an unaligned access" 0
UNRESOLVED: gcc.dg/vect/vect-70.c -flto scan-tree-dump-times vect "vectorized 1 loops" 1
UNRESOLVED: gcc.dg/vect/vect-70.c -flto scan-tree-dump-times vect "Vectorizing an unaligned access" 0
UNRESOLVED: gcc.dg/vect/vect-70.c -flto scan-tree-dump-times vect "Alignment of access forced using peeling" 1
UNRESOLVED: gcc.dg/vect/vect-71.c -flto scan-tree-dump-times vect "vectorized 1 loops" 1
UNRESOLVED: gcc.dg/vect/vect-72.c -flto scan-tree-dump-times vect "vectorized 1 loops" 1
UNRESOLVED: gcc.dg/vect/vect-72.c -flto scan-tree-dump-times vect "Vectorizing an unaligned access" 1
UNRESOLVED: gcc.dg/vect/vect-72.c -flto scan-tree-dump-times vect "Alignment of access forced using peeling" 0
UNRESOLVED: gcc.dg/vect/vect-73-big-array.c -flto scan-tree-dump-times vect "vectorized 1 loops" 1
UNRESOLVED: gcc.dg/vect/vect-73-big-array.c -flto scan-tree-dump-times vect "Vectorizing an unaligned access" 0
UNRESOLVED: gcc.dg/vect/vect-73.c -flto scan-tree-dump-times vect "vectorized 1 loops" 1
UNRESOLVED: gcc.dg/vect/vect-73.c -flto scan-tree-dump-times vect "Vectorizing an unaligned access" 0
UNRESOLVED: gcc.dg/vect/vect-74-big-array.c -flto scan-tree-dump-times vect "vectorized 1 loops" 1
UNRESOLVED: gcc.dg/vect/vect-74.c -flto scan-tree-dump-times vect "vectorized 1 loops" 1
UNRESOLVED: gcc.dg/vect/vect-75-big-array.c -flto scan-tree-dump-times vect "vectorized 1 loops" 1
UNRESOLVED: gcc.dg/vect/vect-75-big-array.c -flto scan-tree-dump-times vect "Vectorizing an unaligned access" 1
UNRESOLVED: gcc.dg/vect/vect-75.c -flto scan-tree-dump-times vect "vectorized 1 loops" 1
UNRESOLVED: gcc.dg/vect/vect-75.c -flto scan-tree-dump-times vect "Vectorizing an unaligned access" 1
UNRESOLVED: gcc.dg/vect/vect-76-big-array.c -flto scan-tree-dump-times vect "vectorized 3 loops" 1
UNRESOLVED: gcc.dg/vect/vect-76.c -flto scan-tree-dump-times vect "vectorized 3 loops" 1
UNRESOLVED: gcc.dg/vect/vect-77-alignchecks.c -flto scan-tree-dump-times vect "vectorized 1 loops" 1
UNRESOLVED: gcc.dg/vect/vect-77-alignchecks.c -flto scan-tree-dump-times vect "Vectorizing an unaligned access" 1
UNRESOLVED: gcc.dg/vect/vect-77-global.c -flto scan-tree-dump-times vect "vectorized 1 loops" 1
UNRESOLVED: gcc.dg/vect/vect-77-global.c -flto scan-tree-dump-times vect "Vectorizing an unaligned access" 1
UNRESOLVED: gcc.dg/vect/vect-77-global.c -flto scan-tree-dump-times vect "Alignment of access forced using peeling" 0
UNRESOLVED: gcc.dg/vect/vect-77.c -flto scan-tree-dump-times vect "vectorized 1 loops" 1
UNRESOLVED: gcc.dg/vect/vect-78-alignchecks.c -flto scan-tree-dump-times vect "vectorized 1 loops" 1
UNRESOLVED: gcc.dg/vect/vect-78-alignchecks.c -flto scan-tree-dump-times vect "Vectorizing an unaligned access" 1
UNRESOLVED: gcc.dg/vect/vect-78-global.c -flto scan-tree-dump-times vect "vectorized 1 loops" 1
UNRESOLVED: gcc.dg/vect/vect-78-global.c -flto scan-tree-dump-times vect "Vectorizing an unaligned access" 1
UNRESOLVED: gcc.dg/vect/vect-78-global.c -flto scan-tree-dump-times vect "Alignment of access forced using peeling" 0
UNRESOLVED: gcc.dg/vect/vect-78.c -flto scan-tree-dump-times vect "vectorized 1 loops" 1
UNRESOLVED: gcc.dg/vect/vect-8.c -flto scan-tree-dump-times vect "vectorized 1 loops" 1
UNRESOLVED: gcc.dg/vect/vect-80-big-array.c -flto scan-tree-dump-times vect "vectorized 1 loops" 1
UNRESOLVED: gcc.dg/vect/vect-80.c -flto scan-tree-dump-times vect "vectorized 1 loops" 1
UNRESOLVED: gcc.dg/vect/vect-85-big-array.c -flto scan-tree-dump-times vect "vectorized 1 loops" 1
UNRESOLVED: gcc.dg/vect/vect-85.c -flto scan-tree-dump-times vect "vectorized 1 loops" 1
UNRESOLVED: gcc.dg/vect/vect-86.c -flto scan-tree-dump-times vect "vectorized 1 loops" 1
UNRESOLVED: gcc.dg/vect/vect-86.c -flto scan-tree-dump-times vect "Vectorizing an unaligned access" 0
UNRESOLVED: gcc.dg/vect/vect-86.c -flto scan-tree-dump-times vect "Alignment of access forced using peeling" 0
UNRESOLVED: gcc.dg/vect/vect-87.c -flto scan-tree-dump-times vect "vectorized 1 loops" 1
UNRESOLVED: gcc.dg/vect/vect-87.c -flto scan-tree-dump-times vect "Vectorizing an unaligned access" 0
UNRESOLVED: gcc.dg/vect/vect-87.c -flto scan-tree-dump-times vect "Alignment of access forced using peeling" 1
UNRESOLVED: gcc.dg/vect/vect-88.c -flto scan-tree-dump-times vect "vectorized 1 loops" 1
UNRESOLVED: gcc.dg/vect/vect-88.c -flto scan-tree-dump-times vect "Vectorizing an unaligned access" 0
UNRESOLVED: gcc.dg/vect/vect-88.c -flto scan-tree-dump-times vect "Alignment of access forced using peeling" 1
UNRESOLVED: gcc.dg/vect/vect-89-big-array.c -flto scan-tree-dump-times vect "vectorized 1 loops" 1
UNRESOLVED: gcc.dg/vect/vect-89-big-array.c -flto scan-tree-dump-times vect "Vectorizing an unaligned access" 0
UNRESOLVED: gcc.dg/vect/vect-89-big-array.c -flto scan-tree-dump-times vect "Alignment of access forced using peeling" 1
UNRESOLVED: gcc.dg/vect/vect-89.c -flto scan-tree-dump-times vect "vectorized 1 loops" 1
UNRESOLVED: gcc.dg/vect/vect-89.c -flto scan-tree-dump-times vect "Vectorizing an unaligned access" 0
UNRESOLVED: gcc.dg/vect/vect-89.c -flto scan-tree-dump-times vect "Alignment of access forced using peeling" 1
UNRESOLVED: gcc.dg/vect/vect-9.c -flto scan-tree-dump-times vect "vectorized 1 loops" 1
UNRESOLVED: gcc.dg/vect/vect-91.c -flto scan-tree-dump-times vect "vectorized 1 loops" 3
UNRESOLVED: gcc.dg/vect/vect-91.c -flto scan-tree-dump-times vect "Alignment of access forced using peeling" 3
UNRESOLVED: gcc.dg/vect/vect-92.c -flto scan-tree-dump-times vect "vectorized 1 loops" 3
UNRESOLVED: gcc.dg/vect/vect-92.c -flto scan-tree-dump-times vect "Vectorizing an unaligned access" 0
UNRESOLVED: gcc.dg/vect/vect-92.c -flto scan-tree-dump-times vect "Alignment of access forced using peeling" 3
UNRESOLVED: gcc.dg/vect/vect-93.c -flto scan-tree-dump-times vect "vectorized 2 loops" 2
UNRESOLVED: gcc.dg/vect/vect-93.c -flto scan-tree-dump-times vect "Alignment of access forced using peeling" 3
UNRESOLVED: gcc.dg/vect/vect-93.c -flto scan-tree-dump-times vect "Vectorizing an unaligned access" 1
UNRESOLVED: gcc.dg/vect/vect-95.c -flto scan-tree-dump-times vect "vectorized 1 loops" 1
UNRESOLVED: gcc.dg/vect/vect-95.c -flto scan-tree-dump-times vect "Alignment of access forced using peeling" 0
UNRESOLVED: gcc.dg/vect/vect-95.c -flto scan-tree-dump-times vect "Vectorizing an unaligned access" 2
UNRESOLVED: gcc.dg/vect/vect-95.c -flto scan-tree-dump-times vect "Alignment of access forced using versioning" 2
UNRESOLVED: gcc.dg/vect/vect-96.c -flto scan-tree-dump-times vect "vectorized 1 loops" 1
UNRESOLVED: gcc.dg/vect/vect-96.c -flto scan-tree-dump-times vect "Vectorizing an unaligned access" 1
UNRESOLVED: gcc.dg/vect/vect-96.c -flto scan-tree-dump-times vect "Alignment of access forced using peeling" 1
UNRESOLVED: gcc.dg/vect/vect-97-big-array.c -flto scan-tree-dump-times vect "vectorized 2 loops" 1
UNRESOLVED: gcc.dg/vect/vect-97-big-array.c -flto scan-tree-dump-times vect "Vectorizing an unaligned access" 0
UNRESOLVED: gcc.dg/vect/vect-97.c -flto scan-tree-dump-times vect "vectorized 2 loops" 1
UNRESOLVED: gcc.dg/vect/vect-97.c -flto scan-tree-dump-times vect "Vectorizing an unaligned access" 0
UNRESOLVED: gcc.dg/vect/vect-98-big-array.c -flto scan-tree-dump-times vect "vectorized 1 loops" 1
UNRESOLVED: gcc.dg/vect/vect-98-big-array.c -flto scan-tree-dump-times vect "vectorized 1 loops" 0
UNRESOLVED: gcc.dg/vect/vect-98.c -flto scan-tree-dump-times vect "vectorized 1 loops" 1
UNRESOLVED: gcc.dg/vect/vect-98.c -flto scan-tree-dump-times vect "vectorized 1 loops" 0
UNRESOLVED: gcc.dg/vect/vect-99.c -flto scan-tree-dump-times vect "vectorized 1 loops" 1
UNRESOLVED: gcc.dg/vect/vect-alias-check.c -flto scan-tree-dump-times vect "vectorized 1 loops" 1
UNRESOLVED: gcc.dg/vect/vect-align-1.c -flto scan-tree-dump-times vect "Vectorizing an unaligned access" 1
UNRESOLVED: gcc.dg/vect/vect-align-1.c -flto scan-tree-dump-times vect "Alignment of access forced using versioning" 1
UNRESOLVED: gcc.dg/vect/vect-align-1.c -flto scan-tree-dump-times vect "vectorized 1 loops" 1
UNRESOLVED: gcc.dg/vect/vect-align-2.c -flto scan-tree-dump-times vect "Alignment of access forced using peeling" 0
UNRESOLVED: gcc.dg/vect/vect-align-2.c -flto scan-tree-dump-times vect "Alignment of access forced using versioning" 1
UNRESOLVED: gcc.dg/vect/vect-align-2.c -flto scan-tree-dump-times vect "vectorized 1 loops" 1
UNRESOLVED: gcc.dg/vect/vect-align-3.c -flto scan-tree-dump-not vect "vect_do_peeling_for_loop_bound"
UNRESOLVED: gcc.dg/vect/vect-align-3.c -flto scan-tree-dump-not vect "loop peeled for vectorization"
UNRESOLVED: gcc.dg/vect/vect-all-big-array.c -flto scan-tree-dump-times vect "vectorized 10 loops" 1
UNRESOLVED: gcc.dg/vect/vect-all-big-array.c -flto scan-tree-dump-times vect "Alignment of access forced using peeling" 0
UNRESOLVED: gcc.dg/vect/vect-all.c -flto scan-tree-dump-times vect "vectorized 10 loops" 1
UNRESOLVED: gcc.dg/vect/vect-all.c -flto scan-tree-dump-times vect "Alignment of access forced using peeling" 0
UNRESOLVED: gcc.dg/vect/vect-bool-1.c -flto scan-tree-dump vect "vectorized 1 loops"
UNRESOLVED: gcc.dg/vect/vect-complex-1.c -flto scan-tree-dump-times vect "vectorized 1 loops" 1
UNRESOLVED: gcc.dg/vect/vect-complex-1.c -flto scan-tree-dump-times vect "vectorizing stmts using SLP" 1
UNRESOLVED: gcc.dg/vect/vect-complex-2.c -flto scan-tree-dump-times vect "vectorized 1 loops" 1
UNRESOLVED: gcc.dg/vect/vect-complex-2.c -flto scan-tree-dump-times vect "vectorizing stmts using SLP" 1
UNRESOLVED: gcc.dg/vect/vect-complex-4.c -flto scan-tree-dump-times vect "vectorized 1 loops" 1
UNRESOLVED: gcc.dg/vect/vect-complex-4.c -flto scan-tree-dump-times vect "vectorizing stmts using SLP" 1
UNRESOLVED: gcc.dg/vect/vect-complex-5.c -flto scan-tree-dump-times vect "vectorizing stmts using SLP" 0
UNRESOLVED: gcc.dg/vect/vect-cond-1.c -flto scan-tree-dump-times vect "OUTER LOOP VECTORIZED" 1
UNRESOLVED: gcc.dg/vect/vect-cond-10.c -flto scan-tree-dump-times vect "note: vectorized 1 loops" 8
UNRESOLVED: gcc.dg/vect/vect-cond-2.c -flto scan-tree-dump-times vect "vectorized 1 loops" 1
UNRESOLVED: gcc.dg/vect/vect-cond-3.c -flto scan-tree-dump-times vect "OUTER LOOP VECTORIZED" 1
UNRESOLVED: gcc.dg/vect/vect-cond-4.c -flto scan-tree-dump-times vect "OUTER LOOP VECTORIZED" 1
UNRESOLVED: gcc.dg/vect/vect-cond-5.c -flto scan-tree-dump-times vect "OUTER LOOP VECTORIZED" 1
UNRESOLVED: gcc.dg/vect/vect-cond-6.c -flto scan-tree-dump-times vect "OUTER LOOP VECTORIZED" 1
UNRESOLVED: gcc.dg/vect/vect-cond-8.c -flto scan-tree-dump-times vect "note: vectorized 1 loops" 5
UNRESOLVED: gcc.dg/vect/vect-cond-9.c -flto scan-tree-dump-times vect "note: vectorized 1 loops" 10
UNRESOLVED: gcc.dg/vect/vect-cselim-1.c -flto scan-tree-dump-times vect "vectorized 1 loops" 1
UNRESOLVED: gcc.dg/vect/vect-cselim-2.c -flto scan-tree-dump-times vect "vectorized 1 loops" 0
UNRESOLVED: gcc.dg/vect/vect-double-reduc-1.c -flto scan-tree-dump-times vect "OUTER LOOP VECTORIZED" 1
UNRESOLVED: gcc.dg/vect/vect-double-reduc-2.c -flto scan-tree-dump-times vect "OUTER LOOP VECTORIZED" 1
UNRESOLVED: gcc.dg/vect/vect-double-reduc-3.c -flto scan-tree-dump-times vect "OUTER LOOP VECTORIZED" 1
UNRESOLVED: gcc.dg/vect/vect-double-reduc-4.c -flto scan-tree-dump-times vect "OUTER LOOP VECTORIZED" 1
UNRESOLVED: gcc.dg/vect/vect-double-reduc-5.c -flto scan-tree-dump-times vect "OUTER LOOP VECTORIZED" 1
UNRESOLVED: gcc.dg/vect/vect-double-reduc-6-big-array.c -flto scan-tree-dump-times vect "OUTER LOOP VECTORIZED" 1
UNRESOLVED: gcc.dg/vect/vect-double-reduc-6.c -flto scan-tree-dump-times vect "OUTER LOOP VECTORIZED" 1
UNRESOLVED: gcc.dg/vect/vect-double-reduc-7.c -flto scan-tree-dump-times vect "OUTER LOOP VECTORIZED" 3
UNRESOLVED: gcc.dg/vect/vect-float-extend-1.c -flto scan-tree-dump-times vect "vectorized 1 loops" 1
UNRESOLVED: gcc.dg/vect/vect-float-truncate-1.c -flto scan-tree-dump-times vect "vectorized 1 loops" 1
UNRESOLVED: gcc.dg/vect/vect-floatint-conversion-1.c -flto scan-tree-dump-times vect "vectorized 1 loops" 1
UNRESOLVED: gcc.dg/vect/vect-floatint-conversion-2.c -flto scan-tree-dump-times vect "vectorized 1 loops" 1
UNRESOLVED: gcc.dg/vect/vect-ifcvt-16.c -flto scan-tree-dump-times vect "vectorized 1 loops" 1
UNRESOLVED: gcc.dg/vect/vect-ifcvt-17.c -flto scan-tree-dump-times vect "vectorized 1 loops" 1
UNRESOLVED: gcc.dg/vect/vect-ifcvt-2.c -flto scan-tree-dump-times vect "vectorized 1 loops" 1
UNRESOLVED: gcc.dg/vect/vect-ifcvt-3.c -flto scan-tree-dump-times vect "vectorized 1 loops" 1
UNRESOLVED: gcc.dg/vect/vect-ifcvt-4.c -flto scan-tree-dump-times vect "vectorized 1 loops" 1
UNRESOLVED: gcc.dg/vect/vect-ifcvt-5.c -flto scan-tree-dump-times vect "vectorized 1 loops" 1
UNRESOLVED: gcc.dg/vect/vect-ifcvt-6.c -flto scan-tree-dump-times vect "vectorized 1 loops" 1
UNRESOLVED: gcc.dg/vect/vect-ifcvt-7.c -flto scan-tree-dump-times vect "vectorized 1 loops" 1
UNRESOLVED: gcc.dg/vect/vect-ifcvt-9.c -flto scan-tree-dump-times vect "vectorized 1 loops" 2
UNRESOLVED: gcc.dg/vect/vect-intfloat-conversion-1.c -flto scan-tree-dump-times vect "vectorized 1 loops" 1
UNRESOLVED: gcc.dg/vect/vect-intfloat-conversion-2.c -flto scan-tree-dump-times vect "vectorized 1 loops" 1
UNRESOLVED: gcc.dg/vect/vect-intfloat-conversion-3.c -flto scan-tree-dump-times vect "vectorized 1 loops" 1
UNRESOLVED: gcc.dg/vect/vect-intfloat-conversion-4a.c -flto scan-tree-dump-times vect "vectorized 1 loops" 1
UNRESOLVED: gcc.dg/vect/vect-intfloat-conversion-4b.c -flto scan-tree-dump-times vect "vectorized 1 loops" 1
UNRESOLVED: gcc.dg/vect/vect-iv-1.c -flto scan-tree-dump-times vect "vectorized 1 loops" 1
UNRESOLVED: gcc.dg/vect/vect-iv-10.c -flto scan-tree-dump-times vect "vectorized 1 loops" 1
UNRESOLVED: gcc.dg/vect/vect-iv-11.c -flto scan-tree-dump-times vect "vectorized 1 loops" 1
UNRESOLVED: gcc.dg/vect/vect-iv-2.c -flto scan-tree-dump-times vect "vectorized 1 loops" 1
UNRESOLVED: gcc.dg/vect/vect-iv-3.c -flto scan-tree-dump-times vect "vectorized 1 loops" 1
UNRESOLVED: gcc.dg/vect/vect-iv-4.c -flto scan-tree-dump-times vect "vectorized 1 loops" 1
UNRESOLVED: gcc.dg/vect/vect-iv-5.c -flto scan-tree-dump-times vect "vectorized 1 loops" 1
UNRESOLVED: gcc.dg/vect/vect-iv-6.c -flto scan-tree-dump-times vect "vectorized 1 loops" 1
UNRESOLVED: gcc.dg/vect/vect-iv-7.c -flto scan-tree-dump-times vect "vectorized 1 loops" 1
UNRESOLVED: gcc.dg/vect/vect-iv-8-big-array.c -flto scan-tree-dump-times vect "vectorized 1 loops" 1
UNRESOLVED: gcc.dg/vect/vect-iv-8.c -flto scan-tree-dump-times vect "vectorized 1 loops" 1
UNRESOLVED: gcc.dg/vect/vect-iv-8a-big-array.c -flto scan-tree-dump-times vect "vectorized 1 loops" 1
UNRESOLVED: gcc.dg/vect/vect-iv-8a.c -flto scan-tree-dump-times vect "vectorized 1 loops" 1
UNRESOLVED: gcc.dg/vect/vect-iv-9.c -flto scan-tree-dump-times vect "vectorized 1 loops" 2
FAIL: gcc.dg/vect/vect-ivdep-1.c -flto (test for warnings, line )
FAIL: gcc.dg/vect/vect-ivdep-2.c -flto (test for warnings, line )
UNRESOLVED: gcc.dg/vect/vect-multitypes-1.c -flto scan-tree-dump-times vect "vectorized 1 loops" 2
UNRESOLVED: gcc.dg/vect/vect-multitypes-1.c -flto scan-tree-dump-times vect "Alignment of access forced using peeling" 2
UNRESOLVED: gcc.dg/vect/vect-multitypes-1.c -flto scan-tree-dump-times vect "Vectorizing an unaligned access" 4
UNRESOLVED: gcc.dg/vect/vect-multitypes-10.c -flto scan-tree-dump-times vect "vectorized 1 loops" 2
UNRESOLVED: gcc.dg/vect/vect-multitypes-11.c -flto scan-tree-dump-times vect "vectorized 1 loops" 2
UNRESOLVED: gcc.dg/vect/vect-multitypes-12.c -flto scan-tree-dump-times vect "vectorized 1 loops" 2
UNRESOLVED: gcc.dg/vect/vect-multitypes-13.c -flto scan-tree-dump-times vect "vectorized 1 loops" 2
UNRESOLVED: gcc.dg/vect/vect-multitypes-14.c -flto scan-tree-dump-times vect "vectorized 1 loops" 1
UNRESOLVED: gcc.dg/vect/vect-multitypes-15.c -flto scan-tree-dump-times vect "vectorized 1 loops" 1
UNRESOLVED: gcc.dg/vect/vect-multitypes-16.c -flto scan-tree-dump-times vect "vectorized 1 loops" 1
UNRESOLVED: gcc.dg/vect/vect-multitypes-17.c -flto scan-tree-dump-times vect "vectorized 1 loops" 1
UNRESOLVED: gcc.dg/vect/vect-multitypes-2.c -flto scan-tree-dump-times vect "vectorized 1 loops" 1
UNRESOLVED: gcc.dg/vect/vect-multitypes-3.c -flto scan-tree-dump-times vect "vectorized 1 loops" 1
UNRESOLVED: gcc.dg/vect/vect-multitypes-3.c -flto scan-tree-dump-times vect "Vectorizing an unaligned access" 3
UNRESOLVED: gcc.dg/vect/vect-multitypes-4.c -flto scan-tree-dump-times vect "vectorized 1 loops" 2
UNRESOLVED: gcc.dg/vect/vect-multitypes-4.c -flto scan-tree-dump-times vect "Alignment of access forced using peeling" 0
UNRESOLVED: gcc.dg/vect/vect-multitypes-4.c -flto scan-tree-dump-times vect "Alignment of access forced using peeling" 2
UNRESOLVED: gcc.dg/vect/vect-multitypes-4.c -flto scan-tree-dump-times vect "Vectorizing an unaligned access" 8
UNRESOLVED: gcc.dg/vect/vect-multitypes-4.c -flto scan-tree-dump-times vect "Vectorizing an unaligned access" 4
UNRESOLVED: gcc.dg/vect/vect-multitypes-5.c -flto scan-tree-dump-times vect "vectorized 1 loops" 1
UNRESOLVED: gcc.dg/vect/vect-multitypes-6.c -flto scan-tree-dump-times vect "vectorized 1 loops" 1
UNRESOLVED: gcc.dg/vect/vect-multitypes-6.c -flto scan-tree-dump-times vect "Vectorizing an unaligned access" 6
UNRESOLVED: gcc.dg/vect/vect-multitypes-7.c -flto scan-tree-dump-times vect "vectorized 1 loops" 1
UNRESOLVED: gcc.dg/vect/vect-multitypes-8.c -flto scan-tree-dump-times vect "vectorized 1 loops" 1
UNRESOLVED: gcc.dg/vect/vect-multitypes-9.c -flto scan-tree-dump-times vect "vectorized 1 loops" 2
UNRESOLVED: gcc.dg/vect/vect-nest-cycle-1.c -flto scan-tree-dump-times vect "OUTER LOOP VECTORIZED" 1
UNRESOLVED: gcc.dg/vect/vect-nest-cycle-2.c -flto scan-tree-dump-times vect "OUTER LOOP VECTORIZED" 1
UNRESOLVED: gcc.dg/vect/vect-nest-cycle-3.c -flto scan-tree-dump-times vect "OUTER LOOP VECTORIZED" 1
UNRESOLVED: gcc.dg/vect/vect-outer-1-big-array.c -flto scan-tree-dump-times vect "OUTER LOOP VECTORIZED" 1
UNRESOLVED: gcc.dg/vect/vect-outer-1-big-array.c -flto scan-tree-dump-times vect "grouped access in outer loop" 1
UNRESOLVED: gcc.dg/vect/vect-outer-1.c -flto scan-tree-dump-times vect "OUTER LOOP VECTORIZED" 1
UNRESOLVED: gcc.dg/vect/vect-outer-1.c -flto scan-tree-dump-times vect "grouped access in outer loop" 1
UNRESOLVED: gcc.dg/vect/vect-outer-1a-big-array.c -flto scan-tree-dump-times vect "OUTER LOOP VECTORIZED" 1
UNRESOLVED: gcc.dg/vect/vect-outer-1a-big-array.c -flto scan-tree-dump-times vect "grouped access in outer loop" 1
UNRESOLVED: gcc.dg/vect/vect-outer-1a.c -flto scan-tree-dump-times vect "OUTER LOOP VECTORIZED" 1
UNRESOLVED: gcc.dg/vect/vect-outer-1a.c -flto scan-tree-dump-times vect "grouped access in outer loop" 1
UNRESOLVED: gcc.dg/vect/vect-outer-1b-big-array.c -flto scan-tree-dump-times vect "OUTER LOOP VECTORIZED" 1
UNRESOLVED: gcc.dg/vect/vect-outer-1b-big-array.c -flto scan-tree-dump-times vect "grouped access in outer loop" 1
UNRESOLVED: gcc.dg/vect/vect-outer-1b.c -flto scan-tree-dump-times vect "OUTER LOOP VECTORIZED" 1
UNRESOLVED: gcc.dg/vect/vect-outer-1b.c -flto scan-tree-dump-times vect "grouped access in outer loop" 1
UNRESOLVED: gcc.dg/vect/vect-outer-2-big-array.c -flto scan-tree-dump-times vect "OUTER LOOP VECTORIZED" 1
UNRESOLVED: gcc.dg/vect/vect-outer-2.c -flto scan-tree-dump-times vect "OUTER LOOP VECTORIZED" 1
UNRESOLVED: gcc.dg/vect/vect-outer-2a-big-array.c -flto scan-tree-dump-times vect "OUTER LOOP VECTORIZED" 1
UNRESOLVED: gcc.dg/vect/vect-outer-2a.c -flto scan-tree-dump-times vect "OUTER LOOP VECTORIZED" 1
UNRESOLVED: gcc.dg/vect/vect-outer-2b.c -flto scan-tree-dump-times vect "grouped access in outer loop" 1
UNRESOLVED: gcc.dg/vect/vect-outer-2c-big-array.c -flto scan-tree-dump-times vect "OUTER LOOP VECTORIZED" 1
UNRESOLVED: gcc.dg/vect/vect-outer-2c.c -flto scan-tree-dump-times vect "OUTER LOOP VECTORIZED" 1
UNRESOLVED: gcc.dg/vect/vect-outer-2d.c -flto scan-tree-dump-times vect "OUTER LOOP VECTORIZED" 0
UNRESOLVED: gcc.dg/vect/vect-outer-3-big-array.c -flto scan-tree-dump-times vect "OUTER LOOP VECTORIZED" 1
UNRESOLVED: gcc.dg/vect/vect-outer-3.c -flto scan-tree-dump-times vect "OUTER LOOP VECTORIZED" 1
UNRESOLVED: gcc.dg/vect/vect-outer-3a-big-array.c -flto scan-tree-dump-times vect "OUTER LOOP VECTORIZED" 1
UNRESOLVED: gcc.dg/vect/vect-outer-3a-big-array.c -flto scan-tree-dump-times vect "step doesn't divide the vector-size" 1
UNRESOLVED: gcc.dg/vect/vect-outer-3a.c -flto scan-tree-dump-times vect "OUTER LOOP VECTORIZED" 1
UNRESOLVED: gcc.dg/vect/vect-outer-3a.c -flto scan-tree-dump-times vect "step doesn't divide the vector-size" 1
UNRESOLVED: gcc.dg/vect/vect-outer-3b.c -flto scan-tree-dump-times vect "OUTER LOOP VECTORIZED" 1
UNRESOLVED: gcc.dg/vect/vect-outer-3b.c -flto scan-tree-dump-times vect "grouped access in outer loop" 2
UNRESOLVED: gcc.dg/vect/vect-outer-3c.c -flto scan-tree-dump-times vect "OUTER LOOP VECTORIZED" 1
UNRESOLVED: gcc.dg/vect/vect-outer-4.c -flto scan-tree-dump-times vect "OUTER LOOP VECTORIZED" 1
UNRESOLVED: gcc.dg/vect/vect-outer-4.c -flto scan-tree-dump-times vect "zero step in outer loop." 1
UNRESOLVED: gcc.dg/vect/vect-outer-4a-big-array.c -flto scan-tree-dump-times vect "OUTER LOOP VECTORIZED" 1
UNRESOLVED: gcc.dg/vect/vect-outer-4a.c -flto scan-tree-dump-times vect "OUTER LOOP VECTORIZED" 1
UNRESOLVED: gcc.dg/vect/vect-outer-4b-big-array.c -flto scan-tree-dump-times vect "OUTER LOOP VECTORIZED" 1
UNRESOLVED: gcc.dg/vect/vect-outer-4b.c -flto scan-tree-dump-times vect "OUTER LOOP VECTORIZED" 1
UNRESOLVED: gcc.dg/vect/vect-outer-4c-big-array.c -flto scan-tree-dump-times vect "OUTER LOOP VECTORIZED" 1
UNRESOLVED: gcc.dg/vect/vect-outer-4c-big-array.c -flto scan-tree-dump-times vect "zero step in outer loop." 1
UNRESOLVED: gcc.dg/vect/vect-outer-4c.c -flto scan-tree-dump-times vect "OUTER LOOP VECTORIZED" 1
UNRESOLVED: gcc.dg/vect/vect-outer-4c.c -flto scan-tree-dump vect "zero step in outer loop."
UNRESOLVED: gcc.dg/vect/vect-outer-4d-big-array.c -flto scan-tree-dump-times vect "OUTER LOOP VECTORIZED" 1
UNRESOLVED: gcc.dg/vect/vect-outer-4d.c -flto scan-tree-dump-times vect "OUTER LOOP VECTORIZED" 1
UNRESOLVED: gcc.dg/vect/vect-outer-4e.c -flto scan-tree-dump-times vect "OUTER LOOP VECTORIZED" 1
UNRESOLVED: gcc.dg/vect/vect-outer-4f.c -flto scan-tree-dump-times vect "OUTER LOOP VECTORIZED" 1
UNRESOLVED: gcc.dg/vect/vect-outer-4g.c -flto scan-tree-dump-times vect "OUTER LOOP VECTORIZED" 1
UNRESOLVED: gcc.dg/vect/vect-outer-4i.c -flto scan-tree-dump-times vect "OUTER LOOP VECTORIZED" 1
UNRESOLVED: gcc.dg/vect/vect-outer-4j.c -flto scan-tree-dump-times vect "OUTER LOOP VECTORIZED" 1
UNRESOLVED: gcc.dg/vect/vect-outer-4k.c -flto scan-tree-dump-times vect "OUTER LOOP VECTORIZED" 1
UNRESOLVED: gcc.dg/vect/vect-outer-4l.c -flto scan-tree-dump-times vect "OUTER LOOP VECTORIZED" 1
UNRESOLVED: gcc.dg/vect/vect-outer-4m-big-array.c -flto scan-tree-dump-times vect "OUTER LOOP VECTORIZED" 1
UNRESOLVED: gcc.dg/vect/vect-outer-4m.c -flto scan-tree-dump-times vect "OUTER LOOP VECTORIZED" 1
UNRESOLVED: gcc.dg/vect/vect-outer-5.c -flto scan-tree-dump-times vect "not vectorized: possible dependence between data-refs" 1
UNRESOLVED: gcc.dg/vect/vect-outer-5.c -flto scan-tree-dump-times vect "OUTER LOOP VECTORIZED" 1
UNRESOLVED: gcc.dg/vect/vect-outer-5.c -flto scan-tree-dump vect "zero step in outer loop."
UNRESOLVED: gcc.dg/vect/vect-outer-6.c -flto scan-tree-dump-times vect "OUTER LOOP VECTORIZED" 1
UNRESOLVED: gcc.dg/vect/vect-outer-6.c -flto scan-tree-dump-times vect "zero step in outer loop." 1
UNRESOLVED: gcc.dg/vect/vect-outer-fir-big-array.c -flto scan-tree-dump-times vect "OUTER LOOP VECTORIZED" 2
UNRESOLVED: gcc.dg/vect/vect-outer-fir-lb-big-array.c -flto scan-tree-dump-times vect "OUTER LOOP VECTORIZED" 2
UNRESOLVED: gcc.dg/vect/vect-outer-fir-lb.c -flto scan-tree-dump-times vect "OUTER LOOP VECTORIZED" 2
UNRESOLVED: gcc.dg/vect/vect-outer-fir.c -flto scan-tree-dump-times vect "OUTER LOOP VECTORIZED" 2
UNRESOLVED: gcc.dg/vect/vect-over-widen-1-big-array.c -flto scan-tree-dump-times vect "vect_recog_over_widening_pattern: detected" 4
UNRESOLVED: gcc.dg/vect/vect-over-widen-1-big-array.c -flto scan-tree-dump-times vect "vectorized 1 loops" 1
UNRESOLVED: gcc.dg/vect/vect-over-widen-1.c -flto scan-tree-dump-times vect "vect_recog_over_widening_pattern: detected" 4
UNRESOLVED: gcc.dg/vect/vect-over-widen-1.c -flto scan-tree-dump-times vect "vectorized 1 loops" 1
UNRESOLVED: gcc.dg/vect/vect-over-widen-2-big-array.c -flto scan-tree-dump-times vect "vect_recog_over_widening_pattern: detected" 0
UNRESOLVED: gcc.dg/vect/vect-over-widen-2-big-array.c -flto scan-tree-dump-times vect "vectorized 1 loops" 1
UNRESOLVED: gcc.dg/vect/vect-over-widen-2.c -flto scan-tree-dump-times vect "vect_recog_over_widening_pattern: detected" 0
UNRESOLVED: gcc.dg/vect/vect-over-widen-2.c -flto scan-tree-dump-times vect "vectorized 1 loops" 1
UNRESOLVED: gcc.dg/vect/vect-over-widen-3-big-array.c -flto scan-tree-dump-times vect "vect_recog_over_widening_pattern: detected" 1
UNRESOLVED: gcc.dg/vect/vect-over-widen-3-big-array.c -flto scan-tree-dump-times vect "vectorized 1 loops" 1
UNRESOLVED: gcc.dg/vect/vect-over-widen-3.c -flto scan-tree-dump vect "vect_recog_over_widening_pattern: detected"
UNRESOLVED: gcc.dg/vect/vect-over-widen-3.c -flto scan-tree-dump-times vect "vectorized 1 loops" 1
UNRESOLVED: gcc.dg/vect/vect-over-widen-4-big-array.c -flto scan-tree-dump-times vect "vect_recog_over_widening_pattern: detected" 4
UNRESOLVED: gcc.dg/vect/vect-over-widen-4-big-array.c -flto scan-tree-dump-times vect "vectorized 1 loops" 1
UNRESOLVED: gcc.dg/vect/vect-over-widen-4.c -flto scan-tree-dump-times vect "vect_recog_over_widening_pattern: detected" 4
UNRESOLVED: gcc.dg/vect/vect-over-widen-4.c -flto scan-tree-dump-times vect "vectorized 1 loops" 1
UNRESOLVED: gcc.dg/vect/vect-peel-1.c -flto scan-tree-dump-times vect "vectorized 1 loops" 1
UNRESOLVED: gcc.dg/vect/vect-peel-1.c -flto scan-tree-dump-times vect "Alignment of access forced using peeling" 1
UNRESOLVED: gcc.dg/vect/vect-peel-2.c -flto scan-tree-dump-times vect "vectorized 1 loops" 1
UNRESOLVED: gcc.dg/vect/vect-peel-3.c -flto scan-tree-dump-times vect "vectorized 1 loops" 1
UNRESOLVED: gcc.dg/vect/vect-peel-3.c -flto scan-tree-dump-times vect "Vectorizing an unaligned access" 1
UNRESOLVED: gcc.dg/vect/vect-peel-3.c -flto scan-tree-dump-times vect "Alignment of access forced using peeling" 1
UNRESOLVED: gcc.dg/vect/vect-peel-4.c -flto scan-tree-dump-times vect "vectorized 1 loops" 1
UNRESOLVED: gcc.dg/vect/vect-peel-4.c -flto scan-tree-dump-times vect "Vectorizing an unaligned access" 1
UNRESOLVED: gcc.dg/vect/vect-peel-4.c -flto scan-tree-dump-times vect "Alignment of access forced using peeling" 0
UNRESOLVED: gcc.dg/vect/vect-pre-interact.c -flto scan-tree-dump-times vect "vectorized 1 loops" 1
UNRESOLVED: gcc.dg/vect/vect-reduc-1.c -flto scan-tree-dump-times vect "vectorized 3 loops" 1
UNRESOLVED: gcc.dg/vect/vect-reduc-1char-big-array.c -flto scan-tree-dump-times vect "vectorized 3 loops" 1
UNRESOLVED: gcc.dg/vect/vect-reduc-1char.c -flto scan-tree-dump-times vect "vectorized 3 loops" 1
UNRESOLVED: gcc.dg/vect/vect-reduc-1short.c -flto scan-tree-dump-times vect "vectorized 3 loops" 1
UNRESOLVED: gcc.dg/vect/vect-reduc-2.c -flto scan-tree-dump-times vect "vectorized 3 loops" 1
UNRESOLVED: gcc.dg/vect/vect-reduc-2char-big-array.c -flto scan-tree-dump-times vect "vectorized 3 loops" 1
UNRESOLVED: gcc.dg/vect/vect-reduc-2char.c -flto scan-tree-dump-times vect "vectorized 3 loops" 1
UNRESOLVED: gcc.dg/vect/vect-reduc-2short.c -flto scan-tree-dump-times vect "vectorized 3 loops" 1
UNRESOLVED: gcc.dg/vect/vect-reduc-3.c -flto scan-tree-dump-times vect "vectorized 1 loops" 1
UNRESOLVED: gcc.dg/vect/vect-reduc-6.c -flto scan-tree-dump-times vect "vectorized 0 loops" 1
UNRESOLVED: gcc.dg/vect/vect-reduc-dot-s16a.c -flto scan-tree-dump-times vect "vect_recog_dot_prod_pattern: detected" 1
UNRESOLVED: gcc.dg/vect/vect-reduc-dot-s16a.c -flto scan-tree-dump-times vect "vectorized 1 loops" 1
UNRESOLVED: gcc.dg/vect/vect-reduc-dot-s16a.c -flto scan-tree-dump-times vect "vectorized 1 loops" 1
UNRESOLVED: gcc.dg/vect/vect-reduc-dot-s16b.c -flto scan-tree-dump-times vect "vectorized 1 loops" 1
UNRESOLVED: gcc.dg/vect/vect-reduc-dot-s16c.c -flto scan-tree-dump-times vect "vectorized 1 loops" 2
UNRESOLVED: gcc.dg/vect/vect-reduc-dot-s8a.c -flto scan-tree-dump-times vect "vect_recog_dot_prod_pattern: detected" 1
UNRESOLVED: gcc.dg/vect/vect-reduc-dot-s8a.c -flto scan-tree-dump-times vect "vect_recog_widen_mult_pattern: detected" 1
UNRESOLVED: gcc.dg/vect/vect-reduc-dot-s8a.c -flto scan-tree-dump-times vect "vectorized 1 loops" 1
UNRESOLVED: gcc.dg/vect/vect-reduc-dot-s8b.c -flto scan-tree-dump-times vect "vect_recog_dot_prod_pattern: detected" 1
UNRESOLVED: gcc.dg/vect/vect-reduc-dot-s8b.c -flto scan-tree-dump-times vect "vect_recog_widen_mult_pattern: detected" 1
UNRESOLVED: gcc.dg/vect/vect-reduc-dot-s8b.c -flto scan-tree-dump-times vect "vectorized 1 loops" 1
UNRESOLVED: gcc.dg/vect/vect-reduc-dot-s8c.c -flto scan-tree-dump-times vect "vectorized 1 loops" 1
UNRESOLVED: gcc.dg/vect/vect-reduc-dot-u16a.c -flto scan-tree-dump-times vect "vect_recog_dot_prod_pattern: detected" 1
UNRESOLVED: gcc.dg/vect/vect-reduc-dot-u16a.c -flto scan-tree-dump-times vect "vectorized 1 loops" 2
UNRESOLVED: gcc.dg/vect/vect-reduc-dot-u16b.c -flto scan-tree-dump-times vect "vect_recog_dot_prod_pattern: detected" 1
UNRESOLVED: gcc.dg/vect/vect-reduc-dot-u16b.c -flto scan-tree-dump-times vect "vectorized 1 loops" 2
UNRESOLVED: gcc.dg/vect/vect-reduc-dot-u16b.c -flto scan-tree-dump-times vect "vectorized 1 loops" 1
UNRESOLVED: gcc.dg/vect/vect-reduc-dot-u8a.c -flto scan-tree-dump-times vect "vect_recog_dot_prod_pattern: detected" 1
UNRESOLVED: gcc.dg/vect/vect-reduc-dot-u8b.c -flto scan-tree-dump-times vect "vect_recog_dot_prod_pattern: detected" 1
UNRESOLVED: gcc.dg/vect/vect-reduc-dot-u8b.c -flto scan-tree-dump-times vect "vectorized 1 loops" 1
UNRESOLVED: gcc.dg/vect/vect-reduc-pattern-1a.c -flto scan-tree-dump-times vect "vect_recog_widen_sum_pattern: detected" 1
UNRESOLVED: gcc.dg/vect/vect-reduc-pattern-1a.c -flto scan-tree-dump-times vect "vectorized 1 loops" 1
UNRESOLVED: gcc.dg/vect/vect-reduc-pattern-1b-big-array.c -flto scan-tree-dump-times vect "vect_recog_widen_sum_pattern: detected" 1
UNRESOLVED: gcc.dg/vect/vect-reduc-pattern-1b-big-array.c -flto scan-tree-dump-times vect "vectorized 1 loops" 1
UNRESOLVED: gcc.dg/vect/vect-reduc-pattern-1b.c -flto scan-tree-dump vect "vect_recog_widen_sum_pattern: detected"
UNRESOLVED: gcc.dg/vect/vect-reduc-pattern-1b.c -flto scan-tree-dump-times vect "vectorized 1 loops" 1
UNRESOLVED: gcc.dg/vect/vect-reduc-pattern-1c-big-array.c -flto scan-tree-dump-times vect "vect_recog_widen_sum_pattern: detected" 1
UNRESOLVED: gcc.dg/vect/vect-reduc-pattern-1c-big-array.c -flto scan-tree-dump-times vect "vectorized 1 loops" 1
UNRESOLVED: gcc.dg/vect/vect-reduc-pattern-1c.c -flto scan-tree-dump vect "vect_recog_widen_sum_pattern: detected"
UNRESOLVED: gcc.dg/vect/vect-reduc-pattern-1c.c -flto scan-tree-dump-times vect "vectorized 1 loops" 1
UNRESOLVED: gcc.dg/vect/vect-reduc-pattern-2a.c -flto scan-tree-dump-times vect "vect_recog_widen_sum_pattern: detected" 1
UNRESOLVED: gcc.dg/vect/vect-reduc-pattern-2a.c -flto scan-tree-dump-times vect "vectorized 1 loops" 1
UNRESOLVED: gcc.dg/vect/vect-reduc-pattern-2b-big-array.c -flto scan-tree-dump-times vect "vect_recog_widen_sum_pattern: detected" 1
UNRESOLVED: gcc.dg/vect/vect-reduc-pattern-2b.c -flto scan-tree-dump vect "vect_recog_widen_sum_pattern: detected"
UNRESOLVED: gcc.dg/vect/vect-reduc-pattern-2c.c -flto scan-tree-dump-times vect "vect_recog_widen_sum_pattern: detected" 1
UNRESOLVED: gcc.dg/vect/vect-reduc-pattern-2c.c -flto scan-tree-dump-times vect "vectorized 1 loops" 1
UNRESOLVED: gcc.dg/vect/vect-reduc-pattern-3.c -flto scan-tree-dump-times vect "vectorized 1 loops" 1
UNRESOLVED: gcc.dg/vect/vect-sdivmod-1.c -flto scan-tree-dump-times vect "vectorized 1 loops" 4
UNRESOLVED: gcc.dg/vect/vect-shift-1.c -flto scan-tree-dump-times vect "vectorized 1 loops" 1
UNRESOLVED: gcc.dg/vect/vect-shift-3.c -flto scan-tree-dump-times vect "vectorized 1 loops" 1
UNRESOLVED: gcc.dg/vect/vect-strided-a-mult.c -flto scan-tree-dump-times vect "vectorized 1 loops" 1
UNRESOLVED: gcc.dg/vect/vect-strided-a-u16-i2.c -flto scan-tree-dump-times vect "vectorized 1 loops" 1
UNRESOLVED: gcc.dg/vect/vect-strided-a-u16-i4.c -flto scan-tree-dump-times vect "vectorized 1 loops" 1
UNRESOLVED: gcc.dg/vect/vect-strided-a-u16-mult.c -flto scan-tree-dump-times vect "vectorized 1 loops" 1
UNRESOLVED: gcc.dg/vect/vect-strided-a-u32-mult.c -flto scan-tree-dump-times vect "vectorized 1 loops" 1
UNRESOLVED: gcc.dg/vect/vect-strided-a-u8-i2-gap.c -flto scan-tree-dump-times vect "vectorized 1 loops" 1
UNRESOLVED: gcc.dg/vect/vect-strided-a-u8-i8-gap2-big-array.c -flto scan-tree-dump-times vect "vectorized 1 loops" 1
UNRESOLVED: gcc.dg/vect/vect-strided-a-u8-i8-gap2.c -flto scan-tree-dump-times vect "vectorized 1 loops" 1
UNRESOLVED: gcc.dg/vect/vect-strided-a-u8-i8-gap7-big-array.c -flto scan-tree-dump-times vect "vectorized 1 loops" 1
UNRESOLVED: gcc.dg/vect/vect-strided-a-u8-i8-gap7.c -flto scan-tree-dump-times vect "vectorized 1 loops" 1
UNRESOLVED: gcc.dg/vect/vect-strided-float.c -flto scan-tree-dump-times vect "vectorized 1 loops" 1
UNRESOLVED: gcc.dg/vect/vect-strided-float.c -flto scan-tree-dump-times vect "vectorized 0 loops" 1
UNRESOLVED: gcc.dg/vect/vect-strided-mult-char-ls.c -flto scan-tree-dump-times vect "vectorized 1 loops" 1
UNRESOLVED: gcc.dg/vect/vect-strided-mult.c -flto scan-tree-dump-times vect "vectorized 1 loops" 1
UNRESOLVED: gcc.dg/vect/vect-strided-same-dr.c -flto scan-tree-dump-times vect "vectorized 1 loops" 1
UNRESOLVED: gcc.dg/vect/vect-strided-store-a-u8-i2.c -flto scan-tree-dump-times vect "vectorized 1 loops" 1
UNRESOLVED: gcc.dg/vect/vect-strided-store-u16-i4.c -flto scan-tree-dump-times vect "vectorized 1 loops" 2
UNRESOLVED: gcc.dg/vect/vect-strided-store-u32-i2.c -flto scan-tree-dump-times vect "vectorized 1 loops" 1
UNRESOLVED: gcc.dg/vect/vect-strided-store-u32-i2.c -flto scan-tree-dump-times vect "vectorized 0 loops" 1
UNRESOLVED: gcc.dg/vect/vect-strided-u16-i2.c -flto scan-tree-dump-times vect "vectorized 1 loops" 1
UNRESOLVED: gcc.dg/vect/vect-strided-u16-i4.c -flto scan-tree-dump-times vect "vectorized 1 loops" 1
UNRESOLVED: gcc.dg/vect/vect-strided-u32-i4.c -flto scan-tree-dump-times vect "vectorized 1 loops" 1
UNRESOLVED: gcc.dg/vect/vect-strided-u32-i8.c -flto scan-tree-dump-times vect "vectorized 1 loops" 1
UNRESOLVED: gcc.dg/vect/vect-strided-u32-mult.c -flto scan-tree-dump-times vect "vectorized 1 loops" 1
UNRESOLVED: gcc.dg/vect/vect-strided-u8-i2-gap.c -flto scan-tree-dump-times vect "vectorized 1 loops" 1
UNRESOLVED: gcc.dg/vect/vect-strided-u8-i2.c -flto scan-tree-dump-times vect "vectorized 1 loops" 1
UNRESOLVED: gcc.dg/vect/vect-strided-u8-i8-gap2-big-array.c -flto scan-tree-dump-times vect "vectorized 1 loops" 1
UNRESOLVED: gcc.dg/vect/vect-strided-u8-i8-gap2.c -flto scan-tree-dump-times vect "vectorized 1 loops" 1
UNRESOLVED: gcc.dg/vect/vect-strided-u8-i8-gap4-big-array.c -flto scan-tree-dump-times vect "vectorized 1 loops" 1
UNRESOLVED: gcc.dg/vect/vect-strided-u8-i8-gap4-unknown.c -flto scan-tree-dump-times vect "vectorized 1 loops" 1
UNRESOLVED: gcc.dg/vect/vect-strided-u8-i8-gap4.c -flto scan-tree-dump-times vect "vectorized 1 loops" 1
UNRESOLVED: gcc.dg/vect/vect-strided-u8-i8-gap7-big-array.c -flto scan-tree-dump-times vect "vectorized 1 loops" 1
UNRESOLVED: gcc.dg/vect/vect-strided-u8-i8-gap7.c -flto scan-tree-dump-times vect "vectorized 1 loops" 1
UNRESOLVED: gcc.dg/vect/vect-strided-u8-i8.c -flto scan-tree-dump-times vect "vectorized 1 loops" 1
UNRESOLVED: gcc.dg/vect/vect-vfa-01.c -flto scan-tree-dump-times vect "vectorized 1 loops" 1
UNRESOLVED: gcc.dg/vect/vect-vfa-02.c -flto scan-tree-dump-times vect "vectorized 1 loops" 1
UNRESOLVED: gcc.dg/vect/vect-vfa-03.c -flto scan-tree-dump-times vect "vectorized 1 loops" 1
UNRESOLVED: gcc.dg/vect/vect-vfa-03.c -flto scan-tree-dump-times vect "vectorized 1 loops" 0
UNRESOLVED: gcc.dg/vect/vect-vfa-04.c -flto scan-tree-dump-times vect "vectorized 1 loops" 1
UNRESOLVED: gcc.dg/vect/vect-vfa-slp.c -flto scan-tree-dump-times vect "vectorized 1 loops" 1
UNRESOLVED: gcc.dg/vect/vect-widen-mult-const-s16.c -flto scan-tree-dump-times vect "vectorized 1 loops" 2
UNRESOLVED: gcc.dg/vect/vect-widen-mult-const-s16.c -flto scan-tree-dump-times vect "vect_recog_widen_mult_pattern: detected" 2
UNRESOLVED: gcc.dg/vect/vect-widen-mult-const-s16.c -flto scan-tree-dump-times vect "pattern recognized" 2
UNRESOLVED: gcc.dg/vect/vect-widen-mult-const-u16.c -flto scan-tree-dump-times vect "vectorized 1 loops" 3
UNRESOLVED: gcc.dg/vect/vect-widen-mult-const-u16.c -flto scan-tree-dump-times vect "vect_recog_widen_mult_pattern: detected" 2
UNRESOLVED: gcc.dg/vect/vect-widen-mult-const-u16.c -flto scan-tree-dump-times vect "pattern recognized" 2
UNRESOLVED: gcc.dg/vect/vect-widen-mult-half-u8.c -flto scan-tree-dump-times vect "vectorized 1 loops" 2
UNRESOLVED: gcc.dg/vect/vect-widen-mult-half-u8.c -flto scan-tree-dump-times vect "vect_recog_widen_mult_pattern: detected" 2
UNRESOLVED: gcc.dg/vect/vect-widen-mult-half-u8.c -flto scan-tree-dump-times vect "pattern recognized" 2
UNRESOLVED: gcc.dg/vect/vect-widen-mult-half.c -flto scan-tree-dump-times vect "vectorized 1 loops" 1
UNRESOLVED: gcc.dg/vect/vect-widen-mult-half.c -flto scan-tree-dump-times vect "vect_recog_widen_mult_pattern: detected" 1
UNRESOLVED: gcc.dg/vect/vect-widen-mult-half.c -flto scan-tree-dump-times vect "pattern recognized" 1
UNRESOLVED: gcc.dg/vect/vect-widen-mult-s16.c -flto scan-tree-dump-times vect "vectorized 1 loops" 1
UNRESOLVED: gcc.dg/vect/vect-widen-mult-s8.c -flto scan-tree-dump-times vect "vectorized 1 loops" 1
UNRESOLVED: gcc.dg/vect/vect-widen-mult-sum.c -flto scan-tree-dump-times vect "vectorized 1 loops" 1
UNRESOLVED: gcc.dg/vect/vect-widen-mult-sum.c -flto scan-tree-dump-times vect "vect_recog_widen_mult_pattern: detected" 1
UNRESOLVED: gcc.dg/vect/vect-widen-mult-u16.c -flto scan-tree-dump-times vect "vectorized 1 loops" 1
UNRESOLVED: gcc.dg/vect/vect-widen-mult-u16.c -flto scan-tree-dump-times vect "vect_recog_widen_mult_pattern: detected" 1
UNRESOLVED: gcc.dg/vect/vect-widen-mult-u16.c -flto scan-tree-dump-times vect "pattern recognized" 1
UNRESOLVED: gcc.dg/vect/vect-widen-mult-u8.c -flto scan-tree-dump-times vect "vectorized 1 loops" 1
UNRESOLVED: gcc.dg/vect/vect-widen-shift-s16.c -flto scan-tree-dump-times vect "vectorized 2 loops" 1
UNRESOLVED: gcc.dg/vect/vect-widen-shift-s8.c -flto scan-tree-dump-times vect "vectorized 1 loops" 1
UNRESOLVED: gcc.dg/vect/vect-widen-shift-u16.c -flto scan-tree-dump-times vect "vectorized 1 loops" 1
UNRESOLVED: gcc.dg/vect/vect-widen-shift-u8.c -flto scan-tree-dump-times vect "vectorized 1 loops" 1
UNRESOLVED: gcc.dg/vect/slp-1.c -flto scan-tree-dump-times vect "vectorized 4 loops" 1
UNRESOLVED: gcc.dg/vect/slp-1.c -flto scan-tree-dump-times vect "vectorizing stmts using SLP" 4
UNRESOLVED: gcc.dg/vect/slp-10.c -flto scan-tree-dump-times vect "vectorized 3 loops" 1
UNRESOLVED: gcc.dg/vect/slp-10.c -flto scan-tree-dump-times vect "vectorizing stmts using SLP" 3
UNRESOLVED: gcc.dg/vect/slp-11a.c -flto scan-tree-dump-times vect "vectorized 1 loops" 1
UNRESOLVED: gcc.dg/vect/slp-11a.c -flto scan-tree-dump-times vect "vectorizing stmts using SLP" 0
UNRESOLVED: gcc.dg/vect/slp-11b.c -flto scan-tree-dump-times vect "vectorized 1 loops" 1
UNRESOLVED: gcc.dg/vect/slp-11b.c -flto scan-tree-dump-times vect "vectorizing stmts using SLP" 0
UNRESOLVED: gcc.dg/vect/slp-11c.c -flto scan-tree-dump-times vect "vectorized 1 loops" 1
UNRESOLVED: gcc.dg/vect/slp-11c.c -flto scan-tree-dump-times vect "vectorizing stmts using SLP" 0
UNRESOLVED: gcc.dg/vect/slp-12a.c -flto scan-tree-dump-times vect "vectorized 1 loops" 1
UNRESOLVED: gcc.dg/vect/slp-12a.c -flto scan-tree-dump-times vect "vectorizing stmts using SLP" 1
UNRESOLVED: gcc.dg/vect/slp-12b.c -flto scan-tree-dump-times vect "vectorized 1 loops" 1
UNRESOLVED: gcc.dg/vect/slp-12b.c -flto scan-tree-dump-times vect "vectorizing stmts using SLP" 1
UNRESOLVED: gcc.dg/vect/slp-12c.c -flto scan-tree-dump-times vect "vectorized 1 loops" 1
UNRESOLVED: gcc.dg/vect/slp-12c.c -flto scan-tree-dump-times vect "vectorizing stmts using SLP" 1
UNRESOLVED: gcc.dg/vect/slp-13-big-array.c -flto scan-tree-dump-times vect "vectorized 2 loops" 1
UNRESOLVED: gcc.dg/vect/slp-13-big-array.c -flto scan-tree-dump-times vect "vectorizing stmts using SLP" 3
UNRESOLVED: gcc.dg/vect/slp-13-big-array.c -flto scan-tree-dump-times vect "vectorizing stmts using SLP" 1
UNRESOLVED: gcc.dg/vect/slp-13.c -flto scan-tree-dump-times vect "vectorized 2 loops" 1
UNRESOLVED: gcc.dg/vect/slp-13.c -flto scan-tree-dump-times vect "vectorizing stmts using SLP" 3
UNRESOLVED: gcc.dg/vect/slp-13.c -flto scan-tree-dump-times vect "vectorizing stmts using SLP" 1
UNRESOLVED: gcc.dg/vect/slp-14.c -flto scan-tree-dump-times vect "vectorized 1 loops" 1
UNRESOLVED: gcc.dg/vect/slp-14.c -flto scan-tree-dump-times vect "vectorizing stmts using SLP" 2
UNRESOLVED: gcc.dg/vect/slp-15.c -flto scan-tree-dump-times vect "vectorized 1 loops" 1
UNRESOLVED: gcc.dg/vect/slp-15.c -flto scan-tree-dump-times vect "vectorizing stmts using SLP" 2
UNRESOLVED: gcc.dg/vect/slp-16.c -flto scan-tree-dump-times vect "vectorized 1 loops" 1
UNRESOLVED: gcc.dg/vect/slp-16.c -flto scan-tree-dump-times vect "vectorizing stmts using SLP" 2
UNRESOLVED: gcc.dg/vect/slp-17.c -flto scan-tree-dump-times vect "vectorized 1 loops" 1
UNRESOLVED: gcc.dg/vect/slp-17.c -flto scan-tree-dump-times vect "vectorizing stmts using SLP" 2
UNRESOLVED: gcc.dg/vect/slp-18.c -flto scan-tree-dump-times vect "vectorized 1 loops" 1
UNRESOLVED: gcc.dg/vect/slp-18.c -flto scan-tree-dump-times vect "vectorizing stmts using SLP" 2
UNRESOLVED: gcc.dg/vect/slp-19a.c -flto scan-tree-dump-times vect "vectorized 1 loops" 1
UNRESOLVED: gcc.dg/vect/slp-19a.c -flto scan-tree-dump-times vect "vectorizing stmts using SLP" 1
UNRESOLVED: gcc.dg/vect/slp-19b.c -flto scan-tree-dump-times vect "vectorized 1 loops" 1
UNRESOLVED: gcc.dg/vect/slp-19b.c -flto scan-tree-dump-times vect "vectorizing stmts using SLP" 1
UNRESOLVED: gcc.dg/vect/slp-19c.c -flto scan-tree-dump-times vect "vectorized 1 loops" 1
UNRESOLVED: gcc.dg/vect/slp-19c.c -flto scan-tree-dump-times vect "vectorizing stmts using SLP" 1
UNRESOLVED: gcc.dg/vect/slp-2.c -flto scan-tree-dump-times vect "vectorized 4 loops" 1
UNRESOLVED: gcc.dg/vect/slp-2.c -flto scan-tree-dump-times vect "vectorizing stmts using SLP" 4
UNRESOLVED: gcc.dg/vect/slp-20.c -flto scan-tree-dump-times vect "vectorized 2 loops" 1
UNRESOLVED: gcc.dg/vect/slp-20.c -flto scan-tree-dump-times vect "vectorizing stmts using SLP" 4
UNRESOLVED: gcc.dg/vect/slp-21.c -flto scan-tree-dump-times vect "vectorized 4 loops" 1
UNRESOLVED: gcc.dg/vect/slp-21.c -flto scan-tree-dump-times vect "vectorizing stmts using SLP" 2
UNRESOLVED: gcc.dg/vect/slp-22.c -flto scan-tree-dump-times vect "vectorized 2 loops" 1
UNRESOLVED: gcc.dg/vect/slp-22.c -flto scan-tree-dump-times vect "vectorizing stmts using SLP" 6
UNRESOLVED: gcc.dg/vect/slp-23.c -flto scan-tree-dump-times vect "vectorized 2 loops" 1
UNRESOLVED: gcc.dg/vect/slp-23.c -flto scan-tree-dump-times vect "vectorizing stmts using SLP" 1
UNRESOLVED: gcc.dg/vect/slp-24-big-array.c -flto scan-tree-dump-times vect "vectorized 1 loops" 1
UNRESOLVED: gcc.dg/vect/slp-24-big-array.c -flto scan-tree-dump-times vect "vectorizing stmts using SLP" 2
UNRESOLVED: gcc.dg/vect/slp-24.c -flto scan-tree-dump-times vect "vectorized 1 loops" 1
UNRESOLVED: gcc.dg/vect/slp-24.c -flto scan-tree-dump-times vect "vectorizing stmts using SLP" 2
UNRESOLVED: gcc.dg/vect/slp-25.c -flto scan-tree-dump-times vect "vectorized 2 loops" 1
UNRESOLVED: gcc.dg/vect/slp-25.c -flto scan-tree-dump-times vect "Vectorizing an unaligned access" 0
UNRESOLVED: gcc.dg/vect/slp-25.c -flto scan-tree-dump-times vect "Alignment of access forced using peeling" 2
UNRESOLVED: gcc.dg/vect/slp-26.c -flto scan-tree-dump-times vect "vectorized 0 loops" 1
UNRESOLVED: gcc.dg/vect/slp-26.c -flto scan-tree-dump-times vect "vectorizing stmts using SLP" 0
UNRESOLVED: gcc.dg/vect/slp-28.c -flto scan-tree-dump-times vect "vectorized 1 loops" 1
UNRESOLVED: gcc.dg/vect/slp-28.c -flto scan-tree-dump-times vect "vectorizing stmts using SLP" 1
UNRESOLVED: gcc.dg/vect/slp-3-big-array.c -flto scan-tree-dump-times vect "vectorized 4 loops" 1
UNRESOLVED: gcc.dg/vect/slp-3-big-array.c -flto scan-tree-dump-times vect "vectorizing stmts using SLP" 4
UNRESOLVED: gcc.dg/vect/slp-3.c -flto scan-tree-dump-times vect "vectorized 3 loops" 1
UNRESOLVED: gcc.dg/vect/slp-3.c -flto scan-tree-dump-times vect "vectorizing stmts using SLP" 3
UNRESOLVED: gcc.dg/vect/slp-33.c -flto scan-tree-dump-times vect "vectorized 3 loops" 1
UNRESOLVED: gcc.dg/vect/slp-33.c -flto scan-tree-dump-times vect "vectorizing stmts using SLP" 3
UNRESOLVED: gcc.dg/vect/slp-34-big-array.c -flto scan-tree-dump-times vect "vectorized 1 loops" 1
UNRESOLVED: gcc.dg/vect/slp-34-big-array.c -flto scan-tree-dump-times vect "vectorizing stmts using SLP" 2
UNRESOLVED: gcc.dg/vect/slp-34.c -flto scan-tree-dump-times vect "vectorized 1 loops" 1
UNRESOLVED: gcc.dg/vect/slp-34.c -flto scan-tree-dump-times vect "vectorizing stmts using SLP" 2
UNRESOLVED: gcc.dg/vect/slp-35.c -flto scan-tree-dump-times vect "vectorized 1 loops" 1
UNRESOLVED: gcc.dg/vect/slp-35.c -flto scan-tree-dump-times vect "vectorizing stmts using SLP" 1
UNRESOLVED: gcc.dg/vect/slp-37.c -flto scan-tree-dump-times vect "vectorized 1 loops" 0
UNRESOLVED: gcc.dg/vect/slp-37.c -flto scan-tree-dump-times vect "vectorizing stmts using SLP" 0
UNRESOLVED: gcc.dg/vect/slp-38.c -flto scan-tree-dump-times vect "vectorized 1 loops in function" 1
UNRESOLVED: gcc.dg/vect/slp-39.c -flto scan-tree-dump-times vect "vectorizing stmts using SLP" 2
UNRESOLVED: gcc.dg/vect/slp-4-big-array.c -flto scan-tree-dump-times vect "vectorized 3 loops" 1
UNRESOLVED: gcc.dg/vect/slp-4-big-array.c -flto scan-tree-dump-times vect "vectorizing stmts using SLP" 3
UNRESOLVED: gcc.dg/vect/slp-4.c -flto scan-tree-dump-times vect "vectorized 3 loops" 1
UNRESOLVED: gcc.dg/vect/slp-4.c -flto scan-tree-dump-times vect "vectorizing stmts using SLP" 3
UNRESOLVED: gcc.dg/vect/slp-5.c -flto scan-tree-dump-times vect "vectorized 3 loops" 1
UNRESOLVED: gcc.dg/vect/slp-5.c -flto scan-tree-dump-times vect "vectorizing stmts using SLP" 3
UNRESOLVED: gcc.dg/vect/slp-6.c -flto scan-tree-dump-times vect "vectorized 3 loops" 1
UNRESOLVED: gcc.dg/vect/slp-6.c -flto scan-tree-dump-times vect "vectorizing stmts using SLP" 3
UNRESOLVED: gcc.dg/vect/slp-7.c -flto scan-tree-dump-times vect "vectorized 3 loops" 1
UNRESOLVED: gcc.dg/vect/slp-7.c -flto scan-tree-dump-times vect "vectorizing stmts using SLP" 3
UNRESOLVED: gcc.dg/vect/slp-8.c -flto scan-tree-dump-times vect "vectorized 1 loops" 1
UNRESOLVED: gcc.dg/vect/slp-8.c -flto scan-tree-dump-times vect "vectorizing stmts using SLP" 1
UNRESOLVED: gcc.dg/vect/slp-9.c -flto scan-tree-dump-times vect "vectorized 1 loops" 1
UNRESOLVED: gcc.dg/vect/slp-9.c -flto scan-tree-dump-times vect "vectorizing stmts using SLP" 1
UNRESOLVED: gcc.dg/vect/slp-cond-1.c -flto scan-tree-dump-times vect "vectorizing stmts using SLP" 3
UNRESOLVED: gcc.dg/vect/slp-cond-2-big-array.c -flto scan-tree-dump-times vect "vectorizing stmts using SLP" 3
UNRESOLVED: gcc.dg/vect/slp-cond-2.c -flto scan-tree-dump-times vect "vectorizing stmts using SLP" 3
UNRESOLVED: gcc.dg/vect/slp-cond-3.c -flto scan-tree-dump-times vect "vectorizing stmts using SLP" 1
UNRESOLVED: gcc.dg/vect/slp-cond-4.c -flto scan-tree-dump-times vect "vectorizing stmts using SLP" 1
UNRESOLVED: gcc.dg/vect/slp-multitypes-1.c -flto scan-tree-dump-times vect "vectorized 1 loops" 1
UNRESOLVED: gcc.dg/vect/slp-multitypes-1.c -flto scan-tree-dump-times vect "vectorizing stmts using SLP" 2
UNRESOLVED: gcc.dg/vect/slp-multitypes-10.c -flto scan-tree-dump-times vect "vectorized 1 loops" 1
UNRESOLVED: gcc.dg/vect/slp-multitypes-10.c -flto scan-tree-dump-times vect "vectorizing stmts using SLP" 1
UNRESOLVED: gcc.dg/vect/slp-multitypes-11-big-array.c -flto scan-tree-dump-times vect "vectorized 1 loops" 1
UNRESOLVED: gcc.dg/vect/slp-multitypes-11-big-array.c -flto scan-tree-dump-times vect "vectorizing stmts using SLP" 1
UNRESOLVED: gcc.dg/vect/slp-multitypes-11.c -flto scan-tree-dump-times vect "vectorized 1 loops" 1
UNRESOLVED: gcc.dg/vect/slp-multitypes-11.c -flto scan-tree-dump-times vect "vectorizing stmts using SLP" 1
UNRESOLVED: gcc.dg/vect/slp-multitypes-12.c -flto scan-tree-dump-times vect "vectorized 1 loops" 1
UNRESOLVED: gcc.dg/vect/slp-multitypes-12.c -flto scan-tree-dump-times vect "vectorizing stmts using SLP" 3
UNRESOLVED: gcc.dg/vect/slp-multitypes-2.c -flto scan-tree-dump-times vect "vectorized 1 loops" 1
UNRESOLVED: gcc.dg/vect/slp-multitypes-2.c -flto scan-tree-dump-times vect "vectorizing stmts using SLP" 2
UNRESOLVED: gcc.dg/vect/slp-multitypes-3.c -flto scan-tree-dump-times vect "vectorized 1 loops" 1
UNRESOLVED: gcc.dg/vect/slp-multitypes-3.c -flto scan-tree-dump-times vect "vectorizing stmts using SLP" 2
UNRESOLVED: gcc.dg/vect/slp-multitypes-4.c -flto scan-tree-dump-times vect "vectorized 1 loops" 1
UNRESOLVED: gcc.dg/vect/slp-multitypes-4.c -flto scan-tree-dump-times vect "vectorizing stmts using SLP" 1
UNRESOLVED: gcc.dg/vect/slp-multitypes-5.c -flto scan-tree-dump-times vect "vectorized 1 loops" 1
UNRESOLVED: gcc.dg/vect/slp-multitypes-5.c -flto scan-tree-dump-times vect "vectorizing stmts using SLP" 1
UNRESOLVED: gcc.dg/vect/slp-multitypes-6.c -flto scan-tree-dump-times vect "vectorized 1 loops" 1
UNRESOLVED: gcc.dg/vect/slp-multitypes-6.c -flto scan-tree-dump-times vect "vectorizing stmts using SLP" 1
UNRESOLVED: gcc.dg/vect/slp-multitypes-7.c -flto scan-tree-dump-times vect "vectorized 1 loops" 1
UNRESOLVED: gcc.dg/vect/slp-multitypes-7.c -flto scan-tree-dump-times vect "vectorizing stmts using SLP" 1
UNRESOLVED: gcc.dg/vect/slp-multitypes-8.c -flto scan-tree-dump-times vect "vectorized 1 loops" 1
UNRESOLVED: gcc.dg/vect/slp-multitypes-8.c -flto scan-tree-dump-times vect "vectorizing stmts using SLP" 1
UNRESOLVED: gcc.dg/vect/slp-multitypes-9.c -flto scan-tree-dump-times vect "vectorized 1 loops" 1
UNRESOLVED: gcc.dg/vect/slp-multitypes-9.c -flto scan-tree-dump-times vect "vectorizing stmts using SLP" 1
UNRESOLVED: gcc.dg/vect/slp-perm-1.c -flto scan-tree-dump-times vect "vectorized 1 loops" 1
UNRESOLVED: gcc.dg/vect/slp-perm-1.c -flto scan-tree-dump-times vect "vectorizing stmts using SLP" 1
UNRESOLVED: gcc.dg/vect/slp-perm-2.c -flto scan-tree-dump-times vect "vectorized 1 loops" 1
UNRESOLVED: gcc.dg/vect/slp-perm-2.c -flto scan-tree-dump-times vect "vectorizing stmts using SLP" 1
UNRESOLVED: gcc.dg/vect/slp-perm-3.c -flto scan-tree-dump-times vect "vectorized 1 loops" 1
UNRESOLVED: gcc.dg/vect/slp-perm-3.c -flto scan-tree-dump-times vect "vectorizing stmts using SLP" 1
UNRESOLVED: gcc.dg/vect/slp-perm-4.c -flto scan-tree-dump-times vect "vectorized 1 loops" 0
UNRESOLVED: gcc.dg/vect/slp-perm-4.c -flto scan-tree-dump vect "permutation requires at least three vectors"
UNRESOLVED: gcc.dg/vect/slp-perm-4.c -flto scan-tree-dump-times vect "vectorizing stmts using SLP" 0
UNRESOLVED: gcc.dg/vect/slp-perm-5.c -flto scan-tree-dump-times vect "vectorized 1 loops" 1
UNRESOLVED: gcc.dg/vect/slp-perm-5.c -flto scan-tree-dump-times vect "vectorizing stmts using SLP" 2
UNRESOLVED: gcc.dg/vect/slp-perm-6.c -flto scan-tree-dump-times vect "vectorized 1 loops" 1
UNRESOLVED: gcc.dg/vect/slp-perm-6.c -flto scan-tree-dump-times vect "vectorizing stmts using SLP" 2
UNRESOLVED: gcc.dg/vect/slp-perm-7.c -flto scan-tree-dump-times vect "vectorized 1 loops" 1
UNRESOLVED: gcc.dg/vect/slp-perm-7.c -flto scan-tree-dump-times vect "vectorizing stmts using SLP" 1
UNRESOLVED: gcc.dg/vect/slp-perm-9.c -flto scan-tree-dump-times vect "vectorized 1 loops" 1
UNRESOLVED: gcc.dg/vect/slp-perm-9.c -flto scan-tree-dump-times vect "vectorizing stmts using SLP" 0
UNRESOLVED: gcc.dg/vect/slp-reduc-1.c -flto scan-tree-dump-times vect "vectorized 1 loops" 1
UNRESOLVED: gcc.dg/vect/slp-reduc-1.c -flto scan-tree-dump-times vect "vectorizing stmts using SLP" 1
UNRESOLVED: gcc.dg/vect/slp-reduc-2.c -flto scan-tree-dump-times vect "vectorized 1 loops" 1
UNRESOLVED: gcc.dg/vect/slp-reduc-2.c -flto scan-tree-dump-times vect "vectorizing stmts using SLP" 1
UNRESOLVED: gcc.dg/vect/slp-reduc-3.c -flto scan-tree-dump-times vect "vect_recog_dot_prod_pattern: detected" 1
UNRESOLVED: gcc.dg/vect/slp-reduc-3.c -flto scan-tree-dump-times vect "vectorized 1 loops" 2
UNRESOLVED: gcc.dg/vect/slp-reduc-3.c -flto scan-tree-dump-times vect "vectorizing stmts using SLP" 1
UNRESOLVED: gcc.dg/vect/slp-reduc-4.c -flto scan-tree-dump-times vect "vectorized 1 loops" 1
UNRESOLVED: gcc.dg/vect/slp-reduc-4.c -flto scan-tree-dump-times vect "vectorizing stmts using SLP" 1
UNRESOLVED: gcc.dg/vect/slp-reduc-5.c -flto scan-tree-dump-times vect "vectorized 1 loops" 2
UNRESOLVED: gcc.dg/vect/slp-reduc-5.c -flto scan-tree-dump-times vect "vectorizing stmts using SLP" 1
UNRESOLVED: gcc.dg/vect/slp-reduc-6.c -flto scan-tree-dump-times vect "vectorized 1 loops" 2
UNRESOLVED: gcc.dg/vect/slp-reduc-6.c -flto scan-tree-dump-times vect "vectorizing stmts using SLP" 0
UNRESOLVED: gcc.dg/vect/slp-reduc-6.c -flto scan-tree-dump-times vect "different interleaving chains in one node" 1
UNRESOLVED: gcc.dg/vect/slp-widen-mult-half.c -flto scan-tree-dump-times vect "vectorized 1 loops" 1
UNRESOLVED: gcc.dg/vect/slp-widen-mult-half.c -flto scan-tree-dump-times vect "vectorizing stmts using SLP" 2
UNRESOLVED: gcc.dg/vect/slp-widen-mult-half.c -flto scan-tree-dump-times vect "vect_recog_widen_mult_pattern: detected" 2
UNRESOLVED: gcc.dg/vect/slp-widen-mult-half.c -flto scan-tree-dump-times vect "pattern recognized" 2
UNRESOLVED: gcc.dg/vect/slp-widen-mult-s16.c -flto scan-tree-dump-times vect "vectorized 1 loops" 1
UNRESOLVED: gcc.dg/vect/slp-widen-mult-s16.c -flto scan-tree-dump-times vect "vectorizing stmts using SLP" 1
UNRESOLVED: gcc.dg/vect/slp-widen-mult-u8.c -flto scan-tree-dump-times vect "vectorized 1 loops" 1
UNRESOLVED: gcc.dg/vect/slp-widen-mult-u8.c -flto scan-tree-dump-times vect "vectorizing stmts using SLP" 1
UNRESOLVED: gcc.dg/vect/bb-slp-1.c -flto scan-tree-dump-times slp "basic block vectorized" 1
UNRESOLVED: gcc.dg/vect/bb-slp-10.c -flto scan-tree-dump-times slp "unsupported alignment in basic block." 1
UNRESOLVED: gcc.dg/vect/bb-slp-10.c -flto scan-tree-dump-times slp "basic block vectorized" 1
UNRESOLVED: gcc.dg/vect/bb-slp-13.c -flto scan-tree-dump-times slp "basic block vectorized" 1
UNRESOLVED: gcc.dg/vect/bb-slp-14.c -flto scan-tree-dump-times slp "basic block vectorized" 0
UNRESOLVED: gcc.dg/vect/bb-slp-15.c -flto scan-tree-dump-times slp "basic block vectorized" 1
UNRESOLVED: gcc.dg/vect/bb-slp-16.c -flto scan-tree-dump-times slp "basic block vectorized" 1
UNRESOLVED: gcc.dg/vect/bb-slp-17.c -flto scan-tree-dump-times slp "basic block vectorized" 1
UNRESOLVED: gcc.dg/vect/bb-slp-18.c -flto scan-tree-dump-times slp "basic block vectorized" 1
UNRESOLVED: gcc.dg/vect/bb-slp-19.c -flto scan-tree-dump-times slp "basic block vectorized" 1
UNRESOLVED: gcc.dg/vect/bb-slp-2.c -flto scan-tree-dump-times slp "basic block vectorized" 1
UNRESOLVED: gcc.dg/vect/bb-slp-20.c -flto scan-tree-dump-times slp "basic block vectorized" 1
UNRESOLVED: gcc.dg/vect/bb-slp-20.c -flto scan-tree-dump-times slp "vectorizing stmts using SLP" 2
UNRESOLVED: gcc.dg/vect/bb-slp-21.c -flto scan-tree-dump-times slp "basic block vectorized" 1
UNRESOLVED: gcc.dg/vect/bb-slp-21.c -flto scan-tree-dump-times slp "vectorizing stmts using SLP" 2
UNRESOLVED: gcc.dg/vect/bb-slp-22.c -flto scan-tree-dump-times slp "basic block vectorized" 2
UNRESOLVED: gcc.dg/vect/bb-slp-23.c -flto scan-tree-dump-times slp "basic block vectorized" 1
UNRESOLVED: gcc.dg/vect/bb-slp-24.c -flto scan-tree-dump-times slp "basic block vectorized" 1
UNRESOLVED: gcc.dg/vect/bb-slp-25.c -flto scan-tree-dump-times slp "basic block vectorized" 1
UNRESOLVED: gcc.dg/vect/bb-slp-27.c -flto scan-tree-dump-times slp "basic block vectorized" 1
UNRESOLVED: gcc.dg/vect/bb-slp-28.c -flto scan-tree-dump-times slp "basic block vectorized" 1
UNRESOLVED: gcc.dg/vect/bb-slp-29.c -flto scan-tree-dump-times slp "basic block vectorized" 1
UNRESOLVED: gcc.dg/vect/bb-slp-3.c -flto scan-tree-dump-times slp "basic block vectorized" 1
UNRESOLVED: gcc.dg/vect/bb-slp-30.c -flto scan-tree-dump-times slp "basic block vectorized" 1
UNRESOLVED: gcc.dg/vect/bb-slp-31.c -flto scan-tree-dump slp "basic block vectorized"
UNRESOLVED: gcc.dg/vect/bb-slp-32.c -flto scan-tree-dump slp "vectorization is not profitable"
UNRESOLVED: gcc.dg/vect/bb-slp-4.c -flto scan-tree-dump-times slp "basic block vectorized" 0
UNRESOLVED: gcc.dg/vect/bb-slp-5.c -flto scan-tree-dump-times slp "basic block vectorized" 1
UNRESOLVED: gcc.dg/vect/bb-slp-6.c -flto scan-tree-dump-times slp "basic block vectorized" 1
UNRESOLVED: gcc.dg/vect/bb-slp-7.c -flto scan-tree-dump-times slp "basic block vectorized" 0
UNRESOLVED: gcc.dg/vect/bb-slp-8.c -flto scan-tree-dump-times slp "basic block vectorized" 1
UNRESOLVED: gcc.dg/vect/bb-slp-8a.c -flto scan-tree-dump-times slp "basic block vectorized" 0
UNRESOLVED: gcc.dg/vect/bb-slp-8b.c -flto scan-tree-dump-times slp "basic block vectorized" 1
UNRESOLVED: gcc.dg/vect/bb-slp-9.c -flto scan-tree-dump-times slp "basic block vectorized" 1
UNRESOLVED: gcc.dg/vect/bb-slp-cond-1.c -flto scan-tree-dump-times slp "basic block vectorized" 1
UNRESOLVED: gcc.dg/vect/bb-slp-pattern-1.c -flto scan-tree-dump-times slp "vectorizing stmts using SLP" 1
UNRESOLVED: gcc.dg/vect/bb-slp-pattern-1.c -flto scan-tree-dump-times slp "vect_recog_widen_mult_pattern: detected" 8
UNRESOLVED: gcc.dg/vect/bb-slp-pattern-1.c -flto scan-tree-dump-times slp "pattern recognized" 8
UNRESOLVED: gcc.dg/vect/bb-slp-pattern-2.c -flto scan-tree-dump-times slp "basic block vectorized" 1
=== gcc Summary for unix/-m32 ===
# of expected passes 49114
# of unexpected failures 42
# of unexpected successes 37
# of expected failures 146
# of unresolved testcases 768
# of unsupported tests 747
=== gcc Summary ===
# of expected passes 154762
# of unexpected failures 80
# of unexpected successes 78
# of expected failures 390
# of unresolved testcases 1545
# of unsupported tests 2383
/export/gnu/import/git/gcc-test-intel64/bld/gcc/xgcc version 4.9.0 20131120 (experimental) [trunk revision 205144] (GCC)
=== gfortran tests ===
Running target unix
FAIL: gfortran.dg/lto/pr45586-2 f_lto_pr45586-2_0.o-f_lto_pr45586-2_0.o link, -O0 -flto -flto-partition=none -fuse-linker-plugin (internal compiler error)
UNRESOLVED: gfortran.dg/lto/pr45586-2 f_lto_pr45586-2_0.o-f_lto_pr45586-2_0.o execute -O0 -flto -flto-partition=none -fuse-linker-plugin
FAIL: gfortran.dg/lto/pr45586-2 f_lto_pr45586-2_0.o-f_lto_pr45586-2_0.o link, -O0 -flto -flto-partition=1to1 -fno-use-linker-plugin (internal compiler error)
UNRESOLVED: gfortran.dg/lto/pr45586-2 f_lto_pr45586-2_0.o-f_lto_pr45586-2_0.o execute -O0 -flto -flto-partition=1to1 -fno-use-linker-plugin
FAIL: gfortran.dg/lto/pr45586-2 f_lto_pr45586-2_0.o-f_lto_pr45586-2_0.o link, -O0 -flto -fuse-linker-plugin -fno-fat-lto-objects (internal compiler error)
UNRESOLVED: gfortran.dg/lto/pr45586-2 f_lto_pr45586-2_0.o-f_lto_pr45586-2_0.o execute -O0 -flto -fuse-linker-plugin -fno-fat-lto-objects
FAIL: gfortran.dg/lto/pr45586 f_lto_pr45586_0.o-f_lto_pr45586_0.o link, -O0 -flto -flto-partition=none -fuse-linker-plugin (internal compiler error)
UNRESOLVED: gfortran.dg/lto/pr45586 f_lto_pr45586_0.o-f_lto_pr45586_0.o execute -O0 -flto -flto-partition=none -fuse-linker-plugin
FAIL: gfortran.dg/lto/pr45586 f_lto_pr45586_0.o-f_lto_pr45586_0.o link, -O0 -flto -flto-partition=1to1 -fno-use-linker-plugin (internal compiler error)
UNRESOLVED: gfortran.dg/lto/pr45586 f_lto_pr45586_0.o-f_lto_pr45586_0.o execute -O0 -flto -flto-partition=1to1 -fno-use-linker-plugin
FAIL: gfortran.dg/lto/pr45586 f_lto_pr45586_0.o-f_lto_pr45586_0.o link, -O0 -flto -fuse-linker-plugin -fno-fat-lto-objects (internal compiler error)
UNRESOLVED: gfortran.dg/lto/pr45586 f_lto_pr45586_0.o-f_lto_pr45586_0.o execute -O0 -flto -fuse-linker-plugin -fno-fat-lto-objects
=== gfortran Summary for unix ===
# of expected passes 43548
# of expected failures 35
# of unsupported tests 38
Running target unix/-m32
FAIL: gfortran.dg/class_48.f90 -O2 (test for excess errors)
FAIL: gfortran.dg/class_48.f90 -Os (test for excess errors)
FAIL: gfortran.dg/lto/pr45586-2 f_lto_pr45586-2_0.o-f_lto_pr45586-2_0.o link, -O0 -flto -flto-partition=none -fuse-linker-plugin (internal compiler error)
UNRESOLVED: gfortran.dg/lto/pr45586-2 f_lto_pr45586-2_0.o-f_lto_pr45586-2_0.o execute -O0 -flto -flto-partition=none -fuse-linker-plugin
FAIL: gfortran.dg/lto/pr45586-2 f_lto_pr45586-2_0.o-f_lto_pr45586-2_0.o link, -O0 -flto -flto-partition=1to1 -fno-use-linker-plugin (internal compiler error)
UNRESOLVED: gfortran.dg/lto/pr45586-2 f_lto_pr45586-2_0.o-f_lto_pr45586-2_0.o execute -O0 -flto -flto-partition=1to1 -fno-use-linker-plugin
FAIL: gfortran.dg/lto/pr45586-2 f_lto_pr45586-2_0.o-f_lto_pr45586-2_0.o link, -O0 -flto -fuse-linker-plugin -fno-fat-lto-objects (internal compiler error)
UNRESOLVED: gfortran.dg/lto/pr45586-2 f_lto_pr45586-2_0.o-f_lto_pr45586-2_0.o execute -O0 -flto -fuse-linker-plugin -fno-fat-lto-objects
FAIL: gfortran.dg/lto/pr45586 f_lto_pr45586_0.o-f_lto_pr45586_0.o link, -O0 -flto -flto-partition=none -fuse-linker-plugin (internal compiler error)
UNRESOLVED: gfortran.dg/lto/pr45586 f_lto_pr45586_0.o-f_lto_pr45586_0.o execute -O0 -flto -flto-partition=none -fuse-linker-plugin
FAIL: gfortran.dg/lto/pr45586 f_lto_pr45586_0.o-f_lto_pr45586_0.o link, -O0 -flto -flto-partition=1to1 -fno-use-linker-plugin (internal compiler error)
UNRESOLVED: gfortran.dg/lto/pr45586 f_lto_pr45586_0.o-f_lto_pr45586_0.o execute -O0 -flto -flto-partition=1to1 -fno-use-linker-plugin
FAIL: gfortran.dg/lto/pr45586 f_lto_pr45586_0.o-f_lto_pr45586_0.o link, -O0 -flto -fuse-linker-plugin -fno-fat-lto-objects (internal compiler error)
UNRESOLVED: gfortran.dg/lto/pr45586 f_lto_pr45586_0.o-f_lto_pr45586_0.o execute -O0 -flto -fuse-linker-plugin -fno-fat-lto-objects
=== gfortran Summary for unix/-m32 ===
# of expected passes 43256
# of unexpected failures 2
# of expected failures 35
# of unsupported tests 179
=== gfortran Summary ===
# of expected passes 86804
# of unexpected failures 2
# of expected failures 70
# of unsupported tests 217
/export/gnu/import/git/gcc-test-intel64/bld/gcc/testsuite/gfortran/../../gfortran version 4.9.0 20131120 (experimental) [trunk revision 205144] (GCC)
=== g++ tests ===
Running target unix
FAIL: g++.dg/guality/pr55665.C -O2 line 23 p == 40
FAIL: g++.dg/guality/pr55665.C -O3 -fomit-frame-pointer line 23 p == 40
FAIL: g++.dg/guality/pr55665.C -O3 -g line 23 p == 40
=== g++ Summary for unix ===
# of expected passes 46227
# of expected failures 284
# of unsupported tests 699
Running target unix/-m32
FAIL: g++.dg/guality/pr55665.C -O2 line 23 p == 40
FAIL: g++.dg/guality/pr55665.C -O3 -fomit-frame-pointer line 23 p == 40
FAIL: g++.dg/guality/pr55665.C -O3 -g line 23 p == 40
=== g++ Summary for unix/-m32 ===
# of expected passes 45152
# of expected failures 284
# of unsupported tests 628
=== g++ Summary ===
# of expected passes 91379
# of expected failures 568
# of unsupported tests 1327
/export/gnu/import/git/gcc-test-intel64/bld/gcc/testsuite/g++/../../xg++ version 4.9.0 20131120 (experimental) [trunk revision 205144] (GCC)
=== objc tests ===
Running target unix
=== objc Summary for unix ===
# of expected passes 1304
# of expected failures 6
Running target unix/-m32
=== objc Summary for unix/-m32 ===
# of expected passes 1304
# of expected failures 6
=== objc Summary ===
# of expected passes 2608
# of expected failures 12
/export/gnu/import/git/gcc-test-intel64/bld/gcc/xgcc version 4.9.0 20131120 (experimental) [trunk revision 205144] (GCC)
=== boehm-gc tests ===
Running target unix/-m32
=== boehm-gc Summary for unix/-m32 ===
# of expected passes 4
Running target unix
=== boehm-gc Summary for unix ===
# of expected passes 4
=== boehm-gc Summary ===
# of expected passes 24
# of unsupported tests 2
=== libatomic tests ===
Running target unix/-m32
=== libatomic Summary for unix/-m32 ===
# of expected passes 44
# of unsupported tests 5
Running target unix
=== libatomic Summary for unix ===
# of expected passes 54
=== libatomic Summary ===
# of expected passes 98
# of unsupported tests 5
=== libffi tests ===
Running target unix/-m32
=== libffi Summary for unix/-m32 ===
# of expected passes 24
Running target unix
=== libffi Summary for unix ===
# of expected passes 24
=== libffi Summary ===
# of expected passes 3638
# of unsupported tests 110
=== libgomp tests ===
Running target unix/-m32
=== libgomp Summary for unix/-m32 ===
Running target unix
=== libgomp Summary for unix ===
=== libgomp Summary ===
# of expected passes 4686
=== libitm tests ===
Running target unix/-m32
=== libitm Summary for unix/-m32 ===
# of expected passes 4
# of expected failures 1
# of unsupported tests 1
Running target unix
=== libitm Summary for unix ===
# of expected passes 4
# of expected failures 1
# of unsupported tests 1
=== libitm Summary ===
# of expected passes 52
# of expected failures 6
# of unsupported tests 2
=== libjava tests ===
Running target unix/-m32
FAIL: sourcelocation output - source compiled test
FAIL: sourcelocation -findirect-dispatch output - source compiled test
FAIL: sourcelocation -O3 output - source compiled test
FAIL: sourcelocation -O3 -findirect-dispatch output - source compiled test
=== libjava Summary for unix/-m32 ===
Running target unix
FAIL: sourcelocation output - source compiled test
FAIL: sourcelocation -findirect-dispatch output - source compiled test
FAIL: sourcelocation -O3 output - source compiled test
FAIL: sourcelocation -O3 -findirect-dispatch output - source compiled test
=== libjava Summary for unix ===
=== libjava Summary ===
# of expected passes 5164
# of unexpected failures 8
=== libstdc++ tests ===
Running target unix
=== libstdc++ Summary for unix ===
# of expected passes 9961
# of expected failures 40
# of unsupported tests 221
Running target unix/-m32
FAIL: 30_threads/async/async.cc execution test
=== libstdc++ Summary for unix/-m32 ===
# of expected passes 9968
# of unexpected failures 1
# of expected failures 40
# of unsupported tests 217
=== libstdc++ Summary ===
# of expected passes 19929
# of unexpected failures 1
# of expected failures 80
# of unsupported tests 438
Compiler version: 4.9.0 20131120 (experimental) [trunk revision 205144] (GCC)
Platform: x86_64-unknown-linux-gnu
configure flags: --prefix=/usr/4.9.0 --enable-clocale=gnu --with-system-zlib --enable-shared --with-demangler-in-ld --with-fpmath=sse --enable-languages=c,c++,fortran,java,lto,objc