This is the mail archive of the
gcc-testresults@gcc.gnu.org
mailing list for the GCC project.
Results for 4.9.0 20131115 (experimental) [trunk revision 204842] (GCC) testsuite on sparc-sun-solaris2.9
- From: Rainer Orth <ro at CeBiTec dot Uni-Bielefeld dot DE>
- To: gcc-testresults at gcc dot gnu dot org
- Date: Mon, 18 Nov 2013 10:54:50 +0100 (MET)
- Subject: Results for 4.9.0 20131115 (experimental) [trunk revision 204842] (GCC) testsuite on sparc-sun-solaris2.9
- Authentication-results: sourceware.org; auth=none
LAST_UPDATED: Fri Nov 15 14:39:55 UTC 2013 (revision 204842)
=== acats tests ===
FAIL: c52102c
=== acats Summary ===
# of expected passes 2319
# of unexpected failures 1
Native configuration is sparc-sun-solaris2.9
=== g++ tests ===
Running target unix
FAIL: g++.dg/warn/Wunused-3.C -std=gnu++98 (test for excess errors)
FAIL: g++.dg/warn/Wunused-3.C -std=gnu++11 (test for excess errors)
FAIL: g++.dg/torture/pr31863.C -O2 -flto (test for excess errors)
=== g++ Summary for unix ===
# of expected passes 53911
# of unexpected failures 3
# of expected failures 294
# of unsupported tests 1261
Running target unix/-m64
FAIL: g++.dg/warn/Wunused-3.C -std=gnu++98 (test for excess errors)
FAIL: g++.dg/warn/Wunused-3.C -std=gnu++11 (test for excess errors)
FAIL: g++.dg/torture/pr31863.C -O2 -flto (test for excess errors)
=== g++ Summary for unix/-m64 ===
# of expected passes 55149
# of unexpected failures 3
# of expected failures 294
# of unsupported tests 1251
=== g++ Summary ===
# of expected passes 109060
# of unexpected failures 6
# of expected failures 588
# of unsupported tests 2512
/var/gcc/regression/trunk/9-gcc/build/gcc/testsuite/g++/../../xg++ version 4.9.0 20131115 (experimental) [trunk revision 204842] (GCC)
=== gcc tests ===
Running target unix
FAIL: gcc.dg/atomic/c11-atomic-exec-1.c -O2 -flto (test for excess errors)
WARNING: program timed out.
FAIL: gcc.dg/atomic/c11-atomic-exec-2.c -O3 -fomit-frame-pointer -funroll-loops (test for excess errors)
WARNING: gcc.dg/atomic/c11-atomic-exec-2.c -O3 -fomit-frame-pointer -funroll-loops compilation failed to produce executable
WARNING: program timed out.
FAIL: gcc.dg/atomic/c11-atomic-exec-2.c -O3 -fomit-frame-pointer -funroll-all-loops -finline-functions (test for excess errors)
WARNING: gcc.dg/atomic/c11-atomic-exec-2.c -O3 -fomit-frame-pointer -funroll-all-loops -finline-functions compilation failed to produce executable
WARNING: program timed out.
FAIL: gcc.dg/atomic/c11-atomic-exec-2.c -O3 -g (test for excess errors)
WARNING: gcc.dg/atomic/c11-atomic-exec-2.c -O3 -g compilation failed to produce executable
WARNING: program timed out.
FAIL: gcc.dg/atomic/c11-atomic-exec-2.c -O2 -flto -flto-partition=none (test for excess errors)
WARNING: program timed out.
FAIL: gcc.dg/atomic/c11-atomic-exec-2.c -O2 -flto (test for excess errors)
WARNING: program timed out.
FAIL: gcc.dg/atomic/c11-atomic-exec-3.c -O3 -fomit-frame-pointer -funroll-loops (test for excess errors)
WARNING: gcc.dg/atomic/c11-atomic-exec-3.c -O3 -fomit-frame-pointer -funroll-loops compilation failed to produce executable
WARNING: program timed out.
FAIL: gcc.dg/atomic/c11-atomic-exec-3.c -O3 -fomit-frame-pointer -funroll-all-loops -finline-functions (test for excess errors)
WARNING: gcc.dg/atomic/c11-atomic-exec-3.c -O3 -fomit-frame-pointer -funroll-all-loops -finline-functions compilation failed to produce executable
WARNING: program timed out.
FAIL: gcc.dg/atomic/c11-atomic-exec-3.c -O3 -g (test for excess errors)
WARNING: gcc.dg/atomic/c11-atomic-exec-3.c -O3 -g compilation failed to produce executable
FAIL: gcc.dg/atomic/c11-atomic-exec-3.c -O2 -flto (test for excess errors)
FAIL: gcc.dg/atomic/c11-atomic-exec-4.c -O2 -flto (test for excess errors)
XPASS: gcc.dg/binop-xor1.c scan-tree-dump-times optimized "\\\\^" 1
FAIL: gcc.dg/uninit-pred-8_b.c bogus warning (test for bogus messages, line 20)
FAIL: gcc.dg/uninit-pred-9_b.c bogus warning (test for bogus messages, line 24)
FAIL: gcc.dg/simulate-thread/atomic-other-int.c -O0 -g thread simulation test
FAIL: gcc.dg/simulate-thread/atomic-other-int.c -O2 -g thread simulation test
FAIL: gcc.dg/simulate-thread/atomic-other-int.c -O3 -g thread simulation test
FAIL: gcc.dg/simulate-thread/speculative-store-4.c -O0 -g thread simulation test
FAIL: gcc.dg/simulate-thread/speculative-store-4.c -O2 -g thread simulation test
FAIL: gcc.dg/simulate-thread/speculative-store-4.c -O3 -g thread simulation test
FAIL: gcc.dg/simulate-thread/speculative-store.c -O0 -g thread simulation test
FAIL: gcc.dg/vect/pr58508.c scan-tree-dump-times vect "hoist" 8
FAIL: gcc.dg/vect/vect-reduc-pattern-3.c scan-tree-dump-times vect "vectorized 1 loops" 1
FAIL: gcc.dg/vect/pr58508.c -flto scan-tree-dump-times vect "hoist" 8
FAIL: gcc.dg/vect/vect-reduc-pattern-3.c -flto scan-tree-dump-times vect "vectorized 1 loops" 1
=== gcc Summary for unix ===
# of expected passes 87348
# of unexpected failures 24
# of unexpected successes 1
# of expected failures 317
# of unsupported tests 1905
Running target unix/-m64
FAIL: gcc.dg/atomic/c11-atomic-exec-1.c -O0 execution test
FAIL: gcc.dg/atomic/c11-atomic-exec-1.c -O1 execution test
FAIL: gcc.dg/atomic/c11-atomic-exec-1.c -O2 execution test
FAIL: gcc.dg/atomic/c11-atomic-exec-1.c -O3 -fomit-frame-pointer execution test
FAIL: gcc.dg/atomic/c11-atomic-exec-1.c -O3 -fomit-frame-pointer -funroll-loops execution test
FAIL: gcc.dg/atomic/c11-atomic-exec-1.c -O3 -fomit-frame-pointer -funroll-all-loops -finline-functions execution test
FAIL: gcc.dg/atomic/c11-atomic-exec-1.c -O3 -g execution test
FAIL: gcc.dg/atomic/c11-atomic-exec-1.c -Os execution test
FAIL: gcc.dg/atomic/c11-atomic-exec-1.c -O2 -flto -flto-partition=none execution test
FAIL: gcc.dg/atomic/c11-atomic-exec-1.c -O2 -flto (test for excess errors)
FAIL: gcc.dg/atomic/c11-atomic-exec-1.c -O2 -flto execution test
FAIL: gcc.dg/atomic/c11-atomic-exec-2.c -O0 execution test
FAIL: gcc.dg/atomic/c11-atomic-exec-2.c -O1 execution test
FAIL: gcc.dg/atomic/c11-atomic-exec-2.c -O2 execution test
FAIL: gcc.dg/atomic/c11-atomic-exec-2.c -O3 -fomit-frame-pointer execution test
FAIL: gcc.dg/atomic/c11-atomic-exec-2.c -O3 -fomit-frame-pointer -funroll-loops execution test
FAIL: gcc.dg/atomic/c11-atomic-exec-2.c -O3 -fomit-frame-pointer -funroll-all-loops -finline-functions execution test
FAIL: gcc.dg/atomic/c11-atomic-exec-2.c -O3 -g execution test
FAIL: gcc.dg/atomic/c11-atomic-exec-2.c -Os execution test
FAIL: gcc.dg/atomic/c11-atomic-exec-2.c -O2 -flto -flto-partition=none execution test
FAIL: gcc.dg/atomic/c11-atomic-exec-2.c -O2 -flto (test for excess errors)
FAIL: gcc.dg/atomic/c11-atomic-exec-2.c -O2 -flto execution test
FAIL: gcc.dg/atomic/c11-atomic-exec-3.c -O0 execution test
FAIL: gcc.dg/atomic/c11-atomic-exec-3.c -O1 execution test
FAIL: gcc.dg/atomic/c11-atomic-exec-3.c -O2 execution test
FAIL: gcc.dg/atomic/c11-atomic-exec-3.c -O3 -fomit-frame-pointer execution test
FAIL: gcc.dg/atomic/c11-atomic-exec-3.c -O3 -fomit-frame-pointer -funroll-loops execution test
WARNING: program timed out.
FAIL: gcc.dg/atomic/c11-atomic-exec-3.c -O3 -fomit-frame-pointer -funroll-all-loops -finline-functions (test for excess errors)
WARNING: gcc.dg/atomic/c11-atomic-exec-3.c -O3 -fomit-frame-pointer -funroll-all-loops -finline-functions compilation failed to produce executable
WARNING: program timed out.
FAIL: gcc.dg/atomic/c11-atomic-exec-3.c -O3 -g (test for excess errors)
WARNING: gcc.dg/atomic/c11-atomic-exec-3.c -O3 -g compilation failed to produce executable
FAIL: gcc.dg/atomic/c11-atomic-exec-3.c -Os execution test
FAIL: gcc.dg/atomic/c11-atomic-exec-3.c -O2 -flto -flto-partition=none execution test
FAIL: gcc.dg/atomic/c11-atomic-exec-3.c -O2 -flto (test for excess errors)
FAIL: gcc.dg/atomic/c11-atomic-exec-3.c -O2 -flto execution test
FAIL: gcc.dg/atomic/c11-atomic-exec-4.c -O0 execution test
FAIL: gcc.dg/atomic/c11-atomic-exec-4.c -O1 execution test
FAIL: gcc.dg/atomic/c11-atomic-exec-4.c -O2 execution test
FAIL: gcc.dg/atomic/c11-atomic-exec-4.c -O3 -fomit-frame-pointer execution test
FAIL: gcc.dg/atomic/c11-atomic-exec-4.c -O3 -fomit-frame-pointer -funroll-loops execution test
FAIL: gcc.dg/atomic/c11-atomic-exec-4.c -O3 -fomit-frame-pointer -funroll-all-loops -finline-functions execution test
FAIL: gcc.dg/atomic/c11-atomic-exec-4.c -O3 -g execution test
FAIL: gcc.dg/atomic/c11-atomic-exec-4.c -Os execution test
FAIL: gcc.dg/atomic/c11-atomic-exec-4.c -O2 -flto -flto-partition=none execution test
FAIL: gcc.dg/atomic/c11-atomic-exec-4.c -O2 -flto (test for excess errors)
FAIL: gcc.dg/atomic/c11-atomic-exec-4.c -O2 -flto execution test
FAIL: gcc.dg/atomic/stdatomic-compare-exchange-1.c -O0 execution test
FAIL: gcc.dg/atomic/stdatomic-compare-exchange-1.c -O1 execution test
FAIL: gcc.dg/atomic/stdatomic-compare-exchange-1.c -O2 execution test
FAIL: gcc.dg/atomic/stdatomic-compare-exchange-1.c -O3 -fomit-frame-pointer execution test
FAIL: gcc.dg/atomic/stdatomic-compare-exchange-1.c -O3 -g execution test
FAIL: gcc.dg/atomic/stdatomic-compare-exchange-1.c -Os execution test
FAIL: gcc.dg/atomic/stdatomic-compare-exchange-1.c -O2 -flto -flto-partition=none execution test
FAIL: gcc.dg/atomic/stdatomic-compare-exchange-1.c -O2 -flto execution test
FAIL: gcc.dg/atomic/stdatomic-compare-exchange-2.c -O0 execution test
FAIL: gcc.dg/atomic/stdatomic-compare-exchange-2.c -O1 execution test
FAIL: gcc.dg/atomic/stdatomic-compare-exchange-2.c -O2 execution test
FAIL: gcc.dg/atomic/stdatomic-compare-exchange-2.c -O3 -fomit-frame-pointer execution test
FAIL: gcc.dg/atomic/stdatomic-compare-exchange-2.c -O3 -g execution test
FAIL: gcc.dg/atomic/stdatomic-compare-exchange-2.c -Os execution test
FAIL: gcc.dg/atomic/stdatomic-compare-exchange-2.c -O2 -flto -flto-partition=none execution test
FAIL: gcc.dg/atomic/stdatomic-compare-exchange-2.c -O2 -flto execution test
FAIL: gcc.dg/atomic/stdatomic-compare-exchange-3.c -O0 execution test
FAIL: gcc.dg/atomic/stdatomic-compare-exchange-3.c -O1 execution test
FAIL: gcc.dg/atomic/stdatomic-compare-exchange-3.c -O2 execution test
FAIL: gcc.dg/atomic/stdatomic-compare-exchange-3.c -O3 -fomit-frame-pointer execution test
FAIL: gcc.dg/atomic/stdatomic-compare-exchange-3.c -O3 -g execution test
FAIL: gcc.dg/atomic/stdatomic-compare-exchange-3.c -Os execution test
FAIL: gcc.dg/atomic/stdatomic-compare-exchange-3.c -O2 -flto -flto-partition=none execution test
FAIL: gcc.dg/atomic/stdatomic-compare-exchange-3.c -O2 -flto execution test
FAIL: gcc.dg/atomic/stdatomic-compare-exchange-4.c -O0 execution test
FAIL: gcc.dg/atomic/stdatomic-compare-exchange-4.c -O1 execution test
FAIL: gcc.dg/atomic/stdatomic-compare-exchange-4.c -O2 execution test
FAIL: gcc.dg/atomic/stdatomic-compare-exchange-4.c -O3 -fomit-frame-pointer execution test
FAIL: gcc.dg/atomic/stdatomic-compare-exchange-4.c -O3 -g execution test
FAIL: gcc.dg/atomic/stdatomic-compare-exchange-4.c -Os execution test
FAIL: gcc.dg/atomic/stdatomic-compare-exchange-4.c -O2 -flto -flto-partition=none execution test
FAIL: gcc.dg/atomic/stdatomic-compare-exchange-4.c -O2 -flto execution test
FAIL: gcc.dg/atomic/stdatomic-exchange-1.c -O0 execution test
FAIL: gcc.dg/atomic/stdatomic-exchange-1.c -O1 execution test
FAIL: gcc.dg/atomic/stdatomic-exchange-1.c -O2 execution test
FAIL: gcc.dg/atomic/stdatomic-exchange-1.c -O3 -fomit-frame-pointer execution test
FAIL: gcc.dg/atomic/stdatomic-exchange-1.c -O3 -g execution test
FAIL: gcc.dg/atomic/stdatomic-exchange-1.c -Os execution test
FAIL: gcc.dg/atomic/stdatomic-exchange-1.c -O2 -flto -flto-partition=none execution test
FAIL: gcc.dg/atomic/stdatomic-exchange-1.c -O2 -flto execution test
FAIL: gcc.dg/atomic/stdatomic-exchange-2.c -O0 execution test
FAIL: gcc.dg/atomic/stdatomic-exchange-2.c -O1 execution test
FAIL: gcc.dg/atomic/stdatomic-exchange-2.c -O2 execution test
FAIL: gcc.dg/atomic/stdatomic-exchange-2.c -O3 -fomit-frame-pointer execution test
FAIL: gcc.dg/atomic/stdatomic-exchange-2.c -O3 -g execution test
FAIL: gcc.dg/atomic/stdatomic-exchange-2.c -Os execution test
FAIL: gcc.dg/atomic/stdatomic-exchange-2.c -O2 -flto -flto-partition=none execution test
FAIL: gcc.dg/atomic/stdatomic-exchange-2.c -O2 -flto execution test
FAIL: gcc.dg/atomic/stdatomic-exchange-3.c -O0 execution test
FAIL: gcc.dg/atomic/stdatomic-exchange-3.c -O1 execution test
FAIL: gcc.dg/atomic/stdatomic-exchange-3.c -O2 execution test
FAIL: gcc.dg/atomic/stdatomic-exchange-3.c -O3 -fomit-frame-pointer execution test
FAIL: gcc.dg/atomic/stdatomic-exchange-3.c -O3 -g execution test
FAIL: gcc.dg/atomic/stdatomic-exchange-3.c -Os execution test
FAIL: gcc.dg/atomic/stdatomic-exchange-3.c -O2 -flto -flto-partition=none execution test
FAIL: gcc.dg/atomic/stdatomic-exchange-3.c -O2 -flto execution test
FAIL: gcc.dg/atomic/stdatomic-exchange-4.c -O0 execution test
FAIL: gcc.dg/atomic/stdatomic-exchange-4.c -O1 execution test
FAIL: gcc.dg/atomic/stdatomic-exchange-4.c -O2 execution test
FAIL: gcc.dg/atomic/stdatomic-exchange-4.c -O3 -fomit-frame-pointer execution test
FAIL: gcc.dg/atomic/stdatomic-exchange-4.c -O3 -g execution test
FAIL: gcc.dg/atomic/stdatomic-exchange-4.c -Os execution test
FAIL: gcc.dg/atomic/stdatomic-exchange-4.c -O2 -flto -flto-partition=none execution test
FAIL: gcc.dg/atomic/stdatomic-exchange-4.c -O2 -flto execution test
FAIL: gcc.dg/atomic/stdatomic-fence.c -O0 execution test
FAIL: gcc.dg/atomic/stdatomic-fence.c -O1 execution test
FAIL: gcc.dg/atomic/stdatomic-fence.c -O2 execution test
FAIL: gcc.dg/atomic/stdatomic-fence.c -O3 -fomit-frame-pointer execution test
FAIL: gcc.dg/atomic/stdatomic-fence.c -O3 -g execution test
FAIL: gcc.dg/atomic/stdatomic-fence.c -Os execution test
FAIL: gcc.dg/atomic/stdatomic-fence.c -O2 -flto -flto-partition=none execution test
FAIL: gcc.dg/atomic/stdatomic-fence.c -O2 -flto execution test
FAIL: gcc.dg/atomic/stdatomic-flag.c -O0 execution test
FAIL: gcc.dg/atomic/stdatomic-flag.c -O1 execution test
FAIL: gcc.dg/atomic/stdatomic-flag.c -O2 execution test
FAIL: gcc.dg/atomic/stdatomic-flag.c -O3 -fomit-frame-pointer execution test
FAIL: gcc.dg/atomic/stdatomic-flag.c -O3 -g execution test
FAIL: gcc.dg/atomic/stdatomic-flag.c -Os execution test
FAIL: gcc.dg/atomic/stdatomic-flag.c -O2 -flto -flto-partition=none execution test
FAIL: gcc.dg/atomic/stdatomic-flag.c -O2 -flto execution test
FAIL: gcc.dg/atomic/stdatomic-generic.c -O0 execution test
FAIL: gcc.dg/atomic/stdatomic-generic.c -O1 execution test
FAIL: gcc.dg/atomic/stdatomic-generic.c -O2 execution test
FAIL: gcc.dg/atomic/stdatomic-generic.c -O3 -fomit-frame-pointer execution test
FAIL: gcc.dg/atomic/stdatomic-generic.c -O3 -g execution test
FAIL: gcc.dg/atomic/stdatomic-generic.c -Os execution test
FAIL: gcc.dg/atomic/stdatomic-generic.c -O2 -flto -flto-partition=none execution test
FAIL: gcc.dg/atomic/stdatomic-generic.c -O2 -flto execution test
FAIL: gcc.dg/atomic/stdatomic-kill-dep.c -O0 execution test
FAIL: gcc.dg/atomic/stdatomic-kill-dep.c -O1 execution test
FAIL: gcc.dg/atomic/stdatomic-kill-dep.c -O2 execution test
FAIL: gcc.dg/atomic/stdatomic-kill-dep.c -O3 -fomit-frame-pointer execution test
FAIL: gcc.dg/atomic/stdatomic-kill-dep.c -O3 -g execution test
FAIL: gcc.dg/atomic/stdatomic-kill-dep.c -Os execution test
FAIL: gcc.dg/atomic/stdatomic-kill-dep.c -O2 -flto -flto-partition=none execution test
FAIL: gcc.dg/atomic/stdatomic-kill-dep.c -O2 -flto execution test
FAIL: gcc.dg/atomic/stdatomic-load-1.c -O0 execution test
FAIL: gcc.dg/atomic/stdatomic-load-1.c -O1 execution test
FAIL: gcc.dg/atomic/stdatomic-load-1.c -O2 execution test
FAIL: gcc.dg/atomic/stdatomic-load-1.c -O3 -fomit-frame-pointer execution test
FAIL: gcc.dg/atomic/stdatomic-load-1.c -O3 -g execution test
FAIL: gcc.dg/atomic/stdatomic-load-1.c -Os execution test
FAIL: gcc.dg/atomic/stdatomic-load-1.c -O2 -flto -flto-partition=none execution test
FAIL: gcc.dg/atomic/stdatomic-load-1.c -O2 -flto execution test
FAIL: gcc.dg/atomic/stdatomic-load-2.c -O0 execution test
FAIL: gcc.dg/atomic/stdatomic-load-2.c -O1 execution test
FAIL: gcc.dg/atomic/stdatomic-load-2.c -O2 execution test
FAIL: gcc.dg/atomic/stdatomic-load-2.c -O3 -fomit-frame-pointer execution test
FAIL: gcc.dg/atomic/stdatomic-load-2.c -O3 -g execution test
FAIL: gcc.dg/atomic/stdatomic-load-2.c -Os execution test
FAIL: gcc.dg/atomic/stdatomic-load-2.c -O2 -flto -flto-partition=none execution test
FAIL: gcc.dg/atomic/stdatomic-load-2.c -O2 -flto execution test
FAIL: gcc.dg/atomic/stdatomic-load-3.c -O0 execution test
FAIL: gcc.dg/atomic/stdatomic-load-3.c -O1 execution test
FAIL: gcc.dg/atomic/stdatomic-load-3.c -O2 execution test
FAIL: gcc.dg/atomic/stdatomic-load-3.c -O3 -fomit-frame-pointer execution test
FAIL: gcc.dg/atomic/stdatomic-load-3.c -O3 -g execution test
FAIL: gcc.dg/atomic/stdatomic-load-3.c -Os execution test
FAIL: gcc.dg/atomic/stdatomic-load-3.c -O2 -flto -flto-partition=none execution test
FAIL: gcc.dg/atomic/stdatomic-load-3.c -O2 -flto execution test
FAIL: gcc.dg/atomic/stdatomic-load-4.c -O0 execution test
FAIL: gcc.dg/atomic/stdatomic-load-4.c -O1 execution test
FAIL: gcc.dg/atomic/stdatomic-load-4.c -O2 execution test
FAIL: gcc.dg/atomic/stdatomic-load-4.c -O3 -fomit-frame-pointer execution test
FAIL: gcc.dg/atomic/stdatomic-load-4.c -O3 -g execution test
FAIL: gcc.dg/atomic/stdatomic-load-4.c -Os execution test
FAIL: gcc.dg/atomic/stdatomic-load-4.c -O2 -flto -flto-partition=none execution test
FAIL: gcc.dg/atomic/stdatomic-load-4.c -O2 -flto execution test
FAIL: gcc.dg/atomic/stdatomic-lockfree.c -O0 execution test
FAIL: gcc.dg/atomic/stdatomic-lockfree.c -O1 execution test
FAIL: gcc.dg/atomic/stdatomic-lockfree.c -O2 execution test
FAIL: gcc.dg/atomic/stdatomic-lockfree.c -O3 -fomit-frame-pointer execution test
FAIL: gcc.dg/atomic/stdatomic-lockfree.c -O3 -fomit-frame-pointer -funroll-loops execution test
FAIL: gcc.dg/atomic/stdatomic-lockfree.c -O3 -fomit-frame-pointer -funroll-all-loops -finline-functions execution test
FAIL: gcc.dg/atomic/stdatomic-lockfree.c -O3 -g execution test
FAIL: gcc.dg/atomic/stdatomic-lockfree.c -Os execution test
FAIL: gcc.dg/atomic/stdatomic-lockfree.c -O2 -flto -flto-partition=none execution test
FAIL: gcc.dg/atomic/stdatomic-lockfree.c -O2 -flto execution test
FAIL: gcc.dg/atomic/stdatomic-op-1.c -O0 execution test
FAIL: gcc.dg/atomic/stdatomic-op-1.c -O1 execution test
FAIL: gcc.dg/atomic/stdatomic-op-1.c -O2 execution test
FAIL: gcc.dg/atomic/stdatomic-op-1.c -O3 -fomit-frame-pointer execution test
FAIL: gcc.dg/atomic/stdatomic-op-1.c -O3 -g execution test
FAIL: gcc.dg/atomic/stdatomic-op-1.c -Os execution test
FAIL: gcc.dg/atomic/stdatomic-op-1.c -O2 -flto -flto-partition=none execution test
FAIL: gcc.dg/atomic/stdatomic-op-1.c -O2 -flto execution test
FAIL: gcc.dg/atomic/stdatomic-op-2.c -O0 execution test
FAIL: gcc.dg/atomic/stdatomic-op-2.c -O1 execution test
FAIL: gcc.dg/atomic/stdatomic-op-2.c -O2 execution test
FAIL: gcc.dg/atomic/stdatomic-op-2.c -O3 -fomit-frame-pointer execution test
FAIL: gcc.dg/atomic/stdatomic-op-2.c -O3 -g execution test
FAIL: gcc.dg/atomic/stdatomic-op-2.c -Os execution test
FAIL: gcc.dg/atomic/stdatomic-op-2.c -O2 -flto -flto-partition=none execution test
FAIL: gcc.dg/atomic/stdatomic-op-2.c -O2 -flto execution test
FAIL: gcc.dg/atomic/stdatomic-op-3.c -O0 execution test
FAIL: gcc.dg/atomic/stdatomic-op-3.c -O1 execution test
FAIL: gcc.dg/atomic/stdatomic-op-3.c -O2 execution test
FAIL: gcc.dg/atomic/stdatomic-op-3.c -O3 -fomit-frame-pointer execution test
FAIL: gcc.dg/atomic/stdatomic-op-3.c -O3 -g execution test
FAIL: gcc.dg/atomic/stdatomic-op-3.c -Os execution test
FAIL: gcc.dg/atomic/stdatomic-op-3.c -O2 -flto -flto-partition=none execution test
FAIL: gcc.dg/atomic/stdatomic-op-3.c -O2 -flto execution test
FAIL: gcc.dg/atomic/stdatomic-op-4.c -O0 execution test
FAIL: gcc.dg/atomic/stdatomic-op-4.c -O1 execution test
FAIL: gcc.dg/atomic/stdatomic-op-4.c -O2 execution test
FAIL: gcc.dg/atomic/stdatomic-op-4.c -O3 -fomit-frame-pointer execution test
FAIL: gcc.dg/atomic/stdatomic-op-4.c -O3 -g execution test
FAIL: gcc.dg/atomic/stdatomic-op-4.c -Os execution test
FAIL: gcc.dg/atomic/stdatomic-op-4.c -O2 -flto -flto-partition=none execution test
FAIL: gcc.dg/atomic/stdatomic-op-4.c -O2 -flto execution test
FAIL: gcc.dg/atomic/stdatomic-store-1.c -O0 execution test
FAIL: gcc.dg/atomic/stdatomic-store-1.c -O1 execution test
FAIL: gcc.dg/atomic/stdatomic-store-1.c -O2 execution test
FAIL: gcc.dg/atomic/stdatomic-store-1.c -O3 -fomit-frame-pointer execution test
FAIL: gcc.dg/atomic/stdatomic-store-1.c -O3 -g execution test
FAIL: gcc.dg/atomic/stdatomic-store-1.c -Os execution test
FAIL: gcc.dg/atomic/stdatomic-store-1.c -O2 -flto -flto-partition=none execution test
FAIL: gcc.dg/atomic/stdatomic-store-1.c -O2 -flto execution test
FAIL: gcc.dg/atomic/stdatomic-store-2.c -O0 execution test
FAIL: gcc.dg/atomic/stdatomic-store-2.c -O1 execution test
FAIL: gcc.dg/atomic/stdatomic-store-2.c -O2 execution test
FAIL: gcc.dg/atomic/stdatomic-store-2.c -O3 -fomit-frame-pointer execution test
FAIL: gcc.dg/atomic/stdatomic-store-2.c -O3 -g execution test
FAIL: gcc.dg/atomic/stdatomic-store-2.c -Os execution test
FAIL: gcc.dg/atomic/stdatomic-store-2.c -O2 -flto -flto-partition=none execution test
FAIL: gcc.dg/atomic/stdatomic-store-2.c -O2 -flto execution test
FAIL: gcc.dg/atomic/stdatomic-store-3.c -O0 execution test
FAIL: gcc.dg/atomic/stdatomic-store-3.c -O1 execution test
FAIL: gcc.dg/atomic/stdatomic-store-3.c -O2 execution test
FAIL: gcc.dg/atomic/stdatomic-store-3.c -O3 -fomit-frame-pointer execution test
FAIL: gcc.dg/atomic/stdatomic-store-3.c -O3 -g execution test
FAIL: gcc.dg/atomic/stdatomic-store-3.c -Os execution test
FAIL: gcc.dg/atomic/stdatomic-store-3.c -O2 -flto -flto-partition=none execution test
FAIL: gcc.dg/atomic/stdatomic-store-3.c -O2 -flto execution test
FAIL: gcc.dg/atomic/stdatomic-store-4.c -O0 execution test
FAIL: gcc.dg/atomic/stdatomic-store-4.c -O1 execution test
FAIL: gcc.dg/atomic/stdatomic-store-4.c -O2 execution test
FAIL: gcc.dg/atomic/stdatomic-store-4.c -O3 -fomit-frame-pointer execution test
FAIL: gcc.dg/atomic/stdatomic-store-4.c -O3 -g execution test
FAIL: gcc.dg/atomic/stdatomic-store-4.c -Os execution test
FAIL: gcc.dg/atomic/stdatomic-store-4.c -O2 -flto -flto-partition=none execution test
FAIL: gcc.dg/atomic/stdatomic-store-4.c -O2 -flto execution test
FAIL: gcc.dg/atomic/stdatomic-vm.c -O0 execution test
FAIL: gcc.dg/atomic/stdatomic-vm.c -O1 execution test
FAIL: gcc.dg/atomic/stdatomic-vm.c -O2 execution test
FAIL: gcc.dg/atomic/stdatomic-vm.c -O3 -fomit-frame-pointer execution test
FAIL: gcc.dg/atomic/stdatomic-vm.c -O3 -g execution test
FAIL: gcc.dg/atomic/stdatomic-vm.c -Os execution test
FAIL: gcc.dg/atomic/stdatomic-vm.c -O2 -flto -flto-partition=none execution test
FAIL: gcc.dg/atomic/stdatomic-vm.c -O2 -flto execution test
XPASS: gcc.dg/binop-xor1.c scan-tree-dump-times optimized "\\\\^" 1
FAIL: gcc.dg/uninit-pred-8_b.c bogus warning (test for bogus messages, line 20)
FAIL: gcc.dg/uninit-pred-9_b.c bogus warning (test for bogus messages, line 24)
FAIL: gcc.dg/vect/pr58508.c scan-tree-dump-times vect "hoist" 8
FAIL: gcc.dg/vect/vect-reduc-pattern-3.c scan-tree-dump-times vect "vectorized 1 loops" 1
FAIL: gcc.dg/vect/pr58508.c -flto scan-tree-dump-times vect "hoist" 8
FAIL: gcc.dg/vect/vect-reduc-pattern-3.c -flto scan-tree-dump-times vect "vectorized 1 loops" 1
=== gcc Summary for unix/-m64 ===
# of expected passes 87872
# of unexpected failures 260
# of unexpected successes 1
# of expected failures 306
# of unsupported tests 1855
=== gcc Summary ===
# of expected passes 175220
# of unexpected failures 284
# of unexpected successes 2
# of expected failures 623
# of unsupported tests 3760
/var/gcc/regression/trunk/9-gcc/build/gcc/xgcc version 4.9.0 20131115 (experimental) [trunk revision 204842] (GCC)
=== gfortran tests ===
Running target unix
FAIL: gfortran.dg/class_48.f90 -O2 (test for excess errors)
FAIL: gfortran.dg/class_48.f90 -Os (test for excess errors)
FAIL: gfortran.dg/minlocval_3.f90 -O3 -fomit-frame-pointer -funroll-loops (test for excess errors)
WARNING: gfortran.dg/minlocval_3.f90 -O3 -fomit-frame-pointer -funroll-loops compilation failed to produce executable
FAIL: gfortran.dg/minlocval_3.f90 -O3 -fomit-frame-pointer -funroll-all-loops -finline-functions (test for excess errors)
WARNING: gfortran.dg/minlocval_3.f90 -O3 -fomit-frame-pointer -funroll-all-loops -finline-functions compilation failed to produce executable
FAIL: gfortran.dg/minlocval_3.f90 -O3 -g (test for excess errors)
WARNING: gfortran.dg/minlocval_3.f90 -O3 -g compilation failed to produce executable
FAIL: gfortran.dg/round_4.f90 -O0 (test for excess errors)
WARNING: gfortran.dg/round_4.f90 -O0 compilation failed to produce executable
FAIL: gfortran.dg/round_4.f90 -O1 (test for excess errors)
WARNING: gfortran.dg/round_4.f90 -O1 compilation failed to produce executable
FAIL: gfortran.dg/round_4.f90 -O2 (test for excess errors)
WARNING: gfortran.dg/round_4.f90 -O2 compilation failed to produce executable
FAIL: gfortran.dg/round_4.f90 -O3 -fomit-frame-pointer (test for excess errors)
WARNING: gfortran.dg/round_4.f90 -O3 -fomit-frame-pointer compilation failed to produce executable
FAIL: gfortran.dg/round_4.f90 -O3 -fomit-frame-pointer -funroll-loops (test for excess errors)
WARNING: gfortran.dg/round_4.f90 -O3 -fomit-frame-pointer -funroll-loops compilation failed to produce executable
FAIL: gfortran.dg/round_4.f90 -O3 -fomit-frame-pointer -funroll-all-loops -finline-functions (test for excess errors)
WARNING: gfortran.dg/round_4.f90 -O3 -fomit-frame-pointer -funroll-all-loops -finline-functions compilation failed to produce executable
FAIL: gfortran.dg/round_4.f90 -O3 -g (test for excess errors)
WARNING: gfortran.dg/round_4.f90 -O3 -g compilation failed to produce executable
FAIL: gfortran.dg/round_4.f90 -Os (test for excess errors)
WARNING: gfortran.dg/round_4.f90 -Os compilation failed to produce executable
WARNING: program timed out.
WARNING: program timed out.
WARNING: program timed out.
FAIL: gfortran.dg/lto/pr45586-2 f_lto_pr45586-2_0.o-f_lto_pr45586-2_0.o link, -O0 -flto -flto-partition=none (internal compiler error)
UNRESOLVED: gfortran.dg/lto/pr45586-2 f_lto_pr45586-2_0.o-f_lto_pr45586-2_0.o execute -O0 -flto -flto-partition=none
FAIL: gfortran.dg/lto/pr45586-2 f_lto_pr45586-2_0.o-f_lto_pr45586-2_0.o link, -O0 -flto -flto-partition=1to1 (internal compiler error)
UNRESOLVED: gfortran.dg/lto/pr45586-2 f_lto_pr45586-2_0.o-f_lto_pr45586-2_0.o execute -O0 -flto -flto-partition=1to1
FAIL: gfortran.dg/lto/pr45586-2 f_lto_pr45586-2_0.o-f_lto_pr45586-2_0.o link, -O0 -flto (internal compiler error)
UNRESOLVED: gfortran.dg/lto/pr45586-2 f_lto_pr45586-2_0.o-f_lto_pr45586-2_0.o execute -O0 -flto
FAIL: gfortran.dg/lto/pr45586 f_lto_pr45586_0.o-f_lto_pr45586_0.o link, -O0 -flto -flto-partition=none (internal compiler error)
UNRESOLVED: gfortran.dg/lto/pr45586 f_lto_pr45586_0.o-f_lto_pr45586_0.o execute -O0 -flto -flto-partition=none
FAIL: gfortran.dg/lto/pr45586 f_lto_pr45586_0.o-f_lto_pr45586_0.o link, -O0 -flto -flto-partition=1to1 (internal compiler error)
UNRESOLVED: gfortran.dg/lto/pr45586 f_lto_pr45586_0.o-f_lto_pr45586_0.o execute -O0 -flto -flto-partition=1to1
FAIL: gfortran.dg/lto/pr45586 f_lto_pr45586_0.o-f_lto_pr45586_0.o link, -O0 -flto (internal compiler error)
UNRESOLVED: gfortran.dg/lto/pr45586 f_lto_pr45586_0.o-f_lto_pr45586_0.o execute -O0 -flto
FAIL: gfortran.fortran-torture/execute/pr32604.f90 execution, -O2 -fbounds-check
=== gfortran Summary for unix ===
# of expected passes 44359
# of unexpected failures 20
# of expected failures 54
# of unresolved testcases 6
# of unsupported tests 435
Running target unix/-m64
FAIL: gfortran.dg/minlocval_3.f90 -O3 -fomit-frame-pointer (test for excess errors)
WARNING: gfortran.dg/minlocval_3.f90 -O3 -fomit-frame-pointer compilation failed to produce executable
FAIL: gfortran.dg/minlocval_3.f90 -O3 -fomit-frame-pointer -funroll-loops (test for excess errors)
WARNING: gfortran.dg/minlocval_3.f90 -O3 -fomit-frame-pointer -funroll-loops compilation failed to produce executable
FAIL: gfortran.dg/minlocval_3.f90 -O3 -fomit-frame-pointer -funroll-all-loops -finline-functions (test for excess errors)
WARNING: gfortran.dg/minlocval_3.f90 -O3 -fomit-frame-pointer -funroll-all-loops -finline-functions compilation failed to produce executable
FAIL: gfortran.dg/minlocval_3.f90 -O3 -g (test for excess errors)
WARNING: gfortran.dg/minlocval_3.f90 -O3 -g compilation failed to produce executable
FAIL: gfortran.dg/round_4.f90 -O0 (test for excess errors)
WARNING: gfortran.dg/round_4.f90 -O0 compilation failed to produce executable
FAIL: gfortran.dg/round_4.f90 -O1 (test for excess errors)
WARNING: gfortran.dg/round_4.f90 -O1 compilation failed to produce executable
FAIL: gfortran.dg/round_4.f90 -O2 (test for excess errors)
WARNING: gfortran.dg/round_4.f90 -O2 compilation failed to produce executable
FAIL: gfortran.dg/round_4.f90 -O3 -fomit-frame-pointer (test for excess errors)
WARNING: gfortran.dg/round_4.f90 -O3 -fomit-frame-pointer compilation failed to produce executable
FAIL: gfortran.dg/round_4.f90 -O3 -fomit-frame-pointer -funroll-loops (test for excess errors)
WARNING: gfortran.dg/round_4.f90 -O3 -fomit-frame-pointer -funroll-loops compilation failed to produce executable
FAIL: gfortran.dg/round_4.f90 -O3 -fomit-frame-pointer -funroll-all-loops -finline-functions (test for excess errors)
WARNING: gfortran.dg/round_4.f90 -O3 -fomit-frame-pointer -funroll-all-loops -finline-functions compilation failed to produce executable
FAIL: gfortran.dg/round_4.f90 -O3 -g (test for excess errors)
WARNING: gfortran.dg/round_4.f90 -O3 -g compilation failed to produce executable
FAIL: gfortran.dg/round_4.f90 -Os (test for excess errors)
WARNING: gfortran.dg/round_4.f90 -Os compilation failed to produce executable
WARNING: program timed out.
WARNING: program timed out.
WARNING: program timed out.
WARNING: program timed out.
FAIL: gfortran.dg/lto/pr45586-2 f_lto_pr45586-2_0.o-f_lto_pr45586-2_0.o link, -O0 -flto -flto-partition=none (internal compiler error)
UNRESOLVED: gfortran.dg/lto/pr45586-2 f_lto_pr45586-2_0.o-f_lto_pr45586-2_0.o execute -O0 -flto -flto-partition=none
FAIL: gfortran.dg/lto/pr45586-2 f_lto_pr45586-2_0.o-f_lto_pr45586-2_0.o link, -O0 -flto -flto-partition=1to1 (internal compiler error)
UNRESOLVED: gfortran.dg/lto/pr45586-2 f_lto_pr45586-2_0.o-f_lto_pr45586-2_0.o execute -O0 -flto -flto-partition=1to1
FAIL: gfortran.dg/lto/pr45586-2 f_lto_pr45586-2_0.o-f_lto_pr45586-2_0.o link, -O0 -flto (internal compiler error)
UNRESOLVED: gfortran.dg/lto/pr45586-2 f_lto_pr45586-2_0.o-f_lto_pr45586-2_0.o execute -O0 -flto
FAIL: gfortran.dg/lto/pr45586 f_lto_pr45586_0.o-f_lto_pr45586_0.o link, -O0 -flto -flto-partition=none (internal compiler error)
UNRESOLVED: gfortran.dg/lto/pr45586 f_lto_pr45586_0.o-f_lto_pr45586_0.o execute -O0 -flto -flto-partition=none
FAIL: gfortran.dg/lto/pr45586 f_lto_pr45586_0.o-f_lto_pr45586_0.o link, -O0 -flto -flto-partition=1to1 (internal compiler error)
UNRESOLVED: gfortran.dg/lto/pr45586 f_lto_pr45586_0.o-f_lto_pr45586_0.o execute -O0 -flto -flto-partition=1to1
FAIL: gfortran.dg/lto/pr45586 f_lto_pr45586_0.o-f_lto_pr45586_0.o link, -O0 -flto (internal compiler error)
UNRESOLVED: gfortran.dg/lto/pr45586 f_lto_pr45586_0.o-f_lto_pr45586_0.o execute -O0 -flto
=== gfortran Summary for unix/-m64 ===
# of expected passes 44639
# of unexpected failures 18
# of expected failures 54
# of unresolved testcases 6
# of unsupported tests 298
=== gfortran Summary ===
# of expected passes 88998
# of unexpected failures 38
# of expected failures 108
# of unresolved testcases 12
# of unsupported tests 733
/var/gcc/regression/trunk/9-gcc/build/gcc/testsuite/gfortran/../../gfortran version 4.9.0 20131115 (experimental) [trunk revision 204842] (GCC)
=== gnat tests ===
Running target unix
=== gnat Summary for unix ===
# of expected passes 1186
# of expected failures 18
# of unsupported tests 13
Running target unix/-m64
=== gnat Summary for unix/-m64 ===
# of expected passes 1186
# of expected failures 18
# of unsupported tests 13
=== gnat Summary ===
# of expected passes 2372
# of expected failures 36
# of unsupported tests 26
/var/gcc/regression/trunk/9-gcc/build/gcc/gnatmake version 4.9.0 20131115 (experimental) [trunk revision 204842]
=== go tests ===
Running target unix
FAIL: ./64bit-out.go compilation, -O0 -g -fno-var-tracking-assignments
FAIL: ./index0-out.go compilation, -O0 -g -fno-var-tracking-assignments
FAIL: ./issue5162-out.go compilation, -O0 -g -fno-var-tracking-assignments
FAIL: ./rotate0-out.go compilation, -O0 -g -fno-var-tracking-assignments
FAIL: ./rotate1-out.go compilation, -O0 -g -fno-var-tracking-assignments
FAIL: ./rotate2-out.go compilation, -O0 -g -fno-var-tracking-assignments
FAIL: ./rotate3-out.go compilation, -O0 -g -fno-var-tracking-assignments
FAIL: go.test/test/chan/doubleselect.go execution, -O2 -g
FAIL: go.test/test/chan/nonblock.go execution, -O2 -g
FAIL: go.test/test/fixedbugs/bug370.go execution, -O2 -g
FAIL: go.test/test/mallocfin.go execution, -O2 -g
WARNING: program timed out.
WARNING: program timed out.
WARNING: program timed out.
WARNING: program timed out.
WARNING: program timed out.
WARNING: program timed out.
WARNING: program timed out.
=== go Summary for unix ===
# of expected passes 7228
# of unexpected failures 11
# of expected failures 1
# of untested testcases 13
# of unsupported tests 2
Running target unix/-m64
FAIL: go.go-torture/execute/array-2.go execution, -O2 -fbounds-check
FAIL: go.go-torture/execute/for-2.go execution, -O2 -fomit-frame-pointer -finline-functions -funroll-loops
FAIL: go.go-torture/execute/go-2.go execution, -O2
FAIL: go.go-torture/execute/go-2.go execution, -O2 -fomit-frame-pointer -finline-functions
FAIL: go.go-torture/execute/go-2.go execution, -O2 -fbounds-check
FAIL: go.go-torture/execute/go-2.go execution, -O3 -g
FAIL: go.go-torture/execute/go-2.go execution, -Os
FAIL: go.go-torture/execute/go-3.go execution, -O2
FAIL: go.go-torture/execute/go-3.go execution, -O2 -fomit-frame-pointer -finline-functions -funroll-loops
FAIL: go.go-torture/execute/go-3.go execution, -O2 -fbounds-check
FAIL: go.go-torture/execute/go-3.go execution, -O3 -g
FAIL: go.go-torture/execute/method-1.go execution, -O0
FAIL: go.go-torture/execute/pointer-1.go execution, -O0
FAIL: go.go-torture/execute/pointer-1.go execution, -O2 -fomit-frame-pointer -finline-functions -funroll-loops
FAIL: go.go-torture/execute/select-1.go execution, -O0
FAIL: go.go-torture/execute/select-1.go execution, -O3 -g
FAIL: go.go-torture/execute/string-1.go execution, -O2
FAIL: go.go-torture/execute/string-2.go execution, -O2 -fomit-frame-pointer -finline-functions -funroll-loops
FAIL: go.go-torture/execute/var-3.go execution, -O2 -fomit-frame-pointer -finline-functions -funroll-loops
FAIL: go.test/test/235.go execution, -O2 -g
FAIL: go.test/test/64bit.go execution
FAIL: go.test/test/append.go execution, -O2 -g
FAIL: go.test/test/bigalg.go execution, -O2 -g
FAIL: go.test/test/blank.go execution, -O2 -g
FAIL: go.test/test/bom.go execution
FAIL: go.test/test/chan/doubleselect.go execution, -O2 -g
FAIL: go.test/test/chan/fifo.go execution, -O2 -g
FAIL: go.test/test/chan/goroutines.go execution, -O2 -g
FAIL: go.test/test/chan/nonblock.go execution, -O2 -g
FAIL: go.test/test/chan/powser1.go execution, -O2 -g
FAIL: go.test/test/chan/powser2.go execution, -O2 -g
FAIL: go.test/test/chan/select.go execution, -O2 -g
FAIL: go.test/test/chan/select3.go execution, -O2 -g
FAIL: go.test/test/chan/select5.go execution
FAIL: go.test/test/chan/select6.go execution, -O2 -g
FAIL: go.test/test/chan/select7.go execution, -O2 -g
FAIL: go.test/test/chan/sieve1.go execution, -O2 -g
FAIL: go.test/test/chan/sieve2.go execution, -O2 -g
FAIL: go.test/test/closedchan.go execution, -O2 -g
FAIL: go.test/test/cmp.go execution, -O2 -g
FAIL: go.test/test/cmplxdivide.go
FAIL: go.test/test/const.go execution, -O2 -g
FAIL: go.test/test/convT2X.go execution, -O2 -g
FAIL: go.test/test/copy.go execution, -O2 -g
FAIL: go.test/test/crlf.go execution
FAIL: go.test/test/defer.go execution, -O2 -g
FAIL: go.test/test/deferprint.go execution
FAIL: go.test/test/env.go execution, -O2 -g
FAIL: go.test/test/escape.go execution, -O2 -g
FAIL: go.test/test/fixedbugs/bug021.go execution, -O2 -g
FAIL: go.test/test/fixedbugs/bug027.go execution, -O2 -g
FAIL: go.test/test/fixedbugs/bug059.go execution, -O2 -g
FAIL: go.test/test/fixedbugs/bug070.go execution, -O2 -g
FAIL: go.test/test/fixedbugs/bug102.go execution, -O2 -g
FAIL: go.test/test/fixedbugs/bug120.go execution, -O2 -g
FAIL: go.test/test/fixedbugs/bug130.go execution, -O2 -g
FAIL: go.test/test/fixedbugs/bug141.go execution, -O2 -g
FAIL: go.test/test/fixedbugs/bug147.go execution, -O2 -g
FAIL: go.test/test/fixedbugs/bug154.go execution, -O2 -g
FAIL: go.test/test/fixedbugs/bug159.go execution, -O2 -g
FAIL: go.test/test/fixedbugs/bug184.go execution, -O2 -g
FAIL: go.test/test/fixedbugs/bug187.go execution, -O2 -g
FAIL: go.test/test/fixedbugs/bug206.go execution
FAIL: go.test/test/fixedbugs/bug207.go execution, -O2 -g
FAIL: go.test/test/fixedbugs/bug237.go execution, -O2 -g
FAIL: go.test/test/fixedbugs/bug247.go execution, -O2 -g
FAIL: go.test/test/fixedbugs/bug248.go
FAIL: go.test/test/fixedbugs/bug257.go execution, -O2 -g
FAIL: go.test/test/fixedbugs/bug259.go execution, -O2 -g
FAIL: go.test/test/fixedbugs/bug260.go execution, -O2 -g
FAIL: go.test/test/fixedbugs/bug265.go execution, -O2 -g
FAIL: go.test/test/fixedbugs/bug271.go execution, -O2 -g
FAIL: go.test/test/fixedbugs/bug273.go execution, -O2 -g
FAIL: go.test/test/fixedbugs/bug295.go execution, -O2 -g
FAIL: go.test/test/fixedbugs/bug303.go execution, -O2 -g
FAIL: go.test/test/fixedbugs/bug320.go execution, -O2 -g
FAIL: go.test/test/fixedbugs/bug324.dir/prog.go execution, -O2 -g
FAIL: go.test/test/fixedbugs/bug347.go execution, -O0 -g
FAIL: go.test/test/fixedbugs/bug348.go execution, -O0 -g
FAIL: go.test/test/fixedbugs/bug364.go execution, -O2 -g
FAIL: go.test/test/fixedbugs/bug369.go
FAIL: go.test/test/fixedbugs/bug370.go execution, -O2 -g
FAIL: go.test/test/fixedbugs/bug402.go execution, -O2 -g
FAIL: go.test/test/fixedbugs/bug414.dir/prog.go execution, -O2 -g
FAIL: go.test/test/fixedbugs/bug447.go execution
FAIL: go.test/test/fixedbugs/bug449.go execution
FAIL: go.test/test/fixedbugs/issue4085b.go execution, -O2 -g
FAIL: go.test/test/fixedbugs/issue4316.go execution, -O2 -g
FAIL: go.test/test/fixedbugs/issue4348.go -O (test for excess errors)
FAIL: go.test/test/fixedbugs/issue4562.go execution, -O2 -g
FAIL: go.test/test/fixedbugs/issue4618.go execution, -O2 -g
FAIL: go.test/test/fixedbugs/issue4667.go execution, -O2 -g
FAIL: go.test/test/fixedbugs/issue4909b.go execution
FAIL: go.test/test/fixedbugs/issue5162.go execution
FAIL: go.test/test/fixedbugs/issue5291.dir/prog.go execution, -O2 -g
FAIL: go.test/test/func5.go execution, -O2 -g
FAIL: go.test/test/gc1.go execution, -O2 -g
FAIL: go.test/test/gc2.go execution, -O2 -g
FAIL: go.test/test/goprint.go execution
FAIL: go.test/test/index0.go execution
FAIL: go.test/test/index1.go execution
FAIL: go.test/test/index2.go execution
FAIL: go.test/test/initialize.go execution, -O2 -g
FAIL: go.test/test/interface/struct.go execution, -O2 -g
FAIL: go.test/test/ken/chan.go execution, -O2 -g
FAIL: go.test/test/ken/chan1.go execution, -O2 -g
FAIL: go.test/test/ken/cplx3.go execution, -O2 -g
FAIL: go.test/test/ken/cplx4.go execution, -O2 -g
FAIL: go.test/test/ken/divconst.go execution, -O2 -g
FAIL: go.test/test/ken/modconst.go execution, -O2 -g
FAIL: go.test/test/ken/rob2.go execution, -O2 -g
FAIL: go.test/test/mallocfin.go execution, -O2 -g
FAIL: go.test/test/map.go execution, -O2 -g
FAIL: go.test/test/mapnan.go execution, -O2 -g
FAIL: go.test/test/method4.dir/prog.go execution, -O2 -g
FAIL: go.test/test/method5.go execution, -O2 -g
FAIL: go.test/test/nil.go execution, -O2 -g
FAIL: go.test/test/nul1.go execution
FAIL: go.test/test/peano.go execution, -O2 -g
FAIL: go.test/test/range.go execution, -O2 -g
FAIL: go.test/test/recover.go execution, -O2 -g
FAIL: go.test/test/recover2.go execution, -O2 -g
FAIL: go.test/test/recover3.go execution, -O2 -g
FAIL: go.test/test/reorder.go execution, -O2 -g
FAIL: go.test/test/rotate0.go execution
FAIL: go.test/test/rotate1.go execution
FAIL: go.test/test/rotate2.go execution
FAIL: go.test/test/rotate3.go execution
FAIL: go.test/test/sigchld.go execution
FAIL: go.test/test/string_lit.go execution, -O2 -g
FAIL: go.test/test/struct0.go execution, -O2 -g
FAIL: go.test/test/switch.go execution, -O2 -g
FAIL: go.test/test/typeswitch.go execution, -O2 -g
FAIL: go.test/test/typeswitch1.go execution, -O2 -g
FAIL: go.test/test/varinit.go execution, -O2 -g
FAIL: go.test/test/zerodivide.go execution, -O2 -g
=== go Summary for unix/-m64 ===
# of expected passes 2871
# of unexpected failures 136
# of expected failures 1
# of untested testcases 10
# of unsupported tests 2
=== go Summary ===
# of expected passes 10099
# of unexpected failures 147
# of expected failures 2
# of untested testcases 23
# of unsupported tests 4
/var/gcc/regression/trunk/9-gcc/build/gcc/testsuite/go/../../gccgo version 4.9.0 20131115 (experimental) [trunk revision 204842] (GCC)
=== obj-c++ tests ===
Running target unix
=== obj-c++ Summary for unix ===
# of expected passes 1449
# of expected failures 2
# of unsupported tests 86
Running target unix/-m64
=== obj-c++ Summary for unix/-m64 ===
# of expected passes 1441
# of expected failures 10
# of unsupported tests 86
=== obj-c++ Summary ===
# of expected passes 2890
# of expected failures 12
# of unsupported tests 172
/var/gcc/regression/trunk/9-gcc/build/gcc/testsuite/obj-c++/../../xg++ version 4.9.0 20131115 (experimental) [trunk revision 204842] (GCC)
=== objc tests ===
Running target unix
=== objc Summary for unix ===
# of expected passes 2994
# of unsupported tests 74
Running target unix/-m64
=== objc Summary for unix/-m64 ===
# of expected passes 2994
# of unsupported tests 74
=== objc Summary ===
# of expected passes 5988
# of unsupported tests 148
/var/gcc/regression/trunk/9-gcc/build/gcc/xgcc version 4.9.0 20131115 (experimental) [trunk revision 204842] (GCC)
=== boehm-gc tests ===
Running target unix
=== boehm-gc Summary for unix ===
# of expected passes 12
# of unsupported tests 1
Running target unix/-m64
=== boehm-gc Summary for unix/-m64 ===
# of expected passes 12
# of unsupported tests 1
=== boehm-gc Summary ===
# of expected passes 24
# of unsupported tests 2
=== libatomic tests ===
Running target unix
=== libatomic Summary for unix ===
# of expected passes 34
# of unsupported tests 10
Running target unix/-m64
=== libatomic Summary for unix/-m64 ===
# of expected passes 44
# of unsupported tests 5
=== libatomic Summary ===
# of expected passes 78
# of unsupported tests 15
=== libffi tests ===
Running target unix
=== libffi Summary for unix ===
# of expected passes 1819
# of unsupported tests 55
Running target unix/-m64
=== libffi Summary for unix/-m64 ===
# of expected passes 1819
# of unsupported tests 55
=== libffi Summary ===
# of expected passes 3638
# of unsupported tests 110
=== libgo tests ===
Running target unix
FAIL: net
FAIL: reflect
FAIL: runtime
FAIL: sync
FAIL: time
FAIL: archive/zip
FAIL: compress/gzip
FAIL: crypto/tls
FAIL: database/sql
FAIL: image/png
FAIL: log/syslog
FAIL: net/http
FAIL: net/http/httputil
FAIL: net/rpc
FAIL: os/exec
FAIL: os/signal
FAIL: os/user
FAIL: runtime/pprof
FAIL: sync/atomic
FAIL: text/template
FAIL: testing/quick
=== libgo Summary for unix ===
# of expected passes 101
# of unexpected failures 21
Running target unix/-m64
FAIL: bufio
FAIL: bytes
FAIL: errors
FAIL: expvar
FAIL: flag
FAIL: fmt
FAIL: html
FAIL: image
FAIL: io
FAIL: log
FAIL: math
FAIL: mime
FAIL: net
FAIL: os
FAIL: path
FAIL: reflect
FAIL: regexp
FAIL: runtime
FAIL: sort
FAIL: strconv
FAIL: strings
FAIL: sync
FAIL: syscall
FAIL: time
FAIL: unicode
FAIL: archive/tar
FAIL: archive/zip
FAIL: compress/bzip2
FAIL: compress/flate
FAIL: compress/gzip
FAIL: compress/lzw
FAIL: compress/zlib
FAIL: container/heap
FAIL: container/list
FAIL: container/ring
FAIL: crypto/aes
FAIL: crypto/cipher
FAIL: crypto/des
FAIL: crypto/dsa
FAIL: crypto/ecdsa
FAIL: crypto/elliptic
FAIL: crypto/hmac
FAIL: crypto/md5
FAIL: crypto/rand
FAIL: crypto/rc4
FAIL: crypto/rsa
FAIL: crypto/sha1
FAIL: crypto/sha256
FAIL: crypto/sha512
FAIL: crypto/subtle
FAIL: crypto/tls
FAIL: crypto/x509
FAIL: database/sql
FAIL: database/sql/driver
FAIL: debug/dwarf
FAIL: debug/elf
FAIL: debug/macho
FAIL: debug/pe
FAIL: encoding/ascii85
FAIL: encoding/asn1
FAIL: encoding/base32
FAIL: encoding/base64
FAIL: encoding/binary
FAIL: encoding/csv
FAIL: encoding/gob
FAIL: encoding/hex
FAIL: encoding/json
FAIL: encoding/pem
FAIL: encoding/xml
FAIL: exp/proxy
FAIL: exp/terminal
FAIL: html/template
FAIL: go/ast
FAIL: go/doc
FAIL: go/format
FAIL: go/parser
FAIL: go/printer
FAIL: go/scanner
FAIL: go/token
FAIL: hash/adler32
FAIL: hash/crc32
FAIL: hash/crc64
FAIL: hash/fnv
FAIL: image/color
FAIL: image/draw
FAIL: image/jpeg
FAIL: image/png
FAIL: index/suffixarray
FAIL: io/ioutil
FAIL: log/syslog
FAIL: math/big
FAIL: math/cmplx
FAIL: math/rand
FAIL: mime/multipart
FAIL: net/http
FAIL: net/http/cgi
FAIL: net/http/cookiejar
FAIL: net/http/fcgi
FAIL: net/http/httptest
FAIL: net/http/httputil
FAIL: net/mail
FAIL: net/rpc
FAIL: net/smtp
FAIL: net/textproto
FAIL: net/url
FAIL: net/rpc/jsonrpc
FAIL: old/regexp
FAIL: old/template
FAIL: os/exec
FAIL: os/signal
FAIL: os/user
FAIL: path/filepath
FAIL: regexp/syntax
FAIL: runtime/pprof
FAIL: sync/atomic
FAIL: text/scanner
FAIL: text/tabwriter
FAIL: text/template
FAIL: text/template/parse
FAIL: testing/quick
FAIL: unicode/utf16
FAIL: unicode/utf8
=== libgo Summary for unix/-m64 ===
# of unexpected failures 122
=== libgo Summary ===
# of expected passes 101
# of unexpected failures 143
=== libgomp tests ===
Running target unix
FAIL: libgomp.graphite/bounds.c scan-tree-dump-times graphite "0 loops carried no dependency" 1
FAIL: libgomp.graphite/force-parallel-4.c execution test
FAIL: libgomp.graphite/force-parallel-4.c scan-tree-dump-times graphite "2 loops carried no dependency" 1
FAIL: libgomp.graphite/force-parallel-6.c scan-tree-dump-times graphite "1 loops carried no dependency" 1
FAIL: libgomp.graphite/pr41118.c scan-tree-dump-times optimized "loopfn" 0
=== libgomp Summary for unix ===
# of expected passes 2381
# of unexpected failures 5
# of unsupported tests 3
Running target unix/-m64
FAIL: libgomp.graphite/bounds.c scan-tree-dump-times graphite "0 loops carried no dependency" 1
FAIL: libgomp.graphite/force-parallel-4.c execution test
FAIL: libgomp.graphite/force-parallel-4.c scan-tree-dump-times graphite "2 loops carried no dependency" 1
FAIL: libgomp.graphite/force-parallel-6.c scan-tree-dump-times graphite "1 loops carried no dependency" 1
FAIL: libgomp.graphite/pr41118.c scan-tree-dump-times optimized "loopfn" 0
=== libgomp Summary for unix/-m64 ===
# of expected passes 2381
# of unexpected failures 5
# of unsupported tests 3
=== libgomp Summary ===
# of expected passes 4762
# of unexpected failures 10
# of unsupported tests 6
=== libitm tests ===
Running target unix
=== libitm Summary for unix ===
# of expected passes 26
# of expected failures 3
# of unsupported tests 1
Running target unix/-m64
=== libitm Summary for unix/-m64 ===
# of expected passes 26
# of expected failures 3
# of unsupported tests 1
=== libitm Summary ===
# of expected passes 52
# of expected failures 6
# of unsupported tests 2
=== libjava tests ===
Running target unix
FAIL: InvokeInterface execution - source compiled test
FAIL: InvokeInterface -O3 execution - source compiled test
FAIL: sourcelocation output - source compiled test
FAIL: sourcelocation -findirect-dispatch output - source compiled test
FAIL: sourcelocation -O3 output - source compiled test
FAIL: sourcelocation -O3 -findirect-dispatch output - source compiled test
=== libjava Summary for unix ===
# of expected passes 2578
# of unexpected failures 6
# of untested testcases 2
Running target unix/-m64
FAIL: InvokeInterface execution - source compiled test
FAIL: InvokeInterface -O3 execution - source compiled test
FAIL: sourcelocation output - source compiled test
FAIL: sourcelocation -findirect-dispatch output - source compiled test
FAIL: sourcelocation -O3 output - source compiled test
FAIL: sourcelocation -O3 -findirect-dispatch output - source compiled test
=== libjava Summary for unix/-m64 ===
# of expected passes 2578
# of unexpected failures 6
# of untested testcases 2
=== libjava Summary ===
# of expected passes 5156
# of unexpected failures 12
# of untested testcases 4
=== libstdc++ tests ===
Running target unix
FAIL: 28_regex/iterators/regex_token_iterator/ctors/wchar_t/default.cc (test for excess errors)
FAIL: ext/pb_ds/regression/tree_map_rand.cc (test for excess errors)
WARNING: ext/pb_ds/regression/tree_map_rand.cc compilation failed to produce executable
WARNING: program timed out.
WARNING: program timed out.
=== libstdc++ Summary for unix ===
# of expected passes 8035
# of unexpected failures 2
# of expected failures 42
# of unsupported tests 931
Running target unix/-m64
FAIL: 23_containers/vector/allocator/copy.cc (test for excess errors)
WARNING: 23_containers/vector/allocator/copy.cc compilation failed to produce executable
FAIL: 26_numerics/random/extreme_value_distribution/cons/parms.cc (test for excess errors)
FAIL: 26_numerics/random/piecewise_linear_distribution/operators/call-default.cc (test for excess errors)
WARNING: 26_numerics/random/piecewise_linear_distribution/operators/call-default.cc compilation failed to produce executable
FAIL: 26_numerics/random/piecewise_linear_distribution/operators/equal.cc (test for excess errors)
WARNING: 26_numerics/random/piecewise_linear_distribution/operators/equal.cc compilation failed to produce executable
FAIL: 26_numerics/random/poisson_distribution/cons/parms.cc (test for excess errors)
WARNING: 26_numerics/random/poisson_distribution/cons/parms.cc compilation failed to produce executable
FAIL: 26_numerics/random/poisson_distribution/operators/equal.cc (test for excess errors)
WARNING: 26_numerics/random/poisson_distribution/operators/equal.cc compilation failed to produce executable
FAIL: 26_numerics/random/poisson_distribution/operators/inequal.cc (test for excess errors)
WARNING: 26_numerics/random/poisson_distribution/operators/inequal.cc compilation failed to produce executable
FAIL: 28_regex/algorithms/regex_match/ecma/wchar_t/anymatcher.cc (test for excess errors)
WARNING: 28_regex/algorithms/regex_match/ecma/wchar_t/anymatcher.cc compilation failed to produce executable
FAIL: 28_regex/algorithms/regex_replace/char/basic_replace.cc (test for excess errors)
WARNING: 28_regex/algorithms/regex_replace/char/basic_replace.cc compilation failed to produce executable
FAIL: ext/rope/2.cc (test for excess errors)
WARNING: ext/rope/2.cc compilation failed to produce executable
WARNING: program timed out.
WARNING: program timed out.
WARNING: program timed out.
WARNING: program timed out.
WARNING: program timed out.
WARNING: program timed out.
WARNING: program timed out.
WARNING: program timed out.
WARNING: program timed out.
WARNING: program timed out.
=== libstdc++ Summary for unix/-m64 ===
# of expected passes 8019
# of unexpected failures 10
# of expected failures 42
# of unsupported tests 931
=== libstdc++ Summary ===
# of expected passes 16054
# of unexpected failures 12
# of expected failures 84
# of unsupported tests 1862
Compiler version: 4.9.0 20131115 (experimental) [trunk revision 204842] (GCC)
Platform: sparc-sun-solaris2.9
configure flags: --prefix=/vol/gcc --target=sparc-sun-solaris2.9 --enable-obsolete --enable-objc-gc --with-gmp-include=/vol/gcc/include --with-gmp-lib=/vol/gcc/lib --with-mpfr-include=/vol/gcc/include --with-mpfr-lib=/vol/gcc/lib --with-mpc-include=/vol/gcc/include --with-mpc-lib=/vol/gcc/lib --enable-languages=all,ada,obj-c++,go --with-isl-include=/vol/gcc/include --with-isl-lib=/vol/gcc/lib --with-cloog-include=/vol/gcc/include --with-cloog-lib=/vol/gcc/lib --enable-cloog-backend=isl
BOOT_CFLAGS=-g -O2